This is the mail archive of the
gcc-testresults@gcc.gnu.org
mailing list for the GCC project.
Results for 8.0.1 20180328 (experimental) [trunk revision 258941] (GCC) testsuite on hppa-unknown-linux-gnu
- From: John David Anglin <dave dot anglin at bell dot net>
- To: dave dot anglin at bell dot net, gcc-testresults at gcc dot gnu dot org
- Date: Thu, 29 Mar 2018 18:52:09 -0400 (EDT)
- Subject: Results for 8.0.1 20180328 (experimental) [trunk revision 258941] (GCC) testsuite on hppa-unknown-linux-gnu
LAST_UPDATED: Wed Mar 28 23:08:16 UTC 2018 (revision 258941)
=== acats tests ===
=== acats Summary ===
# of expected passes 2320
# of unexpected failures 0
Native configuration is hppa-unknown-linux-gnu
=== g++ tests ===
Running target unix
WARNING: program timed out.
WARNING: program timed out.
WARNING: program timed out.
WARNING: program timed out.
FAIL: g++.dg/lto/pr83121 (test for LTO warnings, pr83121_0.C line 8)
FAIL: g++.dg/lto/pr83121 (test for LTO warnings, pr83121_1.C line 2)
FAIL: g++.dg/lto/pr83121 (test for LTO warnings, pr83121_1.C line 3)
FAIL: g++.dg/lto/pr83121 cp_lto_pr83121_0.o-cp_lto_pr83121_1.o link, -O0 -flto
FAIL: g++.dg/lto/pr84805 (test for LTO warnings, pr84805_2.C line 18)
FAIL: g++.dg/lto/pr84805 cp_lto_pr84805_0.o-cp_lto_pr84805_2.o link, -O2 -fPIC -shared -flto
FAIL: g++.dg/torture/pr81812.C -O0 (test for excess errors)
FAIL: g++.dg/torture/pr81812.C -O1 (test for excess errors)
FAIL: g++.dg/torture/pr81812.C -O2 (test for excess errors)
FAIL: g++.dg/torture/pr81812.C -O2 -flto -fno-use-linker-plugin -flto-partition=none (test for excess errors)
FAIL: g++.dg/torture/pr81812.C -O2 -flto -fuse-linker-plugin -fno-fat-lto-objects (test for excess errors)
FAIL: g++.dg/torture/pr81812.C -O3 -g (test for excess errors)
FAIL: g++.dg/torture/pr81812.C -Os (test for excess errors)
=== g++ Summary ===
# of expected passes 112112
# of unexpected failures 13
# of expected failures 497
# of unsupported tests 5022
/home/dave/gnu/gcc/objdir/gcc/xg++ version 8.0.1 20180328 (experimental) [trunk revision 258941] (GCC)
=== gcc tests ===
Running target unix
FAIL: gcc.dg/atomic/c11-atomic-exec-5.c -O0 execution test
FAIL: gcc.dg/atomic/c11-atomic-exec-5.c -O1 execution test
FAIL: gcc.dg/atomic/c11-atomic-exec-5.c -O2 execution test
FAIL: gcc.dg/atomic/c11-atomic-exec-5.c -O2 -flto -fno-use-linker-plugin -flto-partition=none execution test
FAIL: gcc.dg/atomic/c11-atomic-exec-5.c -O2 -flto -fuse-linker-plugin -fno-fat-lto-objects execution test
FAIL: gcc.dg/atomic/c11-atomic-exec-5.c -O3 -fomit-frame-pointer -funroll-loops -fpeel-loops -ftracer -finline-functions execution test
FAIL: gcc.dg/atomic/c11-atomic-exec-5.c -O3 -g execution test
FAIL: gcc.dg/atomic/c11-atomic-exec-5.c -Os execution test
FAIL: gcc.dg/pr83480.c (internal compiler error)
FAIL: gcc.dg/pr83480.c (test for excess errors)
FAIL: gcc.dg/pr84941.c (test for excess errors)
XPASS: gcc.dg/ipa/iinline-4.c scan-ipa-dump inline "hooray4[^\\\\n]*inline copy in test4"
XPASS: gcc.dg/ipa/inline-5.c scan-ipa-dump-times fnsummary "Will be eliminated" 4
XPASS: gcc.dg/ipa/ipcp-cstagg-7.c scan-ipa-dump-times cp "Discovered an indirect call to a known target" 3
FAIL: gcc.dg/torture/tls/run-ld.c -O0 -pie -fPIE execution test
FAIL: gcc.dg/torture/tls/run-ld.c -O0 -pie -fpie execution test
FAIL: gcc.dg/tree-ssa/builtin-sprintf-warn-18.c (test for warnings, line 119)
FAIL: gcc.dg/tree-ssa/builtin-sprintf-warn-18.c (test for warnings, line 121)
XPASS: gcc.dg/tree-ssa/loop-1.c scan-assembler-times foo 5
XPASS: gcc.dg/tree-ssa/vector-4.c scan-tree-dump-times gimple "VEC_PERM_EXPR <a, b, { 0, 4, 1, 5 }>;" 1
FAIL: gcc.target/hppa/shadd-3.c scan-assembler-times sh.add 5
=== gcc Summary ===
# of expected passes 98462
# of unexpected failures 16
# of unexpected successes 5
# of expected failures 275
# of unsupported tests 2259
/home/dave/gnu/gcc/objdir/gcc/xgcc version 8.0.1 20180328 (experimental) [trunk revision 258941] (GCC)
=== gfortran tests ===
Running target unix
FAIL: gfortran.dg/coarray/event_3.f08 -fcoarray=single -O2 -latomic execution test
FAIL: gfortran.dg/elemental_subroutine_3.f90 -O1 (test for excess errors)
FAIL: gfortran.dg/elemental_subroutine_3.f90 -O2 (test for excess errors)
FAIL: gfortran.dg/elemental_subroutine_3.f90 -O3 -fomit-frame-pointer -funroll-loops -fpeel-loops -ftracer -finline-functions (test for excess errors)
FAIL: gfortran.dg/elemental_subroutine_3.f90 -O3 -g (test for excess errors)
FAIL: gfortran.dg/elemental_subroutine_3.f90 -Os (test for excess errors)
=== gfortran Summary ===
# of expected passes 46018
# of unexpected failures 6
# of expected failures 93
# of unsupported tests 356
/home/dave/gnu/gcc/objdir/gcc/gfortran version 8.0.1 20180328 (experimental) [trunk revision 258941] (GCC)
=== gnat tests ===
Running target unix
FAIL: gnat.dg/trampoline3.adb scan-assembler-not GNU-stack.*x
=== gnat Summary ===
# of expected passes 2666
# of unexpected failures 1
# of expected failures 23
# of unsupported tests 20
/home/dave/gnu/gcc/objdir/gcc/gnatmake version 8.0.1 20180328 (experimental) [trunk revision 258941]
=== obj-c++ tests ===
Running target unix
=== obj-c++ Summary ===
# of expected passes 1464
# of expected failures 2
# of unsupported tests 77
/home/dave/gnu/gcc/objdir/gcc/xg++ version 8.0.1 20180328 (experimental) [trunk revision 258941] (GCC)
=== objc tests ===
Running target unix
=== objc Summary ===
# of expected passes 2803
# of unsupported tests 68
/home/dave/gnu/gcc/objdir/gcc/xgcc version 8.0.1 20180328 (experimental) [trunk revision 258941] (GCC)
=== libatomic tests ===
Running target unix
=== libatomic Summary ===
# of expected passes 44
# of unsupported tests 5
=== libgomp tests ===
Running target unix
FAIL: libgomp.c++/member-5.C execution test
=== libgomp Summary ===
# of expected passes 5318
# of unexpected failures 1
# of expected failures 1
# of unsupported tests 363
=== libstdc++ tests ===
Running target unix
FAIL: 26_numerics/headers/cmath/hypot.cc execution test
FAIL: 30_threads/condition_variable/54185.cc execution test
FAIL: ext/rope/pthread7-rope.cc execution test
WARNING: program timed out.
WARNING: program timed out.
FAIL: libstdc++-prettyprinters/80276.cc whatis p4
FAIL: libstdc++-prettyprinters/80276.cc whatis p4
FAIL: libstdc++-prettyprinters/cxx17.cc print ab
FAIL: libstdc++-prettyprinters/cxx17.cc print ab
FAIL: libstdc++-prettyprinters/cxx17.cc print ai
FAIL: libstdc++-prettyprinters/cxx17.cc print ai
FAIL: libstdc++-prettyprinters/cxx17.cc print am
FAIL: libstdc++-prettyprinters/cxx17.cc print am
FAIL: libstdc++-prettyprinters/cxx17.cc print ap
FAIL: libstdc++-prettyprinters/cxx17.cc print ap
FAIL: libstdc++-prettyprinters/cxx17.cc print as
FAIL: libstdc++-prettyprinters/cxx17.cc print as
FAIL: libstdc++-prettyprinters/cxx17.cc print as2
FAIL: libstdc++-prettyprinters/cxx17.cc print as2
FAIL: libstdc++-prettyprinters/libfundts.cc print ab
FAIL: libstdc++-prettyprinters/libfundts.cc print ab
FAIL: libstdc++-prettyprinters/libfundts.cc print ai
FAIL: libstdc++-prettyprinters/libfundts.cc print ai
FAIL: libstdc++-prettyprinters/libfundts.cc print am
FAIL: libstdc++-prettyprinters/libfundts.cc print am
FAIL: libstdc++-prettyprinters/libfundts.cc print ap
FAIL: libstdc++-prettyprinters/libfundts.cc print ap
FAIL: libstdc++-prettyprinters/libfundts.cc print as
FAIL: libstdc++-prettyprinters/libfundts.cc print as
FAIL: libstdc++-prettyprinters/libfundts.cc print as2
FAIL: libstdc++-prettyprinters/libfundts.cc print as2
=== libstdc++ Summary ===
# of expected passes 11973
# of unexpected failures 29
# of expected failures 71
# of unsupported tests 629
Compiler version: 8.0.1 20180328 (experimental) [trunk revision 258941] (GCC)
Platform: hppa-unknown-linux-gnu
configure flags: --with-gnu-as --with-gnu-ld --enable-shared --enable-multiarch --enable-linker-build-id --build=hppa-linux-gnu --host=hppa-linux-gnu --target=hppa-linux-gnu --prefix=/home/dave/opt/gnu/gcc/gcc-8 --with-local-prefix=/home/dave/opt/gnu --enable-threads=posix --enable-__cxa_atexit --build=hppa-linux-gnu --enable-clocale=gnu --enable-java-gc=boehm --enable-checking=release --enable-languages=c,c++,objc,fortran,obj-c++,ada,lto