This is the mail archive of the gcc-testresults@gcc.gnu.org mailing list for the GCC project.
Index Nav: | [Date Index] [Subject Index] [Author Index] [Thread Index] | |
---|---|---|
Message Nav: | [Date Prev] [Date Next] | [Thread Prev] [Thread Next] |
Other format: | [Raw text] |
profiled bootstrap, build-config: bootstrap-lto LAST_UPDATED: Fri Mar 23 19:50:56 UTC 2018 (revision 258820) === acats tests === === acats Summary === # of expected passes 2320 # of unexpected failures 0 Native configuration is x86_64-unknown-linux-gnu === brig tests === Running target unix === brig Summary === # of unsupported tests 1 === g++ tests === Running target unix FAIL: g++.dg/tree-prof/indir-call-prof.C scan-ipa-dump afdo "Indirect call -> direct call.* AA transformation on insn" FAIL: g++.dg/tree-prof/morefunc.C scan-ipa-dump-times afdo "Indirect call -> direct call" 2 FAIL: g++.dg/tree-prof/pr35545.C scan-ipa-dump profile_estimate "Indirect call -> direct call" FAIL: g++.dg/tree-prof/pr35545.C scan-tree-dump-not optimized "OBJ_TYPE_REF" FAIL: g++.dg/tree-prof/reorder.C scan-ipa-dump-times afdo "Indirect call -> direct call" 2 === g++ Summary === # of expected passes 124305 # of unexpected failures 5 # of expected failures 503 # of unsupported tests 4811 /opt/devel/SCRATCH/tmp.Qlb6aEFCuz/gcc-8.0.0-profile-lto/gcc-8.0.0-profile-lto/gcc/xg++ version 8.0.1 20180323 (experimental) [trunk revision 258820] (GCC) === gcc tests === Running target unix FAIL: gcc.dg/20050503-1.c scan-assembler-not call XPASS: gcc.dg/guality/example.c -O0 execution test XPASS: gcc.dg/guality/example.c -O1 execution test XPASS: gcc.dg/guality/guality.c -O0 execution test XPASS: gcc.dg/guality/guality.c -O1 execution test XPASS: gcc.dg/guality/guality.c -O2 execution test XPASS: gcc.dg/guality/guality.c -O2 -flto -fno-use-linker-plugin -flto-partition=none execution test XPASS: gcc.dg/guality/guality.c -O2 -flto -fuse-linker-plugin -fno-fat-lto-objects execution test XPASS: gcc.dg/guality/guality.c -O3 -g execution test XPASS: gcc.dg/guality/guality.c -Os execution test XPASS: gcc.dg/guality/inline-params.c -O2 execution test XPASS: gcc.dg/guality/inline-params.c -O2 -flto -fno-use-linker-plugin -flto-partition=none execution test XPASS: gcc.dg/guality/inline-params.c -O2 -flto -fuse-linker-plugin -fno-fat-lto-objects execution test XPASS: gcc.dg/guality/inline-params.c -O3 -g execution test XPASS: gcc.dg/guality/inline-params.c -Os execution test XPASS: gcc.dg/guality/pr41353-1.c -O0 line 28 j == 28 + 37 FAIL: gcc.dg/guality/pr41616-1.c -O2 -flto -fuse-linker-plugin -fno-fat-lto-objects execution test FAIL: gcc.dg/guality/pr41616-1.c -O3 -g execution test FAIL: gcc.dg/guality/pr45882.c -O2 -flto -fuse-linker-plugin -fno-fat-lto-objects line 16 d == 112 FAIL: gcc.dg/guality/pr45882.c -O2 -flto -fuse-linker-plugin -fno-fat-lto-objects line 16 e == 142 FAIL: gcc.dg/guality/pr54519-1.c -O2 -flto -fno-use-linker-plugin -flto-partition=none line 20 y == 25 FAIL: gcc.dg/guality/pr54519-1.c -O2 -flto -fno-use-linker-plugin -flto-partition=none line 20 z == 6 FAIL: gcc.dg/guality/pr54519-1.c -O2 -flto -fno-use-linker-plugin -flto-partition=none line 23 y == 117 FAIL: gcc.dg/guality/pr54519-1.c -O2 -flto -fno-use-linker-plugin -flto-partition=none line 23 z == 8 FAIL: gcc.dg/guality/pr54519-2.c -O2 -flto -fno-use-linker-plugin -flto-partition=none line 17 y == 25 FAIL: gcc.dg/guality/pr54519-2.c -O2 -flto -fuse-linker-plugin -fno-fat-lto-objects line 17 y == 25 FAIL: gcc.dg/guality/pr54519-3.c -O2 -flto -fno-use-linker-plugin -flto-partition=none line 20 y == 25 FAIL: gcc.dg/guality/pr54519-3.c -O2 -flto -fno-use-linker-plugin -flto-partition=none line 20 z == 6 FAIL: gcc.dg/guality/pr54519-3.c -O2 -flto -fno-use-linker-plugin -flto-partition=none line 23 y == 117 FAIL: gcc.dg/guality/pr54519-3.c -O2 -flto -fno-use-linker-plugin -flto-partition=none line 23 z == 8 FAIL: gcc.dg/guality/pr54519-3.c -O2 -flto -fuse-linker-plugin -fno-fat-lto-objects line 20 y == 25 FAIL: gcc.dg/guality/pr54519-3.c -O2 -flto -fuse-linker-plugin -fno-fat-lto-objects line 20 z == 6 FAIL: gcc.dg/guality/pr54519-3.c -O2 -flto -fuse-linker-plugin -fno-fat-lto-objects line 23 y == 117 FAIL: gcc.dg/guality/pr54519-3.c -O2 -flto -fuse-linker-plugin -fno-fat-lto-objects line 23 z == 8 FAIL: gcc.dg/guality/pr54519-4.c -O2 -flto -fno-use-linker-plugin -flto-partition=none line 17 y == 25 FAIL: gcc.dg/guality/pr54519-4.c -O2 -flto -fuse-linker-plugin -fno-fat-lto-objects line 17 y == 25 FAIL: gcc.dg/guality/pr54519-5.c -O2 -flto -fno-use-linker-plugin -flto-partition=none line 17 y == 25 FAIL: gcc.dg/guality/pr54519-5.c -O2 -flto -fuse-linker-plugin -fno-fat-lto-objects line 17 y == 25 XPASS: gcc.dg/guality/pr54970.c -O0 line 31 a[0] == 4 XPASS: gcc.dg/guality/pr54970.c -O0 line 36 a[0] == 4 XPASS: gcc.dg/guality/pr54970.c -O0 line 45 a[0] == 4 XPASS: gcc.dg/guality/pr54970.c -O0 line 45 p[-2] == 4 XPASS: gcc.dg/guality/pr54970.c -O0 line 45 q[-1] == 4 FAIL: gcc.dg/guality/pr68860-1.c -O2 -flto -fno-use-linker-plugin -flto-partition=none line 14 arg1 == 1 FAIL: gcc.dg/guality/pr68860-1.c -O2 -flto -fno-use-linker-plugin -flto-partition=none line 14 arg2 == 2 FAIL: gcc.dg/guality/pr68860-1.c -O2 -flto -fno-use-linker-plugin -flto-partition=none line 14 arg3 == 3 FAIL: gcc.dg/guality/pr68860-1.c -O2 -flto -fno-use-linker-plugin -flto-partition=none line 14 arg4 == 4 FAIL: gcc.dg/guality/pr68860-1.c -O2 -flto -fno-use-linker-plugin -flto-partition=none line 14 arg5 == 5 FAIL: gcc.dg/guality/pr68860-1.c -O2 -flto -fno-use-linker-plugin -flto-partition=none line 14 arg6 == 6 FAIL: gcc.dg/guality/pr68860-1.c -O2 -flto -fno-use-linker-plugin -flto-partition=none line 16 arg1 == 1 FAIL: gcc.dg/guality/pr68860-1.c -O2 -flto -fno-use-linker-plugin -flto-partition=none line 16 arg2 == 2 FAIL: gcc.dg/guality/pr68860-1.c -O2 -flto -fno-use-linker-plugin -flto-partition=none line 16 arg3 == 3 FAIL: gcc.dg/guality/pr68860-1.c -O2 -flto -fno-use-linker-plugin -flto-partition=none line 16 arg4 == 4 FAIL: gcc.dg/guality/pr68860-1.c -O2 -flto -fno-use-linker-plugin -flto-partition=none line 16 arg5 == 5 FAIL: gcc.dg/guality/pr68860-1.c -O2 -flto -fno-use-linker-plugin -flto-partition=none line 16 arg6 == 6 FAIL: gcc.dg/guality/pr68860-1.c -O2 -flto -fuse-linker-plugin -fno-fat-lto-objects line 14 arg1 == 1 FAIL: gcc.dg/guality/pr68860-1.c -O2 -flto -fuse-linker-plugin -fno-fat-lto-objects line 14 arg2 == 2 FAIL: gcc.dg/guality/pr68860-1.c -O2 -flto -fuse-linker-plugin -fno-fat-lto-objects line 14 arg3 == 3 FAIL: gcc.dg/guality/pr68860-1.c -O2 -flto -fuse-linker-plugin -fno-fat-lto-objects line 14 arg4 == 4 FAIL: gcc.dg/guality/pr68860-1.c -O2 -flto -fuse-linker-plugin -fno-fat-lto-objects line 14 arg5 == 5 FAIL: gcc.dg/guality/pr68860-1.c -O2 -flto -fuse-linker-plugin -fno-fat-lto-objects line 14 arg6 == 6 FAIL: gcc.dg/guality/pr68860-1.c -O2 -flto -fuse-linker-plugin -fno-fat-lto-objects line 16 arg1 == 1 FAIL: gcc.dg/guality/pr68860-1.c -O2 -flto -fuse-linker-plugin -fno-fat-lto-objects line 16 arg2 == 2 FAIL: gcc.dg/guality/pr68860-1.c -O2 -flto -fuse-linker-plugin -fno-fat-lto-objects line 16 arg3 == 3 FAIL: gcc.dg/guality/pr68860-1.c -O2 -flto -fuse-linker-plugin -fno-fat-lto-objects line 16 arg4 == 4 FAIL: gcc.dg/guality/pr68860-1.c -O2 -flto -fuse-linker-plugin -fno-fat-lto-objects line 16 arg5 == 5 FAIL: gcc.dg/guality/pr68860-1.c -O2 -flto -fuse-linker-plugin -fno-fat-lto-objects line 16 arg6 == 6 FAIL: gcc.dg/guality/vla-1.c -O1 line 17 sizeof (a) == 6 FAIL: gcc.dg/guality/vla-1.c -O2 line 17 sizeof (a) == 6 FAIL: gcc.dg/guality/vla-1.c -O2 -flto -fno-use-linker-plugin -flto-partition=none line 17 sizeof (a) == 6 FAIL: gcc.dg/guality/vla-1.c -O2 -flto -fno-use-linker-plugin -flto-partition=none line 24 sizeof (a) == 17 * sizeof (short) FAIL: gcc.dg/guality/vla-1.c -O2 -flto -fuse-linker-plugin -fno-fat-lto-objects line 17 sizeof (a) == 6 FAIL: gcc.dg/guality/vla-1.c -O2 -flto -fuse-linker-plugin -fno-fat-lto-objects line 24 sizeof (a) == 17 * sizeof (short) FAIL: gcc.dg/guality/vla-1.c -O3 -g line 17 sizeof (a) == 6 FAIL: gcc.dg/guality/vla-1.c -Os line 17 sizeof (a) == 6 FAIL: gcc.dg/tree-prof/cold_partition_label.c scan-assembler foo[._]+cold[._]+0 FAIL: gcc.dg/tree-prof/cold_partition_label.c scan-assembler size[ \\ta-zA-Z0-0]+foo[._]+cold[._]+0 UNRESOLVED: gcc.dg/tree-prof/crossmodule-indircall-1.c compilation, -fauto-profile UNRESOLVED: gcc.dg/tree-prof/crossmodule-indircall-1.c execution, -fauto-profile FAIL: gcc.dg/tree-prof/crossmodule-indircall-1.c execution: file afdo.crossmodule-indircall-1.gcda does not exist, -g FAIL: gcc.dg/tree-prof/indir-call-prof.c scan-ipa-dump afdo "Indirect call -> direct call.* a1 transformation on insn" FAIL: gcc.dg/tree-prof/merge_block.c scan-tree-dump-not optimized "Invalid sum" FAIL: gcc.dg/tree-prof/peel-1.c scan-tree-dump cunroll "Peeled loop ., 1 times" XPASS: gcc.dg/vect/vect-95.c -flto -ffat-lto-objects scan-tree-dump-times vect "Alignment of access forced using peeling" 0 XPASS: gcc.dg/vect/vect-95.c scan-tree-dump-times vect "Alignment of access forced using peeling" 0 === gcc Summary === # of expected passes 138584 # of unexpected failures 61 # of unexpected successes 22 # of expected failures 440 # of unresolved testcases 2 # of unsupported tests 2285 /opt/devel/SCRATCH/tmp.Qlb6aEFCuz/gcc-8.0.0-profile-lto/gcc-8.0.0-profile-lto/gcc/xgcc version 8.0.1 20180323 (experimental) [trunk revision 258820] (GCC) === gfortran tests === Running target unix === gfortran Summary === # of expected passes 47237 # of expected failures 92 # of unsupported tests 84 /opt/devel/SCRATCH/tmp.Qlb6aEFCuz/gcc-8.0.0-profile-lto/gcc-8.0.0-profile-lto/gcc/gfortran version 8.0.1 20180323 (experimental) [trunk revision 258820] (GCC) === gnat tests === Running target unix === gnat Summary === # of expected passes 2703 # of expected failures 23 # of unsupported tests 3 /opt/devel/SCRATCH/tmp.Qlb6aEFCuz/gcc-8.0.0-profile-lto/gcc-8.0.0-profile-lto/gcc/gnatmake version 8.0.1 20180323 (experimental) [trunk revision 258820] === go tests === Running target unix FAIL: ./index0-out.go execution, -O0 -g -fno-var-tracking-assignments === go Summary === # of expected passes 7285 # of unexpected failures 1 # of expected failures 1 # of untested testcases 6 # of unsupported tests 1 /opt/devel/SCRATCH/tmp.Qlb6aEFCuz/gcc-8.0.0-profile-lto/gcc-8.0.0-profile-lto/gcc/gccgo version 8.0.1 20180323 (experimental) [trunk revision 258820] (GCC) === jit tests === Running target unix === jit Summary === # of expected passes 10294 === obj-c++ tests === Running target unix === obj-c++ Summary === # of expected passes 1456 # of expected failures 10 # of unsupported tests 77 /opt/devel/SCRATCH/tmp.Qlb6aEFCuz/gcc-8.0.0-profile-lto/gcc-8.0.0-profile-lto/gcc/xg++ version 8.0.1 20180323 (experimental) [trunk revision 258820] (GCC) === objc tests === Running target unix === objc Summary === # of expected passes 2797 # of expected failures 6 # of unsupported tests 68 /opt/devel/SCRATCH/tmp.Qlb6aEFCuz/gcc-8.0.0-profile-lto/gcc-8.0.0-profile-lto/gcc/xgcc version 8.0.1 20180323 (experimental) [trunk revision 258820] (GCC) === gotools tests === === gotools Summary === # of expected passes 380 # of untested testcases 193 /opt/devel/SCRATCH/tmp.Qlb6aEFCuz/gcc-8.0.0-profile-lto/gcc-8.0.0-profile-lto/./gcc/gccgo version 8.0.1 20180323 (experimental) [trunk revision 258820] (GCC) === libatomic tests === Running target unix === libatomic Summary === # of expected passes 54 === libffi tests === Running target unix === libffi Summary === # of expected passes 2214 === libgo tests === Running target unix === libgo Summary === # of expected passes 162 /opt/devel/SCRATCH/tmp.Qlb6aEFCuz/gcc-8.0.0-profile-lto/gcc-8.0.0-profile-lto/./gcc/gccgo version 8.0.1 20180323 (experimental) [trunk revision 258820] (GCC) === libgomp tests === Running target unix === libgomp Summary === # of expected passes 5453 # of expected failures 1 # of unsupported tests 290 === libitm tests === Running target unix === libitm Summary === # of expected passes 42 # of expected failures 3 # of unsupported tests 1 === libstdc++ tests === Running target unix === libstdc++ Summary === # of expected passes 12942 # of expected failures 71 # of unsupported tests 256 Compiler version: 8.0.1 20180323 (experimental) [trunk revision 258820] (GCC) Platform: x86_64-unknown-linux-gnu configure flags: --prefix=/opt/devel/gnu/gcc/Linux/x86_64-unknown-linux-gnu/openSUSE_42.3/gcc-8.0.0-profile-lto --with-gnu-as --with-as=/opt/devel/gnu/gcc/Linux/x86_64-unknown-linux-gnu/openSUSE_42.3/gcc-8.0.0-profile-lto/bin/as --with-gnu-ld --with-ld=/opt/devel/gnu/gcc/Linux/x86_64-unknown-linux-gnu/openSUSE_42.3/gcc-8.0.0-profile-lto/bin/ld --build=x86_64-unknown-linux-gnu --enable-threads=posix --enable-shared --enable-__cxa_atexit --enable-plugin --enable-languages=all --with-gmp-include=/opt/devel/gnu/gcc/Linux/x86_64-unknown-linux-gnu/openSUSE_42.3/gcc-8.0.0-profile-lto/include --with-gmp-lib=/opt/devel/gnu/gcc/Linux/x86_64-unknown-linux-gnu/openSUSE_42.3/gcc-8.0.0-profile-lto/lib64 --with-mpfr-include=/opt/devel/gnu/gcc/Linux/x86_64-unknown-linux-gnu/openSUSE_42.3/gcc-8.0.0-profile-lto/include --with-mpfr-lib=/opt/devel/gnu/gcc/Linux/x86_64-unknown-linux-gnu/openSUSE_42.3/gcc-8.0.0-profile-lto/lib64 --with-mpc-include=/opt/devel/gnu/gcc/Linux/x86_64-unknown-linux-gnu/openSUSE_42.3/gcc-8.0.0-profile-lto/include --with-mpc-lib=/opt/devel/gnu/gcc/Linux/x86_64-unknown-linux-gnu/openSUSE_42.3/gcc-8.0.0-profile-lto/lib64 --with-isl-include=/opt/devel/gnu/gcc/Linux/x86_64-unknown-linux-gnu/openSUSE_42.3/gcc-8.0.0-profile-lto/include --with-isl-lib=/opt/devel/gnu/gcc/Linux/x86_64-unknown-linux-gnu/openSUSE_42.3/gcc-8.0.0-profile-lto/lib64 --with-local-prefix=/opt/devel/tec/devel/Linux/x86_64-unknown-linux-gnu/openSUSE_42.3/gcc-8.0.0-profile-lto --enable-checking=release --disable-werror --disable-multilib --enable-host-shared --with-build-config=bootstrap-lto binutils: binutils-2.30 gmp 6.1.2 mpfr 4.0.1 mpc 1.1.0 isl 0.19 Build system: Linux andromeda-lx 4.4.114-42-default #1 SMP Tue Feb 6 10:58:10 UTC 2018 (b6ee9ae) x86_64 x86_64 x86_64 GNU/Linux openSUSE Leap 42.3 cc for building: gcc gcc (GCC) 8.0.1 20180323 (experimental) [trunk revision 258820] Copyright (C) 2018 Free Software Foundation, Inc. This is free software; see the source for copying conditions. There is NO warranty; not even for MERCHANTABILITY or FITNESS FOR A PARTICULAR PURPOSE. as for building: GNU assembler (GNU Binutils) 2.30 Copyright (C) 2018 Free Software Foundation, Inc. This program is free software; you may redistribute it under the terms of the GNU General Public License version 3 or later. This program has absolutely no warranty. This assembler was configured for a target of \`x86_64-unknown-linux-gnu'. ld for building: GNU ld (GNU Binutils) 2.30 Copyright (C) 2018 Free Software Foundation, Inc. This program is free software; you may redistribute it under the terms of the GNU General Public License version 3 or (at your option) a later version. This program has absolutely no warranty.
Attachment:
signature.asc
Description: OpenPGP digital signature
Index Nav: | [Date Index] [Subject Index] [Author Index] [Thread Index] | |
---|---|---|
Message Nav: | [Date Prev] [Date Next] | [Thread Prev] [Thread Next] |