This is the mail archive of the
gcc-testresults@gcc.gnu.org
mailing list for the GCC project.
Results for 8.0.1 20180228 (experimental) [trunk revision 258070] (GCC) testsuite on powerpc64le-unknown-linux-gnu
- From: "Bill Seurer (POWER8)" <seurer at linux dot vnet dot ibm dot com>
- To: gcc-testresults at gcc dot gnu dot org
- Date: Thu, 1 Mar 2018 01:22:15 -0600
- Subject: Results for 8.0.1 20180228 (experimental) [trunk revision 258070] (GCC) testsuite on powerpc64le-unknown-linux-gnu
- Authentication-results: sourceware.org; auth=none
Linux 4.4.0-116-generic ppc64le
GNU C Library (Ubuntu GLIBC 2.23-0ubuntu10) stable release version 2.23
GNU ld (GNU Binutils) 2.26.20160125
GNU assembler (GNU Binutils) 2.26.20160125
GNU Make 4.1
DejaGnu:
DejaGnu version 1.6
Expect version 5.45
Tcl version 8.6
64-bit
LAST_UPDATED: Wed Feb 28 15:36:41 UTC 2018 (revision 258070)
Native configuration is powerpc64le-unknown-linux-gnu
=== gfortran tests ===
Running target unix
FAIL: gfortran.dg/elemental_subroutine_3.f90 -O1 (test for excess errors)
FAIL: gfortran.dg/elemental_subroutine_3.f90 -O2 (test for excess errors)
FAIL: gfortran.dg/elemental_subroutine_3.f90 -O3 -fomit-frame-pointer -funroll-loops -fpeel-loops -ftracer -finline-functions (test for excess errors)
FAIL: gfortran.dg/elemental_subroutine_3.f90 -O3 -g (test for excess errors)
FAIL: gfortran.dg/elemental_subroutine_3.f90 -Os (test for excess errors)
FAIL: gfortran.dg/ieee/large_2.f90 -O0 execution test
FAIL: gfortran.dg/ieee/large_2.f90 -O1 execution test
FAIL: gfortran.dg/ieee/large_2.f90 -O2 execution test
FAIL: gfortran.dg/ieee/large_2.f90 -O3 -fomit-frame-pointer -funroll-loops -fpeel-loops -ftracer -finline-functions execution test
FAIL: gfortran.dg/ieee/large_2.f90 -O3 -g execution test
FAIL: gfortran.dg/ieee/large_2.f90 -Os execution test
=== gfortran Summary ===
# of expected passes 46856
# of unexpected failures 11
# of expected failures 100
# of unsupported tests 101
/home/gccbuild/build/nightly/build-gcc-trunk/gcc/gfortran version 8.0.1 20180228 (experimental) [trunk revision 258070] (GCC)
=== go tests ===
Running target unix
FAIL: go.test/test/cmplxdivide.go
FAIL: go.test/test/ken/cplx2.go execution, -O2 -g
WARNING: program timed out
=== go Summary ===
# of expected passes 7280
# of unexpected failures 2
# of expected failures 1
# of untested testcases 7
# of unsupported tests 3
/home/gccbuild/build/nightly/build-gcc-trunk/gcc/gccgo version 8.0.1 20180228 (experimental) [trunk revision 258070] (GCC)
=== obj-c++ tests ===
Running target unix
=== obj-c++ Summary ===
# of expected passes 1456
# of expected failures 10
# of unsupported tests 77
/home/gccbuild/build/nightly/build-gcc-trunk/gcc/xg++ version 8.0.1 20180228 (experimental) [trunk revision 258070] (GCC)
=== objc tests ===
Running target unix
=== objc Summary ===
# of expected passes 2803
# of unsupported tests 68
/home/gccbuild/build/nightly/build-gcc-trunk/gcc/xgcc version 8.0.1 20180228 (experimental) [trunk revision 258070] (GCC)
=== gotools tests ===
FAIL: go test cmd/go
FAIL: go test runtime
=== gotools Summary ===
# of expected passes 142
# of unexpected failures 2
# of untested testcases 25
/home/gccbuild/build/nightly/build-gcc-trunk/./gcc/gccgo version 8.0.1 20180228 (experimental) [trunk revision 258070] (GCC)
=== libatomic tests ===
Running target unix
=== libatomic Summary ===
# of expected passes 54
=== libffi tests ===
Running target unix
=== libffi Summary ===
# of expected passes 1934
# of unsupported tests 28
=== libgo tests ===
Running target unix
FAIL: fmt
FAIL: net
FAIL: net/http
=== libgo Summary ===
# of expected passes 159
# of unexpected failures 3
/home/gccbuild/build/nightly/build-gcc-trunk/./gcc/gccgo version 8.0.1 20180228 (experimental) [trunk revision 258070] (GCC)
=== libgomp tests ===
Running target unix
WARNING: program timed out
FAIL: libgomp.c/for-5.c (test for excess errors)
UNRESOLVED: libgomp.c/for-5.c compilation failed to produce executable
WARNING: program timed out
FAIL: libgomp.c/for-6.c (test for excess errors)
UNRESOLVED: libgomp.c/for-6.c compilation failed to produce executable
WARNING: program timed out
FAIL: libgomp.c++/for-13.C (test for excess errors)
UNRESOLVED: libgomp.c++/for-13.C compilation failed to produce executable
WARNING: program timed out
FAIL: libgomp.c++/for-14.C (test for excess errors)
UNRESOLVED: libgomp.c++/for-14.C compilation failed to produce executable
=== libgomp Summary ===
# of expected passes 5255
# of unexpected failures 4
# of unresolved testcases 4
# of unsupported tests 362
=== libitm tests ===
Running target unix
=== libitm Summary ===
# of expected passes 42
# of expected failures 3
# of unsupported tests 1
=== libstdc++ tests ===
Running target unix
=== libstdc++ Summary ===
# of expected passes 12634
# of expected failures 71
# of unsupported tests 404
Compiler version: 8.0.1 20180228 (experimental) [trunk revision 258070] (GCC)
Platform: powerpc64le-unknown-linux-gnu
configure flags: --prefix=/opt/gcc-nightly/trunk --with-as=/home/gccbuild/binutils/install/binutils-2.26/bin/as --with-ld=/home/gccbuild/binutils/install/binutils-2.26/bin/ld --enable-languages=c,c++,fortran,objc,obj-c++,go --with-cpu=power8
fail WARNING: Could not generate test framework tests
fail WARNING: Could not generate test framework tests
fail WARNING: Could not generate test framework tests
fail XPASS: gcc.test-framework/dg-bogus-exp-XF.c (test for excess errors)
fail FAIL: gcc.test-framework/dg-do-assemble-exp-P.c (test for excess errors) (PRMS 42)
fail FAIL: gcc.test-framework/dg-do-compile-exp-P.c (test for excess errors) (PRMS 42)
fail FAIL: gcc.test-framework/dg-do-link-exp-P.c (test for excess errors) (PRMS 42)
fail FAIL: gcc.test-framework/dg-do-run-exp-P.c (test for excess errors) (PRMS 42)
fail FAIL: gcc.test-framework/dg-dot-run-exp-P.c (test for excess errors) (PRMS 42)
fail FAIL: gcc.test-framework/dg-dox-run-exp-XF.c (test for excess errors) (PRMS 42)
fail FAIL: gcc.test-framework/dg-output-exp-P.c (test for excess errors) (PRMS 42)
fail FAIL: gcc.test-framework/dg-output-exp-XF.c (test for excess errors) (PRMS 42)
fail FAIL: gcc.test-framework/dg-warning-exp-P.c warning test (test for warnings, line 9) (PRMS 42)
=== Test Framework Summary ===
# of expected passes 68
# of unexpected failures 13