This is the mail archive of the
gcc-testresults@gcc.gnu.org
mailing list for the GCC project.
Results for 8.0.1 20180202 (experimental) [trunk revision 257325] (GCC) testsuite on x86_64-pc-solaris2.11
- From: Rainer Orth <ro at CeBiTec dot Uni-Bielefeld dot DE>
- To: gcc-testresults at gcc dot gnu dot org
- Date: Sat, 3 Feb 2018 09:23:32 +0100 (CET)
- Subject: Results for 8.0.1 20180202 (experimental) [trunk revision 257325] (GCC) testsuite on x86_64-pc-solaris2.11
- Authentication-results: sourceware.org; auth=none
LAST_UPDATED: Fri Feb 2 09:30:43 UTC 2018 (revision 257325)
Native configuration is x86_64-pc-solaris2.11
=== libatomic tests ===
Running target unix/-m32
=== libatomic Summary for unix/-m32 ===
# of expected passes 44
# of unsupported tests 5
Running target unix
=== libatomic Summary for unix ===
# of expected passes 54
=== libatomic Summary ===
# of expected passes 98
# of unsupported tests 5
=== libffi tests ===
Running target unix/-m32
=== libffi Summary for unix/-m32 ===
# of expected passes 2799
Running target unix
=== libffi Summary for unix ===
# of expected passes 2214
=== libffi Summary ===
# of expected passes 5013
=== libgo tests ===
Running target unix
FAIL: go/build
=== libgo Summary for unix ===
# of expected passes 162
# of unexpected failures 1
Running target unix/-m32
FAIL: runtime
FAIL: go/build
FAIL: runtime/pprof
=== libgo Summary for unix/-m32 ===
# of expected passes 160
# of unexpected failures 3
=== libgo Summary ===
# of expected passes 322
# of unexpected failures 4
/var/gcc/regression/trunk/11.4-gcc-gas-64/build/./gcc/gccgo version 8.0.1 20180202 (experimental) [trunk revision 257325] (GCC)
=== libgomp tests ===
Running target unix/-m32
=== libgomp Summary for unix/-m32 ===
# of expected passes 5397
# of unsupported tests 304
Running target unix
=== libgomp Summary for unix ===
# of expected passes 5397
# of unsupported tests 304
=== libgomp Summary ===
# of expected passes 10794
# of unsupported tests 608
=== libitm tests ===
Running target unix/-m32
=== libitm Summary for unix/-m32 ===
# of expected passes 42
# of expected failures 3
# of unsupported tests 1
Running target unix
=== libitm Summary for unix ===
# of expected passes 42
# of expected failures 3
# of unsupported tests 1
=== libitm Summary ===
# of expected passes 84
# of expected failures 6
# of unsupported tests 2
=== libstdc++ tests ===
Running target unix
=== libstdc++ Summary for unix ===
# of expected passes 11297
# of expected failures 71
# of unsupported tests 629
Running target unix/-m32
FAIL: experimental/memory_resource/resource_adaptor.cc execution test
=== libstdc++ Summary for unix/-m32 ===
# of expected passes 11304
# of unexpected failures 1
# of expected failures 71
# of unsupported tests 625
=== libstdc++ Summary ===
# of expected passes 22601
# of unexpected failures 1
# of expected failures 142
# of unsupported tests 1254
=== acats tests ===
=== acats Summary ===
# of expected passes 2320
# of unexpected failures 0
=== g++ tests ===
Running target unix
FAIL: g++.dg/pr80481.C -std=gnu++11 scan-assembler-not vmovaps
FAIL: g++.dg/pr80481.C -std=gnu++14 scan-assembler-not vmovaps
FAIL: g++.dg/pr80481.C -std=gnu++98 scan-assembler-not vmovaps
FAIL: g++.dg/vect/slp-pr56812.cc -std=c++11 scan-tree-dump-times slp1 "basic block vectorized" 1 (found 0 times)
FAIL: g++.dg/vect/slp-pr56812.cc -std=c++14 scan-tree-dump-times slp1 "basic block vectorized" 1 (found 0 times)
FAIL: g++.dg/vect/slp-pr56812.cc -std=c++98 scan-tree-dump-times slp1 "basic block vectorized" 1 (found 0 times)
=== g++ Summary for unix ===
# of expected passes 112964
# of unexpected failures 6
# of expected failures 490
# of unsupported tests 4532
Running target unix/-m32
FAIL: g++.dg/opt/pr59470.C -std=gnu++11 (test for excess errors)
UNRESOLVED: g++.dg/opt/pr59470.C -std=gnu++11 compilation failed to produce executable
FAIL: g++.dg/opt/pr59470.C -std=gnu++14 (test for excess errors)
UNRESOLVED: g++.dg/opt/pr59470.C -std=gnu++14 compilation failed to produce executable
FAIL: g++.dg/opt/pr59470.C -std=gnu++98 (test for excess errors)
UNRESOLVED: g++.dg/opt/pr59470.C -std=gnu++98 compilation failed to produce executable
FAIL: g++.dg/vect/slp-pr56812.cc -std=c++11 scan-tree-dump-times slp1 "basic block vectorized" 1 (found 0 times)
FAIL: g++.dg/vect/slp-pr56812.cc -std=c++14 scan-tree-dump-times slp1 "basic block vectorized" 1 (found 0 times)
FAIL: g++.dg/vect/slp-pr56812.cc -std=c++98 scan-tree-dump-times slp1 "basic block vectorized" 1 (found 0 times)
=== g++ Summary for unix/-m32 ===
# of expected passes 111439
# of unexpected failures 6
# of expected failures 487
# of unresolved testcases 3
# of unsupported tests 4346
=== g++ Summary ===
# of expected passes 224403
# of unexpected failures 12
# of expected failures 977
# of unresolved testcases 3
# of unsupported tests 8878
/var/gcc/regression/trunk/11.4-gcc-gas-64/build/gcc/xg++ version 8.0.1 20180202 (experimental) [trunk revision 257325] (GCC)
=== gcc tests ===
Running target unix
FAIL: gcc.c-torture/execute/970214-1.c -O2 -flto -flto-partition=none (test for excess errors)
WARNING: program timed out
FAIL: gcc.dg/debug/pr41893-1.c -gdwarf-2 -g3 (test for excess errors)
FAIL: gcc.dg/debug/pr41893-1.c -gdwarf-2 -g3 -O (test for excess errors)
FAIL: gcc.dg/debug/pr41893-1.c -gdwarf-2 -g3 -O3 (test for excess errors)
XPASS: gcc.dg/vect/vect-95.c -flto -ffat-lto-objects scan-tree-dump-times vect "Alignment of access forced using peeling" 0
XPASS: gcc.dg/vect/vect-95.c scan-tree-dump-times vect "Alignment of access forced using peeling" 0
=== gcc Summary for unix ===
# of expected passes 122496
# of unexpected failures 4
# of unexpected successes 2
# of expected failures 388
# of unsupported tests 2067
Running target unix/-m32
FAIL: gcc.dg/debug/pr41893-1.c -gdwarf-2 -g3 (test for excess errors)
FAIL: gcc.dg/debug/pr41893-1.c -gdwarf-2 -g3 -O (test for excess errors)
FAIL: gcc.dg/debug/pr41893-1.c -gdwarf-2 -g3 -O3 (test for excess errors)
XPASS: gcc.dg/vect/vect-95.c -flto -ffat-lto-objects scan-tree-dump-times vect "Alignment of access forced using peeling" 0
XPASS: gcc.dg/vect/vect-95.c scan-tree-dump-times vect "Alignment of access forced using peeling" 0
=== gcc Summary for unix/-m32 ===
# of expected passes 120797
# of unexpected failures 3
# of unexpected successes 2
# of expected failures 399
# of unsupported tests 2147
=== gcc Summary ===
# of expected passes 243293
# of unexpected failures 7
# of unexpected successes 4
# of expected failures 787
# of unsupported tests 4214
/var/gcc/regression/trunk/11.4-gcc-gas-64/build/gcc/xgcc version 8.0.1 20180202 (experimental) [trunk revision 257325] (GCC)
=== gfortran tests ===
Running target unix
=== gfortran Summary for unix ===
# of expected passes 46759
# of expected failures 92
# of unsupported tests 90
Running target unix/-m32
=== gfortran Summary for unix/-m32 ===
# of expected passes 46542
# of expected failures 92
# of unsupported tests 193
=== gfortran Summary ===
# of expected passes 93301
# of expected failures 184
# of unsupported tests 283
/var/gcc/regression/trunk/11.4-gcc-gas-64/build/gcc/gfortran version 8.0.1 20180202 (experimental) [trunk revision 257325] (GCC)
=== gnat tests ===
Running target unix
=== gnat Summary for unix ===
# of expected passes 2689
# of expected failures 23
# of unsupported tests 7
Running target unix/-m32
=== gnat Summary for unix/-m32 ===
# of expected passes 2689
# of expected failures 23
# of unsupported tests 7
=== gnat Summary ===
# of expected passes 5378
# of expected failures 46
# of unsupported tests 14
/var/gcc/regression/trunk/11.4-gcc-gas-64/build/gcc/gnatmake version 8.0.1 20180202 (experimental) [trunk revision 257325]
=== go tests ===
Running target unix
FAIL: ./index0-out.go execution, -O0 -g -fno-var-tracking-assignments
=== go Summary for unix ===
# of expected passes 7277
# of unexpected failures 1
# of expected failures 1
# of untested testcases 10
# of unsupported tests 1
Running target unix/-m32
FAIL: ./index0-out.go execution, -O0 -g -fno-var-tracking-assignments
=== go Summary for unix/-m32 ===
# of expected passes 7396
# of unexpected failures 1
# of expected failures 1
# of untested testcases 10
# of unsupported tests 2
=== go Summary ===
# of expected passes 14673
# of unexpected failures 2
# of expected failures 2
# of untested testcases 20
# of unsupported tests 3
=== obj-c++ tests ===
Running target unix/-m32
=== obj-c++ Summary for unix/-m32 ===
# of expected passes 1464
# of expected failures 2
# of unsupported tests 77
Running target unix
=== obj-c++ Summary for unix ===
# of expected passes 1456
# of expected failures 10
# of unsupported tests 77
=== obj-c++ Summary ===
# of expected passes 2920
# of expected failures 12
# of unsupported tests 154
/var/gcc/regression/trunk/11.4-gcc-gas-64/build/gcc/xg++ version 8.0.1 20180202 (experimental) [trunk revision 257325] (GCC)
=== objc tests ===
Running target unix
=== objc Summary for unix ===
# of expected passes 2797
# of expected failures 6
# of unsupported tests 68
Running target unix/-m32
=== objc Summary for unix/-m32 ===
# of expected passes 2797
# of expected failures 6
# of unsupported tests 68
=== objc Summary ===
# of expected passes 5594
# of expected failures 12
# of unsupported tests 136
/var/gcc/regression/trunk/11.4-gcc-gas-64/build/gcc/xgcc version 8.0.1 20180202 (experimental) [trunk revision 257325] (GCC)
=== gotools tests ===
FAIL: go test cmd/go
FAIL: TestCompileWithoutShared
FAIL: TestEarlySignalHandler
FAIL: TestInstall
FAIL: TestOsSignal
FAIL: TestPIE
FAIL: TestSIGPROF
FAIL: TestSigaltstack
FAIL: TestSignalForwarding
FAIL: TestSignalForwardingExternal
FAIL: go test misc/cgo/testcarchive
=== gotools Summary ===
# of expected passes 282
# of unexpected failures 11
# of untested testcases 114
/var/gcc/regression/trunk/11.4-gcc-gas-64/build/./gcc/gccgo version 8.0.1 20180202 (experimental) [trunk revision 257325] (GCC)
Compiler version: 8.0.1 20180202 (experimental) [trunk revision 257325] (GCC)
Platform: x86_64-pc-solaris2.11
configure flags: --prefix=/vol/gcc --target=amd64-pc-solaris2.11 --enable-objc-gc --with-target-bdw-gc-include=/vol/gcc/include --with-target-bdw-gc-lib=/vol/gcc/lib/amd64,32=/vol/gcc/lib --enable-libmudflap --with-as=/vol/gcc/bin/amd64/gas-2.30 --with-gnu-as --with-gmp-include=/vol/gcc/include --with-gmp-lib=/vol/gcc/lib/amd64 --with-mpfr-include=/vol/gcc/include --with-mpfr-lib=/vol/gcc/lib/amd64 --with-mpc-include=/vol/gcc/include --with-mpc-lib=/vol/gcc/lib/amd64 --enable-languages=all,ada,obj-c++,go --with-isl-include=/vol/gcc/include --with-isl-lib=/vol/gcc/lib/amd64 --build=amd64-pc-solaris2.11 --host=amd64-pc-solaris2.11
BOOT_CFLAGS=-g -O2