This is the mail archive of the
gcc-testresults@gcc.gnu.org
mailing list for the GCC project.
Results for 8.0.1 20180202 (experimental) [trunk revision 257325] (GCC) testsuite on hppa-unknown-linux-gnu
- From: dave dot anglin at bell dot net (John David Anglin)
- To: dave dot anglin at bell dot net, gcc-testresults at gcc dot gnu dot org
- Date: Fri, 2 Feb 2018 19:55:27 -0500 (EST)
- Subject: Results for 8.0.1 20180202 (experimental) [trunk revision 257325] (GCC) testsuite on hppa-unknown-linux-gnu
- Authentication-results: sourceware.org; auth=none
LAST_UPDATED: Fri Feb 2 02:24:07 UTC 2018 (revision 257325)
=== acats tests ===
=== acats Summary ===
# of expected passes 2320
# of unexpected failures 0
Native configuration is hppa-unknown-linux-gnu
=== g++ tests ===
Running target unix
FAIL: c-c++-common/Warray-bounds-4.c -std=gnu++11 strcpy (test for warnings, line 67)
FAIL: c-c++-common/Warray-bounds-4.c -std=gnu++14 strcpy (test for warnings, line 67)
FAIL: c-c++-common/Warray-bounds-4.c -std=gnu++98 strcpy (test for warnings, line 67)
FAIL: g++.dg/lto/pr83121 (test for LTO warnings, pr83121_0.C line 8)
FAIL: g++.dg/lto/pr83121 (test for LTO warnings, pr83121_1.C line 2)
FAIL: g++.dg/lto/pr83121 (test for LTO warnings, pr83121_1.C line 3)
FAIL: g++.dg/lto/pr83121 cp_lto_pr83121_0.o-cp_lto_pr83121_1.o link, -O0 -flto
=== g++ Summary ===
# of expected passes 110006
# of unexpected failures 7
# of expected failures 479
# of unsupported tests 4835
/home/dave/gnu/gcc/objdir/gcc/xg++ version 8.0.1 20180202 (experimental) [trunk revision 257325] (GCC)
=== gcc tests ===
Running target unix
FAIL: gcc.dg/atomic/c11-atomic-exec-5.c -O0 execution test
FAIL: gcc.dg/atomic/c11-atomic-exec-5.c -O1 execution test
FAIL: gcc.dg/atomic/c11-atomic-exec-5.c -O2 execution test
FAIL: gcc.dg/atomic/c11-atomic-exec-5.c -O2 -flto -fno-use-linker-plugin -flto-partition=none execution test
FAIL: gcc.dg/atomic/c11-atomic-exec-5.c -O2 -flto -fuse-linker-plugin -fno-fat-lto-objects execution test
FAIL: gcc.dg/atomic/c11-atomic-exec-5.c -O3 -fomit-frame-pointer -funroll-loops -fpeel-loops -ftracer -finline-functions execution test
FAIL: gcc.dg/atomic/c11-atomic-exec-5.c -O3 -g execution test
FAIL: gcc.dg/atomic/c11-atomic-exec-5.c -Os execution test
FAIL: c-c++-common/Warray-bounds-4.c -Wc++-compat strcpy (test for warnings, line 67)
FAIL: gcc.dg/pr83480.c (internal compiler error)
FAIL: gcc.dg/pr83480.c (test for excess errors)
XPASS: gcc.dg/ipa/iinline-4.c scan-ipa-dump inline "hooray4[^\\\\n]*inline copy in test4"
XPASS: gcc.dg/ipa/inline-5.c scan-ipa-dump-times fnsummary "Will be eliminated" 4
XPASS: gcc.dg/ipa/ipcp-cstagg-7.c scan-ipa-dump-times cp "Discovered an indirect call to a known target" 3
FAIL: gcc.dg/torture/tls/run-ld.c -O0 -pie -fPIE execution test
FAIL: gcc.dg/torture/tls/run-ld.c -O0 -pie -fpie execution test
FAIL: gcc.dg/tree-ssa/builtin-sprintf-warn-18.c (test for warnings, line 119)
FAIL: gcc.dg/tree-ssa/builtin-sprintf-warn-18.c (test for warnings, line 121)
XPASS: gcc.dg/tree-ssa/loop-1.c scan-assembler-times foo 5
XPASS: gcc.dg/tree-ssa/vector-4.c scan-tree-dump-times gimple "VEC_PERM_EXPR <a, b, { 0, 4, 1, 5 }>;" 1
FAIL: gcc.target/hppa/shadd-3.c scan-assembler-times sh.add 5 (found 6 times)
=== gcc Summary ===
# of expected passes 97811
# of unexpected failures 16
# of unexpected successes 5
# of expected failures 269
# of unsupported tests 2240
/home/dave/gnu/gcc/objdir/gcc/xgcc version 8.0.1 20180202 (experimental) [trunk revision 257325] (GCC)
=== gfortran tests ===
Running target unix
FAIL: gfortran.dg/elemental_subroutine_3.f90 -O1 (test for excess errors)
FAIL: gfortran.dg/elemental_subroutine_3.f90 -O2 (test for excess errors)
FAIL: gfortran.dg/elemental_subroutine_3.f90 -O3 -fomit-frame-pointer -funroll-loops -fpeel-loops -ftracer -finline-functions (test for excess errors)
FAIL: gfortran.dg/elemental_subroutine_3.f90 -O3 -g (test for excess errors)
FAIL: gfortran.dg/elemental_subroutine_3.f90 -Os (test for excess errors)
=== gfortran Summary ===
# of expected passes 45578
# of unexpected failures 5
# of expected failures 92
# of unsupported tests 355
/home/dave/gnu/gcc/objdir/gcc/gfortran version 8.0.1 20180202 (experimental) [trunk revision 257325] (GCC)
=== gnat tests ===
Running target unix
FAIL: gnat.dg/trampoline3.adb scan-assembler-not GNU-stack.*x
=== gnat Summary ===
# of expected passes 2659
# of unexpected failures 1
# of expected failures 23
# of unsupported tests 20
/home/dave/gnu/gcc/objdir/gcc/gnatmake version 8.0.1 20180202 (experimental) [trunk revision 257325]
=== obj-c++ tests ===
Running target unix
=== obj-c++ Summary ===
# of expected passes 1464
# of expected failures 2
# of unsupported tests 77
/home/dave/gnu/gcc/objdir/gcc/xg++ version 8.0.1 20180202 (experimental) [trunk revision 257325] (GCC)
=== objc tests ===
Running target unix
=== objc Summary ===
# of expected passes 2803
# of unsupported tests 68
/home/dave/gnu/gcc/objdir/gcc/xgcc version 8.0.1 20180202 (experimental) [trunk revision 257325] (GCC)
=== libatomic tests ===
Running target unix
=== libatomic Summary ===
# of expected passes 44
# of unsupported tests 5
=== libgomp tests ===
Running target unix
FAIL: libgomp.c++/member-5.C execution test
=== libgomp Summary ===
# of expected passes 5302
# of unexpected failures 1
# of unsupported tests 351
=== libstdc++ tests ===
Running target unix
FAIL: 26_numerics/headers/cmath/hypot.cc execution test
FAIL: libstdc++-prettyprinters/80276.cc whatis p4
FAIL: libstdc++-prettyprinters/80276.cc whatis p4
FAIL: libstdc++-prettyprinters/cxx17.cc print ab
FAIL: libstdc++-prettyprinters/cxx17.cc print ab
FAIL: libstdc++-prettyprinters/cxx17.cc print ai
FAIL: libstdc++-prettyprinters/cxx17.cc print ai
FAIL: libstdc++-prettyprinters/cxx17.cc print am
FAIL: libstdc++-prettyprinters/cxx17.cc print am
FAIL: libstdc++-prettyprinters/cxx17.cc print ap
FAIL: libstdc++-prettyprinters/cxx17.cc print ap
FAIL: libstdc++-prettyprinters/cxx17.cc print as
FAIL: libstdc++-prettyprinters/cxx17.cc print as
FAIL: libstdc++-prettyprinters/cxx17.cc print as2
FAIL: libstdc++-prettyprinters/cxx17.cc print as2
FAIL: libstdc++-prettyprinters/libfundts.cc print ab
FAIL: libstdc++-prettyprinters/libfundts.cc print ab
FAIL: libstdc++-prettyprinters/libfundts.cc print ai
FAIL: libstdc++-prettyprinters/libfundts.cc print ai
FAIL: libstdc++-prettyprinters/libfundts.cc print am
FAIL: libstdc++-prettyprinters/libfundts.cc print am
FAIL: libstdc++-prettyprinters/libfundts.cc print ap
FAIL: libstdc++-prettyprinters/libfundts.cc print ap
FAIL: libstdc++-prettyprinters/libfundts.cc print as
FAIL: libstdc++-prettyprinters/libfundts.cc print as
FAIL: libstdc++-prettyprinters/libfundts.cc print as2
FAIL: libstdc++-prettyprinters/libfundts.cc print as2
=== libstdc++ Summary ===
# of expected passes 11959
# of unexpected failures 27
# of expected failures 71
# of unsupported tests 629
Compiler version: 8.0.1 20180202 (experimental) [trunk revision 257325] (GCC)
Platform: hppa-unknown-linux-gnu
configure flags: --with-gnu-as --with-gnu-ld --enable-shared --enable-multiarch --enable-linker-build-id --build=hppa-linux-gnu --host=hppa-linux-gnu --target=hppa-linux-gnu --prefix=/home/dave/opt/gnu/gcc/gcc-8 --with-local-prefix=/home/dave/opt/gnu --enable-threads=posix --enable-__cxa_atexit --build=hppa-linux-gnu --enable-clocale=gnu --enable-java-gc=boehm --enable-checking=release --enable-languages=c,c++,objc,fortran,obj-c++,ada,lto