This is the mail archive of the
gcc-testresults@gcc.gnu.org
mailing list for the GCC project.
Results for 7.3.1 20180126 [gcc-7-branch revision 257072] (GCC) testsuite on i386-pc-solaris2.11
- From: Rainer Orth <ro at CeBiTec dot Uni-Bielefeld dot DE>
- To: gcc-testresults at gcc dot gnu dot org
- Date: Sat, 27 Jan 2018 07:55:36 +0100 (CET)
- Subject: Results for 7.3.1 20180126 [gcc-7-branch revision 257072] (GCC) testsuite on i386-pc-solaris2.11
- Authentication-results: sourceware.org; auth=none
LAST_UPDATED: Fri Jan 26 10:02:22 UTC 2018 (revision 257072)
=== acats tests ===
=== acats Summary ===
# of expected passes 2320
# of unexpected failures 0
Native configuration is i386-pc-solaris2.11
=== g++ tests ===
Running target unix
FAIL: g++.dg/gcov/pr16855-priority.C -std=gnu++11 gcov: 1 failures in line counts, 0 in branch percentages, 0 in return percentages, 0 in intermediate format
FAIL: g++.dg/gcov/pr16855-priority.C -std=gnu++11 line 22: is #####:should be 1
FAIL: g++.dg/gcov/pr16855-priority.C -std=gnu++14 gcov: 1 failures in line counts, 0 in branch percentages, 0 in return percentages, 0 in intermediate format
FAIL: g++.dg/gcov/pr16855-priority.C -std=gnu++14 line 22: is #####:should be 1
FAIL: g++.dg/gcov/pr16855-priority.C -std=gnu++98 gcov: 1 failures in line counts, 0 in branch percentages, 0 in return percentages, 0 in intermediate format
FAIL: g++.dg/gcov/pr16855-priority.C -std=gnu++98 line 22: is #####:should be 1
FAIL: g++.dg/gcov/pr16855.C -std=gnu++11 gcov: 1 failures in line counts, 0 in branch percentages, 0 in return percentages, 0 in intermediate format
FAIL: g++.dg/gcov/pr16855.C -std=gnu++11 line 21: is #####:should be 1
FAIL: g++.dg/gcov/pr16855.C -std=gnu++14 gcov: 1 failures in line counts, 0 in branch percentages, 0 in return percentages, 0 in intermediate format
FAIL: g++.dg/gcov/pr16855.C -std=gnu++14 line 21: is #####:should be 1
FAIL: g++.dg/gcov/pr16855.C -std=gnu++98 gcov: 1 failures in line counts, 0 in branch percentages, 0 in return percentages, 0 in intermediate format
FAIL: g++.dg/gcov/pr16855.C -std=gnu++98 line 21: is #####:should be 1
=== g++ Summary for unix ===
# of expected passes 105391
# of unexpected failures 12
# of expected failures 394
# of unsupported tests 4031
Running target unix/-m64
FAIL: g++.dg/gcov/pr16855-priority.C -std=gnu++11 gcov: 1 failures in line counts, 0 in branch percentages, 0 in return percentages, 0 in intermediate format
FAIL: g++.dg/gcov/pr16855-priority.C -std=gnu++11 line 22: is #####:should be 1
FAIL: g++.dg/gcov/pr16855-priority.C -std=gnu++14 gcov: 1 failures in line counts, 0 in branch percentages, 0 in return percentages, 0 in intermediate format
FAIL: g++.dg/gcov/pr16855-priority.C -std=gnu++14 line 22: is #####:should be 1
FAIL: g++.dg/gcov/pr16855-priority.C -std=gnu++98 gcov: 1 failures in line counts, 0 in branch percentages, 0 in return percentages, 0 in intermediate format
FAIL: g++.dg/gcov/pr16855-priority.C -std=gnu++98 line 22: is #####:should be 1
FAIL: g++.dg/gcov/pr16855.C -std=gnu++11 gcov: 1 failures in line counts, 0 in branch percentages, 0 in return percentages, 0 in intermediate format
FAIL: g++.dg/gcov/pr16855.C -std=gnu++11 line 21: is #####:should be 1
FAIL: g++.dg/gcov/pr16855.C -std=gnu++14 gcov: 1 failures in line counts, 0 in branch percentages, 0 in return percentages, 0 in intermediate format
FAIL: g++.dg/gcov/pr16855.C -std=gnu++14 line 21: is #####:should be 1
FAIL: g++.dg/gcov/pr16855.C -std=gnu++98 gcov: 1 failures in line counts, 0 in branch percentages, 0 in return percentages, 0 in intermediate format
FAIL: g++.dg/gcov/pr16855.C -std=gnu++98 line 21: is #####:should be 1
=== g++ Summary for unix/-m64 ===
# of expected passes 106738
# of unexpected failures 12
# of expected failures 394
# of unsupported tests 4269
=== g++ Summary ===
# of expected passes 212129
# of unexpected failures 24
# of expected failures 788
# of unsupported tests 8300
/var/gcc/regression/gcc-7-branch/11.4-gcc-gas/build/gcc/testsuite/g++/../../xg++ version 7.3.1 20180126 [gcc-7-branch revision 257072] (GCC)
=== gcc tests ===
Running target unix
XPASS: gcc.dg/pr78768.c -Wformat-overflow (test for warnings, line 11)
FAIL: gcc.target/i386/indirect-thunk-1.c scan-assembler jmp[ \\t]*__x86_indirect_thunk
FAIL: gcc.target/i386/indirect-thunk-2.c scan-assembler jmp[ \\t]*__x86_indirect_thunk
FAIL: gcc.target/i386/indirect-thunk-3.c scan-assembler jmp[ \\t]*__x86_indirect_thunk
FAIL: gcc.target/i386/indirect-thunk-4.c scan-assembler jmp[ \\t]*__x86_indirect_thunk
FAIL: gcc.target/i386/indirect-thunk-7.c scan-assembler jmp[ \\t]*__x86_indirect_thunk
FAIL: gcc.target/i386/indirect-thunk-attr-1.c scan-assembler jmp[ \\t]*__x86_indirect_thunk
FAIL: gcc.target/i386/indirect-thunk-attr-2.c scan-assembler jmp[ \\t]*__x86_indirect_thunk
FAIL: gcc.target/i386/indirect-thunk-attr-5.c scan-assembler jmp[ \\t]*__x86_indirect_thunk
FAIL: gcc.target/i386/indirect-thunk-attr-6.c scan-assembler jmp[ \\t]*__x86_indirect_thunk
FAIL: gcc.target/i386/indirect-thunk-attr-7.c scan-assembler jmp[ \\t]*__x86_indirect_thunk
FAIL: gcc.target/i386/indirect-thunk-bnd-1.c scan-assembler bnd jmp[ \\t]*__x86_indirect_thunk_bnd
FAIL: gcc.target/i386/indirect-thunk-bnd-2.c scan-assembler bnd jmp[ \\t]*__x86_indirect_thunk_bnd
FAIL: gcc.target/i386/indirect-thunk-extern-1.c scan-assembler jmp[ \\t]*__x86_indirect_thunk
FAIL: gcc.target/i386/indirect-thunk-extern-2.c scan-assembler jmp[ \\t]*__x86_indirect_thunk
FAIL: gcc.target/i386/indirect-thunk-extern-3.c scan-assembler jmp[ \\t]*__x86_indirect_thunk
FAIL: gcc.target/i386/indirect-thunk-extern-4.c scan-assembler jmp[ \\t]*__x86_indirect_thunk
FAIL: gcc.target/i386/indirect-thunk-extern-7.c scan-assembler jmp[ \\t]*__x86_indirect_thunk
FAIL: gcc.target/i386/indirect-thunk-register-1.c scan-assembler jmp[ \\t]*__x86_indirect_thunk_(r|e)ax
FAIL: gcc.target/i386/indirect-thunk-register-3.c scan-assembler jmp[ \\t]*__x86_indirect_thunk_(r|e)ax
FAIL: gcc.target/i386/ret-thunk-1.c scan-assembler jmp[ \\t]*__x86_return_thunk
FAIL: gcc.target/i386/ret-thunk-10.c scan-assembler __x86_indirect_thunk:
FAIL: gcc.target/i386/ret-thunk-10.c scan-assembler jmp[ \\t]*__x86_indirect_thunk
FAIL: gcc.target/i386/ret-thunk-11.c scan-assembler __x86_indirect_thunk:
FAIL: gcc.target/i386/ret-thunk-11.c scan-assembler jmp[ \\t]*__x86_indirect_thunk
FAIL: gcc.target/i386/ret-thunk-11.c scan-assembler jmp[ \\t]*__x86_return_thunk
FAIL: gcc.target/i386/ret-thunk-12.c scan-assembler __x86_indirect_thunk:
FAIL: gcc.target/i386/ret-thunk-12.c scan-assembler jmp[ \\t]*__x86_indirect_thunk
FAIL: gcc.target/i386/ret-thunk-13.c scan-assembler jmp[ \\t]*__x86_return_thunk
FAIL: gcc.target/i386/ret-thunk-14.c scan-assembler jmp[ \\t]*__x86_indirect_thunk
FAIL: gcc.target/i386/ret-thunk-15.c scan-assembler jmp[ \\t]*__x86_indirect_thunk
FAIL: gcc.target/i386/ret-thunk-15.c scan-assembler jmp[ \\t]*__x86_return_thunk
FAIL: gcc.target/i386/ret-thunk-3.c scan-assembler jmp[ \\t]*__x86_return_thunk
FAIL: gcc.target/i386/ret-thunk-5.c scan-assembler jmp[ \\t]*__x86_return_thunk
FAIL: gcc.target/i386/ret-thunk-7.c scan-assembler jmp[ \\t]*__x86_return_thunk
FAIL: gcc.target/i386/ret-thunk-9.c scan-assembler __x86_indirect_thunk:
FAIL: gcc.target/i386/ret-thunk-9.c scan-assembler jmp[ \\t]*__x86_indirect_thunk
FAIL: gcc.target/i386/ret-thunk-9.c scan-assembler jmp[ \\t]*__x86_return_thunk
=== gcc Summary for unix ===
# of expected passes 117961
# of unexpected failures 37
# of unexpected successes 1
# of expected failures 377
# of unsupported tests 2074
Running target unix/-m64
XPASS: gcc.dg/pr78768.c -Wformat-overflow (test for warnings, line 11)
FAIL: gcc.target/i386/indirect-thunk-1.c scan-assembler jmp[ \\t]*__x86_indirect_thunk
FAIL: gcc.target/i386/indirect-thunk-2.c scan-assembler jmp[ \\t]*__x86_indirect_thunk
FAIL: gcc.target/i386/indirect-thunk-3.c scan-assembler jmp[ \\t]*__x86_indirect_thunk
FAIL: gcc.target/i386/indirect-thunk-4.c scan-assembler jmp[ \\t]*__x86_indirect_thunk
FAIL: gcc.target/i386/indirect-thunk-7.c scan-assembler jmp[ \\t]*__x86_indirect_thunk
FAIL: gcc.target/i386/indirect-thunk-attr-1.c scan-assembler jmp[ \\t]*__x86_indirect_thunk
FAIL: gcc.target/i386/indirect-thunk-attr-2.c scan-assembler jmp[ \\t]*__x86_indirect_thunk
FAIL: gcc.target/i386/indirect-thunk-attr-5.c scan-assembler jmp[ \\t]*__x86_indirect_thunk
FAIL: gcc.target/i386/indirect-thunk-attr-6.c scan-assembler jmp[ \\t]*__x86_indirect_thunk
FAIL: gcc.target/i386/indirect-thunk-attr-7.c scan-assembler jmp[ \\t]*__x86_indirect_thunk
FAIL: gcc.target/i386/indirect-thunk-bnd-1.c scan-assembler bnd jmp[ \\t]*__x86_indirect_thunk_bnd
FAIL: gcc.target/i386/indirect-thunk-bnd-2.c scan-assembler bnd jmp[ \\t]*__x86_indirect_thunk_bnd
FAIL: gcc.target/i386/indirect-thunk-extern-1.c scan-assembler jmp[ \\t]*__x86_indirect_thunk
FAIL: gcc.target/i386/indirect-thunk-extern-2.c scan-assembler jmp[ \\t]*__x86_indirect_thunk
FAIL: gcc.target/i386/indirect-thunk-extern-3.c scan-assembler jmp[ \\t]*__x86_indirect_thunk
FAIL: gcc.target/i386/indirect-thunk-extern-4.c scan-assembler jmp[ \\t]*__x86_indirect_thunk
FAIL: gcc.target/i386/indirect-thunk-extern-7.c scan-assembler jmp[ \\t]*__x86_indirect_thunk
FAIL: gcc.target/i386/indirect-thunk-register-1.c scan-assembler jmp[ \\t]*__x86_indirect_thunk_(r|e)ax
FAIL: gcc.target/i386/indirect-thunk-register-3.c scan-assembler jmp[ \\t]*__x86_indirect_thunk_(r|e)ax
FAIL: gcc.target/i386/pr80569.c (test for excess errors)
FAIL: gcc.target/i386/ret-thunk-1.c scan-assembler jmp[ \\t]*__x86_return_thunk
FAIL: gcc.target/i386/ret-thunk-10.c scan-assembler __x86_indirect_thunk:
FAIL: gcc.target/i386/ret-thunk-10.c scan-assembler jmp[ \\t]*__x86_indirect_thunk
FAIL: gcc.target/i386/ret-thunk-11.c scan-assembler __x86_indirect_thunk:
FAIL: gcc.target/i386/ret-thunk-11.c scan-assembler jmp[ \\t]*__x86_indirect_thunk
FAIL: gcc.target/i386/ret-thunk-11.c scan-assembler jmp[ \\t]*__x86_return_thunk
FAIL: gcc.target/i386/ret-thunk-12.c scan-assembler __x86_indirect_thunk:
FAIL: gcc.target/i386/ret-thunk-12.c scan-assembler jmp[ \\t]*__x86_indirect_thunk
FAIL: gcc.target/i386/ret-thunk-13.c scan-assembler jmp[ \\t]*__x86_return_thunk
FAIL: gcc.target/i386/ret-thunk-14.c scan-assembler jmp[ \\t]*__x86_indirect_thunk
FAIL: gcc.target/i386/ret-thunk-15.c scan-assembler jmp[ \\t]*__x86_indirect_thunk
FAIL: gcc.target/i386/ret-thunk-15.c scan-assembler jmp[ \\t]*__x86_return_thunk
FAIL: gcc.target/i386/ret-thunk-3.c scan-assembler jmp[ \\t]*__x86_return_thunk
FAIL: gcc.target/i386/ret-thunk-5.c scan-assembler jmp[ \\t]*__x86_return_thunk
FAIL: gcc.target/i386/ret-thunk-7.c scan-assembler jmp[ \\t]*__x86_return_thunk
FAIL: gcc.target/i386/ret-thunk-9.c scan-assembler __x86_indirect_thunk:
FAIL: gcc.target/i386/ret-thunk-9.c scan-assembler jmp[ \\t]*__x86_indirect_thunk
FAIL: gcc.target/i386/ret-thunk-9.c scan-assembler jmp[ \\t]*__x86_return_thunk
=== gcc Summary for unix/-m64 ===
# of expected passes 119534
# of unexpected failures 38
# of unexpected successes 1
# of expected failures 371
# of unsupported tests 2033
=== gcc Summary ===
# of expected passes 237495
# of unexpected failures 75
# of unexpected successes 2
# of expected failures 748
# of unsupported tests 4107
/var/gcc/regression/gcc-7-branch/11.4-gcc-gas/build/gcc/xgcc version 7.3.1 20180126 [gcc-7-branch revision 257072] (GCC)
=== gfortran tests ===
Running target unix
=== gfortran Summary for unix ===
# of expected passes 45135
# of expected failures 87
# of unsupported tests 189
Running target unix/-m64
=== gfortran Summary for unix/-m64 ===
# of expected passes 45352
# of expected failures 87
# of unsupported tests 86
=== gfortran Summary ===
# of expected passes 90487
# of expected failures 174
# of unsupported tests 275
/var/gcc/regression/gcc-7-branch/11.4-gcc-gas/build/gcc/testsuite/gfortran/../../gfortran version 7.3.1 20180126 [gcc-7-branch revision 257072] (GCC)
=== gnat tests ===
Running target unix
=== gnat Summary for unix ===
# of expected passes 2583
# of expected failures 24
# of unsupported tests 7
Running target unix/-m64
=== gnat Summary for unix/-m64 ===
# of expected passes 2583
# of expected failures 24
# of unsupported tests 7
=== gnat Summary ===
# of expected passes 5166
# of expected failures 48
# of unsupported tests 14
/var/gcc/regression/gcc-7-branch/11.4-gcc-gas/build/gcc/gnatmake version 7.3.1 20180126 [gcc-7-branch revision 257072]
=== go tests ===
Running target unix
=== go Summary for unix ===
# of expected passes 7365
# of expected failures 1
# of untested testcases 10
# of unsupported tests 2
Running target unix/-m64
=== go Summary for unix/-m64 ===
# of expected passes 7246
# of expected failures 1
# of untested testcases 10
# of unsupported tests 1
=== go Summary ===
# of expected passes 14611
# of expected failures 2
# of untested testcases 20
# of unsupported tests 3
=== obj-c++ tests ===
Running target unix
=== obj-c++ Summary for unix ===
# of expected passes 1459
# of expected failures 2
# of unsupported tests 77
Running target unix/-m64
=== obj-c++ Summary for unix/-m64 ===
# of expected passes 1451
# of expected failures 10
# of unsupported tests 77
=== obj-c++ Summary ===
# of expected passes 2910
# of expected failures 12
# of unsupported tests 154
/var/gcc/regression/gcc-7-branch/11.4-gcc-gas/build/gcc/testsuite/obj-c++/../../xg++ version 7.3.1 20180126 [gcc-7-branch revision 257072] (GCC)
=== objc tests ===
Running target unix
=== objc Summary for unix ===
# of expected passes 2797
# of expected failures 6
# of unsupported tests 68
Running target unix/-m64
=== objc Summary for unix/-m64 ===
# of expected passes 2797
# of expected failures 6
# of unsupported tests 68
=== objc Summary ===
# of expected passes 5594
# of expected failures 12
# of unsupported tests 136
/var/gcc/regression/gcc-7-branch/11.4-gcc-gas/build/gcc/xgcc version 7.3.1 20180126 [gcc-7-branch revision 257072] (GCC)
=== libatomic tests ===
Running target unix
=== libatomic Summary for unix ===
# of expected passes 44
# of unsupported tests 5
Running target unix/-m64
=== libatomic Summary for unix/-m64 ===
# of expected passes 54
=== libatomic Summary ===
# of expected passes 98
# of unsupported tests 5
=== libffi tests ===
Running target unix
=== libffi Summary for unix ===
# of expected passes 2799
Running target unix/-m64
=== libffi Summary for unix/-m64 ===
# of expected passes 2214
=== libffi Summary ===
# of expected passes 5013
=== libgo tests ===
Running target unix
FAIL: go/build
=== libgo Summary for unix ===
# of expected passes 145
# of unexpected failures 1
Running target unix/-m64
FAIL: net
FAIL: go/build
FAIL: runtime/pprof
=== libgo Summary for unix/-m64 ===
# of expected passes 143
# of unexpected failures 3
=== libgo Summary ===
# of expected passes 288
# of unexpected failures 4
/var/gcc/regression/gcc-7-branch/11.4-gcc-gas/build/./gcc/gccgo version 7.3.1 20180126 [gcc-7-branch revision 257072] (GCC)
=== libgomp tests ===
Running target unix
=== libgomp Summary for unix ===
# of expected passes 5207
# of unsupported tests 333
Running target unix/-m64
=== libgomp Summary for unix/-m64 ===
# of expected passes 5207
# of unsupported tests 333
=== libgomp Summary ===
# of expected passes 10414
# of unsupported tests 666
=== libitm tests ===
Running target unix
=== libitm Summary for unix ===
# of expected passes 42
# of expected failures 3
# of unsupported tests 1
Running target unix/-m64
=== libitm Summary for unix/-m64 ===
# of expected passes 42
# of expected failures 3
# of unsupported tests 1
=== libitm Summary ===
# of expected passes 84
# of expected failures 6
# of unsupported tests 2
=== libstdc++ tests ===
Running target unix
FAIL: experimental/memory_resource/resource_adaptor.cc execution test
=== libstdc++ Summary for unix ===
# of expected passes 10901
# of unexpected failures 1
# of expected failures 67
# of unsupported tests 618
Running target unix/-m64
=== libstdc++ Summary for unix/-m64 ===
# of expected passes 10894
# of expected failures 67
# of unsupported tests 622
=== libstdc++ Summary ===
# of expected passes 21795
# of unexpected failures 1
# of expected failures 134
# of unsupported tests 1240
Compiler version: 7.3.1 20180126 [gcc-7-branch revision 257072] (GCC)
Platform: i386-pc-solaris2.11
configure flags: --prefix=/vol/gcc --target=i386-pc-solaris2.11 --enable-objc-gc --with-target-bdw-gc-include=/vol/gcc/include --with-target-bdw-gc-lib=/vol/gcc/lib,amd64=/vol/gcc/lib/amd64 --enable-libmudflap --with-as=/vol/gcc/bin/gas-2.29 --with-gnu-as --with-gmp-include=/vol/gcc/include --with-gmp-lib=/vol/gcc/lib --with-mpfr-include=/vol/gcc/include --with-mpfr-lib=/vol/gcc/lib --with-mpc-include=/vol/gcc/include --with-mpc-lib=/vol/gcc/lib --enable-languages=all,ada,obj-c++,go --with-isl-include=/vol/gcc/include --with-isl-lib=/vol/gcc/lib --build=i386-pc-solaris2.11 --host=i386-pc-solaris2.11
BOOT_CFLAGS=-g -O2