This is the mail archive of the
gcc-testresults@gcc.gnu.org
mailing list for the GCC project.
Results for 8.0.1 20180116 (experimental) (GCC) (build config: standard; languages: all,go,ada; trunk revision 256753) testsuite on x86_64-pc-linux-gnu
- From: Toon Moene <toon at moene dot org>
- To: <gcc-testresults at gcc dot gnu dot org>
- Date: Wed, 17 Jan 2018 15:25:04 +0100
- Subject: Results for 8.0.1 20180116 (experimental) (GCC) (build config: standard; languages: all,go,ada; trunk revision 256753) testsuite on x86_64-pc-linux-gnu
- Authentication-results: sourceware.org; auth=none
LAST_UPDATED: Tue Jan 16 18:36:14 UTC 2018 (revision 256753)
=== acats tests ===
=== acats Summary ===
# of expected passes 2320
# of unexpected failures 0
Native configuration is x86_64-pc-linux-gnu
=== brig tests ===
Running target unix
=== brig Summary ===
# of unsupported tests 1
=== gcc tests ===
Running target unix
FAIL: gcc.c-torture/compile/20001226-1.c -O2 (test for excess errors)
FAIL: gcc.c-torture/compile/20001226-1.c -O3 -g (test for excess errors)
FAIL: gcc.c-torture/compile/20001226-1.c -Os (test for excess errors)
FAIL: gcc.c-torture/compile/limits-externdecl.c -O2 (test for excess errors)
FAIL: gcc.c-torture/compile/limits-externdecl.c -O2 -flto -fno-use-linker-plugin -flto-partition=none (test for excess errors)
FAIL: gcc.c-torture/compile/limits-externdecl.c -O2 -flto -fuse-linker-plugin -fno-fat-lto-objects (test for excess errors)
FAIL: gcc.c-torture/compile/limits-externdecl.c -O3 -g (test for excess errors)
FAIL: gcc.c-torture/compile/limits-externdecl.c -Os (test for excess errors)
WARNING: program timed out
WARNING: program timed out
WARNING: program timed out
WARNING: program timed out
WARNING: program timed out
WARNING: program timed out
WARNING: program timed out
WARNING: program timed out
FAIL: gcc.c-torture/execute/builtins/memset-chk.c compilation, -O3 -fomit-frame-pointer -funroll-loops -fpeel-loops -ftracer -finline-functions
FAIL: gcc.c-torture/execute/builtins/memset-chk.c compilation, -O3 -g
UNRESOLVED: gcc.c-torture/execute/builtins/memset-chk.c execution, -O3 -fomit-frame-pointer -funroll-loops -fpeel-loops -ftracer -finline-functions
UNRESOLVED: gcc.c-torture/execute/builtins/memset-chk.c execution, -O3 -g
WARNING: program timed out
WARNING: program timed out
FAIL: gcc.dg/atomic/c11-atomic-exec-2.c -O1 (test for excess errors)
UNRESOLVED: gcc.dg/atomic/c11-atomic-exec-2.c -O1 compilation failed to produce executable
FAIL: gcc.dg/atomic/c11-atomic-exec-3.c -O2 -flto -fno-use-linker-plugin -flto-partition=none (test for excess errors)
WARNING: program timed out
WARNING: program timed out
WARNING: program timed out
UNRESOLVED: tmpdir-gcc.dg-struct-layout-1/t026 c_compat_x_tst.o-c_compat_y_tst.o execute
UNRESOLVED: tmpdir-gcc.dg-struct-layout-1/t026 c_compat_x_tst.o-c_compat_y_tst.o link
FAIL: tmpdir-gcc.dg-struct-layout-1/t026 c_compat_y_tst.o compile
FAIL: gcc.dg/20050503-1.c scan-assembler-not call
FAIL: gcc.dg/c11-atomic-2.c (test for excess errors)
WARNING: program timed out
FAIL: gcc.dg/graphite/interchange-3.c scan-tree-dump graphite "tiled"
FAIL: gcc.dg/graphite/interchange-7.c scan-tree-dump graphite "tiled"
FAIL: gcc.dg/graphite/interchange-9.c scan-tree-dump graphite "tiled"
FAIL: gcc.dg/graphite/uns-interchange-9.c scan-tree-dump graphite "tiled"
XPASS: gcc.dg/guality/example.c -O0 execution test
XPASS: gcc.dg/guality/example.c -O1 execution test
XPASS: gcc.dg/guality/guality.c -O0 execution test
XPASS: gcc.dg/guality/guality.c -O1 execution test
XPASS: gcc.dg/guality/guality.c -O2 execution test
XPASS: gcc.dg/guality/guality.c -O2 -flto -fno-use-linker-plugin -flto-partition=none execution test
XPASS: gcc.dg/guality/guality.c -O2 -flto -fuse-linker-plugin -fno-fat-lto-objects execution test
XPASS: gcc.dg/guality/guality.c -O3 -g execution test
XPASS: gcc.dg/guality/guality.c -Os execution test
XPASS: gcc.dg/guality/inline-params.c -O2 execution test
XPASS: gcc.dg/guality/inline-params.c -O2 -flto -fno-use-linker-plugin -flto-partition=none execution test
XPASS: gcc.dg/guality/inline-params.c -O2 -flto -fuse-linker-plugin -fno-fat-lto-objects execution test
XPASS: gcc.dg/guality/inline-params.c -O3 -g execution test
XPASS: gcc.dg/guality/inline-params.c -Os execution test
XPASS: gcc.dg/guality/pr41353-1.c -O0 line 28 j == 28 + 37
FAIL: gcc.dg/guality/pr41616-1.c -O2 -flto -fuse-linker-plugin -fno-fat-lto-objects execution test
FAIL: gcc.dg/guality/pr41616-1.c -O3 -g execution test
FAIL: gcc.dg/guality/pr45882.c -O2 -flto -fuse-linker-plugin -fno-fat-lto-objects line 16 d == 112
FAIL: gcc.dg/guality/pr45882.c -O2 -flto -fuse-linker-plugin -fno-fat-lto-objects line 16 e == 142
FAIL: gcc.dg/guality/pr54519-1.c -O2 -flto -fno-use-linker-plugin -flto-partition=none line 20 y == 25
FAIL: gcc.dg/guality/pr54519-1.c -O2 -flto -fno-use-linker-plugin -flto-partition=none line 20 z == 6
FAIL: gcc.dg/guality/pr54519-1.c -O2 -flto -fno-use-linker-plugin -flto-partition=none line 23 y == 117
FAIL: gcc.dg/guality/pr54519-1.c -O2 -flto -fno-use-linker-plugin -flto-partition=none line 23 z == 8
FAIL: gcc.dg/guality/pr54519-2.c -O2 -flto -fno-use-linker-plugin -flto-partition=none line 17 y == 25
FAIL: gcc.dg/guality/pr54519-2.c -O2 -flto -fuse-linker-plugin -fno-fat-lto-objects line 17 y == 25
FAIL: gcc.dg/guality/pr54519-3.c -O2 -flto -fno-use-linker-plugin -flto-partition=none line 20 y == 25
FAIL: gcc.dg/guality/pr54519-3.c -O2 -flto -fno-use-linker-plugin -flto-partition=none line 20 z == 6
FAIL: gcc.dg/guality/pr54519-3.c -O2 -flto -fno-use-linker-plugin -flto-partition=none line 23 y == 117
FAIL: gcc.dg/guality/pr54519-3.c -O2 -flto -fno-use-linker-plugin -flto-partition=none line 23 z == 8
FAIL: gcc.dg/guality/pr54519-3.c -O2 -flto -fuse-linker-plugin -fno-fat-lto-objects line 20 y == 25
FAIL: gcc.dg/guality/pr54519-3.c -O2 -flto -fuse-linker-plugin -fno-fat-lto-objects line 20 z == 6
FAIL: gcc.dg/guality/pr54519-3.c -O2 -flto -fuse-linker-plugin -fno-fat-lto-objects line 23 y == 117
FAIL: gcc.dg/guality/pr54519-3.c -O2 -flto -fuse-linker-plugin -fno-fat-lto-objects line 23 z == 8
FAIL: gcc.dg/guality/pr54519-4.c -O2 -flto -fno-use-linker-plugin -flto-partition=none line 17 y == 25
FAIL: gcc.dg/guality/pr54519-4.c -O2 -flto -fuse-linker-plugin -fno-fat-lto-objects line 17 y == 25
FAIL: gcc.dg/guality/pr54519-5.c -O2 -flto -fno-use-linker-plugin -flto-partition=none line 17 y == 25
FAIL: gcc.dg/guality/pr54519-5.c -O2 -flto -fuse-linker-plugin -fno-fat-lto-objects line 17 y == 25
XPASS: gcc.dg/guality/pr54970.c -O0 line 31 a[0] == 4
XPASS: gcc.dg/guality/pr54970.c -O0 line 36 a[0] == 4
XPASS: gcc.dg/guality/pr54970.c -O0 line 45 a[0] == 4
XPASS: gcc.dg/guality/pr54970.c -O0 line 45 p[-2] == 4
XPASS: gcc.dg/guality/pr54970.c -O0 line 45 q[-1] == 4
FAIL: gcc.dg/guality/pr68037-1.c -O2 line 33 error == 0x12345670
FAIL: gcc.dg/guality/pr68037-1.c -O2 line 33 frame->cs == 0x12345672
FAIL: gcc.dg/guality/pr68037-1.c -O2 line 33 frame->flags == 0x12345673
FAIL: gcc.dg/guality/pr68037-1.c -O2 line 33 frame->ip == 0x12345671
FAIL: gcc.dg/guality/pr68037-1.c -O2 line 33 frame->sp == 0x12345674
FAIL: gcc.dg/guality/pr68037-1.c -O2 line 33 frame->ss == 0x12345675
FAIL: gcc.dg/guality/pr68037-1.c -O2 -flto -fno-use-linker-plugin -flto-partition=none line 33 error == 0x12345670
FAIL: gcc.dg/guality/pr68037-1.c -O2 -flto -fno-use-linker-plugin -flto-partition=none line 33 frame->cs == 0x12345672
FAIL: gcc.dg/guality/pr68037-1.c -O2 -flto -fno-use-linker-plugin -flto-partition=none line 33 frame->flags == 0x12345673
FAIL: gcc.dg/guality/pr68037-1.c -O2 -flto -fno-use-linker-plugin -flto-partition=none line 33 frame->ip == 0x12345671
FAIL: gcc.dg/guality/pr68037-1.c -O2 -flto -fno-use-linker-plugin -flto-partition=none line 33 frame->sp == 0x12345674
FAIL: gcc.dg/guality/pr68037-1.c -O2 -flto -fno-use-linker-plugin -flto-partition=none line 33 frame->ss == 0x12345675
FAIL: gcc.dg/guality/pr68037-1.c -O2 -flto -fuse-linker-plugin -fno-fat-lto-objects line 33 error == 0x12345670
FAIL: gcc.dg/guality/pr68037-1.c -O2 -flto -fuse-linker-plugin -fno-fat-lto-objects line 33 frame->cs == 0x12345672
FAIL: gcc.dg/guality/pr68037-1.c -O2 -flto -fuse-linker-plugin -fno-fat-lto-objects line 33 frame->flags == 0x12345673
FAIL: gcc.dg/guality/pr68037-1.c -O2 -flto -fuse-linker-plugin -fno-fat-lto-objects line 33 frame->ip == 0x12345671
FAIL: gcc.dg/guality/pr68037-1.c -O2 -flto -fuse-linker-plugin -fno-fat-lto-objects line 33 frame->sp == 0x12345674
FAIL: gcc.dg/guality/pr68037-1.c -O2 -flto -fuse-linker-plugin -fno-fat-lto-objects line 33 frame->ss == 0x12345675
FAIL: gcc.dg/guality/pr68037-1.c -O3 -g line 33 error == 0x12345670
FAIL: gcc.dg/guality/pr68037-1.c -O3 -g line 33 frame->cs == 0x12345672
FAIL: gcc.dg/guality/pr68037-1.c -O3 -g line 33 frame->flags == 0x12345673
FAIL: gcc.dg/guality/pr68037-1.c -O3 -g line 33 frame->ip == 0x12345671
FAIL: gcc.dg/guality/pr68037-1.c -O3 -g line 33 frame->sp == 0x12345674
FAIL: gcc.dg/guality/pr68037-1.c -O3 -g line 33 frame->ss == 0x12345675
FAIL: gcc.dg/guality/pr68037-1.c -Os line 33 error == 0x12345670
FAIL: gcc.dg/guality/pr68037-1.c -Os line 33 frame->cs == 0x12345672
FAIL: gcc.dg/guality/pr68037-1.c -Os line 33 frame->flags == 0x12345673
FAIL: gcc.dg/guality/pr68037-1.c -Os line 33 frame->ip == 0x12345671
FAIL: gcc.dg/guality/pr68037-1.c -Os line 33 frame->sp == 0x12345674
FAIL: gcc.dg/guality/pr68037-1.c -Os line 33 frame->ss == 0x12345675
FAIL: gcc.dg/guality/pr68860-1.c -O2 -flto -fno-use-linker-plugin -flto-partition=none line 14 arg1 == 1
FAIL: gcc.dg/guality/pr68860-1.c -O2 -flto -fno-use-linker-plugin -flto-partition=none line 14 arg2 == 2
FAIL: gcc.dg/guality/pr68860-1.c -O2 -flto -fno-use-linker-plugin -flto-partition=none line 14 arg3 == 3
FAIL: gcc.dg/guality/pr68860-1.c -O2 -flto -fno-use-linker-plugin -flto-partition=none line 14 arg4 == 4
FAIL: gcc.dg/guality/pr68860-1.c -O2 -flto -fno-use-linker-plugin -flto-partition=none line 14 arg5 == 5
FAIL: gcc.dg/guality/pr68860-1.c -O2 -flto -fno-use-linker-plugin -flto-partition=none line 14 arg6 == 6
FAIL: gcc.dg/guality/pr68860-1.c -O2 -flto -fno-use-linker-plugin -flto-partition=none line 16 arg1 == 1
FAIL: gcc.dg/guality/pr68860-1.c -O2 -flto -fno-use-linker-plugin -flto-partition=none line 16 arg2 == 2
FAIL: gcc.dg/guality/pr68860-1.c -O2 -flto -fno-use-linker-plugin -flto-partition=none line 16 arg3 == 3
FAIL: gcc.dg/guality/pr68860-1.c -O2 -flto -fno-use-linker-plugin -flto-partition=none line 16 arg4 == 4
FAIL: gcc.dg/guality/pr68860-1.c -O2 -flto -fno-use-linker-plugin -flto-partition=none line 16 arg5 == 5
FAIL: gcc.dg/guality/pr68860-1.c -O2 -flto -fno-use-linker-plugin -flto-partition=none line 16 arg6 == 6
FAIL: gcc.dg/guality/pr68860-1.c -O2 -flto -fuse-linker-plugin -fno-fat-lto-objects line 14 arg1 == 1
FAIL: gcc.dg/guality/pr68860-1.c -O2 -flto -fuse-linker-plugin -fno-fat-lto-objects line 14 arg2 == 2
FAIL: gcc.dg/guality/pr68860-1.c -O2 -flto -fuse-linker-plugin -fno-fat-lto-objects line 14 arg3 == 3
FAIL: gcc.dg/guality/pr68860-1.c -O2 -flto -fuse-linker-plugin -fno-fat-lto-objects line 14 arg4 == 4
FAIL: gcc.dg/guality/pr68860-1.c -O2 -flto -fuse-linker-plugin -fno-fat-lto-objects line 14 arg5 == 5
FAIL: gcc.dg/guality/pr68860-1.c -O2 -flto -fuse-linker-plugin -fno-fat-lto-objects line 14 arg6 == 6
FAIL: gcc.dg/guality/pr68860-1.c -O2 -flto -fuse-linker-plugin -fno-fat-lto-objects line 16 arg1 == 1
FAIL: gcc.dg/guality/pr68860-1.c -O2 -flto -fuse-linker-plugin -fno-fat-lto-objects line 16 arg2 == 2
FAIL: gcc.dg/guality/pr68860-1.c -O2 -flto -fuse-linker-plugin -fno-fat-lto-objects line 16 arg3 == 3
FAIL: gcc.dg/guality/pr68860-1.c -O2 -flto -fuse-linker-plugin -fno-fat-lto-objects line 16 arg4 == 4
FAIL: gcc.dg/guality/pr68860-1.c -O2 -flto -fuse-linker-plugin -fno-fat-lto-objects line 16 arg5 == 5
FAIL: gcc.dg/guality/pr68860-1.c -O2 -flto -fuse-linker-plugin -fno-fat-lto-objects line 16 arg6 == 6
FAIL: gcc.dg/guality/vla-1.c -O1 line 17 sizeof (a) == 6
FAIL: gcc.dg/guality/vla-1.c -O2 line 17 sizeof (a) == 6
FAIL: gcc.dg/guality/vla-1.c -O2 -flto -fno-use-linker-plugin -flto-partition=none line 17 sizeof (a) == 6
FAIL: gcc.dg/guality/vla-1.c -O2 -flto -fno-use-linker-plugin -flto-partition=none line 24 sizeof (a) == 17 * sizeof (short)
FAIL: gcc.dg/guality/vla-1.c -O2 -flto -fuse-linker-plugin -fno-fat-lto-objects line 17 sizeof (a) == 6
FAIL: gcc.dg/guality/vla-1.c -O2 -flto -fuse-linker-plugin -fno-fat-lto-objects line 24 sizeof (a) == 17 * sizeof (short)
FAIL: gcc.dg/guality/vla-1.c -O3 -g line 17 sizeof (a) == 6
FAIL: gcc.dg/guality/vla-1.c -Os line 17 sizeof (a) == 6
FAIL: gcc.dg/ipa/inline-2.c scan-ipa-dump inline "op2 change 10.000000. of time"
FAIL: gcc.dg/ipa/inline-3.c scan-ipa-dump inline "Scaling time by probability:0.100000"
UNRESOLVED: gcc.dg/lto/chkp-ctor-merge c_lto_chkp-ctor-merge_0.o-c_lto_chkp-ctor-merge_0.o execute -O2 -flto -fcheck-pointer-bounds -mmpx -nodefaultlibs -lc
FAIL: gcc.dg/lto/chkp-ctor-merge c_lto_chkp-ctor-merge_0.o-c_lto_chkp-ctor-merge_0.o link, -O2 -flto -fcheck-pointer-bounds -mmpx -nodefaultlibs -lc (internal compiler error)
XPASS: gcc.dg/vect/vect-95.c -flto -ffat-lto-objects scan-tree-dump-times vect "Alignment of access forced using peeling" 0
XPASS: gcc.dg/vect/vect-95.c scan-tree-dump-times vect "Alignment of access forced using peeling" 0
FAIL: gcc.target/i386/avx512vpopcntdq-vpopcntd-1.c execution test
FAIL: gcc.target/i386/avx512vpopcntdq-vpopcntq-1.c execution test
=== gcc Summary ===
# of expected passes 137436
# of unexpected failures 108
# of unexpected successes 22
# of expected failures 434
# of unresolved testcases 6
# of unsupported tests 2257
/scratch/toon/build6955/gcc/xgcc version 8.0.1 20180116 (experimental) (GCC)
=== gfortran tests ===
Running target unix
FAIL: gfortran.dg/coarray/coindexed_1.f90 -fcoarray=lib -O2 -lcaf_single -latomic (test for excess errors)
UNRESOLVED: gfortran.dg/coarray/coindexed_1.f90 -fcoarray=lib -O2 -lcaf_single -latomic compilation failed to produce executable
FAIL: gfortran.dg/coarray/coindexed_1.f90 -fcoarray=single -O2 -latomic (test for excess errors)
UNRESOLVED: gfortran.dg/coarray/coindexed_1.f90 -fcoarray=single -O2 -latomic compilation failed to produce executable
WARNING: program timed out
WARNING: program timed out
FAIL: gfortran.dg/minlocval_3.f90 -O1 (test for excess errors)
UNRESOLVED: gfortran.dg/minlocval_3.f90 -O1 compilation failed to produce executable
FAIL: gfortran.dg/minlocval_3.f90 -O2 (test for excess errors)
UNRESOLVED: gfortran.dg/minlocval_3.f90 -O2 compilation failed to produce executable
FAIL: gfortran.dg/minlocval_3.f90 -O3 -fomit-frame-pointer -funroll-loops -fpeel-loops -ftracer -finline-functions (test for excess errors)
UNRESOLVED: gfortran.dg/minlocval_3.f90 -O3 -fomit-frame-pointer -funroll-loops -fpeel-loops -ftracer -finline-functions compilation failed to produce executable
WARNING: program timed out
WARNING: program timed out
WARNING: program timed out
=== gfortran Summary ===
# of expected passes 46670
# of unexpected failures 5
# of expected failures 92
# of unresolved testcases 5
# of unsupported tests 78
/scratch/toon/build6955/gcc/gfortran version 8.0.1 20180116 (experimental) (GCC)
=== g++ tests ===
Running target unix
WARNING: program timed out
UNRESOLVED: tmpdir-g++.dg-struct-layout-1/t001 cp_compat_x_tst.o-cp_compat_y_tst.o execute
UNRESOLVED: tmpdir-g++.dg-struct-layout-1/t001 cp_compat_x_tst.o-cp_compat_y_tst.o link
FAIL: tmpdir-g++.dg-struct-layout-1/t001 cp_compat_y_tst.o compile
FAIL: g++.dg/guality/pr55665.C -O2 line 23 p == 40
FAIL: c-c++-common/torture/builtin-arith-overflow-16.c -O2 -flto -fno-use-linker-plugin -flto-partition=none (test for excess errors)
FAIL: c-c++-common/torture/builtin-arith-overflow-17.c -O2 -flto -fno-use-linker-plugin -flto-partition=none (test for excess errors)
FAIL: c-c++-common/torture/builtin-arith-overflow-17.c -O2 -flto -fno-use-linker-plugin -flto-partition=none execution test
WARNING: program timed out
WARNING: program timed out
FAIL: g++.dg/vect/slp-pr56812.cc -std=c++11 scan-tree-dump-times slp1 "basic block vectorized" 1 (found 0 times)
FAIL: g++.dg/vect/slp-pr56812.cc -std=c++14 scan-tree-dump-times slp1 "basic block vectorized" 1 (found 0 times)
FAIL: g++.dg/vect/slp-pr56812.cc -std=c++98 scan-tree-dump-times slp1 "basic block vectorized" 1 (found 0 times)
=== g++ Summary ===
# of expected passes 121616
# of unexpected failures 8
# of expected failures 488
# of unresolved testcases 2
# of unsupported tests 4693
/scratch/toon/build6955/gcc/xg++ version 8.0.1 20180116 (experimental) (GCC)
=== gnat tests ===
Running target unix
=== gnat Summary ===
# of expected passes 2695
# of expected failures 24
# of unsupported tests 3
/scratch/toon/build6955/gcc/gnatmake version 8.0.1 20180116 (experimental)
=== go tests ===
Running target unix
FAIL: ./index0-out.go compilation, -O0 -g -fno-var-tracking-assignments
FAIL: ./issue5162-out.go compilation, -O0 -g -fno-var-tracking-assignments
FAIL: ./slice3-out.go compilation, -O0 -g -fno-var-tracking-assignments
FAIL: go.test/test/nilptr2.go execution, -O2 -g
WARNING: program timed out
WARNING: program timed out
WARNING: program timed out
=== go Summary ===
# of expected passes 7247
# of unexpected failures 4
# of expected failures 1
# of untested testcases 9
# of unsupported tests 1
/scratch/toon/build6955/gcc/gccgo version 8.0.1 20180116 (experimental) (GCC)
=== obj-c++ tests ===
Running target unix
=== obj-c++ Summary ===
# of expected passes 1456
# of expected failures 10
# of unsupported tests 77
/scratch/toon/build6955/gcc/xg++ version 8.0.1 20180116 (experimental) (GCC)
=== objc tests ===
Running target unix
=== objc Summary ===
# of expected passes 2797
# of expected failures 6
# of unsupported tests 68
/scratch/toon/build6955/gcc/xgcc version 8.0.1 20180116 (experimental) (GCC)
=== gotools tests ===
FAIL: go test cmd/go
FAIL: go test runtime
FAIL: TestCgoCallbackGC
=== gotools Summary ===
# of expected passes 305
# of unexpected failures 3
# of untested testcases 107
/scratch/toon/build6955/./gcc/gccgo version 8.0.1 20180116 (experimental) (GCC)
=== libatomic tests ===
Running target unix
=== libatomic Summary ===
# of expected passes 54
=== libffi tests ===
Running target unix
=== libffi Summary ===
# of expected passes 2214
=== libgo tests ===
Running target unix
FAIL: net
FAIL: sync
=== libgo Summary ===
# of expected passes 160
# of unexpected failures 2
/scratch/toon/build6955/./gcc/gccgo version 8.0.1 20180116 (experimental) (GCC)
=== libgomp tests ===
Running target unix
WARNING: program timed out.
FAIL: libgomp.c/for-3.c execution test
WARNING: program timed out
FAIL: libgomp.c/for-5.c (test for excess errors)
UNRESOLVED: libgomp.c/for-5.c compilation failed to produce executable
WARNING: program timed out
FAIL: libgomp.c/for-6.c (test for excess errors)
UNRESOLVED: libgomp.c/for-6.c compilation failed to produce executable
WARNING: program timed out.
FAIL: libgomp.c++/for-11.C execution test
WARNING: program timed out
FAIL: libgomp.c++/for-13.C (test for excess errors)
UNRESOLVED: libgomp.c++/for-13.C compilation failed to produce executable
WARNING: program timed out
FAIL: libgomp.c++/for-14.C (test for excess errors)
UNRESOLVED: libgomp.c++/for-14.C compilation failed to produce executable
WARNING: program timed out
FAIL: libgomp.fortran/alloc-comp-1.f90 -O2 (test for excess errors)
UNRESOLVED: libgomp.fortran/alloc-comp-1.f90 -O2 compilation failed to produce executable
WARNING: program timed out.
FAIL: libgomp.fortran/examples-4/teams-4.f90 -O0 execution test
WARNING: program timed out.
FAIL: libgomp.fortran/examples-4/teams-4.f90 -O1 execution test
WARNING: program timed out.
FAIL: libgomp.fortran/examples-4/teams-4.f90 -O2 execution test
FAIL: libgomp.graphite/force-parallel-1.c scan-tree-dump-times graphite "2 loops carried no dependency" 1 (found 0 times)
FAIL: libgomp.graphite/force-parallel-1.c scan-tree-dump-times optimized "loopfn" 8 (found 12 times)
WARNING: program timed out
FAIL: libgomp.oacc-fortran/if-1.f90 -DACC_DEVICE_TYPE_host=1 -DACC_MEM_SHARED=1 -O3 -g (test for excess errors)
UNRESOLVED: libgomp.oacc-fortran/if-1.f90 -DACC_DEVICE_TYPE_host=1 -DACC_MEM_SHARED=1 -O3 -g compilation failed to produce executable
=== libgomp Summary ===
# of expected passes 5362
# of unexpected failures 13
# of unresolved testcases 6
# of unsupported tests 290
=== libitm tests ===
Running target unix
=== libitm Summary ===
# of expected passes 42
# of expected failures 3
# of unsupported tests 1
=== libstdc++ tests ===
Running target unix
FAIL: 21_strings/basic_string/allocator/char/copy_assign.cc (test for excess errors)
UNRESOLVED: 21_strings/basic_string/allocator/char/copy_assign.cc compilation failed to produce executable
FAIL: 21_strings/basic_string/allocator/wchar_t/move_assign.cc (test for excess errors)
UNRESOLVED: 21_strings/basic_string/allocator/wchar_t/move_assign.cc compilation failed to produce executable
FAIL: 22_locale/ctype/scan/char/1.cc (test for excess errors)
UNRESOLVED: 22_locale/ctype/scan/char/1.cc compilation failed to produce executable
FAIL: 23_containers/forward_list/requirements/exception/basic.cc (test for excess errors)
UNRESOLVED: 23_containers/forward_list/requirements/exception/basic.cc compilation failed to produce executable
FAIL: 23_containers/forward_list/requirements/exception/generation_prohibited.cc (test for excess errors)
FAIL: 23_containers/forward_list/requirements/exception/generation_prohibited.cc execution test
FAIL: 23_containers/forward_list/requirements/exception/propagation_consistent.cc (test for excess errors)
UNRESOLVED: 23_containers/forward_list/requirements/exception/propagation_consistent.cc compilation failed to produce executable
FAIL: 23_containers/list/modifiers/insert/25288.cc (test for excess errors)
UNRESOLVED: 23_containers/list/modifiers/insert/25288.cc compilation failed to produce executable
FAIL: 23_containers/list/requirements/exception/basic.cc (test for excess errors)
UNRESOLVED: 23_containers/list/requirements/exception/basic.cc compilation failed to produce executable
FAIL: 23_containers/map/requirements/exception/propagation_consistent.cc (test for excess errors)
UNRESOLVED: 23_containers/map/requirements/exception/propagation_consistent.cc compilation failed to produce executable
FAIL: 23_containers/multimap/requirements/exception/basic.cc (test for excess errors)
UNRESOLVED: 23_containers/multimap/requirements/exception/basic.cc compilation failed to produce executable
FAIL: 23_containers/multimap/requirements/exception/generation_prohibited.cc (test for excess errors)
UNRESOLVED: 23_containers/multimap/requirements/exception/generation_prohibited.cc compilation failed to produce executable
FAIL: 23_containers/multimap/requirements/exception/propagation_consistent.cc (test for excess errors)
UNRESOLVED: 23_containers/multimap/requirements/exception/propagation_consistent.cc compilation failed to produce executable
FAIL: 23_containers/multiset/requirements/exception/generation_prohibited.cc (test for excess errors)
UNRESOLVED: 23_containers/multiset/requirements/exception/generation_prohibited.cc compilation failed to produce executable
FAIL: 23_containers/multiset/requirements/exception/propagation_consistent.cc (test for excess errors)
FAIL: 23_containers/multiset/requirements/exception/propagation_consistent.cc execution test
FAIL: 28_regex/algorithms/regex_match/awk/cstring_01.cc (test for excess errors)
UNRESOLVED: 28_regex/algorithms/regex_match/awk/cstring_01.cc compilation failed to produce executable
FAIL: 28_regex/algorithms/regex_match/basic/empty_range.cc (test for excess errors)
UNRESOLVED: 28_regex/algorithms/regex_match/basic/empty_range.cc compilation failed to produce executable
FAIL: 28_regex/algorithms/regex_match/basic/string_01.cc (test for excess errors)
UNRESOLVED: 28_regex/algorithms/regex_match/basic/string_01.cc compilation failed to produce executable
FAIL: 28_regex/algorithms/regex_match/basic/string_range_00_03.cc (test for excess errors)
UNRESOLVED: 28_regex/algorithms/regex_match/basic/string_range_00_03.cc compilation failed to produce executable
FAIL: 28_regex/algorithms/regex_match/basic/string_range_01_03.cc (test for excess errors)
UNRESOLVED: 28_regex/algorithms/regex_match/basic/string_range_01_03.cc compilation failed to produce executable
FAIL: 28_regex/algorithms/regex_match/basic/string_range_02_03.cc (test for excess errors)
UNRESOLVED: 28_regex/algorithms/regex_match/basic/string_range_02_03.cc compilation failed to produce executable
FAIL: 28_regex/algorithms/regex_match/cstring_bracket_01.cc (test for excess errors)
UNRESOLVED: 28_regex/algorithms/regex_match/cstring_bracket_01.cc compilation failed to produce executable
FAIL: 28_regex/algorithms/regex_match/ecma/char/53622.cc (test for excess errors)
UNRESOLVED: 28_regex/algorithms/regex_match/ecma/char/53622.cc compilation failed to produce executable
FAIL: 28_regex/algorithms/regex_match/ecma/char/57173.cc (test for excess errors)
UNRESOLVED: 28_regex/algorithms/regex_match/ecma/char/57173.cc compilation failed to produce executable
FAIL: 28_regex/algorithms/regex_match/ecma/char/58576.cc (test for excess errors)
UNRESOLVED: 28_regex/algorithms/regex_match/ecma/char/58576.cc compilation failed to produce executable
FAIL: 28_regex/algorithms/regex_match/ecma/char/anymatcher.cc (test for excess errors)
UNRESOLVED: 28_regex/algorithms/regex_match/ecma/char/anymatcher.cc compilation failed to produce executable
FAIL: 28_regex/algorithms/regex_match/ecma/char/backref.cc (test for excess errors)
UNRESOLVED: 28_regex/algorithms/regex_match/ecma/char/backref.cc compilation failed to produce executable
FAIL: 28_regex/algorithms/regex_match/ecma/char/empty_range.cc (test for excess errors)
UNRESOLVED: 28_regex/algorithms/regex_match/ecma/char/empty_range.cc compilation failed to produce executable
FAIL: 28_regex/algorithms/regex_match/ecma/char/emptygroup.cc (test for excess errors)
UNRESOLVED: 28_regex/algorithms/regex_match/ecma/char/emptygroup.cc compilation failed to produce executable
FAIL: 28_regex/algorithms/regex_match/ecma/char/hex.cc (test for excess errors)
UNRESOLVED: 28_regex/algorithms/regex_match/ecma/char/hex.cc compilation failed to produce executable
FAIL: 28_regex/algorithms/regex_match/ecma/char/quoted_char.cc (test for excess errors)
UNRESOLVED: 28_regex/algorithms/regex_match/ecma/char/quoted_char.cc compilation failed to produce executable
FAIL: 28_regex/algorithms/regex_match/ecma/char/ungreedy.cc (test for excess errors)
UNRESOLVED: 28_regex/algorithms/regex_match/ecma/char/ungreedy.cc compilation failed to produce executable
FAIL: 28_regex/algorithms/regex_match/ecma/wchar_t/63199.cc (test for excess errors)
UNRESOLVED: 28_regex/algorithms/regex_match/ecma/wchar_t/63199.cc compilation failed to produce executable
FAIL: 28_regex/algorithms/regex_match/ecma/wchar_t/cjk_match.cc (test for excess errors)
UNRESOLVED: 28_regex/algorithms/regex_match/ecma/wchar_t/cjk_match.cc compilation failed to produce executable
FAIL: 28_regex/algorithms/regex_match/ecma/wchar_t/hex.cc (test for excess errors)
UNRESOLVED: 28_regex/algorithms/regex_match/ecma/wchar_t/hex.cc compilation failed to produce executable
FAIL: 28_regex/algorithms/regex_match/extended/cstring_plus.cc (test for excess errors)
UNRESOLVED: 28_regex/algorithms/regex_match/extended/cstring_plus.cc compilation failed to produce executable
FAIL: 28_regex/algorithms/regex_match/extended/cstring_questionmark.cc (test for excess errors)
UNRESOLVED: 28_regex/algorithms/regex_match/extended/cstring_questionmark.cc compilation failed to produce executable
FAIL: 28_regex/algorithms/regex_match/extended/cstring_range.cc (test for excess errors)
UNRESOLVED: 28_regex/algorithms/regex_match/extended/cstring_range.cc compilation failed to produce executable
FAIL: 28_regex/algorithms/regex_match/extended/string_any.cc (test for excess errors)
UNRESOLVED: 28_regex/algorithms/regex_match/extended/string_any.cc compilation failed to produce executable
FAIL: 28_regex/algorithms/regex_match/extended/string_range_00_03.cc (test for excess errors)
UNRESOLVED: 28_regex/algorithms/regex_match/extended/string_range_00_03.cc compilation failed to produce executable
FAIL: 28_regex/algorithms/regex_match/extended/string_range_01_03.cc (test for excess errors)
UNRESOLVED: 28_regex/algorithms/regex_match/extended/string_range_01_03.cc compilation failed to produce executable
FAIL: 28_regex/algorithms/regex_match/extended/string_range_02_03.cc (test for excess errors)
UNRESOLVED: 28_regex/algorithms/regex_match/extended/string_range_02_03.cc compilation failed to produce executable
FAIL: 28_regex/algorithms/regex_replace/char/basic_replace.cc (test for excess errors)
UNRESOLVED: 28_regex/algorithms/regex_replace/char/basic_replace.cc compilation failed to produce executable
FAIL: 28_regex/algorithms/regex_replace/char/dr2213.cc (test for excess errors)
UNRESOLVED: 28_regex/algorithms/regex_replace/char/dr2213.cc compilation failed to produce executable
FAIL: 28_regex/algorithms/regex_replace/char/pr83601.cc (test for excess errors)
UNRESOLVED: 28_regex/algorithms/regex_replace/char/pr83601.cc compilation failed to produce executable
FAIL: 28_regex/algorithms/regex_replace/wchar_t/51711.cc (test for excess errors)
FAIL: 28_regex/algorithms/regex_replace/wchar_t/pr83601.cc (test for excess errors)
UNRESOLVED: 28_regex/algorithms/regex_replace/wchar_t/pr83601.cc compilation failed to produce executable
FAIL: 28_regex/algorithms/regex_search/61424.cc (test for excess errors)
UNRESOLVED: 28_regex/algorithms/regex_search/61424.cc compilation failed to produce executable
FAIL: 28_regex/algorithms/regex_search/61720.cc (test for excess errors)
UNRESOLVED: 28_regex/algorithms/regex_search/61720.cc compilation failed to produce executable
FAIL: 28_regex/algorithms/regex_search/ecma/assertion.cc (test for excess errors)
UNRESOLVED: 28_regex/algorithms/regex_search/ecma/assertion.cc compilation failed to produce executable
FAIL: 28_regex/algorithms/regex_search/ecma/flags.cc (test for excess errors)
UNRESOLVED: 28_regex/algorithms/regex_search/ecma/flags.cc compilation failed to produce executable
FAIL: 28_regex/algorithms/regex_search/ecma/greedy.cc (test for excess errors)
UNRESOLVED: 28_regex/algorithms/regex_search/ecma/greedy.cc compilation failed to produce executable
FAIL: 28_regex/algorithms/regex_search/ecma/string_01.cc (test for excess errors)
UNRESOLVED: 28_regex/algorithms/regex_search/ecma/string_01.cc compilation failed to produce executable
FAIL: 28_regex/basic_regex/assign/char/cstring.cc (test for excess errors)
UNRESOLVED: 28_regex/basic_regex/assign/char/cstring.cc compilation failed to produce executable
FAIL: 28_regex/basic_regex/assign/char/cstring_op.cc (test for excess errors)
FAIL: 28_regex/basic_regex/assign/char/moveable.cc (test for excess errors)
UNRESOLVED: 28_regex/basic_regex/assign/char/moveable.cc compilation failed to produce executable
FAIL: 28_regex/basic_regex/assign/char/pstring.cc (test for excess errors)
FAIL: 28_regex/basic_regex/assign/char/string_op.cc (test for excess errors)
FAIL: 28_regex/basic_regex/assign/wchar_t/cstring.cc (test for excess errors)
FAIL: 28_regex/basic_regex/assign/wchar_t/cstring_op.cc (test for excess errors)
FAIL: 28_regex/basic_regex/assign/wchar_t/pstring.cc (test for excess errors)
FAIL: 28_regex/basic_regex/assign/wchar_t/range.cc (test for excess errors)
FAIL: 28_regex/basic_regex/assign/wchar_t/string.cc (test for excess errors)
FAIL: 28_regex/basic_regex/assign/wchar_t/string_op.cc (test for excess errors)
FAIL: 28_regex/basic_regex/ctors/47724.cc (test for excess errors)
UNRESOLVED: 28_regex/basic_regex/ctors/47724.cc compilation failed to produce executable
FAIL: 28_regex/basic_regex/ctors/basic/iter.cc (test for excess errors)
FAIL: 28_regex/basic_regex/ctors/basic/pstring_char.cc (test for excess errors)
UNRESOLVED: 28_regex/basic_regex/ctors/basic/pstring_char.cc compilation failed to produce executable
FAIL: 28_regex/basic_regex/ctors/basic/pstring_wchar_t.cc (test for excess errors)
UNRESOLVED: 28_regex/basic_regex/ctors/basic/pstring_wchar_t.cc compilation failed to produce executable
FAIL: 28_regex/basic_regex/ctors/basic/raw_string.cc (test for excess errors)
UNRESOLVED: 28_regex/basic_regex/ctors/basic/raw_string.cc compilation failed to produce executable
FAIL: 28_regex/basic_regex/ctors/basic/string_range_01_02_03.cc (test for excess errors)
UNRESOLVED: 28_regex/basic_regex/ctors/basic/string_range_01_02_03.cc compilation failed to produce executable
FAIL: 28_regex/basic_regex/ctors/char/cstring.cc (test for excess errors)
FAIL: 28_regex/basic_regex/ctors/char/cstring_egrep.cc (test for excess errors)
FAIL: 28_regex/basic_regex/ctors/char/cstring_grep.cc (test for excess errors)
FAIL: 28_regex/basic_regex/ctors/char/range.cc (test for excess errors)
FAIL: 28_regex/basic_regex/ctors/copy_char.cc (test for excess errors)
UNRESOLVED: 28_regex/basic_regex/ctors/copy_char.cc compilation failed to produce executable
FAIL: 28_regex/basic_regex/ctors/deduction.cc (test for excess errors)
FAIL: 28_regex/basic_regex/ctors/extended/cstring.cc (test for excess errors)
UNRESOLVED: 28_regex/basic_regex/ctors/extended/cstring.cc compilation failed to produce executable
FAIL: 28_regex/basic_regex/ctors/string_char.cc (test for excess errors)
FAIL: 28_regex/basic_regex/ctors/string_wchar_t.cc (test for excess errors)
FAIL: 28_regex/basic_regex/ctors/wchar_t/range.cc (test for excess errors)
FAIL: 28_regex/basic_regex/imbue/string.cc (test for excess errors)
UNRESOLVED: 28_regex/basic_regex/imbue/string.cc compilation failed to produce executable
FAIL: 28_regex/basic_regex/multiple_quantifiers.cc (test for excess errors)
UNRESOLVED: 28_regex/basic_regex/multiple_quantifiers.cc compilation failed to produce executable
FAIL: 28_regex/init-list.cc (test for excess errors)
UNRESOLVED: 28_regex/init-list.cc compilation failed to produce executable
FAIL: 28_regex/iterators/regex_iterator/char/64140.cc (test for excess errors)
UNRESOLVED: 28_regex/iterators/regex_iterator/char/64140.cc compilation failed to produce executable
FAIL: 28_regex/iterators/regex_iterator/char/string_01.cc (test for excess errors)
UNRESOLVED: 28_regex/iterators/regex_iterator/char/string_01.cc compilation failed to produce executable
FAIL: 28_regex/iterators/regex_iterator/char/string_position_01.cc (test for excess errors)
UNRESOLVED: 28_regex/iterators/regex_iterator/char/string_position_01.cc compilation failed to produce executable
FAIL: 28_regex/iterators/regex_iterator/wchar_t/string_02.cc (test for excess errors)
UNRESOLVED: 28_regex/iterators/regex_iterator/wchar_t/string_02.cc compilation failed to produce executable
FAIL: 28_regex/iterators/regex_token_iterator/64303.cc (test for excess errors)
UNRESOLVED: 28_regex/iterators/regex_token_iterator/64303.cc compilation failed to produce executable
FAIL: 28_regex/iterators/regex_token_iterator/char/string_01.cc (test for excess errors)
UNRESOLVED: 28_regex/iterators/regex_token_iterator/char/string_01.cc compilation failed to produce executable
FAIL: 28_regex/iterators/regex_token_iterator/wchar_t/string_01.cc (test for excess errors)
UNRESOLVED: 28_regex/iterators/regex_token_iterator/wchar_t/string_01.cc compilation failed to produce executable
FAIL: 28_regex/match_results/format.cc (test for excess errors)
UNRESOLVED: 28_regex/match_results/format.cc compilation failed to produce executable
FAIL: 28_regex/match_results/out_of_range_submatches.cc (test for excess errors)
UNRESOLVED: 28_regex/match_results/out_of_range_submatches.cc compilation failed to produce executable
FAIL: 28_regex/regression.cc (test for excess errors)
UNRESOLVED: 28_regex/regression.cc compilation failed to produce executable
FAIL: experimental/filesystem/iterators/recursive_directory_iterator.cc (test for excess errors)
UNRESOLVED: experimental/filesystem/iterators/recursive_directory_iterator.cc compilation failed to produce executable
FAIL: experimental/filesystem/path/assign/assign.cc (test for excess errors)
UNRESOLVED: experimental/filesystem/path/assign/assign.cc compilation failed to produce executable
FAIL: ext/pb_ds/regression/priority_queue_rand.cc (test for excess errors)
UNRESOLVED: ext/pb_ds/regression/priority_queue_rand.cc compilation failed to produce executable
FAIL: ext/pb_ds/regression/tree_set_rand.cc (test for excess errors)
UNRESOLVED: ext/pb_ds/regression/tree_set_rand.cc compilation failed to produce executable
FAIL: ext/pb_ds/regression/trie_map_rand.cc (test for excess errors)
UNRESOLVED: ext/pb_ds/regression/trie_map_rand.cc compilation failed to produce executable
FAIL: ext/pb_ds/regression/trie_set_rand.cc (test for excess errors)
UNRESOLVED: ext/pb_ds/regression/trie_set_rand.cc compilation failed to produce executable
WARNING: program timed out
WARNING: program timed out
WARNING: program timed out
WARNING: program timed out
WARNING: program timed out
WARNING: program timed out
WARNING: program timed out
WARNING: program timed out
WARNING: program timed out
WARNING: program timed out
WARNING: program timed out
WARNING: program timed out
WARNING: program timed out
WARNING: program timed out
WARNING: program timed out
WARNING: program timed out
WARNING: program timed out
WARNING: program timed out
WARNING: program timed out
WARNING: program timed out
WARNING: program timed out
WARNING: program timed out
WARNING: program timed out
WARNING: program timed out
WARNING: program timed out
WARNING: program timed out
WARNING: program timed out
WARNING: program timed out
WARNING: program timed out
WARNING: program timed out
WARNING: program timed out
WARNING: program timed out
WARNING: program timed out
WARNING: program timed out
WARNING: program timed out
WARNING: program timed out
WARNING: program timed out
WARNING: program timed out
WARNING: program timed out
WARNING: program timed out
WARNING: program timed out
WARNING: program timed out
WARNING: program timed out
WARNING: program timed out
WARNING: program timed out
WARNING: program timed out
WARNING: program timed out
WARNING: program timed out
WARNING: program timed out
WARNING: program timed out
WARNING: program timed out
WARNING: program timed out
WARNING: program timed out
WARNING: program timed out
WARNING: program timed out
WARNING: program timed out
WARNING: program timed out
WARNING: program timed out
WARNING: program timed out
WARNING: program timed out
WARNING: program timed out
WARNING: program timed out
WARNING: program timed out
WARNING: program timed out
WARNING: program timed out
WARNING: program timed out
WARNING: program timed out
WARNING: program timed out
WARNING: program timed out
WARNING: program timed out
WARNING: program timed out
WARNING: program timed out
WARNING: program timed out
WARNING: program timed out
WARNING: program timed out
WARNING: program timed out
WARNING: program timed out
WARNING: program timed out
WARNING: program timed out
WARNING: program timed out
WARNING: program timed out
WARNING: program timed out
WARNING: program timed out
WARNING: program timed out
WARNING: program timed out
WARNING: program timed out
WARNING: program timed out
WARNING: program timed out
WARNING: program timed out
WARNING: program timed out
WARNING: program timed out
WARNING: program timed out
WARNING: program timed out
WARNING: program timed out
WARNING: program timed out
WARNING: program timed out
WARNING: program timed out
WARNING: program timed out
=== libstdc++ Summary ===
# of expected passes 11426
# of unexpected failures 100
# of expected failures 71
# of unresolved testcases 77
# of unsupported tests 573
Compiler version: 8.0.1 20180116 (experimental) (GCC)
Platform: x86_64-pc-linux-gnu
configure flags: --prefix=/home/toon/compilers/install --with-gnu-as --with-gnu-ld --enable-languages=all,go,ada --disable-multilib --disable-nls