This is the mail archive of the
gcc-testresults@gcc.gnu.org
mailing list for the GCC project.
Results for 8.0.0 20180114 (experimental) [trunk revision 256677] (GCC) testsuite on x86_64-pc-linux-gnu
- From: Andreas Tobler <andreast dot dev at gmail dot com>
- To: <gcc-testresults at gcc dot gnu dot org>
- Date: Mon, 15 Jan 2018 06:39:21 +0100
- Subject: Results for 8.0.0 20180114 (experimental) [trunk revision 256677] (GCC) testsuite on x86_64-pc-linux-gnu
- Authentication-results: sourceware.org; auth=none
LAST_UPDATED: Sun Jan 14 22:14:41 UTC 2018 (revision 256677)
Native configuration is x86_64-pc-linux-gnu
=== gcc tests ===
Running target unix
FAIL: c-c++-common/asan/swapcontext-test-1.c -O0 execution test
FAIL: c-c++-common/asan/swapcontext-test-1.c -O1 execution test
FAIL: c-c++-common/asan/swapcontext-test-1.c -O2 execution test
FAIL: c-c++-common/asan/swapcontext-test-1.c -O2 -flto -fno-use-linker-plugin -flto-partition=none execution test
FAIL: c-c++-common/asan/swapcontext-test-1.c -O2 -flto -fuse-linker-plugin -fno-fat-lto-objects execution test
FAIL: c-c++-common/asan/swapcontext-test-1.c -O3 -fomit-frame-pointer -funroll-loops -fpeel-loops -ftracer -finline-functions execution test
FAIL: c-c++-common/asan/swapcontext-test-1.c -O3 -g execution test
FAIL: c-c++-common/asan/swapcontext-test-1.c -Os execution test
FAIL: gcc.dg/20050503-1.c scan-assembler-not call
FAIL: gcc.dg/ipa/inline-2.c scan-ipa-dump inline "op2 change 10.000000. of time"
FAIL: gcc.dg/ipa/inline-3.c scan-ipa-dump inline "Scaling time by probability:0.100000"
UNRESOLVED: gcc.dg/lto/chkp-ctor-merge c_lto_chkp-ctor-merge_0.o-c_lto_chkp-ctor-merge_0.o execute -O2 -flto -fcheck-pointer-bounds -mmpx -nodefaultlibs -lc
FAIL: gcc.dg/lto/chkp-ctor-merge c_lto_chkp-ctor-merge_0.o-c_lto_chkp-ctor-merge_0.o link, -O2 -flto -fcheck-pointer-bounds -mmpx -nodefaultlibs -lc (internal compiler error)
XPASS: gcc.dg/vect/vect-95.c -flto -ffat-lto-objects scan-tree-dump-times vect "Alignment of access forced using peeling" 0
XPASS: gcc.dg/vect/vect-95.c scan-tree-dump-times vect "Alignment of access forced using peeling" 0
FAIL: gcc.target/i386/pr80846-1.c scan-assembler-times vextracti 2 (found 1 times)
=== gcc Summary for unix ===
# of expected passes 133212
# of unexpected failures 13
# of unexpected successes 2
# of expected failures 385
# of unresolved testcases 1
# of unsupported tests 2180
Running target unix/-m32
FAIL: c-c++-common/asan/swapcontext-test-1.c -O0 execution test
FAIL: c-c++-common/asan/swapcontext-test-1.c -O1 execution test
FAIL: c-c++-common/asan/swapcontext-test-1.c -O2 execution test
FAIL: c-c++-common/asan/swapcontext-test-1.c -O2 -flto -fno-use-linker-plugin -flto-partition=none execution test
FAIL: c-c++-common/asan/swapcontext-test-1.c -O2 -flto -fuse-linker-plugin -fno-fat-lto-objects execution test
FAIL: c-c++-common/asan/swapcontext-test-1.c -O3 -fomit-frame-pointer -funroll-loops -fpeel-loops -ftracer -finline-functions execution test
FAIL: c-c++-common/asan/swapcontext-test-1.c -O3 -g execution test
FAIL: c-c++-common/asan/swapcontext-test-1.c -Os execution test
FAIL: gcc.dg/20050503-1.c scan-assembler-not call
FAIL: gcc.dg/ipa/inline-2.c scan-ipa-dump inline "op2 change 10.000000. of time"
FAIL: gcc.dg/ipa/inline-3.c scan-ipa-dump inline "Scaling time by probability:0.100000"
UNRESOLVED: gcc.dg/lto/chkp-ctor-merge c_lto_chkp-ctor-merge_0.o-c_lto_chkp-ctor-merge_0.o execute -O2 -flto -fcheck-pointer-bounds -mmpx -nodefaultlibs -lc
FAIL: gcc.dg/lto/chkp-ctor-merge c_lto_chkp-ctor-merge_0.o-c_lto_chkp-ctor-merge_0.o link, -O2 -flto -fcheck-pointer-bounds -mmpx -nodefaultlibs -lc (internal compiler error)
FAIL: c-c++-common/ubsan/ptr-overflow-sanitization-1.c -O0 scan-tree-dump-times optimized "__ubsan_handle_pointer_overflow" 17 (found 14 times)
FAIL: c-c++-common/ubsan/ptr-overflow-sanitization-1.c -O1 scan-tree-dump-times optimized "__ubsan_handle_pointer_overflow" 17 (found 14 times)
FAIL: c-c++-common/ubsan/ptr-overflow-sanitization-1.c -O2 scan-tree-dump-times optimized "__ubsan_handle_pointer_overflow" 17 (found 14 times)
FAIL: c-c++-common/ubsan/ptr-overflow-sanitization-1.c -O3 -g scan-tree-dump-times optimized "__ubsan_handle_pointer_overflow" 17 (found 14 times)
FAIL: c-c++-common/ubsan/ptr-overflow-sanitization-1.c -Os scan-tree-dump-times optimized "__ubsan_handle_pointer_overflow" 17 (found 14 times)
XPASS: gcc.dg/vect/vect-95.c -flto -ffat-lto-objects scan-tree-dump-times vect "Alignment of access forced using peeling" 0
XPASS: gcc.dg/vect/vect-95.c scan-tree-dump-times vect "Alignment of access forced using peeling" 0
FAIL: gcc.target/i386/pr80846-1.c scan-assembler-times vextracti 2 (found 1 times)
=== gcc Summary for unix/-m32 ===
# of expected passes 131464
# of unexpected failures 18
# of unexpected successes 2
# of expected failures 396
# of unresolved testcases 1
# of unsupported tests 2289
=== gcc Summary ===
# of expected passes 264676
# of unexpected failures 31
# of unexpected successes 4
# of expected failures 781
# of unresolved testcases 2
# of unsupported tests 4469
/export/devel/build/gcc/head/objdir/gcc/xgcc version 8.0.0 20180114 (experimental) [trunk revision 256677] (GCC)
=== gfortran tests ===
Running target unix
=== gfortran Summary for unix ===
# of expected passes 46507
# of expected failures 82
# of unsupported tests 73
Running target unix/-m32
=== gfortran Summary for unix/-m32 ===
# of expected passes 46288
# of expected failures 82
# of unsupported tests 178
=== gfortran Summary ===
# of expected passes 92795
# of expected failures 164
# of unsupported tests 251
/export/devel/build/gcc/head/objdir/gcc/gfortran version 8.0.0 20180114 (experimental) [trunk revision 256677] (GCC)
=== g++ tests ===
Running target unix
FAIL: c-c++-common/asan/swapcontext-test-1.c -O0 execution test
FAIL: c-c++-common/asan/swapcontext-test-1.c -O1 execution test
FAIL: c-c++-common/asan/swapcontext-test-1.c -O2 execution test
FAIL: c-c++-common/asan/swapcontext-test-1.c -O2 -flto -fno-use-linker-plugin -flto-partition=none execution test
FAIL: c-c++-common/asan/swapcontext-test-1.c -O2 -flto -fuse-linker-plugin -fno-fat-lto-objects execution test
FAIL: c-c++-common/asan/swapcontext-test-1.c -O3 -fomit-frame-pointer -funroll-loops -fpeel-loops -ftracer -finline-functions execution test
FAIL: c-c++-common/asan/swapcontext-test-1.c -O3 -g execution test
FAIL: c-c++-common/asan/swapcontext-test-1.c -Os execution test
FAIL: g++.dg/vect/slp-pr56812.cc -std=c++11 scan-tree-dump-times slp1 "basic block vectorized" 1 (found 0 times)
FAIL: g++.dg/vect/slp-pr56812.cc -std=c++14 scan-tree-dump-times slp1 "basic block vectorized" 1 (found 0 times)
FAIL: g++.dg/vect/slp-pr56812.cc -std=c++98 scan-tree-dump-times slp1 "basic block vectorized" 1 (found 0 times)
=== g++ Summary for unix ===
# of expected passes 121413
# of unexpected failures 11
# of expected failures 482
# of unsupported tests 4659
Running target unix/-m32
FAIL: c-c++-common/asan/swapcontext-test-1.c -O0 execution test
FAIL: c-c++-common/asan/swapcontext-test-1.c -O1 execution test
FAIL: c-c++-common/asan/swapcontext-test-1.c -O2 execution test
FAIL: c-c++-common/asan/swapcontext-test-1.c -O2 -flto -fno-use-linker-plugin -flto-partition=none execution test
FAIL: c-c++-common/asan/swapcontext-test-1.c -O2 -flto -fuse-linker-plugin -fno-fat-lto-objects execution test
FAIL: c-c++-common/asan/swapcontext-test-1.c -O3 -fomit-frame-pointer -funroll-loops -fpeel-loops -ftracer -finline-functions execution test
FAIL: c-c++-common/asan/swapcontext-test-1.c -O3 -g execution test
FAIL: c-c++-common/asan/swapcontext-test-1.c -Os execution test
FAIL: g++.dg/template/nontype10.C -std=c++11 (test for excess errors)
FAIL: g++.dg/template/nontype10.C -std=c++14 (test for excess errors)
FAIL: g++.dg/template/nontype10.C -std=c++98 (test for excess errors)
FAIL: c-c++-common/ubsan/ptr-overflow-sanitization-1.c -O0 scan-tree-dump-times optimized "__ubsan_handle_pointer_overflow" 17 (found 14 times)
FAIL: c-c++-common/ubsan/ptr-overflow-sanitization-1.c -O1 scan-tree-dump-times optimized "__ubsan_handle_pointer_overflow" 17 (found 14 times)
FAIL: c-c++-common/ubsan/ptr-overflow-sanitization-1.c -O2 scan-tree-dump-times optimized "__ubsan_handle_pointer_overflow" 17 (found 14 times)
FAIL: c-c++-common/ubsan/ptr-overflow-sanitization-1.c -O3 -g scan-tree-dump-times optimized "__ubsan_handle_pointer_overflow" 17 (found 14 times)
FAIL: c-c++-common/ubsan/ptr-overflow-sanitization-1.c -Os scan-tree-dump-times optimized "__ubsan_handle_pointer_overflow" 17 (found 14 times)
FAIL: g++.dg/vect/slp-pr56812.cc -std=c++11 scan-tree-dump-times slp1 "basic block vectorized" 1 (found 0 times)
FAIL: g++.dg/vect/slp-pr56812.cc -std=c++14 scan-tree-dump-times slp1 "basic block vectorized" 1 (found 0 times)
FAIL: g++.dg/vect/slp-pr56812.cc -std=c++98 scan-tree-dump-times slp1 "basic block vectorized" 1 (found 0 times)
=== g++ Summary for unix/-m32 ===
# of expected passes 119608
# of unexpected failures 19
# of expected failures 479
# of unsupported tests 4496
=== g++ Summary ===
# of expected passes 241021
# of unexpected failures 30
# of expected failures 961
# of unsupported tests 9155
/export/devel/build/gcc/head/objdir/gcc/xg++ version 8.0.0 20180114 (experimental) [trunk revision 256677] (GCC)
=== objc tests ===
Running target unix
=== objc Summary for unix ===
# of expected passes 2797
# of expected failures 6
# of unsupported tests 68
Running target unix/-m32
=== objc Summary for unix/-m32 ===
# of expected passes 2797
# of expected failures 6
# of unsupported tests 68
=== objc Summary ===
# of expected passes 5594
# of expected failures 12
# of unsupported tests 136
/export/devel/build/gcc/head/objdir/gcc/xgcc version 8.0.0 20180114 (experimental) [trunk revision 256677] (GCC)
=== libatomic tests ===
Running target unix/-m32
=== libatomic Summary for unix/-m32 ===
# of expected passes 44
# of unsupported tests 5
Running target unix
=== libatomic Summary for unix ===
# of expected passes 54
=== libatomic Summary ===
# of expected passes 98
# of unsupported tests 5
=== libgomp tests ===
Running target unix/-m32
FAIL: libgomp.fortran/pointer1.f90 -O0 (internal compiler error)
FAIL: libgomp.fortran/pointer1.f90 -O0 (test for excess errors)
UNRESOLVED: libgomp.fortran/pointer1.f90 -O0 compilation failed to produce executable
FAIL: libgomp.fortran/pointer1.f90 -O1 (internal compiler error)
FAIL: libgomp.fortran/pointer1.f90 -O1 (test for excess errors)
UNRESOLVED: libgomp.fortran/pointer1.f90 -O1 compilation failed to produce executable
FAIL: libgomp.fortran/pointer1.f90 -O2 (internal compiler error)
FAIL: libgomp.fortran/pointer1.f90 -O2 (test for excess errors)
UNRESOLVED: libgomp.fortran/pointer1.f90 -O2 compilation failed to produce executable
FAIL: libgomp.fortran/pointer1.f90 -O3 -fomit-frame-pointer -funroll-loops -fpeel-loops -ftracer -finline-functions (internal compiler error)
FAIL: libgomp.fortran/pointer1.f90 -O3 -fomit-frame-pointer -funroll-loops -fpeel-loops -ftracer -finline-functions (test for excess errors)
UNRESOLVED: libgomp.fortran/pointer1.f90 -O3 -fomit-frame-pointer -funroll-loops -fpeel-loops -ftracer -finline-functions compilation failed to produce executable
FAIL: libgomp.fortran/pointer1.f90 -O3 -g (internal compiler error)
FAIL: libgomp.fortran/pointer1.f90 -O3 -g (test for excess errors)
UNRESOLVED: libgomp.fortran/pointer1.f90 -O3 -g compilation failed to produce executable
FAIL: libgomp.fortran/pointer1.f90 -Os (internal compiler error)
FAIL: libgomp.fortran/pointer1.f90 -Os (test for excess errors)
UNRESOLVED: libgomp.fortran/pointer1.f90 -Os compilation failed to produce executable
FAIL: libgomp.fortran/pointer2.f90 -O0 (internal compiler error)
FAIL: libgomp.fortran/pointer2.f90 -O0 (test for excess errors)
UNRESOLVED: libgomp.fortran/pointer2.f90 -O0 compilation failed to produce executable
FAIL: libgomp.fortran/pointer2.f90 -O1 (internal compiler error)
FAIL: libgomp.fortran/pointer2.f90 -O1 (test for excess errors)
UNRESOLVED: libgomp.fortran/pointer2.f90 -O1 compilation failed to produce executable
FAIL: libgomp.fortran/pointer2.f90 -O2 (internal compiler error)
FAIL: libgomp.fortran/pointer2.f90 -O2 (test for excess errors)
UNRESOLVED: libgomp.fortran/pointer2.f90 -O2 compilation failed to produce executable
FAIL: libgomp.fortran/pointer2.f90 -O3 -fomit-frame-pointer -funroll-loops -fpeel-loops -ftracer -finline-functions (internal compiler error)
FAIL: libgomp.fortran/pointer2.f90 -O3 -fomit-frame-pointer -funroll-loops -fpeel-loops -ftracer -finline-functions (test for excess errors)
UNRESOLVED: libgomp.fortran/pointer2.f90 -O3 -fomit-frame-pointer -funroll-loops -fpeel-loops -ftracer -finline-functions compilation failed to produce executable
FAIL: libgomp.fortran/pointer2.f90 -O3 -g (internal compiler error)
FAIL: libgomp.fortran/pointer2.f90 -O3 -g (test for excess errors)
UNRESOLVED: libgomp.fortran/pointer2.f90 -O3 -g compilation failed to produce executable
FAIL: libgomp.fortran/pointer2.f90 -Os (internal compiler error)
FAIL: libgomp.fortran/pointer2.f90 -Os (test for excess errors)
UNRESOLVED: libgomp.fortran/pointer2.f90 -Os compilation failed to produce executable
=== libgomp Summary for unix/-m32 ===
# of expected passes 5311
# of unexpected failures 24
# of unresolved testcases 12
# of unsupported tests 290
Running target unix
FAIL: libgomp.fortran/pointer1.f90 -O0 (internal compiler error)
FAIL: libgomp.fortran/pointer1.f90 -O0 (test for excess errors)
UNRESOLVED: libgomp.fortran/pointer1.f90 -O0 compilation failed to produce executable
FAIL: libgomp.fortran/pointer1.f90 -O1 (internal compiler error)
FAIL: libgomp.fortran/pointer1.f90 -O1 (test for excess errors)
UNRESOLVED: libgomp.fortran/pointer1.f90 -O1 compilation failed to produce executable
FAIL: libgomp.fortran/pointer1.f90 -O2 (internal compiler error)
FAIL: libgomp.fortran/pointer1.f90 -O2 (test for excess errors)
UNRESOLVED: libgomp.fortran/pointer1.f90 -O2 compilation failed to produce executable
FAIL: libgomp.fortran/pointer1.f90 -O3 -fomit-frame-pointer -funroll-loops -fpeel-loops -ftracer -finline-functions (internal compiler error)
FAIL: libgomp.fortran/pointer1.f90 -O3 -fomit-frame-pointer -funroll-loops -fpeel-loops -ftracer -finline-functions (test for excess errors)
UNRESOLVED: libgomp.fortran/pointer1.f90 -O3 -fomit-frame-pointer -funroll-loops -fpeel-loops -ftracer -finline-functions compilation failed to produce executable
FAIL: libgomp.fortran/pointer1.f90 -O3 -g (internal compiler error)
FAIL: libgomp.fortran/pointer1.f90 -O3 -g (test for excess errors)
UNRESOLVED: libgomp.fortran/pointer1.f90 -O3 -g compilation failed to produce executable
FAIL: libgomp.fortran/pointer1.f90 -Os (internal compiler error)
FAIL: libgomp.fortran/pointer1.f90 -Os (test for excess errors)
UNRESOLVED: libgomp.fortran/pointer1.f90 -Os compilation failed to produce executable
FAIL: libgomp.fortran/pointer2.f90 -O0 (internal compiler error)
FAIL: libgomp.fortran/pointer2.f90 -O0 (test for excess errors)
UNRESOLVED: libgomp.fortran/pointer2.f90 -O0 compilation failed to produce executable
FAIL: libgomp.fortran/pointer2.f90 -O1 (internal compiler error)
FAIL: libgomp.fortran/pointer2.f90 -O1 (test for excess errors)
UNRESOLVED: libgomp.fortran/pointer2.f90 -O1 compilation failed to produce executable
FAIL: libgomp.fortran/pointer2.f90 -O2 (internal compiler error)
FAIL: libgomp.fortran/pointer2.f90 -O2 (test for excess errors)
UNRESOLVED: libgomp.fortran/pointer2.f90 -O2 compilation failed to produce executable
FAIL: libgomp.fortran/pointer2.f90 -O3 -fomit-frame-pointer -funroll-loops -fpeel-loops -ftracer -finline-functions (internal compiler error)
FAIL: libgomp.fortran/pointer2.f90 -O3 -fomit-frame-pointer -funroll-loops -fpeel-loops -ftracer -finline-functions (test for excess errors)
UNRESOLVED: libgomp.fortran/pointer2.f90 -O3 -fomit-frame-pointer -funroll-loops -fpeel-loops -ftracer -finline-functions compilation failed to produce executable
FAIL: libgomp.fortran/pointer2.f90 -O3 -g (internal compiler error)
FAIL: libgomp.fortran/pointer2.f90 -O3 -g (test for excess errors)
UNRESOLVED: libgomp.fortran/pointer2.f90 -O3 -g compilation failed to produce executable
FAIL: libgomp.fortran/pointer2.f90 -Os (internal compiler error)
FAIL: libgomp.fortran/pointer2.f90 -Os (test for excess errors)
UNRESOLVED: libgomp.fortran/pointer2.f90 -Os compilation failed to produce executable
=== libgomp Summary for unix ===
# of expected passes 5311
# of unexpected failures 24
# of unresolved testcases 12
# of unsupported tests 290
=== libgomp Summary ===
# of expected passes 10622
# of unexpected failures 48
# of unresolved testcases 24
# of unsupported tests 580
=== libitm tests ===
Running target unix/-m32
=== libitm Summary for unix/-m32 ===
# of expected passes 42
# of expected failures 3
# of unsupported tests 1
Running target unix
=== libitm Summary for unix ===
# of expected passes 42
# of expected failures 3
# of unsupported tests 1
=== libitm Summary ===
# of expected passes 84
# of expected failures 6
# of unsupported tests 2
=== libstdc++ tests ===
Running target unix
=== libstdc++ Summary for unix ===
# of expected passes 12198
# of expected failures 71
# of unsupported tests 571
Running target unix/-m32
=== libstdc++ Summary for unix/-m32 ===
# of expected passes 12206
# of expected failures 71
# of unsupported tests 567
=== libstdc++ Summary ===
# of expected passes 24404
# of expected failures 142
# of unsupported tests 1138
Compiler version: 8.0.0 20180114 (experimental) [trunk revision 256677] (GCC)
Platform: x86_64-pc-linux-gnu
configure flags: --prefix=/export/devel/build/gcc/head/testbin