This is the mail archive of the
gcc-testresults@gcc.gnu.org
mailing list for the GCC project.
Results for 8.0.0 20180105 (experimental) [trunk revision 256274] (GCC) testsuite on i386-pc-solaris2.11
- From: Rainer Orth <ro at CeBiTec dot Uni-Bielefeld dot DE>
- To: gcc-testresults at gcc dot gnu dot org
- Date: Sat, 6 Jan 2018 10:12:52 +0100 (MET)
- Subject: Results for 8.0.0 20180105 (experimental) [trunk revision 256274] (GCC) testsuite on i386-pc-solaris2.11
- Authentication-results: sourceware.org; auth=none
LAST_UPDATED: Fri Jan 5 09:53:23 UTC 2018 (revision 256274)
=== acats tests ===
FAIL: ad7006a
=== acats Summary ===
# of expected passes 2319
# of unexpected failures 1
Native configuration is i386-pc-solaris2.11
=== g++ tests ===
Running target unix
FAIL: tmpdir-g++.dg-struct-layout-1/t012 cp_compat_x_tst.o-cp_compat_y_tst.o link
FAIL: tmpdir-g++.dg-struct-layout-1/t022 cp_compat_x_tst.o compile
UNRESOLVED: tmpdir-g++.dg-struct-layout-1/t022 cp_compat_x_tst.o-cp_compat_y_tst.o execute
UNRESOLVED: tmpdir-g++.dg-struct-layout-1/t022 cp_compat_x_tst.o-cp_compat_y_tst.o link
UNRESOLVED: tmpdir-g++.dg-struct-layout-1/t024 cp_compat_x_tst.o-cp_compat_y_tst.o execute
UNRESOLVED: tmpdir-g++.dg-struct-layout-1/t024 cp_compat_x_tst.o-cp_compat_y_tst.o link
FAIL: tmpdir-g++.dg-struct-layout-1/t024 cp_compat_y_tst.o compile
FAIL: g++.dg/ipa/devirt-22.C -std=gnu++11 scan-ipa-dump-times cp "Discovered a virtual call to a known target" 1 (found 2 times)
FAIL: g++.dg/ipa/devirt-22.C -std=gnu++14 scan-ipa-dump-times cp "Discovered a virtual call to a known target" 1 (found 2 times)
FAIL: g++.dg/ipa/devirt-22.C -std=gnu++98 scan-ipa-dump-times cp "Discovered a virtual call to a known target" 1 (found 2 times)
FAIL: g++.dg/pr62079.C (internal compiler error)
FAIL: g++.dg/pr62079.C (test for excess errors)
FAIL: g++.dg/template/nontype10.C -std=c++11 (test for excess errors)
FAIL: g++.dg/template/nontype10.C -std=c++14 (test for excess errors)
FAIL: g++.dg/template/nontype10.C -std=c++98 (test for excess errors)
FAIL: g++.dg/vect/slp-pr56812.cc -std=c++11 scan-tree-dump-times slp1 "basic block vectorized" 1 (found 0 times)
FAIL: g++.dg/vect/slp-pr56812.cc -std=c++14 scan-tree-dump-times slp1 "basic block vectorized" 1 (found 0 times)
FAIL: g++.dg/vect/slp-pr56812.cc -std=c++98 scan-tree-dump-times slp1 "basic block vectorized" 1 (found 0 times)
=== g++ Summary for unix ===
# of expected passes 110896
# of unexpected failures 14
# of expected failures 484
# of unresolved testcases 4
# of unsupported tests 4352
Running target unix/-m64
FAIL: g++.dg/ipa/devirt-22.C -std=gnu++11 scan-ipa-dump-times cp "Discovered a virtual call to a known target" 1 (found 2 times)
FAIL: g++.dg/ipa/devirt-22.C -std=gnu++14 scan-ipa-dump-times cp "Discovered a virtual call to a known target" 1 (found 2 times)
FAIL: g++.dg/ipa/devirt-22.C -std=gnu++98 scan-ipa-dump-times cp "Discovered a virtual call to a known target" 1 (found 2 times)
FAIL: g++.dg/vect/slp-pr56812.cc -std=c++11 scan-tree-dump-times slp1 "basic block vectorized" 1 (found 0 times)
FAIL: g++.dg/vect/slp-pr56812.cc -std=c++14 scan-tree-dump-times slp1 "basic block vectorized" 1 (found 0 times)
FAIL: g++.dg/vect/slp-pr56812.cc -std=c++98 scan-tree-dump-times slp1 "basic block vectorized" 1 (found 0 times)
=== g++ Summary for unix/-m64 ===
# of expected passes 112430
# of unexpected failures 6
# of expected failures 487
# of unsupported tests 4538
=== g++ Summary ===
# of expected passes 223326
# of unexpected failures 20
# of expected failures 971
# of unresolved testcases 4
# of unsupported tests 8890
/var/gcc/regression/trunk/11-gcc/build/gcc/testsuite/g++/../../xg++ version 8.0.0 20180105 (experimental) [trunk revision 256274] (GCC)
=== gcc tests ===
Running target unix
FAIL: gcc.c-torture/compile/20001226-1.c -O2 (internal compiler error)
FAIL: gcc.c-torture/compile/20001226-1.c -O2 (test for excess errors)
FAIL: gcc.c-torture/compile/20020312-1.c -Os (test for excess errors)
FAIL: gcc.c-torture/compile/pr61159.c -O0 (test for excess errors)
FAIL: gcc.c-torture/compile/pr61159.c -O1 (test for excess errors)
FAIL: gcc.c-torture/compile/pr61159.c -O2 (test for excess errors)
FAIL: gcc.c-torture/compile/pr61159.c -O2 -flto (test for excess errors)
FAIL: gcc.c-torture/compile/pr61159.c -O2 -flto -flto-partition=none (test for excess errors)
FAIL: gcc.c-torture/compile/pr61159.c -O3 -g (test for excess errors)
FAIL: gcc.c-torture/compile/pr61159.c -Os (test for excess errors)
FAIL: gcc.dg/debug/pr41893-1.c -gdwarf-2 -g3 (test for excess errors)
FAIL: gcc.dg/debug/pr41893-1.c -gdwarf-2 -g3 -O (test for excess errors)
FAIL: gcc.dg/debug/pr41893-1.c -gdwarf-2 -g3 -O3 (test for excess errors)
FAIL: gcc.dg/attr-weakref-1.c (test for excess errors)
WARNING: gcc.dg/attr-weakref-1.c compilation failed to produce executable
FAIL: gcc.dg/visibility-22.c execution test
FAIL: gcc.dg/ipa/inline-1.c scan-ipa-dump inline "op2 change 9.990000. of time"
FAIL: gcc.dg/ipa/inline-1.c scan-ipa-dump inline "op3 change 9.990000. of time"
FAIL: gcc.dg/ipa/inline-1.c scan-ipa-dump inline "op4 change 9.990000. of time"
FAIL: gcc.dg/ipa/inline-1.c scan-ipa-dump inline "op5 change 9.990000. of time"
FAIL: gcc.dg/torture/pr60092.c -O0 execution test
XPASS: gcc.dg/vect/vect-95.c -flto -ffat-lto-objects scan-tree-dump-times vect "Alignment of access forced using peeling" 0
XPASS: gcc.dg/vect/vect-95.c scan-tree-dump-times vect "Alignment of access forced using peeling" 0
FAIL: gcc.target/i386/pr50038.c scan-assembler-times movzbl 2 (found 3 times)
FAIL: gcc.target/i386/pr80569.c (test for excess errors)
=== gcc Summary for unix ===
# of expected passes 118665
# of unexpected failures 22
# of unexpected successes 2
# of expected failures 393
# of unsupported tests 2685
Running target unix/-m64
FAIL: gcc.c-torture/compile/pr61159.c -O0 (test for excess errors)
FAIL: gcc.c-torture/compile/pr61159.c -O1 (test for excess errors)
FAIL: gcc.c-torture/compile/pr61159.c -O2 (test for excess errors)
FAIL: gcc.c-torture/compile/pr61159.c -O2 -flto (test for excess errors)
FAIL: gcc.c-torture/compile/pr61159.c -O2 -flto -flto-partition=none (test for excess errors)
FAIL: gcc.c-torture/compile/pr61159.c -O3 -g (test for excess errors)
FAIL: gcc.c-torture/compile/pr61159.c -Os (test for excess errors)
FAIL: gcc.dg/debug/pr41893-1.c -gdwarf-2 -g3 (test for excess errors)
FAIL: gcc.dg/debug/pr41893-1.c -gdwarf-2 -g3 -O (test for excess errors)
FAIL: gcc.dg/debug/pr41893-1.c -gdwarf-2 -g3 -O3 (test for excess errors)
FAIL: gcc.dg/attr-weakref-1.c (test for excess errors)
WARNING: gcc.dg/attr-weakref-1.c compilation failed to produce executable
FAIL: gcc.dg/visibility-22.c execution test
FAIL: gcc.dg/ipa/inline-1.c scan-ipa-dump inline "op2 change 9.990000. of time"
FAIL: gcc.dg/ipa/inline-1.c scan-ipa-dump inline "op3 change 9.990000. of time"
FAIL: gcc.dg/ipa/inline-1.c scan-ipa-dump inline "op4 change 9.990000. of time"
FAIL: gcc.dg/ipa/inline-1.c scan-ipa-dump inline "op5 change 9.990000. of time"
FAIL: gcc.dg/rtl/x86_64/final.c (internal compiler error)
FAIL: gcc.dg/rtl/x86_64/final.c (test for excess errors)
UNRESOLVED: gcc.dg/rtl/x86_64/final.c scan-assembler .cfi_endproc
UNRESOLVED: gcc.dg/rtl/x86_64/final.c scan-assembler .cfi_startproc
UNRESOLVED: gcc.dg/rtl/x86_64/final.c scan-assembler ret
UNRESOLVED: gcc.dg/rtl/x86_64/final.c scan-assembler test_1:
FAIL: gcc.dg/torture/pr60092.c -O0 execution test
XPASS: gcc.dg/vect/vect-95.c -flto -ffat-lto-objects scan-tree-dump-times vect "Alignment of access forced using peeling" 0
XPASS: gcc.dg/vect/vect-95.c scan-tree-dump-times vect "Alignment of access forced using peeling" 0
FAIL: gcc.target/i386/pr80569.c (test for excess errors)
=== gcc Summary for unix/-m64 ===
# of expected passes 120237
# of unexpected failures 20
# of unexpected successes 2
# of expected failures 388
# of unresolved testcases 4
# of unsupported tests 2649
=== gcc Summary ===
# of expected passes 238902
# of unexpected failures 42
# of unexpected successes 4
# of expected failures 781
# of unresolved testcases 4
# of unsupported tests 5334
/var/gcc/regression/trunk/11-gcc/build/gcc/xgcc version 8.0.0 20180105 (experimental) [trunk revision 256274] (GCC)
=== gfortran tests ===
Running target unix
FAIL: gfortran.dg/actual_array_constructor_3.f90 -O1 (test for excess errors)
WARNING: gfortran.dg/actual_array_constructor_3.f90 -O1 compilation failed to produce executable
=== gfortran Summary for unix ===
# of expected passes 46249
# of unexpected failures 1
# of expected failures 92
# of unsupported tests 191
Running target unix/-m64
=== gfortran Summary for unix/-m64 ===
# of expected passes 46468
# of expected failures 92
# of unsupported tests 88
=== gfortran Summary ===
# of expected passes 92717
# of unexpected failures 1
# of expected failures 184
# of unsupported tests 279
/var/gcc/regression/trunk/11-gcc/build/gcc/testsuite/gfortran/../../gfortran version 8.0.0 20180105 (experimental) [trunk revision 256274] (GCC)
=== gnat tests ===
Running target unix
FAIL: gnat.dg/in_out_parameter.adb (test for excess errors)
FAIL: gnat.dg/in_out_parameter2.adb (test for excess errors)
WARNING: gnat.dg/in_out_parameter2.adb compilation failed to produce executable
=== gnat Summary for unix ===
# of expected passes 2663
# of unexpected failures 2
# of expected failures 24
# of unsupported tests 7
Running target unix/-m64
=== gnat Summary for unix/-m64 ===
# of expected passes 2666
# of expected failures 24
# of unsupported tests 7
=== gnat Summary ===
# of expected passes 5329
# of unexpected failures 2
# of expected failures 48
# of unsupported tests 14
/var/gcc/regression/trunk/11-gcc/build/gcc/gnatmake version 8.0.0 20180105 (experimental) [trunk revision 256274]
=== go tests ===
Running target unix
FAIL: go.go-torture/execute/map-1.go compilation, -O2 -fomit-frame-pointer -finline-functions -funroll-loops
FAIL: ./index0-out.go compilation, -O0 -g -fno-var-tracking-assignments
=== go Summary for unix ===
# of expected passes 7361
# of unexpected failures 2
# of expected failures 1
# of untested testcases 12
# of unsupported tests 2
Running target unix/-m64
FAIL: ./index0-out.go compilation, -O0 -g -fno-var-tracking-assignments
FAIL: go.test/test/64bit.go execution
FAIL: go.test/test/append.go execution, -O2 -g
FAIL: go.test/test/chan/doubleselect.go execution, -O2 -g
FAIL: go.test/test/mapnan.go execution, -O2 -g
=== go Summary for unix/-m64 ===
# of expected passes 7238
# of unexpected failures 5
# of expected failures 1
# of untested testcases 11
# of unsupported tests 1
=== go Summary ===
# of expected passes 14599
# of unexpected failures 7
# of expected failures 2
# of untested testcases 23
# of unsupported tests 3
=== obj-c++ tests ===
Running target unix
FAIL: obj-c++.dg/torture/strings/const-str-7.mm -O2 -flto -fgnu-runtime (test for excess errors)
WARNING: obj-c++.dg/torture/strings/const-str-7.mm -O2 -flto -fgnu-runtime compilation failed to produce executable
=== obj-c++ Summary for unix ===
# of expected passes 1462
# of unexpected failures 1
# of expected failures 2
# of unsupported tests 77
Running target unix/-m64
=== obj-c++ Summary for unix/-m64 ===
# of expected passes 1456
# of expected failures 10
# of unsupported tests 77
=== obj-c++ Summary ===
# of expected passes 2918
# of unexpected failures 1
# of expected failures 12
# of unsupported tests 154
/var/gcc/regression/trunk/11-gcc/build/gcc/testsuite/obj-c++/../../xg++ version 8.0.0 20180105 (experimental) [trunk revision 256274] (GCC)
=== objc tests ===
Running target unix
FAIL: objc/execute/encode-1.m compilation, -O3 -g -fgnu-runtime
UNRESOLVED: objc/execute/encode-1.m execution, -O3 -g -fgnu-runtime
=== objc Summary for unix ===
# of expected passes 2795
# of unexpected failures 1
# of expected failures 6
# of unresolved testcases 1
# of unsupported tests 68
Running target unix/-m64
=== objc Summary for unix/-m64 ===
# of expected passes 2797
# of expected failures 6
# of unsupported tests 68
=== objc Summary ===
# of expected passes 5592
# of unexpected failures 1
# of expected failures 12
# of unresolved testcases 1
# of unsupported tests 136
/var/gcc/regression/trunk/11-gcc/build/gcc/xgcc version 8.0.0 20180105 (experimental) [trunk revision 256274] (GCC)
=== gotools tests ===
FAIL: go test cmd/go
FAIL: go test runtime
FAIL: go test misc/cgo/test
FAIL: TestCompileWithoutShared
FAIL: TestEarlySignalHandler
FAIL: TestInstall
FAIL: TestOsSignal
FAIL: TestPIE
FAIL: TestSIGPROF
FAIL: TestSigaltstack
FAIL: TestSignalForwarding
FAIL: TestSignalForwardingExternal
FAIL: go test misc/cgo/testcarchive
=== gotools Summary ===
# of expected passes 66
# of unexpected failures 13
# of untested testcases 7
/var/gcc/regression/trunk/11-gcc/build/./gcc/gccgo version 8.0.0 20180105 (experimental) [trunk revision 256274] (GCC)
=== libatomic tests ===
Running target unix
=== libatomic Summary for unix ===
# of expected passes 44
# of unsupported tests 5
Running target unix/-m64
=== libatomic Summary for unix/-m64 ===
# of expected passes 54
=== libatomic Summary ===
# of expected passes 98
# of unsupported tests 5
=== libffi tests ===
Running target unix
FAIL: libffi.call/cls_struct_va1.c -W -Wall -Wno-psabi -O2 (test for excess errors)
WARNING: libffi.call/cls_struct_va1.c -W -Wall -Wno-psabi -O2 compilation failed to produce executable
FAIL: libffi.call/cls_struct_va1.c -W -Wall -Wno-psabi -O3 (test for excess errors)
WARNING: libffi.call/cls_struct_va1.c -W -Wall -Wno-psabi -O3 compilation failed to produce executable
=== libffi Summary for unix ===
# of expected passes 2793
# of unexpected failures 2
Running target unix/-m64
=== libffi Summary for unix/-m64 ===
# of expected passes 2214
=== libffi Summary ===
# of expected passes 5007
# of unexpected failures 2
=== libgo tests ===
Running target unix
FAIL: runtime
FAIL: go/build
=== libgo Summary for unix ===
# of expected passes 154
# of unexpected failures 2
Running target unix/-m64
FAIL: fmt
FAIL: net
FAIL: os
FAIL: runtime
FAIL: sync
FAIL: crypto/tls
FAIL: database/sql
FAIL: go/build
FAIL: go/printer
FAIL: image/jpeg
FAIL: mime/quotedprintable
FAIL: net/http
FAIL: net/rpc
FAIL: os/exec
FAIL: runtime/pprof
FAIL: runtime/trace
FAIL: sync/atomic
=== libgo Summary for unix/-m64 ===
# of expected passes 139
# of unexpected failures 17
=== libgo Summary ===
# of expected passes 293
# of unexpected failures 19
/var/gcc/regression/trunk/11-gcc/build/./gcc/gccgo version 8.0.0 20180105 (experimental) [trunk revision 256274] (GCC)
=== libgomp tests ===
Running target unix
FAIL: libgomp.c/for-5.c (test for excess errors)
WARNING: libgomp.c/for-5.c compilation failed to produce executable
FAIL: libgomp.graphite/force-parallel-1.c scan-tree-dump-times graphite "2 loops carried no dependency" 1 (found 0 times)
FAIL: libgomp.graphite/force-parallel-1.c scan-tree-dump-times optimized "loopfn" 8 (found 12 times)
=== libgomp Summary for unix ===
# of expected passes 5253
# of unexpected failures 3
# of unsupported tests 352
Running target unix/-m64
FAIL: libgomp.graphite/force-parallel-1.c scan-tree-dump-times graphite "2 loops carried no dependency" 1 (found 0 times)
FAIL: libgomp.graphite/force-parallel-1.c scan-tree-dump-times optimized "loopfn" 8 (found 12 times)
=== libgomp Summary for unix/-m64 ===
# of expected passes 5255
# of unexpected failures 2
# of unsupported tests 352
=== libgomp Summary ===
# of expected passes 10508
# of unexpected failures 5
# of unsupported tests 704
=== libitm tests ===
Running target unix
=== libitm Summary for unix ===
# of expected passes 42
# of expected failures 3
# of unsupported tests 1
Running target unix/-m64
=== libitm Summary for unix/-m64 ===
# of expected passes 42
# of expected failures 3
# of unsupported tests 1
=== libitm Summary ===
# of expected passes 84
# of expected failures 6
# of unsupported tests 2
=== libstdc++ tests ===
Running target unix
FAIL: 17_intro/headers/c++1998/complex.cc (test for excess errors)
FAIL: 20_util/allocator/1.cc (test for excess errors)
WARNING: 20_util/allocator/1.cc compilation failed to produce executable
FAIL: 20_util/allocator/overaligned.cc (test for excess errors)
WARNING: 20_util/allocator/overaligned.cc compilation failed to produce executable
FAIL: 20_util/allocator_traits/members/pointers.cc (test for excess errors)
FAIL: 20_util/allocator_traits/members/rebind_alloc.cc (test for excess errors)
FAIL: 20_util/any/cons/nontrivial.cc (test for excess errors)
WARNING: 20_util/any/cons/nontrivial.cc compilation failed to produce executable
=== libstdc++ Summary for unix ===
# of expected passes 11268
# of unexpected failures 6
# of expected failures 70
# of unsupported tests 631
Running target unix/-m64
=== libstdc++ Summary for unix/-m64 ===
# of expected passes 11269
# of expected failures 70
# of unsupported tests 635
=== libstdc++ Summary ===
# of expected passes 22537
# of unexpected failures 6
# of expected failures 140
# of unsupported tests 1266
Compiler version: 8.0.0 20180105 (experimental) [trunk revision 256274] (GCC)
Platform: i386-pc-solaris2.11
configure flags: --prefix=/vol/gcc --target=i386-pc-solaris2.11 --enable-objc-gc --with-target-bdw-gc-include=/vol/gcc/include --with-target-bdw-gc-lib=/vol/gcc/lib,amd64=/vol/gcc/lib/amd64 --enable-libmudflap --with-as=/usr/ccs/bin/as --without-gnu-as --with-gmp-include=/vol/gcc/include --with-gmp-lib=/vol/gcc/lib --with-mpfr-include=/vol/gcc/include --with-mpfr-lib=/vol/gcc/lib --with-mpc-include=/vol/gcc/include --with-mpc-lib=/vol/gcc/lib --enable-languages=all,ada,obj-c++,go --with-isl-include=/vol/gcc/include --with-isl-lib=/vol/gcc/lib --build=i386-pc-solaris2.11 --host=i386-pc-solaris2.11
BOOT_CFLAGS=-g -O2