This is the mail archive of the
gcc-testresults@gcc.gnu.org
mailing list for the GCC project.
Results for 8.0.0 20180105 (experimental) [trunk revision 256274] (GCC) testsuite on x86_64-pc-solaris2.11
- From: Rainer Orth <ro at CeBiTec dot Uni-Bielefeld dot DE>
- To: gcc-testresults at gcc dot gnu dot org
- Date: Sat, 6 Jan 2018 10:11:36 +0100 (CET)
- Subject: Results for 8.0.0 20180105 (experimental) [trunk revision 256274] (GCC) testsuite on x86_64-pc-solaris2.11
- Authentication-results: sourceware.org; auth=none
LAST_UPDATED: Fri Jan 5 09:53:23 UTC 2018 (revision 256274)
Native configuration is x86_64-pc-solaris2.11
=== libatomic tests ===
Running target unix/-m32
=== libatomic Summary for unix/-m32 ===
# of expected passes 44
# of unsupported tests 5
Running target unix
=== libatomic Summary for unix ===
# of expected passes 54
=== libatomic Summary ===
# of expected passes 98
# of unsupported tests 5
=== libffi tests ===
Running target unix/-m32
=== libffi Summary for unix/-m32 ===
# of expected passes 2799
Running target unix
=== libffi Summary for unix ===
# of expected passes 2214
=== libffi Summary ===
# of expected passes 5013
=== libgo tests ===
Running target unix
FAIL: go/build
=== libgo Summary for unix ===
# of expected passes 155
# of unexpected failures 1
Running target unix/-m32
FAIL: runtime
FAIL: go/build
=== libgo Summary for unix/-m32 ===
# of expected passes 154
# of unexpected failures 2
=== libgo Summary ===
# of expected passes 309
# of unexpected failures 3
/var/gcc/regression/trunk/11.4-gcc-64/build/./gcc/gccgo version 8.0.0 20180105 (experimental) [trunk revision 256274] (GCC)
=== libgomp tests ===
Running target unix/-m32
FAIL: libgomp.graphite/force-parallel-1.c scan-tree-dump-times graphite "2 loops carried no dependency" 1 (found 0 times)
FAIL: libgomp.graphite/force-parallel-1.c scan-tree-dump-times optimized "loopfn" 8 (found 12 times)
=== libgomp Summary for unix/-m32 ===
# of expected passes 5255
# of unexpected failures 2
# of unsupported tests 352
Running target unix
FAIL: libgomp.graphite/force-parallel-1.c scan-tree-dump-times graphite "2 loops carried no dependency" 1 (found 0 times)
FAIL: libgomp.graphite/force-parallel-1.c scan-tree-dump-times optimized "loopfn" 8 (found 12 times)
=== libgomp Summary for unix ===
# of expected passes 5255
# of unexpected failures 2
# of unsupported tests 352
=== libgomp Summary ===
# of expected passes 10510
# of unexpected failures 4
# of unsupported tests 704
=== libitm tests ===
Running target unix/-m32
=== libitm Summary for unix/-m32 ===
# of expected passes 42
# of expected failures 3
# of unsupported tests 1
Running target unix
=== libitm Summary for unix ===
# of expected passes 42
# of expected failures 3
# of unsupported tests 1
=== libitm Summary ===
# of expected passes 84
# of expected failures 6
# of unsupported tests 2
=== libstdc++ tests ===
Running target unix
=== libstdc++ Summary for unix ===
# of expected passes 11281
# of expected failures 70
# of unsupported tests 629
Running target unix/-m32
FAIL: experimental/memory_resource/resource_adaptor.cc execution test
=== libstdc++ Summary for unix/-m32 ===
# of expected passes 11288
# of unexpected failures 1
# of expected failures 70
# of unsupported tests 625
=== libstdc++ Summary ===
# of expected passes 22569
# of unexpected failures 1
# of expected failures 140
# of unsupported tests 1254
=== acats tests ===
=== acats Summary ===
# of expected passes 2320
# of unexpected failures 0
=== g++ tests ===
Running target unix
FAIL: g++.dg/ipa/devirt-22.C -std=gnu++11 scan-ipa-dump-times cp "Discovered a virtual call to a known target" 1 (found 2 times)
FAIL: g++.dg/ipa/devirt-22.C -std=gnu++14 scan-ipa-dump-times cp "Discovered a virtual call to a known target" 1 (found 2 times)
FAIL: g++.dg/ipa/devirt-22.C -std=gnu++98 scan-ipa-dump-times cp "Discovered a virtual call to a known target" 1 (found 2 times)
FAIL: g++.dg/gcov/pr16855-priority.C -std=gnu++11 gcov: 1 failures in line counts, 0 in branch percentages, 0 in return percentages, 0 in intermediate format
FAIL: g++.dg/gcov/pr16855-priority.C -std=gnu++11 line 22: is #####:should be 1
FAIL: g++.dg/gcov/pr16855-priority.C -std=gnu++14 gcov: 1 failures in line counts, 0 in branch percentages, 0 in return percentages, 0 in intermediate format
FAIL: g++.dg/gcov/pr16855-priority.C -std=gnu++14 line 22: is #####:should be 1
FAIL: g++.dg/gcov/pr16855-priority.C -std=gnu++98 gcov: 1 failures in line counts, 0 in branch percentages, 0 in return percentages, 0 in intermediate format
FAIL: g++.dg/gcov/pr16855-priority.C -std=gnu++98 line 22: is #####:should be 1
FAIL: g++.dg/gcov/pr16855.C -std=gnu++11 gcov: 1 failures in line counts, 0 in branch percentages, 0 in return percentages, 0 in intermediate format
FAIL: g++.dg/gcov/pr16855.C -std=gnu++11 line 21: is #####:should be 1
FAIL: g++.dg/gcov/pr16855.C -std=gnu++14 gcov: 1 failures in line counts, 0 in branch percentages, 0 in return percentages, 0 in intermediate format
FAIL: g++.dg/gcov/pr16855.C -std=gnu++14 line 21: is #####:should be 1
FAIL: g++.dg/gcov/pr16855.C -std=gnu++98 gcov: 1 failures in line counts, 0 in branch percentages, 0 in return percentages, 0 in intermediate format
FAIL: g++.dg/gcov/pr16855.C -std=gnu++98 line 21: is #####:should be 1
FAIL: g++.dg/vect/slp-pr56812.cc -std=c++11 scan-tree-dump-times slp1 "basic block vectorized" 1 (found 0 times)
FAIL: g++.dg/vect/slp-pr56812.cc -std=c++14 scan-tree-dump-times slp1 "basic block vectorized" 1 (found 0 times)
FAIL: g++.dg/vect/slp-pr56812.cc -std=c++98 scan-tree-dump-times slp1 "basic block vectorized" 1 (found 0 times)
=== g++ Summary for unix ===
# of expected passes 112559
# of unexpected failures 18
# of expected failures 484
# of unsupported tests 4491
Running target unix/-m32
FAIL: g++.dg/ipa/devirt-22.C -std=gnu++11 scan-ipa-dump-times cp "Discovered a virtual call to a known target" 1 (found 2 times)
FAIL: g++.dg/ipa/devirt-22.C -std=gnu++14 scan-ipa-dump-times cp "Discovered a virtual call to a known target" 1 (found 2 times)
FAIL: g++.dg/ipa/devirt-22.C -std=gnu++98 scan-ipa-dump-times cp "Discovered a virtual call to a known target" 1 (found 2 times)
FAIL: g++.dg/opt/pr59470.C -std=gnu++11 (test for excess errors)
WARNING: g++.dg/opt/pr59470.C -std=gnu++11 compilation failed to produce executable
FAIL: g++.dg/opt/pr59470.C -std=gnu++14 (test for excess errors)
WARNING: g++.dg/opt/pr59470.C -std=gnu++14 compilation failed to produce executable
FAIL: g++.dg/opt/pr59470.C -std=gnu++98 (test for excess errors)
WARNING: g++.dg/opt/pr59470.C -std=gnu++98 compilation failed to produce executable
FAIL: g++.dg/pr62079.C (internal compiler error)
FAIL: g++.dg/pr62079.C (test for excess errors)
FAIL: g++.dg/template/nontype10.C -std=c++11 (test for excess errors)
FAIL: g++.dg/template/nontype10.C -std=c++14 (test for excess errors)
FAIL: g++.dg/template/nontype10.C -std=c++98 (test for excess errors)
FAIL: g++.dg/gcov/pr16855-priority.C -std=gnu++11 gcov: 1 failures in line counts, 0 in branch percentages, 0 in return percentages, 0 in intermediate format
FAIL: g++.dg/gcov/pr16855-priority.C -std=gnu++11 line 22: is #####:should be 1
FAIL: g++.dg/gcov/pr16855-priority.C -std=gnu++14 gcov: 1 failures in line counts, 0 in branch percentages, 0 in return percentages, 0 in intermediate format
FAIL: g++.dg/gcov/pr16855-priority.C -std=gnu++14 line 22: is #####:should be 1
FAIL: g++.dg/gcov/pr16855-priority.C -std=gnu++98 gcov: 1 failures in line counts, 0 in branch percentages, 0 in return percentages, 0 in intermediate format
FAIL: g++.dg/gcov/pr16855-priority.C -std=gnu++98 line 22: is #####:should be 1
FAIL: g++.dg/gcov/pr16855.C -std=gnu++11 gcov: 1 failures in line counts, 0 in branch percentages, 0 in return percentages, 0 in intermediate format
FAIL: g++.dg/gcov/pr16855.C -std=gnu++11 line 21: is #####:should be 1
FAIL: g++.dg/gcov/pr16855.C -std=gnu++14 gcov: 1 failures in line counts, 0 in branch percentages, 0 in return percentages, 0 in intermediate format
FAIL: g++.dg/gcov/pr16855.C -std=gnu++14 line 21: is #####:should be 1
FAIL: g++.dg/gcov/pr16855.C -std=gnu++98 gcov: 1 failures in line counts, 0 in branch percentages, 0 in return percentages, 0 in intermediate format
FAIL: g++.dg/gcov/pr16855.C -std=gnu++98 line 21: is #####:should be 1
FAIL: g++.dg/vect/slp-pr56812.cc -std=c++11 scan-tree-dump-times slp1 "basic block vectorized" 1 (found 0 times)
FAIL: g++.dg/vect/slp-pr56812.cc -std=c++14 scan-tree-dump-times slp1 "basic block vectorized" 1 (found 0 times)
FAIL: g++.dg/vect/slp-pr56812.cc -std=c++98 scan-tree-dump-times slp1 "basic block vectorized" 1 (found 0 times)
=== g++ Summary for unix/-m32 ===
# of expected passes 111027
# of unexpected failures 26
# of expected failures 481
# of unsupported tests 4305
=== g++ Summary ===
# of expected passes 223586
# of unexpected failures 44
# of expected failures 965
# of unsupported tests 8796
/var/gcc/regression/trunk/11.4-gcc-64/build/gcc/testsuite/g++/../../xg++ version 8.0.0 20180105 (experimental) [trunk revision 256274] (GCC)
=== gcc tests ===
Running target unix
FAIL: gcc.c-torture/compile/pr61159.c -O0 (test for excess errors)
FAIL: gcc.c-torture/compile/pr61159.c -O1 (test for excess errors)
FAIL: gcc.c-torture/compile/pr61159.c -O2 (test for excess errors)
FAIL: gcc.c-torture/compile/pr61159.c -O2 -flto (test for excess errors)
FAIL: gcc.c-torture/compile/pr61159.c -O2 -flto -flto-partition=none (test for excess errors)
FAIL: gcc.c-torture/compile/pr61159.c -O3 -g (test for excess errors)
FAIL: gcc.c-torture/compile/pr61159.c -Os (test for excess errors)
FAIL: gcc.dg/debug/pr41893-1.c -gdwarf-2 -g3 (test for excess errors)
FAIL: gcc.dg/debug/pr41893-1.c -gdwarf-2 -g3 -O (test for excess errors)
FAIL: gcc.dg/debug/pr41893-1.c -gdwarf-2 -g3 -O3 (test for excess errors)
FAIL: gcc.dg/attr-weakref-1.c (test for excess errors)
WARNING: gcc.dg/attr-weakref-1.c compilation failed to produce executable
FAIL: gcc.dg/ipa/inline-1.c scan-ipa-dump inline "op2 change 9.990000. of time"
FAIL: gcc.dg/ipa/inline-1.c scan-ipa-dump inline "op3 change 9.990000. of time"
FAIL: gcc.dg/ipa/inline-1.c scan-ipa-dump inline "op4 change 9.990000. of time"
FAIL: gcc.dg/ipa/inline-1.c scan-ipa-dump inline "op5 change 9.990000. of time"
FAIL: gcc.dg/rtl/x86_64/final.c (internal compiler error)
FAIL: gcc.dg/rtl/x86_64/final.c (test for excess errors)
UNRESOLVED: gcc.dg/rtl/x86_64/final.c scan-assembler .cfi_endproc
UNRESOLVED: gcc.dg/rtl/x86_64/final.c scan-assembler .cfi_startproc
UNRESOLVED: gcc.dg/rtl/x86_64/final.c scan-assembler ret
UNRESOLVED: gcc.dg/rtl/x86_64/final.c scan-assembler test_1:
XPASS: gcc.dg/vect/vect-95.c -flto -ffat-lto-objects scan-tree-dump-times vect "Alignment of access forced using peeling" 0
XPASS: gcc.dg/vect/vect-95.c scan-tree-dump-times vect "Alignment of access forced using peeling" 0
FAIL: gcc.target/i386/pr80569.c (test for excess errors)
=== gcc Summary for unix ===
# of expected passes 120491
# of unexpected failures 18
# of unexpected successes 2
# of expected failures 388
# of unresolved testcases 4
# of unsupported tests 2609
Running target unix/-m32
FAIL: gcc.c-torture/compile/pr61159.c -O0 (test for excess errors)
FAIL: gcc.c-torture/compile/pr61159.c -O1 (test for excess errors)
FAIL: gcc.c-torture/compile/pr61159.c -O2 (test for excess errors)
FAIL: gcc.c-torture/compile/pr61159.c -O2 -flto (test for excess errors)
FAIL: gcc.c-torture/compile/pr61159.c -O2 -flto -flto-partition=none (test for excess errors)
FAIL: gcc.c-torture/compile/pr61159.c -O3 -g (test for excess errors)
FAIL: gcc.c-torture/compile/pr61159.c -Os (test for excess errors)
FAIL: gcc.dg/debug/pr41893-1.c -gdwarf-2 -g3 (test for excess errors)
FAIL: gcc.dg/debug/pr41893-1.c -gdwarf-2 -g3 -O (test for excess errors)
FAIL: gcc.dg/debug/pr41893-1.c -gdwarf-2 -g3 -O3 (test for excess errors)
FAIL: gcc.dg/attr-weakref-1.c (test for excess errors)
WARNING: gcc.dg/attr-weakref-1.c compilation failed to produce executable
FAIL: gcc.dg/ipa/inline-1.c scan-ipa-dump inline "op2 change 9.990000. of time"
FAIL: gcc.dg/ipa/inline-1.c scan-ipa-dump inline "op3 change 9.990000. of time"
FAIL: gcc.dg/ipa/inline-1.c scan-ipa-dump inline "op4 change 9.990000. of time"
FAIL: gcc.dg/ipa/inline-1.c scan-ipa-dump inline "op5 change 9.990000. of time"
XPASS: gcc.dg/vect/vect-95.c -flto -ffat-lto-objects scan-tree-dump-times vect "Alignment of access forced using peeling" 0
XPASS: gcc.dg/vect/vect-95.c scan-tree-dump-times vect "Alignment of access forced using peeling" 0
FAIL: gcc.target/i386/pr50038.c scan-assembler-times movzbl 2 (found 3 times)
=== gcc Summary for unix/-m32 ===
# of expected passes 118910
# of unexpected failures 16
# of unexpected successes 2
# of expected failures 393
# of unsupported tests 2657
=== gcc Summary ===
# of expected passes 239401
# of unexpected failures 34
# of unexpected successes 4
# of expected failures 781
# of unresolved testcases 4
# of unsupported tests 5266
/var/gcc/regression/trunk/11.4-gcc-64/build/gcc/xgcc version 8.0.0 20180105 (experimental) [trunk revision 256274] (GCC)
=== gfortran tests ===
Running target unix
=== gfortran Summary for unix ===
# of expected passes 46468
# of expected failures 92
# of unsupported tests 88
Running target unix/-m32
=== gfortran Summary for unix/-m32 ===
# of expected passes 46251
# of expected failures 92
# of unsupported tests 191
=== gfortran Summary ===
# of expected passes 92719
# of expected failures 184
# of unsupported tests 279
/var/gcc/regression/trunk/11.4-gcc-64/build/gcc/testsuite/gfortran/../../gfortran version 8.0.0 20180105 (experimental) [trunk revision 256274] (GCC)
=== gnat tests ===
Running target unix
=== gnat Summary for unix ===
# of expected passes 2666
# of expected failures 24
# of unsupported tests 7
Running target unix/-m32
=== gnat Summary for unix/-m32 ===
# of expected passes 2666
# of expected failures 24
# of unsupported tests 7
=== gnat Summary ===
# of expected passes 5332
# of expected failures 48
# of unsupported tests 14
/var/gcc/regression/trunk/11.4-gcc-64/build/gcc/gnatmake version 8.0.0 20180105 (experimental) [trunk revision 256274]
=== go tests ===
Running target unix
FAIL: ./index0-out.go compilation, -O0 -g -fno-var-tracking-assignments
=== go Summary for unix ===
# of expected passes 7244
# of unexpected failures 1
# of expected failures 1
# of untested testcases 11
# of unsupported tests 1
Running target unix/-m32
FAIL: ./index0-out.go compilation, -O0 -g -fno-var-tracking-assignments
=== go Summary for unix/-m32 ===
# of expected passes 7363
# of unexpected failures 1
# of expected failures 1
# of untested testcases 11
# of unsupported tests 2
=== go Summary ===
# of expected passes 14607
# of unexpected failures 2
# of expected failures 2
# of untested testcases 22
# of unsupported tests 3
=== obj-c++ tests ===
Running target unix/-m32
=== obj-c++ Summary for unix/-m32 ===
# of expected passes 1464
# of expected failures 2
# of unsupported tests 77
Running target unix
=== obj-c++ Summary for unix ===
# of expected passes 1456
# of expected failures 10
# of unsupported tests 77
=== obj-c++ Summary ===
# of expected passes 2920
# of expected failures 12
# of unsupported tests 154
/var/gcc/regression/trunk/11.4-gcc-64/build/gcc/testsuite/obj-c++/../../xg++ version 8.0.0 20180105 (experimental) [trunk revision 256274] (GCC)
=== objc tests ===
Running target unix
=== objc Summary for unix ===
# of expected passes 2797
# of expected failures 6
# of unsupported tests 68
Running target unix/-m32
=== objc Summary for unix/-m32 ===
# of expected passes 2797
# of expected failures 6
# of unsupported tests 68
=== objc Summary ===
# of expected passes 5594
# of expected failures 12
# of unsupported tests 136
/var/gcc/regression/trunk/11.4-gcc-64/build/gcc/xgcc version 8.0.0 20180105 (experimental) [trunk revision 256274] (GCC)
=== gotools tests ===
FAIL: TestCompileWithoutShared
FAIL: TestEarlySignalHandler
FAIL: TestInstall
FAIL: TestOsSignal
FAIL: TestPIE
FAIL: TestSIGPROF
FAIL: TestSigaltstack
FAIL: TestSignalForwarding
FAIL: TestSignalForwardingExternal
FAIL: go test misc/cgo/testcarchive
=== gotools Summary ===
# of expected passes 345
# of unexpected failures 10
# of untested testcases 134
/var/gcc/regression/trunk/11.4-gcc-64/build/./gcc/gccgo version 8.0.0 20180105 (experimental) [trunk revision 256274] (GCC)
Compiler version: 8.0.0 20180105 (experimental) [trunk revision 256274] (GCC)
Platform: x86_64-pc-solaris2.11
configure flags: --prefix=/vol/gcc --target=amd64-pc-solaris2.11 --enable-objc-gc --with-target-bdw-gc-include=/vol/gcc/include --with-target-bdw-gc-lib=/vol/gcc/lib/amd64,32=/vol/gcc/lib --enable-libmudflap --with-as=/usr/ccs/bin/as --without-gnu-as --with-gmp-include=/vol/gcc/include --with-gmp-lib=/vol/gcc/lib/amd64 --with-mpfr-include=/vol/gcc/include --with-mpfr-lib=/vol/gcc/lib/amd64 --with-mpc-include=/vol/gcc/include --with-mpc-lib=/vol/gcc/lib/amd64 --enable-languages=all,ada,obj-c++,go --with-isl-include=/vol/gcc/include --with-isl-lib=/vol/gcc/lib/amd64 --build=amd64-pc-solaris2.11 --host=amd64-pc-solaris2.11
BOOT_CFLAGS=-g -O2