This is the mail archive of the
gcc-testresults@gcc.gnu.org
mailing list for the GCC project.
Results for 8.0.0 20171222 (experimental) [trunk revision 255967] (GCC) testsuite on sparc-sun-solaris2.11
- From: Rainer Orth <ro at CeBiTec dot Uni-Bielefeld dot DE>
- To: gcc-testresults at gcc dot gnu dot org
- Date: Fri, 22 Dec 2017 14:43:01 +0100 (MET)
- Subject: Results for 8.0.0 20171222 (experimental) [trunk revision 255967] (GCC) testsuite on sparc-sun-solaris2.11
- Authentication-results: sourceware.org; auth=none
LAST_UPDATED: Fri Dec 22 09:59:30 UTC 2017 (revision 255967)
=== acats tests ===
=== acats Summary ===
# of expected passes 2320
# of unexpected failures 0
Native configuration is sparc-sun-solaris2.11
=== g++ tests ===
Running target unix
XPASS: g++.dg/debug/dwarf2/nested-4.C -std=gnu++11 scan-assembler-times debug_types 2
XPASS: g++.dg/debug/dwarf2/nested-4.C -std=gnu++14 scan-assembler-times debug_types 2
XPASS: g++.dg/debug/dwarf2/nested-4.C -std=gnu++98 scan-assembler-times debug_types 2
FAIL: c-c++-common/Warray-bounds-4.c -std=gnu++11 (test for warnings, line 67)
FAIL: c-c++-common/Warray-bounds-4.c -std=gnu++14 (test for warnings, line 67)
FAIL: c-c++-common/Warray-bounds-4.c -std=gnu++98 (test for warnings, line 67)
FAIL: c-c++-common/Wrestrict.c -std=gnu++11 (test for excess errors)
FAIL: c-c++-common/Wrestrict.c -std=gnu++14 (test for excess errors)
FAIL: c-c++-common/Wrestrict.c -std=gnu++98 (test for excess errors)
FAIL: g++.dg/ipa/devirt-22.C -std=gnu++11 scan-ipa-dump-times cp "Discovered a virtual call to a known target" 1 (found 2 times)
FAIL: g++.dg/ipa/devirt-22.C -std=gnu++14 scan-ipa-dump-times cp "Discovered a virtual call to a known target" 1 (found 2 times)
FAIL: g++.dg/ipa/devirt-22.C -std=gnu++98 scan-ipa-dump-times cp "Discovered a virtual call to a known target" 1 (found 2 times)
FAIL: g++.dg/template/nontype10.C -std=c++11 (test for excess errors)
FAIL: g++.dg/template/nontype10.C -std=c++14 (test for excess errors)
FAIL: g++.dg/template/nontype10.C -std=c++98 (test for excess errors)
UNRESOLVED: g++.dg/lto/pr51567-1 cp_lto_pr51567-1_0.o-cp_lto_pr51567-1_0.o execute -flto -g
FAIL: g++.dg/lto/pr51567-1 cp_lto_pr51567-1_0.o-cp_lto_pr51567-1_0.o link, -flto -g
UNRESOLVED: g++.dg/lto/pr53470 cp_lto_pr53470_0.o-cp_lto_pr53470_0.o execute -g -flto
FAIL: g++.dg/lto/pr53470 cp_lto_pr53470_0.o-cp_lto_pr53470_0.o link, -g -flto
=== g++ Summary for unix ===
# of expected passes 109276
# of unexpected failures 14
# of unexpected successes 3
# of expected failures 484
# of unresolved testcases 2
# of unsupported tests 4893
Running target unix/-m64
XPASS: g++.dg/debug/dwarf2/nested-4.C -std=gnu++11 scan-assembler-times debug_types 2
XPASS: g++.dg/debug/dwarf2/nested-4.C -std=gnu++14 scan-assembler-times debug_types 2
XPASS: g++.dg/debug/dwarf2/nested-4.C -std=gnu++98 scan-assembler-times debug_types 2
FAIL: c-c++-common/Warray-bounds-4.c -std=gnu++11 (test for warnings, line 67)
FAIL: c-c++-common/Warray-bounds-4.c -std=gnu++14 (test for warnings, line 67)
FAIL: c-c++-common/Warray-bounds-4.c -std=gnu++98 (test for warnings, line 67)
FAIL: c-c++-common/Wrestrict.c -std=gnu++11 (test for excess errors)
FAIL: c-c++-common/Wrestrict.c -std=gnu++14 (test for excess errors)
FAIL: c-c++-common/Wrestrict.c -std=gnu++98 (test for excess errors)
FAIL: g++.dg/ipa/devirt-22.C -std=gnu++11 scan-ipa-dump-times cp "Discovered a virtual call to a known target" 1 (found 2 times)
FAIL: g++.dg/ipa/devirt-22.C -std=gnu++14 scan-ipa-dump-times cp "Discovered a virtual call to a known target" 1 (found 2 times)
FAIL: g++.dg/ipa/devirt-22.C -std=gnu++98 scan-ipa-dump-times cp "Discovered a virtual call to a known target" 1 (found 2 times)
UNRESOLVED: g++.dg/lto/pr51567-1 cp_lto_pr51567-1_0.o-cp_lto_pr51567-1_0.o execute -flto -g
FAIL: g++.dg/lto/pr51567-1 cp_lto_pr51567-1_0.o-cp_lto_pr51567-1_0.o link, -flto -g
UNRESOLVED: g++.dg/lto/pr53470 cp_lto_pr53470_0.o-cp_lto_pr53470_0.o execute -g -flto
FAIL: g++.dg/lto/pr53470 cp_lto_pr53470_0.o-cp_lto_pr53470_0.o link, -g -flto
=== g++ Summary for unix/-m64 ===
# of expected passes 111176
# of unexpected failures 11
# of unexpected successes 3
# of expected failures 487
# of unresolved testcases 2
# of unsupported tests 4862
=== g++ Summary ===
# of expected passes 220452
# of unexpected failures 25
# of unexpected successes 6
# of expected failures 971
# of unresolved testcases 4
# of unsupported tests 9755
/var/gcc/regression/trunk/11-gcc/build/gcc/testsuite/g++/../../xg++ version 8.0.0 20171222 (experimental) [trunk revision 255967] (GCC)
=== gcc tests ===
Running target unix
FAIL: gcc.c-torture/compile/20030530-3.c -O3 -g (test for excess errors)
FAIL: gcc.dg/debug/20020224-1.c -gdwarf-2 (test for excess errors)
FAIL: gcc.dg/debug/20020224-1.c -gdwarf-2 -O (test for excess errors)
FAIL: gcc.dg/debug/20020224-1.c -gdwarf-2 -O3 (test for excess errors)
FAIL: gcc.dg/debug/20020224-1.c -gdwarf-2 -g1 (test for excess errors)
FAIL: gcc.dg/debug/20020224-1.c -gdwarf-2 -g1 -O (test for excess errors)
FAIL: gcc.dg/debug/20020224-1.c -gdwarf-2 -g1 -O3 (test for excess errors)
FAIL: gcc.dg/debug/20020224-1.c -gdwarf-2 -g3 (test for excess errors)
FAIL: gcc.dg/debug/20020224-1.c -gdwarf-2 -g3 -O (test for excess errors)
FAIL: gcc.dg/debug/20020224-1.c -gdwarf-2 -g3 -O3 (test for excess errors)
FAIL: gcc.dg/debug/20030605-1.c -gdwarf-2 -O (test for excess errors)
FAIL: gcc.dg/debug/20030605-1.c -gdwarf-2 -O3 (test for excess errors)
FAIL: gcc.dg/debug/20030605-1.c -gdwarf-2 -g3 -O (test for excess errors)
FAIL: gcc.dg/debug/20030605-1.c -gdwarf-2 -g3 -O3 (test for excess errors)
FAIL: c-c++-common/Warray-bounds-4.c -Wc++-compat (test for warnings, line 67)
FAIL: c-c++-common/Wrestrict.c -Wc++-compat (test for excess errors)
FAIL: gcc.dg/visibility-22.c execution test
FAIL: gcc.dg/ipa/inline-1.c scan-ipa-dump inline "op2 change 9.990000. of time"
FAIL: gcc.dg/ipa/inline-1.c scan-ipa-dump inline "op3 change 9.990000. of time"
FAIL: gcc.dg/ipa/inline-1.c scan-ipa-dump inline "op4 change 9.990000. of time"
FAIL: gcc.dg/ipa/inline-1.c scan-ipa-dump inline "op5 change 9.990000. of time"
FAIL: gcc.dg/noncompile/971104-1.c -O3 -g (test for excess errors)
FAIL: gcc.dg/plugin/must-tail-call-1.c -fplugin=./must_tail_call_plugin.so (test for excess errors)
FAIL: gcc.dg/simulate-thread/atomic-other-int.c -O2 -g thread simulation test
FAIL: gcc.dg/simulate-thread/atomic-other-int.c -O3 -g thread simulation test
FAIL: gcc.dg/simulate-thread/speculative-store-4.c -O0 -g thread simulation test
FAIL: gcc.dg/simulate-thread/speculative-store-4.c -O2 -g thread simulation test
FAIL: gcc.dg/simulate-thread/speculative-store-4.c -O3 -g thread simulation test
FAIL: gcc.dg/simulate-thread/speculative-store.c -O0 -g thread simulation test
FAIL: gcc.dg/torture/pr51071.c -O3 -g (test for excess errors)
FAIL: gcc.dg/torture/pr60092.c -O0 execution test
FAIL: gcc.dg/vect/bb-slp-1.c -flto -ffat-lto-objects scan-tree-dump-times slp1 "basic block vectorized" 1 (found 0 times)
FAIL: gcc.dg/vect/bb-slp-1.c scan-tree-dump-times slp1 "basic block vectorized" 1 (found 0 times)
FAIL: gcc.dg/vect/bb-slp-16.c -flto -ffat-lto-objects scan-tree-dump-times slp1 "basic block vectorized" 1 (found 0 times)
FAIL: gcc.dg/vect/bb-slp-16.c scan-tree-dump-times slp1 "basic block vectorized" 1 (found 0 times)
FAIL: gcc.dg/vect/bb-slp-2.c -flto -ffat-lto-objects scan-tree-dump-times slp1 "basic block vectorized" 1 (found 0 times)
FAIL: gcc.dg/vect/bb-slp-2.c scan-tree-dump-times slp1 "basic block vectorized" 1 (found 0 times)
FAIL: gcc.dg/vect/no-section-anchors-vect-69.c scan-tree-dump-times vect "vectorized 4 loops" 1 (found 0 times)
FAIL: gcc.dg/vect/pr79347.c -flto -ffat-lto-objects scan-tree-dump-not vect "Invalid sum of "
FAIL: gcc.dg/vect/pr79347.c scan-tree-dump-not vect "Invalid sum of "
=== gcc Summary for unix ===
# of expected passes 100708
# of unexpected failures 40
# of expected failures 467
# of unsupported tests 2706
Running target unix/-m64
FAIL: gcc.c-torture/compile/20030530-3.c -O3 -g (test for excess errors)
FAIL: gcc.dg/debug/20020224-1.c -gdwarf-2 (test for excess errors)
FAIL: gcc.dg/debug/20020224-1.c -gdwarf-2 -O (test for excess errors)
FAIL: gcc.dg/debug/20020224-1.c -gdwarf-2 -O3 (test for excess errors)
FAIL: gcc.dg/debug/20020224-1.c -gdwarf-2 -g1 (test for excess errors)
FAIL: gcc.dg/debug/20020224-1.c -gdwarf-2 -g1 -O (test for excess errors)
FAIL: gcc.dg/debug/20020224-1.c -gdwarf-2 -g1 -O3 (test for excess errors)
FAIL: gcc.dg/debug/20020224-1.c -gdwarf-2 -g3 (test for excess errors)
FAIL: gcc.dg/debug/20020224-1.c -gdwarf-2 -g3 -O (test for excess errors)
FAIL: gcc.dg/debug/20020224-1.c -gdwarf-2 -g3 -O3 (test for excess errors)
FAIL: gcc.dg/debug/20030605-1.c -gdwarf-2 -O (test for excess errors)
FAIL: gcc.dg/debug/20030605-1.c -gdwarf-2 -O3 (test for excess errors)
FAIL: gcc.dg/debug/20030605-1.c -gdwarf-2 -g3 -O (test for excess errors)
FAIL: gcc.dg/debug/20030605-1.c -gdwarf-2 -g3 -O3 (test for excess errors)
FAIL: c-c++-common/Warray-bounds-4.c -Wc++-compat (test for warnings, line 67)
FAIL: c-c++-common/Wrestrict.c -Wc++-compat (test for excess errors)
FAIL: gcc.dg/visibility-22.c execution test
FAIL: gcc.dg/ipa/inline-1.c scan-ipa-dump inline "op2 change 9.990000. of time"
FAIL: gcc.dg/ipa/inline-1.c scan-ipa-dump inline "op3 change 9.990000. of time"
FAIL: gcc.dg/ipa/inline-1.c scan-ipa-dump inline "op4 change 9.990000. of time"
FAIL: gcc.dg/ipa/inline-1.c scan-ipa-dump inline "op5 change 9.990000. of time"
FAIL: gcc.dg/noncompile/971104-1.c -O3 -g (test for excess errors)
FAIL: gcc.dg/plugin/must-tail-call-1.c -fplugin=./must_tail_call_plugin.so (test for excess errors)
FAIL: gcc.dg/torture/pr51071.c -O3 -g (test for excess errors)
FAIL: gcc.dg/torture/pr60092.c -O0 execution test
FAIL: gcc.dg/vect/bb-slp-1.c -flto -ffat-lto-objects scan-tree-dump-times slp1 "basic block vectorized" 1 (found 0 times)
FAIL: gcc.dg/vect/bb-slp-1.c scan-tree-dump-times slp1 "basic block vectorized" 1 (found 0 times)
FAIL: gcc.dg/vect/bb-slp-16.c -flto -ffat-lto-objects scan-tree-dump-times slp1 "basic block vectorized" 1 (found 0 times)
FAIL: gcc.dg/vect/bb-slp-16.c scan-tree-dump-times slp1 "basic block vectorized" 1 (found 0 times)
FAIL: gcc.dg/vect/bb-slp-2.c -flto -ffat-lto-objects scan-tree-dump-times slp1 "basic block vectorized" 1 (found 0 times)
FAIL: gcc.dg/vect/bb-slp-2.c scan-tree-dump-times slp1 "basic block vectorized" 1 (found 0 times)
FAIL: gcc.dg/vect/no-section-anchors-vect-69.c scan-tree-dump-times vect "vectorized 4 loops" 1 (found 0 times)
FAIL: gcc.dg/vect/pr79347.c -flto -ffat-lto-objects scan-tree-dump-not vect "Invalid sum of "
FAIL: gcc.dg/vect/pr79347.c scan-tree-dump-not vect "Invalid sum of "
=== gcc Summary for unix/-m64 ===
# of expected passes 101773
# of unexpected failures 34
# of expected failures 456
# of unsupported tests 2495
=== gcc Summary ===
# of expected passes 202481
# of unexpected failures 74
# of expected failures 923
# of unsupported tests 5201
/var/gcc/regression/trunk/11-gcc/build/gcc/xgcc version 8.0.0 20171222 (experimental) [trunk revision 255967] (GCC)
=== gfortran tests ===
Running target unix
FAIL: gfortran.dg/elemental_subroutine_3.f90 -O1 (test for excess errors)
FAIL: gfortran.dg/elemental_subroutine_3.f90 -O2 (test for excess errors)
FAIL: gfortran.dg/elemental_subroutine_3.f90 -O3 -fomit-frame-pointer -funroll-loops -fpeel-loops -ftracer -finline-functions (test for excess errors)
FAIL: gfortran.dg/elemental_subroutine_3.f90 -O3 -g (test for excess errors)
FAIL: gfortran.dg/elemental_subroutine_3.f90 -Os (test for excess errors)
FAIL: gfortran.dg/submodule_6.f08 -O3 -g (test for excess errors)
=== gfortran Summary for unix ===
# of expected passes 46033
# of unexpected failures 6
# of expected failures 91
# of unsupported tests 259
Running target unix/-m64
FAIL: gfortran.dg/elemental_subroutine_3.f90 -O1 (test for excess errors)
FAIL: gfortran.dg/elemental_subroutine_3.f90 -O2 (test for excess errors)
FAIL: gfortran.dg/elemental_subroutine_3.f90 -O3 -fomit-frame-pointer -funroll-loops -fpeel-loops -ftracer -finline-functions (test for excess errors)
FAIL: gfortran.dg/elemental_subroutine_3.f90 -O3 -g (test for excess errors)
FAIL: gfortran.dg/elemental_subroutine_3.f90 -Os (test for excess errors)
FAIL: gfortran.dg/submodule_6.f08 -O3 -g (test for excess errors)
=== gfortran Summary for unix/-m64 ===
# of expected passes 46280
# of unexpected failures 6
# of expected failures 91
# of unsupported tests 138
=== gfortran Summary ===
# of expected passes 92313
# of unexpected failures 12
# of expected failures 182
# of unsupported tests 397
/var/gcc/regression/trunk/11-gcc/build/gcc/testsuite/gfortran/../../gfortran version 8.0.0 20171222 (experimental) [trunk revision 255967] (GCC)
=== gnat tests ===
Running target unix
FAIL: gnat.dg/exp0_eval.adb (test for excess errors)
WARNING: program timed out.
=== gnat Summary for unix ===
# of expected passes 2631
# of unexpected failures 1
# of expected failures 24
# of unsupported tests 23
Running target unix/-m64
=== gnat Summary for unix/-m64 ===
# of expected passes 2632
# of expected failures 24
# of unsupported tests 23
=== gnat Summary ===
# of expected passes 5263
# of unexpected failures 1
# of expected failures 48
# of unsupported tests 46
/var/gcc/regression/trunk/11-gcc/build/gcc/gnatmake version 8.0.0 20171222 (experimental) [trunk revision 255967]
=== go tests ===
Running target unix
FAIL: ./index0-out.go execution, -O0 -g -fno-var-tracking-assignments
FAIL: go.test/test/fixedbugs/issue4562.go execution, -O2 -g
FAIL: go.test/test/nil.go execution, -O2 -g
=== go Summary for unix ===
# of expected passes 7359
# of unexpected failures 3
# of expected failures 1
# of untested testcases 11
# of unsupported tests 3
Running target unix/-m64
FAIL: ./index0-out.go execution, -O0 -g -fno-var-tracking-assignments
=== go Summary for unix/-m64 ===
# of expected passes 7241
# of unexpected failures 1
# of expected failures 1
# of untested testcases 11
# of unsupported tests 3
=== go Summary ===
# of expected passes 14600
# of unexpected failures 4
# of expected failures 2
# of untested testcases 22
# of unsupported tests 6
=== obj-c++ tests ===
Running target unix
=== obj-c++ Summary for unix ===
# of expected passes 1464
# of expected failures 2
# of unsupported tests 77
Running target unix/-m64
=== obj-c++ Summary for unix/-m64 ===
# of expected passes 1456
# of expected failures 10
# of unsupported tests 77
=== obj-c++ Summary ===
# of expected passes 2920
# of expected failures 12
# of unsupported tests 154
/var/gcc/regression/trunk/11-gcc/build/gcc/testsuite/obj-c++/../../xg++ version 8.0.0 20171222 (experimental) [trunk revision 255967] (GCC)
=== objc tests ===
Running target unix
=== objc Summary for unix ===
# of expected passes 2803
# of unsupported tests 68
Running target unix/-m64
=== objc Summary for unix/-m64 ===
# of expected passes 2803
# of unsupported tests 68
=== objc Summary ===
# of expected passes 5606
# of unsupported tests 136
/var/gcc/regression/trunk/11-gcc/build/gcc/xgcc version 8.0.0 20171222 (experimental) [trunk revision 255967] (GCC)
=== gotools tests ===
FAIL: TestGoGenerateEnv
FAIL: TestPackageMainTestImportsArchiveNotBinary
FAIL: go test cmd/go
FAIL: TestBreakpoint
FAIL: TestCgoSignalDeadlock
FAIL: TestSelectStackAdjust
FAIL: go test runtime
FAIL: go test misc/cgo/test
FAIL: TestCompileWithoutShared
FAIL: TestEarlySignalHandler
FAIL: TestInstall
FAIL: TestOsSignal
FAIL: TestPIE
FAIL: TestSIGPROF
FAIL: TestSigaltstack
FAIL: TestSignalForwarding
FAIL: TestSignalForwardingExternal
FAIL: go test misc/cgo/testcarchive
=== gotools Summary ===
# of expected passes 224
# of unexpected failures 18
# of untested testcases 128
=== libatomic tests ===
Running target unix
=== libatomic Summary for unix ===
# of expected passes 44
# of unsupported tests 5
Running target unix/-m64
=== libatomic Summary for unix/-m64 ===
# of expected passes 54
=== libatomic Summary ===
# of expected passes 98
# of unsupported tests 5
=== libffi tests ===
Running target unix
WARNING: program timed out.
FAIL: libffi.call/va_struct2.c -W -Wall -Wno-psabi -O3 (test for excess errors)
=== libffi Summary for unix ===
# of expected passes 2213
# of unexpected failures 1
Running target unix/-m64
=== libffi Summary for unix/-m64 ===
# of expected passes 2214
=== libffi Summary ===
# of expected passes 4427
# of unexpected failures 1
=== libgo tests ===
Running target unix
FAIL: runtime
FAIL: go/build
FAIL: net/http
FAIL: runtime/pprof
=== libgo Summary for unix ===
# of expected passes 152
# of unexpected failures 4
Running target unix/-m64
FAIL: fmt
FAIL: go/build
FAIL: net/http
FAIL: runtime/pprof
=== libgo Summary for unix/-m64 ===
# of expected passes 152
# of unexpected failures 4
=== libgo Summary ===
# of expected passes 304
# of unexpected failures 8
=== libgomp tests ===
Running target unix
FAIL: libgomp.graphite/force-parallel-1.c scan-tree-dump-times graphite "2 loops carried no dependency" 1 (found 0 times)
FAIL: libgomp.graphite/force-parallel-1.c scan-tree-dump-times optimized "loopfn" 8 (found 12 times)
=== libgomp Summary for unix ===
# of expected passes 5249
# of unexpected failures 2
# of unsupported tests 353
Running target unix/-m64
FAIL: libgomp.graphite/force-parallel-1.c scan-tree-dump-times graphite "2 loops carried no dependency" 1 (found 0 times)
FAIL: libgomp.graphite/force-parallel-1.c scan-tree-dump-times optimized "loopfn" 8 (found 12 times)
=== libgomp Summary for unix/-m64 ===
# of expected passes 5249
# of unexpected failures 2
# of unsupported tests 353
=== libgomp Summary ===
# of expected passes 10498
# of unexpected failures 4
# of unsupported tests 706
=== libitm tests ===
Running target unix
=== libitm Summary for unix ===
# of expected passes 42
# of expected failures 3
# of unsupported tests 1
Running target unix/-m64
=== libitm Summary for unix/-m64 ===
# of expected passes 42
# of expected failures 3
# of unsupported tests 1
=== libitm Summary ===
# of expected passes 84
# of expected failures 6
# of unsupported tests 2
=== libstdc++ tests ===
Running target unix
FAIL: libstdc++-abi/abi_check
FAIL: 23_containers/vector/bool/allocator/ext_ptr.cc (test for excess errors)
WARNING: 23_containers/vector/bool/allocator/ext_ptr.cc compilation failed to produce executable
FAIL: 23_containers/vector/bool/cons/1.cc (test for excess errors)
WARNING: 23_containers/vector/bool/cons/1.cc compilation failed to produce executable
=== libstdc++ Summary for unix ===
# of expected passes 11236
# of unexpected failures 3
# of expected failures 70
# of unsupported tests 645
Running target unix/-m64
FAIL: libstdc++-abi/abi_check
=== libstdc++ Summary for unix/-m64 ===
# of expected passes 11240
# of unexpected failures 1
# of expected failures 70
# of unsupported tests 645
=== libstdc++ Summary ===
# of expected passes 22476
# of unexpected failures 4
# of expected failures 140
# of unsupported tests 1290
Compiler version: 8.0.0 20171222 (experimental) [trunk revision 255967] (GCC)
Platform: sparc-sun-solaris2.11
configure flags: --prefix=/vol/gcc --target=sparc-sun-solaris2.11 --enable-objc-gc --with-target-bdw-gc-include=/vol/gcc/include --with-target-bdw-gc-lib=/vol/gcc/lib,sparcv9=/vol/gcc/lib/sparcv9 --enable-libmudflap --with-as=/usr/ccs/bin/as --without-gnu-as --with-gmp-include=/vol/gcc/include --with-gmp-lib=/vol/gcc/lib --with-mpfr-include=/vol/gcc/include --with-mpfr-lib=/vol/gcc/lib --with-mpc-include=/vol/gcc/include --with-mpc-lib=/vol/gcc/lib --enable-languages=all,ada,obj-c++,go --with-isl-include=/vol/gcc/include --with-isl-lib=/vol/gcc/lib --build=sparc-sun-solaris2.11 --host=sparc-sun-solaris2.11
BOOT_CFLAGS=-g -O2