This is the mail archive of the
gcc-testresults@gcc.gnu.org
mailing list for the GCC project.
Results for 8.0.0 20171214 (experimental) [trunk revision 255666] (GCC) libstdc++ testsuite on x86_64-pc-linux-gnu
- From: jwakely dot gcc at gmail dot com(Jonathan Wakely)
- To: libstdc++ at gcc dot gnu dot org, gcc-testresults at gcc dot gnu dot org
- Date: Fri, 15 Dec 2017 02:20:15 +0000
- Subject: Results for 8.0.0 20171214 (experimental) [trunk revision 255666] (GCC) libstdc++ testsuite on x86_64-pc-linux-gnu
- Authentication-results: sourceware.org; auth=none
Native configuration is x86_64-pc-linux-gnu
=== libstdc++ tests ===
Running target unix/-std=gnu++11
=== libstdc++ Summary for unix/-std=gnu++11 ===
# of expected passes 12193
# of expected failures 70
# of unsupported tests 578
Running target unix/-std=gnu++11/-D_GLIBCXX_DEBUG
XPASS: 21_strings/basic_string_view/element_access/char/2.cc execution test
XPASS: 21_strings/basic_string_view/element_access/wchar_t/2.cc execution test
FAIL: 23_containers/map/modifiers/extract.cc (test for excess errors)
UNRESOLVED: 23_containers/map/modifiers/extract.cc compilation failed to produce executable
FAIL: 23_containers/map/modifiers/insert/dr2354.cc (test for excess errors)
FAIL: 23_containers/multimap/modifiers/insert/dr2354.cc (test for excess errors)
FAIL: 23_containers/set/modifiers/extract.cc (test for excess errors)
UNRESOLVED: 23_containers/set/modifiers/extract.cc compilation failed to produce executable
FAIL: 23_containers/unordered_map/insert/dr2354.cc (test for excess errors)
FAIL: 23_containers/unordered_map/modifiers/extract.cc (test for excess errors)
UNRESOLVED: 23_containers/unordered_map/modifiers/extract.cc compilation failed to produce executable
FAIL: 23_containers/unordered_multimap/insert/dr2354.cc (test for excess errors)
FAIL: 23_containers/unordered_set/modifiers/extract.cc (test for excess errors)
UNRESOLVED: 23_containers/unordered_set/modifiers/extract.cc compilation failed to produce executable
FAIL: 23_containers/vector/cons/destructible_neg.cc (test for errors, line 35)
FAIL: 23_containers/vector/cons/destructible_neg.cc (test for errors, line 41)
FAIL: libstdc++-prettyprinters/cxx11.cc print efl
FAIL: libstdc++-prettyprinters/cxx11.cc print efl
FAIL: libstdc++-prettyprinters/cxx11.cc print eum
FAIL: libstdc++-prettyprinters/cxx11.cc print eum
FAIL: libstdc++-prettyprinters/cxx11.cc print eumm
FAIL: libstdc++-prettyprinters/cxx11.cc print eumm
FAIL: libstdc++-prettyprinters/cxx11.cc print eums
FAIL: libstdc++-prettyprinters/cxx11.cc print eums
FAIL: libstdc++-prettyprinters/cxx11.cc print eus
FAIL: libstdc++-prettyprinters/cxx11.cc print eus
FAIL: libstdc++-prettyprinters/cxx11.cc print fl
FAIL: libstdc++-prettyprinters/cxx11.cc print fl
FAIL: libstdc++-prettyprinters/cxx11.cc print refl
FAIL: libstdc++-prettyprinters/cxx11.cc print refl
FAIL: libstdc++-prettyprinters/cxx11.cc print reum
FAIL: libstdc++-prettyprinters/cxx11.cc print reum
FAIL: libstdc++-prettyprinters/cxx11.cc print reumm
FAIL: libstdc++-prettyprinters/cxx11.cc print reumm
FAIL: libstdc++-prettyprinters/cxx11.cc print reums
FAIL: libstdc++-prettyprinters/cxx11.cc print reums
FAIL: libstdc++-prettyprinters/cxx11.cc print reus
FAIL: libstdc++-prettyprinters/cxx11.cc print reus
FAIL: libstdc++-prettyprinters/cxx11.cc print rfl
FAIL: libstdc++-prettyprinters/cxx11.cc print rfl
FAIL: libstdc++-prettyprinters/cxx11.cc print ruom
FAIL: libstdc++-prettyprinters/cxx11.cc print ruom
FAIL: libstdc++-prettyprinters/cxx11.cc print ruomm
FAIL: libstdc++-prettyprinters/cxx11.cc print ruomm
FAIL: libstdc++-prettyprinters/cxx11.cc print ruoms
FAIL: libstdc++-prettyprinters/cxx11.cc print ruoms
FAIL: libstdc++-prettyprinters/cxx11.cc print ruos
FAIL: libstdc++-prettyprinters/cxx11.cc print ruos
FAIL: libstdc++-prettyprinters/cxx11.cc print uom
FAIL: libstdc++-prettyprinters/cxx11.cc print uom
FAIL: libstdc++-prettyprinters/cxx11.cc print uomm
FAIL: libstdc++-prettyprinters/cxx11.cc print uomm
FAIL: libstdc++-prettyprinters/cxx11.cc print uoms
FAIL: libstdc++-prettyprinters/cxx11.cc print uoms
FAIL: libstdc++-prettyprinters/cxx11.cc print uos
FAIL: libstdc++-prettyprinters/cxx11.cc print uos
FAIL: libstdc++-prettyprinters/cxx17.cc print am
FAIL: libstdc++-prettyprinters/cxx17.cc print am
FAIL: libstdc++-prettyprinters/cxx17.cc print om
FAIL: libstdc++-prettyprinters/cxx17.cc print om
FAIL: libstdc++-prettyprinters/simple.cc print bs
FAIL: libstdc++-prettyprinters/simple.cc print bs
FAIL: libstdc++-prettyprinters/simple.cc print const_intset
FAIL: libstdc++-prettyprinters/simple.cc print const_intset
FAIL: libstdc++-prettyprinters/simple.cc print deq
FAIL: libstdc++-prettyprinters/simple.cc print deq
FAIL: libstdc++-prettyprinters/simple.cc print deqiter0
FAIL: libstdc++-prettyprinters/simple.cc print deqiter0
FAIL: libstdc++-prettyprinters/simple.cc print lst
FAIL: libstdc++-prettyprinters/simple.cc print lst
FAIL: libstdc++-prettyprinters/simple.cc print lstiter0
FAIL: libstdc++-prettyprinters/simple.cc print lstiter0
FAIL: libstdc++-prettyprinters/simple.cc print mp
FAIL: libstdc++-prettyprinters/simple.cc print mp
FAIL: libstdc++-prettyprinters/simple.cc print mpiter0
FAIL: libstdc++-prettyprinters/simple.cc print mpiter0
FAIL: libstdc++-prettyprinters/simple.cc print sp
FAIL: libstdc++-prettyprinters/simple.cc print sp
FAIL: libstdc++-prettyprinters/simple.cc print spiter0
FAIL: libstdc++-prettyprinters/simple.cc print spiter0
FAIL: libstdc++-prettyprinters/simple.cc print v
FAIL: libstdc++-prettyprinters/simple.cc print v
FAIL: libstdc++-prettyprinters/simple.cc print viter0
FAIL: libstdc++-prettyprinters/simple.cc print viter0
FAIL: libstdc++-prettyprinters/simple11.cc print bs
FAIL: libstdc++-prettyprinters/simple11.cc print bs
FAIL: libstdc++-prettyprinters/simple11.cc print const_intset
FAIL: libstdc++-prettyprinters/simple11.cc print const_intset
FAIL: libstdc++-prettyprinters/simple11.cc print deq
FAIL: libstdc++-prettyprinters/simple11.cc print deq
FAIL: libstdc++-prettyprinters/simple11.cc print deqiter0
FAIL: libstdc++-prettyprinters/simple11.cc print deqiter0
FAIL: libstdc++-prettyprinters/simple11.cc print lst
FAIL: libstdc++-prettyprinters/simple11.cc print lst
FAIL: libstdc++-prettyprinters/simple11.cc print lstiter0
FAIL: libstdc++-prettyprinters/simple11.cc print lstiter0
FAIL: libstdc++-prettyprinters/simple11.cc print mp
FAIL: libstdc++-prettyprinters/simple11.cc print mp
FAIL: libstdc++-prettyprinters/simple11.cc print mpiter0
FAIL: libstdc++-prettyprinters/simple11.cc print mpiter0
FAIL: libstdc++-prettyprinters/simple11.cc print sp
FAIL: libstdc++-prettyprinters/simple11.cc print sp
FAIL: libstdc++-prettyprinters/simple11.cc print spiter0
FAIL: libstdc++-prettyprinters/simple11.cc print spiter0
FAIL: libstdc++-prettyprinters/simple11.cc print v
FAIL: libstdc++-prettyprinters/simple11.cc print v
FAIL: libstdc++-prettyprinters/simple11.cc print viter0
FAIL: libstdc++-prettyprinters/simple11.cc print viter0
FAIL: libstdc++-prettyprinters/whatis.cc whatis assoc1_holder
FAIL: libstdc++-prettyprinters/whatis.cc whatis assoc1_holder
FAIL: libstdc++-prettyprinters/whatis.cc whatis assoc2_holder
FAIL: libstdc++-prettyprinters/whatis.cc whatis assoc2_holder
FAIL: libstdc++-prettyprinters/whatis.cc whatis seq1_holder
FAIL: libstdc++-prettyprinters/whatis.cc whatis seq1_holder
FAIL: libstdc++-prettyprinters/whatis.cc whatis seq2_holder
FAIL: libstdc++-prettyprinters/whatis.cc whatis seq2_holder
FAIL: libstdc++-prettyprinters/whatis.cc whatis unord1_holder
FAIL: libstdc++-prettyprinters/whatis.cc whatis unord1_holder
FAIL: libstdc++-prettyprinters/whatis.cc whatis unord2_holder
FAIL: libstdc++-prettyprinters/whatis.cc whatis unord2_holder
=== libstdc++ Summary for unix/-std=gnu++11/-D_GLIBCXX_DEBUG ===
# of expected passes 12161
# of unexpected failures 114
# of unexpected successes 2
# of expected failures 273
# of unresolved testcases 4
# of unsupported tests 370
Running target unix/-std=gnu++17
FAIL: experimental/filesystem/iterators/directory_iterator.cc (test for excess errors)
UNRESOLVED: experimental/filesystem/iterators/directory_iterator.cc compilation failed to produce executable
FAIL: experimental/filesystem/iterators/pop.cc (test for excess errors)
UNRESOLVED: experimental/filesystem/iterators/pop.cc compilation failed to produce executable
FAIL: experimental/filesystem/iterators/recursive_directory_iterator.cc (test for excess errors)
UNRESOLVED: experimental/filesystem/iterators/recursive_directory_iterator.cc compilation failed to produce executable
FAIL: experimental/filesystem/operations/canonical.cc (test for excess errors)
UNRESOLVED: experimental/filesystem/operations/canonical.cc compilation failed to produce executable
FAIL: experimental/filesystem/operations/copy.cc (test for excess errors)
UNRESOLVED: experimental/filesystem/operations/copy.cc compilation failed to produce executable
FAIL: experimental/filesystem/operations/copy_file.cc (test for excess errors)
UNRESOLVED: experimental/filesystem/operations/copy_file.cc compilation failed to produce executable
FAIL: experimental/filesystem/operations/create_directories.cc (test for excess errors)
UNRESOLVED: experimental/filesystem/operations/create_directories.cc compilation failed to produce executable
FAIL: experimental/filesystem/operations/create_symlink.cc (test for excess errors)
UNRESOLVED: experimental/filesystem/operations/create_symlink.cc compilation failed to produce executable
FAIL: experimental/filesystem/operations/exists.cc (test for excess errors)
UNRESOLVED: experimental/filesystem/operations/exists.cc compilation failed to produce executable
FAIL: experimental/filesystem/operations/file_size.cc (test for excess errors)
UNRESOLVED: experimental/filesystem/operations/file_size.cc compilation failed to produce executable
FAIL: experimental/filesystem/operations/is_empty.cc (test for excess errors)
UNRESOLVED: experimental/filesystem/operations/is_empty.cc compilation failed to produce executable
FAIL: experimental/filesystem/operations/permissions.cc (test for excess errors)
UNRESOLVED: experimental/filesystem/operations/permissions.cc compilation failed to produce executable
FAIL: experimental/filesystem/operations/read_symlink.cc (test for excess errors)
UNRESOLVED: experimental/filesystem/operations/read_symlink.cc compilation failed to produce executable
FAIL: experimental/filesystem/operations/status.cc (test for excess errors)
UNRESOLVED: experimental/filesystem/operations/status.cc compilation failed to produce executable
FAIL: experimental/filesystem/operations/temp_directory_path.cc (test for excess errors)
UNRESOLVED: experimental/filesystem/operations/temp_directory_path.cc compilation failed to produce executable
FAIL: experimental/filesystem/path/assign/assign.cc (test for excess errors)
UNRESOLVED: experimental/filesystem/path/assign/assign.cc compilation failed to produce executable
FAIL: experimental/filesystem/path/assign/copy.cc (test for excess errors)
UNRESOLVED: experimental/filesystem/path/assign/copy.cc compilation failed to produce executable
FAIL: experimental/filesystem/path/construct/copy.cc (test for excess errors)
UNRESOLVED: experimental/filesystem/path/construct/copy.cc compilation failed to produce executable
FAIL: experimental/filesystem/path/construct/range.cc (test for excess errors)
UNRESOLVED: experimental/filesystem/path/construct/range.cc compilation failed to produce executable
FAIL: experimental/filesystem/path/modifiers/clear.cc (test for excess errors)
UNRESOLVED: experimental/filesystem/path/modifiers/clear.cc compilation failed to produce executable
FAIL: experimental/filesystem/path/modifiers/swap.cc (test for excess errors)
UNRESOLVED: experimental/filesystem/path/modifiers/swap.cc compilation failed to produce executable
=== libstdc++ Summary for unix/-std=gnu++17 ===
# of expected passes 12710
# of unexpected failures 21
# of expected failures 71
# of unresolved testcases 21
# of unsupported tests 269
Running target unix/-std=gnu++17/-D_GLIBCXX_DEBUG
XPASS: 21_strings/basic_string_view/element_access/char/2.cc execution test
XPASS: 21_strings/basic_string_view/element_access/wchar_t/2.cc execution test
FAIL: 23_containers/map/modifiers/extract.cc (test for excess errors)
UNRESOLVED: 23_containers/map/modifiers/extract.cc compilation failed to produce executable
FAIL: 23_containers/map/modifiers/insert/dr2354.cc (test for excess errors)
FAIL: 23_containers/multimap/modifiers/insert/dr2354.cc (test for excess errors)
FAIL: 23_containers/set/modifiers/extract.cc (test for excess errors)
UNRESOLVED: 23_containers/set/modifiers/extract.cc compilation failed to produce executable
FAIL: 23_containers/unordered_map/insert/dr2354.cc (test for excess errors)
FAIL: 23_containers/unordered_map/modifiers/extract.cc (test for excess errors)
UNRESOLVED: 23_containers/unordered_map/modifiers/extract.cc compilation failed to produce executable
FAIL: 23_containers/unordered_multimap/insert/dr2354.cc (test for excess errors)
FAIL: 23_containers/unordered_set/modifiers/extract.cc (test for excess errors)
UNRESOLVED: 23_containers/unordered_set/modifiers/extract.cc compilation failed to produce executable
FAIL: 23_containers/vector/cons/destructible_neg.cc (test for errors, line 35)
FAIL: 23_containers/vector/cons/destructible_neg.cc (test for errors, line 41)
FAIL: 25_algorithms/max/constexpr.cc (test for excess errors)
FAIL: 25_algorithms/max_element/constexpr.cc (test for excess errors)
FAIL: 25_algorithms/min/constexpr.cc (test for excess errors)
FAIL: 25_algorithms/min_element/constexpr.cc (test for excess errors)
FAIL: 25_algorithms/minmax/constexpr.cc (test for excess errors)
FAIL: 25_algorithms/minmax_element/constexpr.cc (test for excess errors)
FAIL: experimental/filesystem/iterators/directory_iterator.cc (test for excess errors)
UNRESOLVED: experimental/filesystem/iterators/directory_iterator.cc compilation failed to produce executable
FAIL: experimental/filesystem/iterators/pop.cc (test for excess errors)
UNRESOLVED: experimental/filesystem/iterators/pop.cc compilation failed to produce executable
FAIL: experimental/filesystem/iterators/recursive_directory_iterator.cc (test for excess errors)
UNRESOLVED: experimental/filesystem/iterators/recursive_directory_iterator.cc compilation failed to produce executable
FAIL: experimental/filesystem/operations/canonical.cc (test for excess errors)
UNRESOLVED: experimental/filesystem/operations/canonical.cc compilation failed to produce executable
FAIL: experimental/filesystem/operations/copy.cc (test for excess errors)
UNRESOLVED: experimental/filesystem/operations/copy.cc compilation failed to produce executable
FAIL: experimental/filesystem/operations/copy_file.cc (test for excess errors)
UNRESOLVED: experimental/filesystem/operations/copy_file.cc compilation failed to produce executable
FAIL: experimental/filesystem/operations/create_directories.cc (test for excess errors)
UNRESOLVED: experimental/filesystem/operations/create_directories.cc compilation failed to produce executable
FAIL: experimental/filesystem/operations/create_symlink.cc (test for excess errors)
UNRESOLVED: experimental/filesystem/operations/create_symlink.cc compilation failed to produce executable
FAIL: experimental/filesystem/operations/exists.cc (test for excess errors)
UNRESOLVED: experimental/filesystem/operations/exists.cc compilation failed to produce executable
FAIL: experimental/filesystem/operations/file_size.cc (test for excess errors)
UNRESOLVED: experimental/filesystem/operations/file_size.cc compilation failed to produce executable
FAIL: experimental/filesystem/operations/is_empty.cc (test for excess errors)
UNRESOLVED: experimental/filesystem/operations/is_empty.cc compilation failed to produce executable
FAIL: experimental/filesystem/operations/permissions.cc (test for excess errors)
UNRESOLVED: experimental/filesystem/operations/permissions.cc compilation failed to produce executable
FAIL: experimental/filesystem/operations/read_symlink.cc (test for excess errors)
UNRESOLVED: experimental/filesystem/operations/read_symlink.cc compilation failed to produce executable
FAIL: experimental/filesystem/operations/status.cc (test for excess errors)
UNRESOLVED: experimental/filesystem/operations/status.cc compilation failed to produce executable
FAIL: experimental/filesystem/operations/temp_directory_path.cc (test for excess errors)
UNRESOLVED: experimental/filesystem/operations/temp_directory_path.cc compilation failed to produce executable
FAIL: experimental/filesystem/path/assign/assign.cc (test for excess errors)
UNRESOLVED: experimental/filesystem/path/assign/assign.cc compilation failed to produce executable
FAIL: experimental/filesystem/path/assign/copy.cc (test for excess errors)
UNRESOLVED: experimental/filesystem/path/assign/copy.cc compilation failed to produce executable
FAIL: experimental/filesystem/path/construct/copy.cc (test for excess errors)
UNRESOLVED: experimental/filesystem/path/construct/copy.cc compilation failed to produce executable
FAIL: experimental/filesystem/path/construct/range.cc (test for excess errors)
UNRESOLVED: experimental/filesystem/path/construct/range.cc compilation failed to produce executable
FAIL: experimental/filesystem/path/modifiers/clear.cc (test for excess errors)
UNRESOLVED: experimental/filesystem/path/modifiers/clear.cc compilation failed to produce executable
FAIL: experimental/filesystem/path/modifiers/swap.cc (test for excess errors)
UNRESOLVED: experimental/filesystem/path/modifiers/swap.cc compilation failed to produce executable
XPASS: experimental/string_view/element_access/char/2.cc execution test
XPASS: experimental/string_view/element_access/wchar_t/2.cc execution test
FAIL: libstdc++-prettyprinters/cxx11.cc print efl
FAIL: libstdc++-prettyprinters/cxx11.cc print efl
FAIL: libstdc++-prettyprinters/cxx11.cc print eum
FAIL: libstdc++-prettyprinters/cxx11.cc print eum
FAIL: libstdc++-prettyprinters/cxx11.cc print eumm
FAIL: libstdc++-prettyprinters/cxx11.cc print eumm
FAIL: libstdc++-prettyprinters/cxx11.cc print eums
FAIL: libstdc++-prettyprinters/cxx11.cc print eums
FAIL: libstdc++-prettyprinters/cxx11.cc print eus
FAIL: libstdc++-prettyprinters/cxx11.cc print eus
FAIL: libstdc++-prettyprinters/cxx11.cc print fl
FAIL: libstdc++-prettyprinters/cxx11.cc print fl
FAIL: libstdc++-prettyprinters/cxx11.cc print refl
FAIL: libstdc++-prettyprinters/cxx11.cc print refl
FAIL: libstdc++-prettyprinters/cxx11.cc print reum
FAIL: libstdc++-prettyprinters/cxx11.cc print reum
FAIL: libstdc++-prettyprinters/cxx11.cc print reumm
FAIL: libstdc++-prettyprinters/cxx11.cc print reumm
FAIL: libstdc++-prettyprinters/cxx11.cc print reums
FAIL: libstdc++-prettyprinters/cxx11.cc print reums
FAIL: libstdc++-prettyprinters/cxx11.cc print reus
FAIL: libstdc++-prettyprinters/cxx11.cc print reus
FAIL: libstdc++-prettyprinters/cxx11.cc print rfl
FAIL: libstdc++-prettyprinters/cxx11.cc print rfl
FAIL: libstdc++-prettyprinters/cxx11.cc print ruom
FAIL: libstdc++-prettyprinters/cxx11.cc print ruom
FAIL: libstdc++-prettyprinters/cxx11.cc print ruomm
FAIL: libstdc++-prettyprinters/cxx11.cc print ruomm
FAIL: libstdc++-prettyprinters/cxx11.cc print ruoms
FAIL: libstdc++-prettyprinters/cxx11.cc print ruoms
FAIL: libstdc++-prettyprinters/cxx11.cc print ruos
FAIL: libstdc++-prettyprinters/cxx11.cc print ruos
FAIL: libstdc++-prettyprinters/cxx11.cc print uom
FAIL: libstdc++-prettyprinters/cxx11.cc print uom
FAIL: libstdc++-prettyprinters/cxx11.cc print uomm
FAIL: libstdc++-prettyprinters/cxx11.cc print uomm
FAIL: libstdc++-prettyprinters/cxx11.cc print uoms
FAIL: libstdc++-prettyprinters/cxx11.cc print uoms
FAIL: libstdc++-prettyprinters/cxx11.cc print uos
FAIL: libstdc++-prettyprinters/cxx11.cc print uos
FAIL: libstdc++-prettyprinters/cxx17.cc print am
FAIL: libstdc++-prettyprinters/cxx17.cc print am
FAIL: libstdc++-prettyprinters/cxx17.cc print om
FAIL: libstdc++-prettyprinters/cxx17.cc print om
FAIL: libstdc++-prettyprinters/libfundts.cc print am
FAIL: libstdc++-prettyprinters/libfundts.cc print am
FAIL: libstdc++-prettyprinters/libfundts.cc print om
FAIL: libstdc++-prettyprinters/libfundts.cc print om
FAIL: libstdc++-prettyprinters/simple.cc print bs
FAIL: libstdc++-prettyprinters/simple.cc print bs
FAIL: libstdc++-prettyprinters/simple.cc print const_intset
FAIL: libstdc++-prettyprinters/simple.cc print const_intset
FAIL: libstdc++-prettyprinters/simple.cc print deq
FAIL: libstdc++-prettyprinters/simple.cc print deq
FAIL: libstdc++-prettyprinters/simple.cc print deqiter0
FAIL: libstdc++-prettyprinters/simple.cc print deqiter0
FAIL: libstdc++-prettyprinters/simple.cc print lst
FAIL: libstdc++-prettyprinters/simple.cc print lst
FAIL: libstdc++-prettyprinters/simple.cc print lstiter0
FAIL: libstdc++-prettyprinters/simple.cc print lstiter0
FAIL: libstdc++-prettyprinters/simple.cc print mp
FAIL: libstdc++-prettyprinters/simple.cc print mp
FAIL: libstdc++-prettyprinters/simple.cc print mpiter0
FAIL: libstdc++-prettyprinters/simple.cc print mpiter0
FAIL: libstdc++-prettyprinters/simple.cc print sp
FAIL: libstdc++-prettyprinters/simple.cc print sp
FAIL: libstdc++-prettyprinters/simple.cc print spiter0
FAIL: libstdc++-prettyprinters/simple.cc print spiter0
FAIL: libstdc++-prettyprinters/simple.cc print v
FAIL: libstdc++-prettyprinters/simple.cc print v
FAIL: libstdc++-prettyprinters/simple.cc print viter0
FAIL: libstdc++-prettyprinters/simple.cc print viter0
FAIL: libstdc++-prettyprinters/simple11.cc print bs
FAIL: libstdc++-prettyprinters/simple11.cc print bs
FAIL: libstdc++-prettyprinters/simple11.cc print const_intset
FAIL: libstdc++-prettyprinters/simple11.cc print const_intset
FAIL: libstdc++-prettyprinters/simple11.cc print deq
FAIL: libstdc++-prettyprinters/simple11.cc print deq
FAIL: libstdc++-prettyprinters/simple11.cc print deqiter0
FAIL: libstdc++-prettyprinters/simple11.cc print deqiter0
FAIL: libstdc++-prettyprinters/simple11.cc print lst
FAIL: libstdc++-prettyprinters/simple11.cc print lst
FAIL: libstdc++-prettyprinters/simple11.cc print lstiter0
FAIL: libstdc++-prettyprinters/simple11.cc print lstiter0
FAIL: libstdc++-prettyprinters/simple11.cc print mp
FAIL: libstdc++-prettyprinters/simple11.cc print mp
FAIL: libstdc++-prettyprinters/simple11.cc print mpiter0
FAIL: libstdc++-prettyprinters/simple11.cc print mpiter0
FAIL: libstdc++-prettyprinters/simple11.cc print sp
FAIL: libstdc++-prettyprinters/simple11.cc print sp
FAIL: libstdc++-prettyprinters/simple11.cc print spiter0
FAIL: libstdc++-prettyprinters/simple11.cc print spiter0
FAIL: libstdc++-prettyprinters/simple11.cc print v
FAIL: libstdc++-prettyprinters/simple11.cc print v
FAIL: libstdc++-prettyprinters/simple11.cc print viter0
FAIL: libstdc++-prettyprinters/simple11.cc print viter0
FAIL: libstdc++-prettyprinters/whatis.cc whatis assoc1_holder
FAIL: libstdc++-prettyprinters/whatis.cc whatis assoc1_holder
FAIL: libstdc++-prettyprinters/whatis.cc whatis assoc2_holder
FAIL: libstdc++-prettyprinters/whatis.cc whatis assoc2_holder
FAIL: libstdc++-prettyprinters/whatis.cc whatis seq1_holder
FAIL: libstdc++-prettyprinters/whatis.cc whatis seq1_holder
FAIL: libstdc++-prettyprinters/whatis.cc whatis seq2_holder
FAIL: libstdc++-prettyprinters/whatis.cc whatis seq2_holder
FAIL: libstdc++-prettyprinters/whatis.cc whatis unord1_holder
FAIL: libstdc++-prettyprinters/whatis.cc whatis unord1_holder
FAIL: libstdc++-prettyprinters/whatis.cc whatis unord2_holder
FAIL: libstdc++-prettyprinters/whatis.cc whatis unord2_holder
=== libstdc++ Summary for unix/-std=gnu++17/-D_GLIBCXX_DEBUG ===
# of expected passes 12672
# of unexpected failures 145
# of unexpected successes 4
# of expected failures 274
# of unresolved testcases 25
# of unsupported tests 59
Running target unix/-std=gnu++98
=== libstdc++ Summary for unix/-std=gnu++98 ===
# of expected passes 6746
# of expected failures 23
# of unsupported tests 3601
Running target unix/-std=gnu++98/-D_GLIBCXX_DEBUG
XPASS: 21_strings/basic_string_view/element_access/char/2.cc execution test
XPASS: 21_strings/basic_string_view/element_access/wchar_t/2.cc execution test
FAIL: 23_containers/map/modifiers/extract.cc (test for excess errors)
UNRESOLVED: 23_containers/map/modifiers/extract.cc compilation failed to produce executable
FAIL: 23_containers/set/modifiers/extract.cc (test for excess errors)
UNRESOLVED: 23_containers/set/modifiers/extract.cc compilation failed to produce executable
FAIL: 23_containers/unordered_map/modifiers/extract.cc (test for excess errors)
UNRESOLVED: 23_containers/unordered_map/modifiers/extract.cc compilation failed to produce executable
FAIL: 23_containers/unordered_set/modifiers/extract.cc (test for excess errors)
UNRESOLVED: 23_containers/unordered_set/modifiers/extract.cc compilation failed to produce executable
FAIL: 25_algorithms/partial_sort_copy/debug/irreflexive_neg.cc (test for excess errors)
FAIL: libstdc++-prettyprinters/cxx17.cc print am
FAIL: libstdc++-prettyprinters/cxx17.cc print am
FAIL: libstdc++-prettyprinters/cxx17.cc print om
FAIL: libstdc++-prettyprinters/cxx17.cc print om
FAIL: libstdc++-prettyprinters/simple.cc print bs
FAIL: libstdc++-prettyprinters/simple.cc print bs
FAIL: libstdc++-prettyprinters/simple.cc print const_intset
FAIL: libstdc++-prettyprinters/simple.cc print const_intset
FAIL: libstdc++-prettyprinters/simple.cc print deq
FAIL: libstdc++-prettyprinters/simple.cc print deq
FAIL: libstdc++-prettyprinters/simple.cc print deqiter0
FAIL: libstdc++-prettyprinters/simple.cc print deqiter0
FAIL: libstdc++-prettyprinters/simple.cc print lst
FAIL: libstdc++-prettyprinters/simple.cc print lst
FAIL: libstdc++-prettyprinters/simple.cc print lstiter0
FAIL: libstdc++-prettyprinters/simple.cc print lstiter0
FAIL: libstdc++-prettyprinters/simple.cc print mp
FAIL: libstdc++-prettyprinters/simple.cc print mp
FAIL: libstdc++-prettyprinters/simple.cc print mpiter0
FAIL: libstdc++-prettyprinters/simple.cc print mpiter0
FAIL: libstdc++-prettyprinters/simple.cc print sp
FAIL: libstdc++-prettyprinters/simple.cc print sp
FAIL: libstdc++-prettyprinters/simple.cc print spiter0
FAIL: libstdc++-prettyprinters/simple.cc print spiter0
FAIL: libstdc++-prettyprinters/simple.cc print v
FAIL: libstdc++-prettyprinters/simple.cc print v
FAIL: libstdc++-prettyprinters/simple.cc print viter0
FAIL: libstdc++-prettyprinters/simple.cc print viter0
=== libstdc++ Summary for unix/-std=gnu++98/-D_GLIBCXX_DEBUG ===
# of expected passes 6713
# of unexpected failures 33
# of unexpected successes 2
# of expected failures 94
# of unresolved testcases 4
# of unsupported tests 3526
=== libstdc++ Summary ===
# of expected passes 63195
# of unexpected failures 313
# of unexpected successes 8
# of expected failures 805
# of unresolved testcases 54
# of unsupported tests 8403
gcc version 8.0.0 20171214 (experimental) [trunk revision 255666] (GCC)
Compiler version: 8.0.0 20171214 (experimental) [trunk revision 255666] (GCC) libstdc++
Platform: x86_64-pc-linux-gnu
configure flags: --enable-languages=c++ --disable-bootstrap --disable-libcc1 --disable-libcilkrts --disable-libhsail-rt --disable-libmpx --disable-liboffloadmic --disable-libvtv --with-system-zlib --with-gnu-ld --with-gnu-as --without-isl
Fedora release 26 (Twenty Six)
GNU C Library (GNU libc) stable release version 2.25, by Roland McGrath et al.
GNU assembler version 2.27-28.fc26
GNU ld version 2.27-28.fc26
DejaGnu version 1.6
Expect version 5.45
Tcl version 8.6