This is the mail archive of the
gcc-testresults@gcc.gnu.org
mailing list for the GCC project.
Results for 8.0.0 20171208 (experimental) [trunk revision 255501] (GCC) testsuite on sparc-sun-solaris2.11
- From: Rainer Orth <ro at CeBiTec dot Uni-Bielefeld dot DE>
- To: gcc-testresults at gcc dot gnu dot org
- Date: Fri, 8 Dec 2017 13:23:51 +0100 (MET)
- Subject: Results for 8.0.0 20171208 (experimental) [trunk revision 255501] (GCC) testsuite on sparc-sun-solaris2.11
- Authentication-results: sourceware.org; auth=none
LAST_UPDATED: Fri Dec 8 09:55:09 UTC 2017 (revision 255501)
=== acats tests ===
=== acats Summary ===
# of expected passes 2320
# of unexpected failures 0
Native configuration is sparc-sun-solaris2.11
=== g++ tests ===
Running target unix
FAIL: g++.dg/ipa/devirt-22.C -std=gnu++11 scan-ipa-dump-times cp "Discovered a virtual call to a known target" 1 (found 2 times)
FAIL: g++.dg/ipa/devirt-22.C -std=gnu++14 scan-ipa-dump-times cp "Discovered a virtual call to a known target" 1 (found 2 times)
FAIL: g++.dg/ipa/devirt-22.C -std=gnu++98 scan-ipa-dump-times cp "Discovered a virtual call to a known target" 1 (found 2 times)
FAIL: g++.dg/pr79095-4.C -std=gnu++98 (test for warnings, line )
FAIL: g++.dg/pr79095-4.C -std=gnu++98 scan-tree-dump-times vrp2 "__builtin_memset \\\\(_[0-9]+, 0, [0-9]+\\\\)" 1 (found 0 times)
FAIL: g++.dg/template/nontype10.C -std=c++11 (test for excess errors)
FAIL: g++.dg/template/nontype10.C -std=c++14 (test for excess errors)
FAIL: g++.dg/template/nontype10.C -std=c++98 (test for excess errors)
FAIL: g++.dg/gcov/pr16855-priority.C -std=gnu++11 gcov: 1 failures in line counts, 0 in branch percentages, 0 in return percentages, 0 in intermediate format
FAIL: g++.dg/gcov/pr16855-priority.C -std=gnu++11 line 22: is #####:should be 1
FAIL: g++.dg/gcov/pr16855-priority.C -std=gnu++14 gcov: 1 failures in line counts, 0 in branch percentages, 0 in return percentages, 0 in intermediate format
FAIL: g++.dg/gcov/pr16855-priority.C -std=gnu++14 line 22: is #####:should be 1
FAIL: g++.dg/gcov/pr16855-priority.C -std=gnu++98 gcov: 1 failures in line counts, 0 in branch percentages, 0 in return percentages, 0 in intermediate format
FAIL: g++.dg/gcov/pr16855-priority.C -std=gnu++98 line 22: is #####:should be 1
FAIL: g++.dg/gcov/pr16855.C -std=gnu++11 gcov: 1 failures in line counts, 0 in branch percentages, 0 in return percentages, 0 in intermediate format
FAIL: g++.dg/gcov/pr16855.C -std=gnu++11 line 21: is #####:should be 1
FAIL: g++.dg/gcov/pr16855.C -std=gnu++14 gcov: 1 failures in line counts, 0 in branch percentages, 0 in return percentages, 0 in intermediate format
FAIL: g++.dg/gcov/pr16855.C -std=gnu++14 line 21: is #####:should be 1
FAIL: g++.dg/gcov/pr16855.C -std=gnu++98 gcov: 1 failures in line counts, 0 in branch percentages, 0 in return percentages, 0 in intermediate format
FAIL: g++.dg/gcov/pr16855.C -std=gnu++98 line 21: is #####:should be 1
UNRESOLVED: g++.dg/lto/pr51567-1 cp_lto_pr51567-1_0.o-cp_lto_pr51567-1_0.o execute -flto -g
FAIL: g++.dg/lto/pr51567-1 cp_lto_pr51567-1_0.o-cp_lto_pr51567-1_0.o link, -flto -g
UNRESOLVED: g++.dg/lto/pr53470 cp_lto_pr53470_0.o-cp_lto_pr53470_0.o execute -g -flto
FAIL: g++.dg/lto/pr53470 cp_lto_pr53470_0.o-cp_lto_pr53470_0.o link, -g -flto
=== g++ Summary for unix ===
# of expected passes 108037
# of unexpected failures 22
# of expected failures 436
# of unresolved testcases 2
# of unsupported tests 4836
Running target unix/-m64
FAIL: g++.dg/ipa/devirt-22.C -std=gnu++11 scan-ipa-dump-times cp "Discovered a virtual call to a known target" 1 (found 2 times)
FAIL: g++.dg/ipa/devirt-22.C -std=gnu++14 scan-ipa-dump-times cp "Discovered a virtual call to a known target" 1 (found 2 times)
FAIL: g++.dg/ipa/devirt-22.C -std=gnu++98 scan-ipa-dump-times cp "Discovered a virtual call to a known target" 1 (found 2 times)
FAIL: g++.dg/pr79095-4.C -std=gnu++98 (test for warnings, line )
FAIL: g++.dg/pr79095-4.C -std=gnu++98 scan-tree-dump-times vrp2 "__builtin_memset \\\\(_[0-9]+, 0, [0-9]+\\\\)" 1 (found 0 times)
FAIL: g++.dg/gcov/pr16855-priority.C -std=gnu++11 gcov: 1 failures in line counts, 0 in branch percentages, 0 in return percentages, 0 in intermediate format
FAIL: g++.dg/gcov/pr16855-priority.C -std=gnu++11 line 22: is #####:should be 1
FAIL: g++.dg/gcov/pr16855-priority.C -std=gnu++14 gcov: 1 failures in line counts, 0 in branch percentages, 0 in return percentages, 0 in intermediate format
FAIL: g++.dg/gcov/pr16855-priority.C -std=gnu++14 line 22: is #####:should be 1
FAIL: g++.dg/gcov/pr16855-priority.C -std=gnu++98 gcov: 1 failures in line counts, 0 in branch percentages, 0 in return percentages, 0 in intermediate format
FAIL: g++.dg/gcov/pr16855-priority.C -std=gnu++98 line 22: is #####:should be 1
FAIL: g++.dg/gcov/pr16855.C -std=gnu++11 gcov: 1 failures in line counts, 0 in branch percentages, 0 in return percentages, 0 in intermediate format
FAIL: g++.dg/gcov/pr16855.C -std=gnu++11 line 21: is #####:should be 1
FAIL: g++.dg/gcov/pr16855.C -std=gnu++14 gcov: 1 failures in line counts, 0 in branch percentages, 0 in return percentages, 0 in intermediate format
FAIL: g++.dg/gcov/pr16855.C -std=gnu++14 line 21: is #####:should be 1
FAIL: g++.dg/gcov/pr16855.C -std=gnu++98 gcov: 1 failures in line counts, 0 in branch percentages, 0 in return percentages, 0 in intermediate format
FAIL: g++.dg/gcov/pr16855.C -std=gnu++98 line 21: is #####:should be 1
UNRESOLVED: g++.dg/lto/pr51567-1 cp_lto_pr51567-1_0.o-cp_lto_pr51567-1_0.o execute -flto -g
FAIL: g++.dg/lto/pr51567-1 cp_lto_pr51567-1_0.o-cp_lto_pr51567-1_0.o link, -flto -g
UNRESOLVED: g++.dg/lto/pr53470 cp_lto_pr53470_0.o-cp_lto_pr53470_0.o execute -g -flto
FAIL: g++.dg/lto/pr53470 cp_lto_pr53470_0.o-cp_lto_pr53470_0.o link, -g -flto
=== g++ Summary for unix/-m64 ===
# of expected passes 109925
# of unexpected failures 19
# of expected failures 439
# of unresolved testcases 2
# of unsupported tests 4805
=== g++ Summary ===
# of expected passes 217962
# of unexpected failures 41
# of expected failures 875
# of unresolved testcases 4
# of unsupported tests 9641
/var/gcc/regression/trunk/11.4-gcc/build/gcc/testsuite/g++/../../xg++ version 8.0.0 20171208 (experimental) [trunk revision 255501] (GCC)
=== gcc tests ===
Running target unix
FAIL: gcc.dg/debug/pr41893-1.c -gdwarf-2 -g3 (test for excess errors)
FAIL: gcc.dg/debug/pr41893-1.c -gdwarf-2 -g3 -O (test for excess errors)
FAIL: gcc.dg/debug/pr41893-1.c -gdwarf-2 -g3 -O3 (test for excess errors)
FAIL: gcc.dg/ipa/inline-1.c scan-ipa-dump inline "op2 change 9.990000. of time"
FAIL: gcc.dg/ipa/inline-1.c scan-ipa-dump inline "op3 change 9.990000. of time"
FAIL: gcc.dg/ipa/inline-1.c scan-ipa-dump inline "op4 change 9.990000. of time"
FAIL: gcc.dg/ipa/inline-1.c scan-ipa-dump inline "op5 change 9.990000. of time"
FAIL: gcc.dg/plugin/must-tail-call-1.c -fplugin=./must_tail_call_plugin.so (test for excess errors)
FAIL: gcc.dg/simulate-thread/atomic-other-int.c -O2 -g thread simulation test
FAIL: gcc.dg/simulate-thread/atomic-other-int.c -O3 -g thread simulation test
FAIL: gcc.dg/simulate-thread/speculative-store-4.c -O0 -g thread simulation test
FAIL: gcc.dg/simulate-thread/speculative-store-4.c -O2 -g thread simulation test
FAIL: gcc.dg/simulate-thread/speculative-store-4.c -O3 -g thread simulation test
FAIL: gcc.dg/simulate-thread/speculative-store.c -O0 -g thread simulation test
FAIL: gcc.dg/vect/bb-slp-1.c -flto -ffat-lto-objects scan-tree-dump-times slp1 "basic block vectorized" 1 (found 0 times)
FAIL: gcc.dg/vect/bb-slp-1.c scan-tree-dump-times slp1 "basic block vectorized" 1 (found 0 times)
FAIL: gcc.dg/vect/bb-slp-16.c -flto -ffat-lto-objects scan-tree-dump-times slp1 "basic block vectorized" 1 (found 0 times)
FAIL: gcc.dg/vect/bb-slp-16.c scan-tree-dump-times slp1 "basic block vectorized" 1 (found 0 times)
FAIL: gcc.dg/vect/bb-slp-2.c -flto -ffat-lto-objects scan-tree-dump-times slp1 "basic block vectorized" 1 (found 0 times)
FAIL: gcc.dg/vect/bb-slp-2.c scan-tree-dump-times slp1 "basic block vectorized" 1 (found 0 times)
FAIL: gcc.dg/vect/no-section-anchors-vect-69.c scan-tree-dump-times vect "vectorized 4 loops" 1 (found 0 times)
FAIL: gcc.dg/vect/pr79347.c -flto -ffat-lto-objects scan-tree-dump-not vect "Invalid sum of "
FAIL: gcc.dg/vect/pr79347.c scan-tree-dump-not vect "Invalid sum of "
=== gcc Summary for unix ===
# of expected passes 100189
# of unexpected failures 23
# of expected failures 452
# of unsupported tests 2691
Running target unix/-m64
FAIL: gcc.dg/debug/pr41893-1.c -gdwarf-2 -g3 (test for excess errors)
FAIL: gcc.dg/debug/pr41893-1.c -gdwarf-2 -g3 -O (test for excess errors)
FAIL: gcc.dg/debug/pr41893-1.c -gdwarf-2 -g3 -O3 (test for excess errors)
FAIL: gcc.dg/ipa/inline-1.c scan-ipa-dump inline "op2 change 9.990000. of time"
FAIL: gcc.dg/ipa/inline-1.c scan-ipa-dump inline "op3 change 9.990000. of time"
FAIL: gcc.dg/ipa/inline-1.c scan-ipa-dump inline "op4 change 9.990000. of time"
FAIL: gcc.dg/ipa/inline-1.c scan-ipa-dump inline "op5 change 9.990000. of time"
FAIL: gcc.dg/plugin/must-tail-call-1.c -fplugin=./must_tail_call_plugin.so (test for excess errors)
FAIL: gcc.dg/vect/bb-slp-1.c -flto -ffat-lto-objects scan-tree-dump-times slp1 "basic block vectorized" 1 (found 0 times)
FAIL: gcc.dg/vect/bb-slp-1.c scan-tree-dump-times slp1 "basic block vectorized" 1 (found 0 times)
FAIL: gcc.dg/vect/bb-slp-16.c -flto -ffat-lto-objects scan-tree-dump-times slp1 "basic block vectorized" 1 (found 0 times)
FAIL: gcc.dg/vect/bb-slp-16.c scan-tree-dump-times slp1 "basic block vectorized" 1 (found 0 times)
FAIL: gcc.dg/vect/bb-slp-2.c -flto -ffat-lto-objects scan-tree-dump-times slp1 "basic block vectorized" 1 (found 0 times)
FAIL: gcc.dg/vect/bb-slp-2.c scan-tree-dump-times slp1 "basic block vectorized" 1 (found 0 times)
FAIL: gcc.dg/vect/no-section-anchors-vect-69.c scan-tree-dump-times vect "vectorized 4 loops" 1 (found 0 times)
FAIL: gcc.dg/vect/pr79347.c -flto -ffat-lto-objects scan-tree-dump-not vect "Invalid sum of "
FAIL: gcc.dg/vect/pr79347.c scan-tree-dump-not vect "Invalid sum of "
=== gcc Summary for unix/-m64 ===
# of expected passes 101252
# of unexpected failures 17
# of expected failures 441
# of unsupported tests 2481
=== gcc Summary ===
# of expected passes 201441
# of unexpected failures 40
# of expected failures 893
# of unsupported tests 5172
/var/gcc/regression/trunk/11.4-gcc/build/gcc/xgcc version 8.0.0 20171208 (experimental) [trunk revision 255501] (GCC)
=== gfortran tests ===
Running target unix
FAIL: gfortran.dg/elemental_subroutine_3.f90 -O1 (test for excess errors)
FAIL: gfortran.dg/elemental_subroutine_3.f90 -O2 (test for excess errors)
FAIL: gfortran.dg/elemental_subroutine_3.f90 -O3 -fomit-frame-pointer -funroll-loops -fpeel-loops -ftracer -finline-functions (test for excess errors)
FAIL: gfortran.dg/elemental_subroutine_3.f90 -O3 -g (test for excess errors)
FAIL: gfortran.dg/elemental_subroutine_3.f90 -Os (test for excess errors)
FAIL: gfortran.dg/submodule_6.f08 -O3 -g (test for excess errors)
=== gfortran Summary for unix ===
# of expected passes 46014
# of unexpected failures 6
# of expected failures 91
# of unsupported tests 259
Running target unix/-m64
FAIL: gfortran.dg/elemental_subroutine_3.f90 -O1 (test for excess errors)
FAIL: gfortran.dg/elemental_subroutine_3.f90 -O2 (test for excess errors)
FAIL: gfortran.dg/elemental_subroutine_3.f90 -O3 -fomit-frame-pointer -funroll-loops -fpeel-loops -ftracer -finline-functions (test for excess errors)
FAIL: gfortran.dg/elemental_subroutine_3.f90 -O3 -g (test for excess errors)
FAIL: gfortran.dg/elemental_subroutine_3.f90 -Os (test for excess errors)
FAIL: gfortran.dg/submodule_6.f08 -O3 -g (test for excess errors)
=== gfortran Summary for unix/-m64 ===
# of expected passes 46261
# of unexpected failures 6
# of expected failures 91
# of unsupported tests 138
=== gfortran Summary ===
# of expected passes 92275
# of unexpected failures 12
# of expected failures 182
# of unsupported tests 397
/var/gcc/regression/trunk/11.4-gcc/build/gcc/testsuite/gfortran/../../gfortran version 8.0.0 20171208 (experimental) [trunk revision 255501] (GCC)
=== gnat tests ===
Running target unix
=== gnat Summary for unix ===
# of expected passes 2612
# of expected failures 24
# of unsupported tests 23
Running target unix/-m64
=== gnat Summary for unix/-m64 ===
# of expected passes 2612
# of expected failures 24
# of unsupported tests 23
=== gnat Summary ===
# of expected passes 5224
# of expected failures 48
# of unsupported tests 46
/var/gcc/regression/trunk/11.4-gcc/build/gcc/gnatmake version 8.0.0 20171208 (experimental) [trunk revision 255501]
=== go tests ===
Running target unix
FAIL: ./index0-out.go execution, -O0 -g -fno-var-tracking-assignments
FAIL: go.test/test/fixedbugs/issue4562.go execution, -O2 -g
FAIL: go.test/test/nil.go execution, -O2 -g
=== go Summary for unix ===
# of expected passes 7359
# of unexpected failures 3
# of expected failures 1
# of untested testcases 11
# of unsupported tests 3
Running target unix/-m64
FAIL: ./index0-out.go execution, -O0 -g -fno-var-tracking-assignments
=== go Summary for unix/-m64 ===
# of expected passes 7241
# of unexpected failures 1
# of expected failures 1
# of untested testcases 11
# of unsupported tests 3
=== go Summary ===
# of expected passes 14600
# of unexpected failures 4
# of expected failures 2
# of untested testcases 22
# of unsupported tests 6
=== obj-c++ tests ===
Running target unix
=== obj-c++ Summary for unix ===
# of expected passes 1464
# of expected failures 2
# of unsupported tests 77
Running target unix/-m64
=== obj-c++ Summary for unix/-m64 ===
# of expected passes 1456
# of expected failures 10
# of unsupported tests 77
=== obj-c++ Summary ===
# of expected passes 2920
# of expected failures 12
# of unsupported tests 154
/var/gcc/regression/trunk/11.4-gcc/build/gcc/testsuite/obj-c++/../../xg++ version 8.0.0 20171208 (experimental) [trunk revision 255501] (GCC)
=== objc tests ===
Running target unix
=== objc Summary for unix ===
# of expected passes 2803
# of unsupported tests 68
Running target unix/-m64
=== objc Summary for unix/-m64 ===
# of expected passes 2803
# of unsupported tests 68
=== objc Summary ===
# of expected passes 5606
# of unsupported tests 136
/var/gcc/regression/trunk/11.4-gcc/build/gcc/xgcc version 8.0.0 20171208 (experimental) [trunk revision 255501] (GCC)
=== gotools tests ===
FAIL: TestBreakpoint
FAIL: TestCgoSignalDeadlock
FAIL: TestCrashDumpsAllThreads
FAIL: TestSelectStackAdjust
FAIL: go test runtime
FAIL: go test misc/cgo/test
FAIL: TestCompileWithoutShared
FAIL: TestEarlySignalHandler
FAIL: TestInstall
FAIL: TestOsSignal
FAIL: TestPIE
FAIL: TestSIGPROF
FAIL: TestSigaltstack
FAIL: TestSignalForwarding
FAIL: TestSignalForwardingExternal
FAIL: go test misc/cgo/testcarchive
=== gotools Summary ===
# of expected passes 265
# of unexpected failures 16
# of untested testcases 129
/var/gcc/regression/trunk/11.4-gcc/build/./gcc/gccgo version 8.0.0 20171208 (experimental) [trunk revision 255501] (GCC)
=== libatomic tests ===
Running target unix
=== libatomic Summary for unix ===
# of expected passes 44
# of unsupported tests 5
Running target unix/-m64
=== libatomic Summary for unix/-m64 ===
# of expected passes 54
=== libatomic Summary ===
# of expected passes 98
# of unsupported tests 5
=== libffi tests ===
Running target unix
=== libffi Summary for unix ===
# of expected passes 2214
Running target unix/-m64
=== libffi Summary for unix/-m64 ===
# of expected passes 2214
=== libffi Summary ===
# of expected passes 4428
=== libgo tests ===
Running target unix
FAIL: runtime
FAIL: go/build
FAIL: net/http
FAIL: os/signal
FAIL: runtime/pprof
=== libgo Summary for unix ===
# of expected passes 151
# of unexpected failures 5
Running target unix/-m64
FAIL: go/build
FAIL: net/http
=== libgo Summary for unix/-m64 ===
# of expected passes 154
# of unexpected failures 2
=== libgo Summary ===
# of expected passes 305
# of unexpected failures 7
/var/gcc/regression/trunk/11.4-gcc/build/./gcc/gccgo version 8.0.0 20171208 (experimental) [trunk revision 255501] (GCC)
=== libgomp tests ===
Running target unix
FAIL: libgomp.graphite/force-parallel-1.c scan-tree-dump-times graphite "2 loops carried no dependency" 1 (found 0 times)
FAIL: libgomp.graphite/force-parallel-1.c scan-tree-dump-times optimized "loopfn" 8 (found 12 times)
=== libgomp Summary for unix ===
# of expected passes 5249
# of unexpected failures 2
# of unsupported tests 353
Running target unix/-m64
FAIL: libgomp.graphite/force-parallel-1.c scan-tree-dump-times graphite "2 loops carried no dependency" 1 (found 0 times)
FAIL: libgomp.graphite/force-parallel-1.c scan-tree-dump-times optimized "loopfn" 8 (found 12 times)
=== libgomp Summary for unix/-m64 ===
# of expected passes 5249
# of unexpected failures 2
# of unsupported tests 353
=== libgomp Summary ===
# of expected passes 10498
# of unexpected failures 4
# of unsupported tests 706
=== libitm tests ===
Running target unix
=== libitm Summary for unix ===
# of expected passes 42
# of expected failures 3
# of unsupported tests 1
Running target unix/-m64
=== libitm Summary for unix/-m64 ===
# of expected passes 42
# of expected failures 3
# of unsupported tests 1
=== libitm Summary ===
# of expected passes 84
# of expected failures 6
# of unsupported tests 2
=== libstdc++ tests ===
Running target unix
=== libstdc++ Summary for unix ===
# of expected passes 11244
# of expected failures 70
# of unsupported tests 639
Running target unix/-m64
=== libstdc++ Summary for unix/-m64 ===
# of expected passes 11244
# of expected failures 70
# of unsupported tests 639
=== libstdc++ Summary ===
# of expected passes 22488
# of expected failures 140
# of unsupported tests 1278
Compiler version: 8.0.0 20171208 (experimental) [trunk revision 255501] (GCC)
Platform: sparc-sun-solaris2.11
configure flags: --prefix=/vol/gcc --target=sparc-sun-solaris2.11 --enable-objc-gc --with-target-bdw-gc-include=/vol/gcc/include --with-target-bdw-gc-lib=/vol/gcc/lib,sparcv9=/vol/gcc/lib/sparcv9 --enable-libmudflap --with-as=/usr/ccs/bin/as --without-gnu-as --with-gmp-include=/vol/gcc/include --with-gmp-lib=/vol/gcc/lib --with-mpfr-include=/vol/gcc/include --with-mpfr-lib=/vol/gcc/lib --with-mpc-include=/vol/gcc/include --with-mpc-lib=/vol/gcc/lib --enable-languages=all,ada,obj-c++,go --with-isl-include=/vol/gcc/include --with-isl-lib=/vol/gcc/lib --build=sparc-sun-solaris2.11 --host=sparc-sun-solaris2.11
BOOT_CFLAGS=-g -O2