This is the mail archive of the
gcc-testresults@gcc.gnu.org
mailing list for the GCC project.
Results for 8.0.0 20171119 (experimental) [trunk revision 254938] (GCC) testsuite on x86_64-pc-linux-gnu
- From: intel64corei7 at gnu-34 dot sc dot intel dot com (H.J. Lu (Intel64 Core i7))
- To: gcc-testresults at gcc dot gnu dot org
- Date: Sun, 19 Nov 2017 16:51:09 -0800
- Subject: Results for 8.0.0 20171119 (experimental) [trunk revision 254938] (GCC) testsuite on x86_64-pc-linux-gnu
- Authentication-results: sourceware.org; auth=none
Native configuration is x86_64-pc-linux-gnu
=== gcc tests ===
Running target unix
FAIL: gcc.dg/debug/dwarf2/nested_fun.c scan-assembler-times \\\\(DIE \\\\(0x.*\\\\) DW_TAG_lexical_block\\\\)[^)]*DW_AT_abstract_origin 1 (found 0 times)
FAIL: c-c++-common/attr-warn-unused-result.c -Wc++-compat (test for excess errors)
FAIL: gcc.dg/20050503-1.c scan-assembler-not call
FAIL: gcc.dg/always_inline3.c (test for errors, line 5)
FAIL: gcc.dg/always_inline3.c (test for excess errors)
FAIL: gcc.dg/inline-3.c scan-assembler-not big_function_2
FAIL: gcc.dg/pr45083.c (test for warnings, line 12)
XPASS: gcc.dg/pr78768.c -Wformat-overflow (test for warnings, line 12)
FAIL: gcc.dg/pr78973-2.c ilp32 (test for warnings, line 16)
FAIL: gcc.dg/stack-check-2.c scan-tree-dump-not optimized "tail call"
FAIL: gcc.dg/stack-check-2.c scan-tree-dump-not tailc "tail call"
FAIL: gcc.dg/uninit-19.c (test for warnings, line 14)
FAIL: gcc.dg/uninit-19.c (test for excess errors)
FAIL: gcc.dg/winline-3.c (test for warnings, line 5)
FAIL: gcc.dg/winline-3.c (test for excess errors)
FAIL: gcc.dg/winline-5.c (test for warnings, line 5)
FAIL: gcc.dg/winline-5.c (test for excess errors)
FAIL: gcc.dg/winline-6.c (test for warnings, line 5)
FAIL: gcc.dg/winline-6.c (test for excess errors)
FAIL: gcc.dg/winline-7.c (test for excess errors)
FAIL: gcc.dg/winline-9.c (test for warnings, line 13)
FAIL: gcc.dg/winline-9.c (test for excess errors)
FAIL: gcc.dg/graphite/interchange-3.c scan-tree-dump graphite "tiled"
FAIL: gcc.dg/graphite/interchange-7.c scan-tree-dump graphite "tiled"
FAIL: gcc.dg/graphite/interchange-9.c scan-tree-dump graphite "tiled"
FAIL: gcc.dg/graphite/uns-interchange-9.c scan-tree-dump graphite "tiled"
XPASS: gcc.dg/guality/example.c -O0 execution test
XPASS: gcc.dg/guality/example.c -O1 execution test
XPASS: gcc.dg/guality/example.c -O2 execution test
XPASS: gcc.dg/guality/example.c -O2 -flto -fno-use-linker-plugin -flto-partition=none execution test
XPASS: gcc.dg/guality/guality.c -O0 execution test
XPASS: gcc.dg/guality/guality.c -O1 execution test
XPASS: gcc.dg/guality/guality.c -O2 execution test
XPASS: gcc.dg/guality/guality.c -O2 -flto -fno-use-linker-plugin -flto-partition=none execution test
XPASS: gcc.dg/guality/guality.c -O2 -flto -fuse-linker-plugin -fno-fat-lto-objects execution test
XPASS: gcc.dg/guality/guality.c -O3 -g execution test
XPASS: gcc.dg/guality/guality.c -Os execution test
XPASS: gcc.dg/guality/inline-params-2.c -O2 -flto -fuse-linker-plugin -fno-fat-lto-objects execution test
XPASS: gcc.dg/guality/inline-params.c -O2 execution test
XPASS: gcc.dg/guality/inline-params.c -O2 -flto -fno-use-linker-plugin -flto-partition=none execution test
XPASS: gcc.dg/guality/inline-params.c -O2 -flto -fuse-linker-plugin -fno-fat-lto-objects execution test
XPASS: gcc.dg/guality/inline-params.c -O3 -g execution test
XPASS: gcc.dg/guality/inline-params.c -Os execution test
XPASS: gcc.dg/guality/pr41353-1.c -O0 line 28 j == 28 + 37
XPASS: gcc.dg/guality/pr41353-1.c -O1 line 28 j == 28 + 37
XPASS: gcc.dg/guality/pr41353-1.c -O2 line 28 j == 28 + 37
XPASS: gcc.dg/guality/pr41353-1.c -O2 -flto -fno-use-linker-plugin -flto-partition=none line 28 j == 28 + 37
XPASS: gcc.dg/guality/pr41353-1.c -O2 -flto -fuse-linker-plugin -fno-fat-lto-objects line 28 j == 28 + 37
XPASS: gcc.dg/guality/pr41353-1.c -O3 -g line 28 j == 28 + 37
XPASS: gcc.dg/guality/pr41353-1.c -Os line 28 j == 28 + 37
FAIL: gcc.dg/guality/pr43051-1.c -O2 -flto -fno-use-linker-plugin -flto-partition=none line 34 c == &a[0]
FAIL: gcc.dg/guality/pr43051-1.c -O2 -flto -fno-use-linker-plugin -flto-partition=none line 36 e == &a[1]
FAIL: gcc.dg/guality/pr43051-1.c -O2 -flto -fno-use-linker-plugin -flto-partition=none line 39 c == &a[0]
FAIL: gcc.dg/guality/pr43051-1.c -O2 -flto -fno-use-linker-plugin -flto-partition=none line 41 e == &a[1]
FAIL: gcc.dg/guality/pr43051-1.c -O2 -flto -fuse-linker-plugin -fno-fat-lto-objects line 34 c == &a[0]
FAIL: gcc.dg/guality/pr43051-1.c -O2 -flto -fuse-linker-plugin -fno-fat-lto-objects line 36 e == &a[1]
FAIL: gcc.dg/guality/pr43051-1.c -O2 -flto -fuse-linker-plugin -fno-fat-lto-objects line 39 c == &a[0]
FAIL: gcc.dg/guality/pr43051-1.c -O2 -flto -fuse-linker-plugin -fno-fat-lto-objects line 41 e == &a[1]
FAIL: gcc.dg/guality/pr45882.c -O2 -flto -fno-use-linker-plugin -flto-partition=none line 16 b == 7
FAIL: gcc.dg/guality/pr45882.c -O2 -flto -fno-use-linker-plugin -flto-partition=none line 16 c == 11
FAIL: gcc.dg/guality/pr45882.c -O2 -flto -fno-use-linker-plugin -flto-partition=none line 16 d == 112
FAIL: gcc.dg/guality/pr45882.c -O2 -flto -fno-use-linker-plugin -flto-partition=none line 16 e == 142
FAIL: gcc.dg/guality/pr45882.c -O2 -flto -fuse-linker-plugin -fno-fat-lto-objects line 16 b == 7
FAIL: gcc.dg/guality/pr45882.c -O2 -flto -fuse-linker-plugin -fno-fat-lto-objects line 16 c == 11
FAIL: gcc.dg/guality/pr45882.c -O2 -flto -fuse-linker-plugin -fno-fat-lto-objects line 16 d == 112
FAIL: gcc.dg/guality/pr45882.c -O2 -flto -fuse-linker-plugin -fno-fat-lto-objects line 16 e == 142
FAIL: gcc.dg/guality/pr54200.c -Os line 20 z == 3
FAIL: gcc.dg/guality/pr54519-1.c -O2 -flto -fno-use-linker-plugin -flto-partition=none line 20 y == 25
FAIL: gcc.dg/guality/pr54519-1.c -O2 -flto -fno-use-linker-plugin -flto-partition=none line 20 z == 6
FAIL: gcc.dg/guality/pr54519-1.c -O2 -flto -fno-use-linker-plugin -flto-partition=none line 23 y == 117
FAIL: gcc.dg/guality/pr54519-1.c -O2 -flto -fno-use-linker-plugin -flto-partition=none line 23 z == 8
FAIL: gcc.dg/guality/pr54519-1.c -O2 -flto -fuse-linker-plugin -fno-fat-lto-objects line 20 y == 25
FAIL: gcc.dg/guality/pr54519-1.c -O2 -flto -fuse-linker-plugin -fno-fat-lto-objects line 20 z == 6
FAIL: gcc.dg/guality/pr54519-1.c -O2 -flto -fuse-linker-plugin -fno-fat-lto-objects line 23 y == 117
FAIL: gcc.dg/guality/pr54519-1.c -O2 -flto -fuse-linker-plugin -fno-fat-lto-objects line 23 z == 8
FAIL: gcc.dg/guality/pr54519-2.c -O2 -flto -fno-use-linker-plugin -flto-partition=none line 17 y == 25
FAIL: gcc.dg/guality/pr54519-2.c -O2 -flto -fuse-linker-plugin -fno-fat-lto-objects line 17 y == 25
FAIL: gcc.dg/guality/pr54519-3.c -O2 -flto -fno-use-linker-plugin -flto-partition=none line 20 y == 25
FAIL: gcc.dg/guality/pr54519-3.c -O2 -flto -fno-use-linker-plugin -flto-partition=none line 20 z == 6
FAIL: gcc.dg/guality/pr54519-3.c -O2 -flto -fno-use-linker-plugin -flto-partition=none line 23 y == 117
FAIL: gcc.dg/guality/pr54519-3.c -O2 -flto -fno-use-linker-plugin -flto-partition=none line 23 z == 8
FAIL: gcc.dg/guality/pr54519-3.c -O2 -flto -fuse-linker-plugin -fno-fat-lto-objects line 20 y == 25
FAIL: gcc.dg/guality/pr54519-3.c -O2 -flto -fuse-linker-plugin -fno-fat-lto-objects line 20 z == 6
FAIL: gcc.dg/guality/pr54519-3.c -O2 -flto -fuse-linker-plugin -fno-fat-lto-objects line 23 y == 117
FAIL: gcc.dg/guality/pr54519-3.c -O2 -flto -fuse-linker-plugin -fno-fat-lto-objects line 23 z == 8
FAIL: gcc.dg/guality/pr54519-4.c -O2 -flto -fno-use-linker-plugin -flto-partition=none line 17 y == 25
FAIL: gcc.dg/guality/pr54519-4.c -O2 -flto -fuse-linker-plugin -fno-fat-lto-objects line 17 y == 25
FAIL: gcc.dg/guality/pr54519-5.c -O2 -flto -fno-use-linker-plugin -flto-partition=none line 17 y == 25
FAIL: gcc.dg/guality/pr54519-5.c -O2 -flto -fuse-linker-plugin -fno-fat-lto-objects line 17 y == 25
FAIL: gcc.dg/guality/pr68037-1.c -O2 -flto -fuse-linker-plugin -fno-fat-lto-objects line 33 error == 0x12345670
FAIL: gcc.dg/guality/pr68037-1.c -O2 -flto -fuse-linker-plugin -fno-fat-lto-objects line 33 frame->cs == 0x12345672
FAIL: gcc.dg/guality/pr68037-1.c -O2 -flto -fuse-linker-plugin -fno-fat-lto-objects line 33 frame->flags == 0x12345673
FAIL: gcc.dg/guality/pr68037-1.c -O2 -flto -fuse-linker-plugin -fno-fat-lto-objects line 33 frame->ip == 0x12345671
FAIL: gcc.dg/guality/pr68037-1.c -O2 -flto -fuse-linker-plugin -fno-fat-lto-objects line 33 frame->sp == 0x12345674
FAIL: gcc.dg/guality/pr68037-1.c -O2 -flto -fuse-linker-plugin -fno-fat-lto-objects line 33 frame->ss == 0x12345675
FAIL: gcc.dg/guality/pr68860-1.c -O2 -flto -fno-use-linker-plugin -flto-partition=none line 14 arg1 == 1
FAIL: gcc.dg/guality/pr68860-1.c -O2 -flto -fno-use-linker-plugin -flto-partition=none line 14 arg2 == 2
FAIL: gcc.dg/guality/pr68860-1.c -O2 -flto -fno-use-linker-plugin -flto-partition=none line 14 arg3 == 3
FAIL: gcc.dg/guality/pr68860-1.c -O2 -flto -fno-use-linker-plugin -flto-partition=none line 14 arg4 == 4
FAIL: gcc.dg/guality/pr68860-1.c -O2 -flto -fno-use-linker-plugin -flto-partition=none line 14 arg5 == 5
FAIL: gcc.dg/guality/pr68860-1.c -O2 -flto -fno-use-linker-plugin -flto-partition=none line 14 arg6 == 6
FAIL: gcc.dg/guality/pr68860-1.c -O2 -flto -fno-use-linker-plugin -flto-partition=none line 16 arg1 == 1
FAIL: gcc.dg/guality/pr68860-1.c -O2 -flto -fno-use-linker-plugin -flto-partition=none line 16 arg2 == 2
FAIL: gcc.dg/guality/pr68860-1.c -O2 -flto -fno-use-linker-plugin -flto-partition=none line 16 arg3 == 3
FAIL: gcc.dg/guality/pr68860-1.c -O2 -flto -fno-use-linker-plugin -flto-partition=none line 16 arg4 == 4
FAIL: gcc.dg/guality/pr68860-1.c -O2 -flto -fno-use-linker-plugin -flto-partition=none line 16 arg5 == 5
FAIL: gcc.dg/guality/pr68860-1.c -O2 -flto -fno-use-linker-plugin -flto-partition=none line 16 arg6 == 6
FAIL: gcc.dg/guality/pr68860-1.c -O2 -flto -fuse-linker-plugin -fno-fat-lto-objects line 14 arg1 == 1
FAIL: gcc.dg/guality/pr68860-1.c -O2 -flto -fuse-linker-plugin -fno-fat-lto-objects line 14 arg2 == 2
FAIL: gcc.dg/guality/pr68860-1.c -O2 -flto -fuse-linker-plugin -fno-fat-lto-objects line 14 arg3 == 3
FAIL: gcc.dg/guality/pr68860-1.c -O2 -flto -fuse-linker-plugin -fno-fat-lto-objects line 14 arg4 == 4
FAIL: gcc.dg/guality/pr68860-1.c -O2 -flto -fuse-linker-plugin -fno-fat-lto-objects line 14 arg5 == 5
FAIL: gcc.dg/guality/pr68860-1.c -O2 -flto -fuse-linker-plugin -fno-fat-lto-objects line 14 arg6 == 6
FAIL: gcc.dg/guality/pr68860-1.c -O2 -flto -fuse-linker-plugin -fno-fat-lto-objects line 16 arg1 == 1
FAIL: gcc.dg/guality/pr68860-1.c -O2 -flto -fuse-linker-plugin -fno-fat-lto-objects line 16 arg2 == 2
FAIL: gcc.dg/guality/pr68860-1.c -O2 -flto -fuse-linker-plugin -fno-fat-lto-objects line 16 arg3 == 3
FAIL: gcc.dg/guality/pr68860-1.c -O2 -flto -fuse-linker-plugin -fno-fat-lto-objects line 16 arg4 == 4
FAIL: gcc.dg/guality/pr68860-1.c -O2 -flto -fuse-linker-plugin -fno-fat-lto-objects line 16 arg5 == 5
FAIL: gcc.dg/guality/pr68860-1.c -O2 -flto -fuse-linker-plugin -fno-fat-lto-objects line 16 arg6 == 6
FAIL: gcc.dg/guality/vla-1.c -O1 line 17 sizeof (a) == 6
FAIL: gcc.dg/guality/vla-1.c -O2 line 17 sizeof (a) == 6
FAIL: gcc.dg/guality/vla-1.c -O2 -flto -fno-use-linker-plugin -flto-partition=none line 17 sizeof (a) == 6
FAIL: gcc.dg/guality/vla-1.c -O2 -flto -fno-use-linker-plugin -flto-partition=none line 24 sizeof (a) == 17 * sizeof (short)
FAIL: gcc.dg/guality/vla-1.c -O2 -flto -fuse-linker-plugin -fno-fat-lto-objects line 17 sizeof (a) == 6
FAIL: gcc.dg/guality/vla-1.c -O2 -flto -fuse-linker-plugin -fno-fat-lto-objects line 24 sizeof (a) == 17 * sizeof (short)
FAIL: gcc.dg/guality/vla-1.c -O3 -g line 17 sizeof (a) == 6
FAIL: gcc.dg/guality/vla-1.c -Os line 17 sizeof (a) == 6
FAIL: gcc.dg/ipa/iinline-1.c scan-ipa-dump inline "hooray[^\\\\n]*inline copy in test"
FAIL: gcc.dg/ipa/iinline-1.c scan-ipa-dump inline "indirect_call"
FAIL: gcc.dg/ipa/iinline-2.c scan-ipa-dump inline "hip2[^\\\\n]*inline copy in main"
FAIL: gcc.dg/ipa/iinline-2.c scan-ipa-dump inline "hooray[^\\\\n]*inline copy in main"
FAIL: gcc.dg/ipa/iinline-4.c scan-ipa-dump inline "hooray1[^\\\\n]*inline copy in test1"
FAIL: gcc.dg/ipa/iinline-4.c scan-ipa-dump inline "hooray2[^\\\\n]*inline copy in test2"
FAIL: gcc.dg/ipa/iinline-4.c scan-ipa-dump inline "hooray3[^\\\\n]*inline copy in test3"
FAIL: gcc.dg/ipa/iinline-4.c scan-ipa-dump inline "hooray4[^\\\\n]*inline copy in test4"
FAIL: gcc.dg/ipa/iinline-4.c scan-ipa-dump inline "hooray5[^\\\\n]*inline copy in test5"
FAIL: gcc.dg/ipa/iinline-4.c scan-ipa-dump inline "hooray6[^\\\\n]*inline copy in test6"
FAIL: gcc.dg/ipa/iinline-4.c scan-ipa-dump inline "hooray7[^\\\\n]*inline copy in test7"
FAIL: gcc.dg/ipa/iinline-attr.c scan-ipa-dump inline "hooray[^\\\\n]*inline copy in test"
FAIL: gcc.dg/ipa/iinline-cstagg-1.c scan-ipa-dump inline "thisisthetarget[^\\\\n]*inline copy in outerfunction"
FAIL: gcc.dg/ipa/iinline-cstagg-2.c scan-ipa-dump inline "thisisthetarget[^\\\\n]*inline copy in outerfunction"
FAIL: gcc.dg/ipa/inline-2.c scan-ipa-dump inline "op3 change 1.000000. of time"
FAIL: gcc.dg/ipa/inline-3.c scan-ipa-dump inline "Scaling time by probability:0.100000"
FAIL: gcc.dg/ipa/inline-4.c scan-ipa-dump inline "Inlined 1 calls, eliminated 0 functions"
FAIL: gcc.dg/ipa/inline-4.c scan-ipa-dump-times inline "predicate: .false." 8 (found 0 times)
FAIL: gcc.dg/ipa/inline-6.c scan-ipa-dump-times inline "Inlined into" 2 (found 0 times)
FAIL: gcc.dg/ipa/inlinehint-1.c scan-ipa-dump inline "loop_iterations"
FAIL: gcc.dg/ipa/inlinehint-2.c scan-ipa-dump inline "loop_stride"
FAIL: gcc.dg/ipa/inlinehint-3.c scan-ipa-dump inline "in_scc"
FAIL: gcc.dg/ipa/inlinehint-3.c scan-ipa-dump inline "same_scc"
FAIL: gcc.dg/ipa/inlinehint-4.c scan-ipa-dump inline "Inlined lookup into test"
FAIL: gcc.dg/ipa/inlinehint-4.c scan-ipa-dump inline "Wrapper penalty"
FAIL: gcc.dg/ipa/ipcp-agg-9.c scan-ipa-dump inline "hooray1[^\\\\n]*inline copy in hiphip1"
FAIL: gcc.dg/ipa/ipcp-ii-1.c scan-ipa-dump inline "hooray[^\\\\n]*inline copy in hiphip.constprop"
FAIL: gcc.dg/ipa/pr63416.c scan-tree-dump-not optimized "test_f3"
FAIL: gcc.dg/ipa/pure-const-1.c scan-ipa-dump pure-const "found to be const: i_am_const3"
FAIL: gcc.dg/ipa/pure-const-1.c scan-tree-dump-times optimized "i_am_const3 .5" 1 (found 2 times)
FAIL: gcc.dg/ipa/remref-0.c scan-ipa-dump inline "ipa-prop: Removed a reference"
FAIL: gcc.dg/ipa/remref-0.c scan-tree-dump-not optimized "hooray"
FAIL: gcc.dg/ipa/remref-1a.c scan-ipa-dump inline "ipa-prop: Removed a reference"
FAIL: gcc.dg/ipa/remref-1a.c scan-tree-dump-not optimized "hooray"
FAIL: gcc.dg/ipa/remref-1b.c scan-ipa-dump inline "ipa-prop: Removed a reference"
FAIL: gcc.dg/ipa/remref-1b.c scan-tree-dump-not optimized "hooray"
FAIL: gcc.dg/ipa/remref-2a.c scan-ipa-dump-times inline "ipa-prop: Removed a reference" 2 (found 0 times)
FAIL: gcc.dg/ipa/remref-2a.c scan-tree-dump-not optimized "hooray"
FAIL: gcc.dg/ipa/remref-2b.c scan-ipa-dump inline "ipa-prop: Removed a reference"
FAIL: gcc.dg/ipa/remref-2b.c scan-ipa-dump-times inline "ipa-prop: Removing cloning-created reference" 2 (found 0 times)
FAIL: gcc.dg/ipa/remref-2b.c scan-tree-dump-not optimized "hooray"
FAIL: gcc.dg/lto/20081201-2 c_lto_20081201-2_0.o-c_lto_20081201-2_1.o execute -O3 -flto -flto-partition=1to1
UNRESOLVED: gcc.dg/lto/pr48622 c_lto_pr48622_0.o-c_lto_pr48622_0.o execute -O -flto -finline-small-functions -fno-early-inlining
FAIL: gcc.dg/lto/pr48622 c_lto_pr48622_0.o-c_lto_pr48622_0.o link, -O -flto -finline-small-functions -fno-early-inlining
FAIL: gcc.dg/tm/20100610.c scan-assembler-not ZGTt21calculateCircumCircle
FAIL: gcc.dg/tm/20100615.c scan-assembler-not tm_clone_table
FAIL: gcc.dg/tree-prof/crossmodule-indircall-1.c execution, -fprofile-use -D_PROFILE_USE
FAIL: gcc.dg/tree-prof/inliner-1.c scan-tree-dump-not optimized "hot_function ..;"
FAIL: gcc.dg/tree-ssa/flatten-2.c scan-assembler-not indirect[12][: \\t\\n]
FAIL: gcc.dg/tree-ssa/forwprop-29.c (test for errors, line 21)
FAIL: gcc.dg/tree-ssa/forwprop-9.c scan-tree-dump-times optimized " = 1" 2 (found 1 times)
FAIL: gcc.dg/tree-ssa/inline-2.c (test for excess errors)
FAIL: gcc.dg/tree-ssa/interposition.c scan-tree-dump-times optimized "return 1" 2 (found 1 times)
FAIL: gcc.dg/tree-ssa/minmax-1.c scan-tree-dump-times optimized "return x_[0-9]+.D.;" 2 (found 0 times)
FAIL: gcc.dg/tree-ssa/minmax-2.c scan-tree-dump-times optimized "MIN_EXPR" 2 (found 0 times)
FAIL: gcc.dg/tree-ssa/overflow-2.c scan-tree-dump-times optimized "ADD_OVERFLOW" 8 (found 2 times)
FAIL: gcc.dg/tree-ssa/overflow-2.c scan-tree-dump-times optimized "SUB_OVERFLOW" 4 (found 2 times)
FAIL: gcc.dg/tree-ssa/pr20701.c scan-tree-dump-times vrp1 "Folding predicate.*to 0" 1 (found 0 times)
FAIL: gcc.dg/tree-ssa/pr46076.c (test for excess errors)
FAIL: gcc.dg/tree-ssa/pr64801.c scan-tree-dump-not optimized "fsp_detect"
FAIL: gcc.dg/tree-ssa/pr81346-1.c scan-tree-dump-times optimized "return 1;" 32 (found 2 times)
FAIL: gcc.dg/tree-ssa/pr81346-2.c scan-tree-dump-times optimized "return 0;" 32 (found 2 times)
FAIL: gcc.dg/tree-ssa/pr81346-5.c scan-tree-dump-times optimized " <= 0;" 5 (found 1 times)
FAIL: gcc.dg/tree-ssa/pr81346-5.c scan-tree-dump-times optimized " > 0;" 5 (found 1 times)
FAIL: gcc.dg/tree-ssa/pr81346-5.c scan-tree-dump-times optimized "\\\\(signed int\\\\) x" 10 (found 2 times)
FAIL: gcc.dg/tree-ssa/reassoc-39.c scan-tree-dump-times reassoc1 "Optimizing copysign" 12 (found 9 times)
FAIL: gcc.dg/tree-ssa/vrp05.c scan-tree-dump-times vrp1 "Folding predicate j_.*to 1" 1 (found 0 times)
FAIL: gcc.dg/tree-ssa/vrp11.c scan-tree-dump-times vrp1 "Folding predicate.*to 1" 1 (found 0 times)
FAIL: gcc.dg/tree-ssa/wholeprogram-1.c scan-tree-dump-not optimized "large_function"
FAIL: gcc.dg/vect/costmodel/i386/costmodel-vect-31.c scan-tree-dump-times vect "vectorized 4 loops" 1 (found 0 times)
FAIL: gcc.dg/vect/costmodel/x86_64/costmodel-vect-31.c scan-tree-dump-times vect "vectorized 4 loops" 1 (found 0 times)
FAIL: gcc.dg/vect/pr56787.c -flto -ffat-lto-objects scan-tree-dump vect "vectorized 1 loops"
FAIL: gcc.dg/vect/pr56787.c scan-tree-dump vect "vectorized 1 loops"
FAIL: gcc.dg/vect/pr65947-14.c -flto -ffat-lto-objects execution test
FAIL: gcc.dg/vect/pr65947-14.c execution test
FAIL: gcc.dg/vect/slp-25.c -flto -ffat-lto-objects scan-tree-dump-times vect "vectorized 2 loops" 1 (found 0 times)
FAIL: gcc.dg/vect/slp-25.c scan-tree-dump-times vect "vectorized 2 loops" 1 (found 0 times)
FAIL: gcc.dg/vect/slp-perm-9.c -flto -ffat-lto-objects scan-tree-dump-times vect "vectorized 0 loops" 2 (found 1 times)
FAIL: gcc.dg/vect/slp-perm-9.c scan-tree-dump-times vect "vectorized 0 loops" 2 (found 1 times)
XPASS: gcc.dg/vect/vect-95.c -flto -ffat-lto-objects scan-tree-dump-times vect "Alignment of access forced using peeling" 0
XPASS: gcc.dg/vect/vect-95.c scan-tree-dump-times vect "Alignment of access forced using peeling" 0
FAIL: gcc.dg/vect/vect-outer-simd-1.c -flto -ffat-lto-objects scan-tree-dump vect "OUTER LOOP VECTORIZED"
FAIL: gcc.dg/vect/vect-outer-simd-1.c scan-tree-dump vect "OUTER LOOP VECTORIZED"
FAIL: gcc.dg/vect/vect-outer-simd-2.c -flto -ffat-lto-objects scan-tree-dump vect "OUTER LOOP VECTORIZED"
FAIL: gcc.dg/vect/vect-outer-simd-2.c scan-tree-dump vect "OUTER LOOP VECTORIZED"
FAIL: gcc.dg/vect/vect-outer-simd-3.c -flto -ffat-lto-objects scan-tree-dump vect "OUTER LOOP VECTORIZED"
FAIL: gcc.dg/vect/vect-outer-simd-3.c scan-tree-dump vect "OUTER LOOP VECTORIZED"
FAIL: gcc.dg/vect/wrapv-vect-7.c scan-tree-dump-times vect "vectorized 2 loops" 1 (found 0 times)
FAIL: gcc.target/i386/3dnow-1.c (test for excess errors)
FAIL: gcc.target/i386/3dnowA-1.c (test for excess errors)
FAIL: gcc.target/i386/align-limit.c scan-assembler .p2align 6,,1
FAIL: gcc.target/i386/avx-1.c (test for excess errors)
FAIL: gcc.target/i386/interrupt-14.c (test for excess errors)
UNRESOLVED: gcc.target/i386/interrupt-14.c scan-assembler-not (push|pop)(l|q)[\\\\t ]*%(r|e)(a|b|c|d)x
UNRESOLVED: gcc.target/i386/interrupt-14.c scan-assembler-not (push|pop)(l|q)[\\\\t ]*%(r|e)si
UNRESOLVED: gcc.target/i386/interrupt-14.c scan-assembler-not (push|pop)q[\\\\t ]*%r1[0-5]+
UNRESOLVED: gcc.target/i386/interrupt-14.c scan-assembler-not (push|pop)q[\\\\t ]*%r[8-9]+
UNRESOLVED: gcc.target/i386/interrupt-14.c scan-assembler-not movups[\\\\t .]*%(x|y|z)mm[0-9]+
UNRESOLVED: gcc.target/i386/interrupt-14.c scan-assembler-times \\tcld 2
UNRESOLVED: gcc.target/i386/interrupt-14.c scan-assembler-times iretq 2
UNRESOLVED: gcc.target/i386/interrupt-14.c scan-assembler-times popq[\\\\t ]*%rdi 2
UNRESOLVED: gcc.target/i386/interrupt-14.c scan-assembler-times pushq[\\\\t ]*%rdi 2
FAIL: gcc.target/i386/interrupt-15.c (test for excess errors)
UNRESOLVED: gcc.target/i386/interrupt-15.c scan-assembler (add|lea)(?:l|q)[\\\\t ]*\\\\\$?8.*,[\\\\t ]*%[re]?sp
UNRESOLVED: gcc.target/i386/interrupt-15.c scan-assembler-not (push|pop)(l|q)[\\\\t ]*%(r|e)(b|c|d)x
UNRESOLVED: gcc.target/i386/interrupt-15.c scan-assembler-not (push|pop)(l|q)[\\\\t ]*%(r|e)si
UNRESOLVED: gcc.target/i386/interrupt-15.c scan-assembler-not (push|pop)q[\\\\t ]*%r[0-9]+
UNRESOLVED: gcc.target/i386/interrupt-15.c scan-assembler-not (push|pop)q[\\\\t ]*%rax
UNRESOLVED: gcc.target/i386/interrupt-15.c scan-assembler-not movups[\\\\t .]*%(x|y|z)mm[0-9]+
UNRESOLVED: gcc.target/i386/interrupt-15.c scan-assembler-times \\tcld 2
UNRESOLVED: gcc.target/i386/interrupt-15.c scan-assembler-times iretq 2
UNRESOLVED: gcc.target/i386/interrupt-15.c scan-assembler-times popq[\\\\t ]*%rdi 2
UNRESOLVED: gcc.target/i386/interrupt-15.c scan-assembler-times pushq[\\\\t ]*%rdi 2
FAIL: gcc.target/i386/mmx-1.c (test for excess errors)
FAIL: gcc.target/i386/pr66560-1.c scan-assembler-times addsubps 4 (found 3 times)
FAIL: gcc.target/i386/pr66560-2.c scan-assembler-times addsubpd 4 (found 3 times)
FAIL: gcc.target/i386/pr66560-3.c scan-assembler-times vaddsubps 4 (found 3 times)
FAIL: gcc.target/i386/pr66560-4.c scan-assembler-times vaddsubpd 4 (found 3 times)
FAIL: gcc.target/i386/pr71321.c scan-assembler-times lea.\\t\\\\(%[0-9a-z]+,%[0-9a-z]+,4 3 (found 2 times)
FAIL: gcc.target/i386/pr82361-1.c scan-assembler-not movl\\t%eax, %eax
FAIL: gcc.target/i386/pr82361-1.c scan-assembler-times movl\\t%edx, %edx 2 (found 4 times)
FAIL: gcc.target/i386/pr82361-2.c scan-assembler-not movl\\t%eax, %eax
FAIL: gcc.target/i386/pr82361-2.c scan-assembler-not movl\\t%edx, %edx
FAIL: gcc.target/i386/pr82713.c (test for excess errors)
FAIL: gcc.target/i386/sse-13.c (test for excess errors)
FAIL: gcc.target/i386/sse-23.c (test for excess errors)
FAIL: gcc.target/i386/sse-24.c (test for excess errors)
FAIL: gcc.target/i386/sse-25.c (test for excess errors)
FAIL: gcc.target/i386/thunk-retbnd.c scan-tree-dump-times optimized "return &glob," 2 (found 1 times)
FAIL: gcc.target/x86_64/abi/ms-sysv/ms-sysv.c -O2 "-DGEN_ARGS=-p1" (test for excess errors)
FAIL: gcc.target/x86_64/abi/ms-sysv/ms-sysv.c -O2 "-DGEN_ARGS=-p5" (test for excess errors)
FAIL: gcc.target/x86_64/abi/ms-sysv/ms-sysv.c -mcall-ms2sysv-xlogues -O2 "-DGEN_ARGS=-p1" (test for excess errors)
FAIL: gcc.target/x86_64/abi/ms-sysv/ms-sysv.c -mcall-ms2sysv-xlogues -O2 "-DGEN_ARGS=-p5" (test for excess errors)
=== gcc Summary for unix ===
# of expected passes 137453
# of unexpected failures 213
# of unexpected successes 27
# of expected failures 389
# of unresolved testcases 20
# of unsupported tests 2214
Running target unix/-m32
FAIL: c-c++-common/attr-warn-unused-result.c -Wc++-compat (test for excess errors)
FAIL: gcc.dg/20050503-1.c scan-assembler-not call
FAIL: gcc.dg/always_inline3.c (test for errors, line 5)
FAIL: gcc.dg/always_inline3.c (test for excess errors)
FAIL: gcc.dg/inline-3.c scan-assembler-not big_function_2
FAIL: gcc.dg/pr45083.c (test for warnings, line 12)
XPASS: gcc.dg/pr78768.c -Wformat-overflow (test for warnings, line 12)
FAIL: gcc.dg/stack-check-2.c scan-tree-dump-not optimized "tail call"
FAIL: gcc.dg/stack-check-2.c scan-tree-dump-not tailc "tail call"
FAIL: gcc.dg/uninit-19.c (test for warnings, line 14)
FAIL: gcc.dg/uninit-19.c (test for excess errors)
FAIL: gcc.dg/winline-3.c (test for warnings, line 5)
FAIL: gcc.dg/winline-3.c (test for excess errors)
FAIL: gcc.dg/winline-5.c (test for warnings, line 5)
FAIL: gcc.dg/winline-5.c (test for excess errors)
FAIL: gcc.dg/winline-6.c (test for warnings, line 5)
FAIL: gcc.dg/winline-6.c (test for excess errors)
FAIL: gcc.dg/winline-7.c (test for excess errors)
FAIL: gcc.dg/winline-9.c (test for warnings, line 13)
FAIL: gcc.dg/winline-9.c (test for excess errors)
FAIL: gcc.dg/graphite/interchange-3.c scan-tree-dump graphite "tiled"
FAIL: gcc.dg/graphite/interchange-7.c scan-tree-dump graphite "tiled"
FAIL: gcc.dg/graphite/interchange-9.c scan-tree-dump graphite "tiled"
FAIL: gcc.dg/graphite/uns-interchange-9.c scan-tree-dump graphite "tiled"
XPASS: gcc.dg/guality/example.c -O0 execution test
XPASS: gcc.dg/guality/example.c -O1 execution test
XPASS: gcc.dg/guality/example.c -O3 -fomit-frame-pointer -funroll-loops -fpeel-loops -ftracer -finline-functions execution test
XPASS: gcc.dg/guality/example.c -O3 -g execution test
XPASS: gcc.dg/guality/guality.c -O0 execution test
XPASS: gcc.dg/guality/guality.c -O1 execution test
XPASS: gcc.dg/guality/guality.c -O2 execution test
XPASS: gcc.dg/guality/guality.c -O2 -flto -fno-use-linker-plugin -flto-partition=none execution test
XPASS: gcc.dg/guality/guality.c -O2 -flto -fuse-linker-plugin -fno-fat-lto-objects execution test
XPASS: gcc.dg/guality/guality.c -O3 -g execution test
XPASS: gcc.dg/guality/guality.c -Os execution test
XPASS: gcc.dg/guality/inline-params-2.c -O2 -flto -fuse-linker-plugin -fno-fat-lto-objects execution test
XPASS: gcc.dg/guality/inline-params.c -O2 execution test
XPASS: gcc.dg/guality/inline-params.c -O2 -flto -fno-use-linker-plugin -flto-partition=none execution test
XPASS: gcc.dg/guality/inline-params.c -O2 -flto -fuse-linker-plugin -fno-fat-lto-objects execution test
XPASS: gcc.dg/guality/inline-params.c -O3 -g execution test
XPASS: gcc.dg/guality/inline-params.c -Os execution test
XPASS: gcc.dg/guality/pr41353-1.c -O0 line 28 j == 28 + 37
XPASS: gcc.dg/guality/pr41353-1.c -O1 line 28 j == 28 + 37
XPASS: gcc.dg/guality/pr41353-1.c -O2 line 28 j == 28 + 37
XPASS: gcc.dg/guality/pr41353-1.c -O2 -flto -fno-use-linker-plugin -flto-partition=none line 28 j == 28 + 37
XPASS: gcc.dg/guality/pr41353-1.c -O2 -flto -fuse-linker-plugin -fno-fat-lto-objects line 28 j == 28 + 37
XPASS: gcc.dg/guality/pr41353-1.c -O3 -g line 28 j == 28 + 37
XPASS: gcc.dg/guality/pr41353-1.c -Os line 28 j == 28 + 37
FAIL: gcc.dg/guality/pr41447-1.c -O2 execution test
FAIL: gcc.dg/guality/pr41447-1.c -O2 -flto -fno-use-linker-plugin -flto-partition=none execution test
FAIL: gcc.dg/guality/pr41447-1.c -O2 -flto -fuse-linker-plugin -fno-fat-lto-objects execution test
FAIL: gcc.dg/guality/pr41447-1.c -O3 -g execution test
FAIL: gcc.dg/guality/pr54519-1.c -O2 -flto -fno-use-linker-plugin -flto-partition=none line 20 y == 25
FAIL: gcc.dg/guality/pr54519-1.c -O2 -flto -fno-use-linker-plugin -flto-partition=none line 20 z == 6
FAIL: gcc.dg/guality/pr54519-1.c -O2 -flto -fno-use-linker-plugin -flto-partition=none line 23 y == 117
FAIL: gcc.dg/guality/pr54519-1.c -O2 -flto -fno-use-linker-plugin -flto-partition=none line 23 z == 8
FAIL: gcc.dg/guality/pr54519-1.c -O2 -flto -fuse-linker-plugin -fno-fat-lto-objects line 20 y == 25
FAIL: gcc.dg/guality/pr54519-1.c -O2 -flto -fuse-linker-plugin -fno-fat-lto-objects line 20 z == 6
FAIL: gcc.dg/guality/pr54519-1.c -O2 -flto -fuse-linker-plugin -fno-fat-lto-objects line 23 y == 117
FAIL: gcc.dg/guality/pr54519-1.c -O2 -flto -fuse-linker-plugin -fno-fat-lto-objects line 23 z == 8
FAIL: gcc.dg/guality/pr54519-2.c -O2 -flto -fno-use-linker-plugin -flto-partition=none line 17 y == 25
FAIL: gcc.dg/guality/pr54519-2.c -O2 -flto -fuse-linker-plugin -fno-fat-lto-objects line 17 y == 25
FAIL: gcc.dg/guality/pr54519-3.c -O2 -flto -fno-use-linker-plugin -flto-partition=none line 20 y == 25
FAIL: gcc.dg/guality/pr54519-3.c -O2 -flto -fno-use-linker-plugin -flto-partition=none line 20 z == 6
FAIL: gcc.dg/guality/pr54519-3.c -O2 -flto -fno-use-linker-plugin -flto-partition=none line 23 y == 117
FAIL: gcc.dg/guality/pr54519-3.c -O2 -flto -fno-use-linker-plugin -flto-partition=none line 23 z == 8
FAIL: gcc.dg/guality/pr54519-3.c -O2 -flto -fuse-linker-plugin -fno-fat-lto-objects line 20 y == 25
FAIL: gcc.dg/guality/pr54519-3.c -O2 -flto -fuse-linker-plugin -fno-fat-lto-objects line 20 z == 6
FAIL: gcc.dg/guality/pr54519-3.c -O2 -flto -fuse-linker-plugin -fno-fat-lto-objects line 23 y == 117
FAIL: gcc.dg/guality/pr54519-3.c -O2 -flto -fuse-linker-plugin -fno-fat-lto-objects line 23 z == 8
FAIL: gcc.dg/guality/pr54519-4.c -O2 -flto -fno-use-linker-plugin -flto-partition=none line 17 y == 25
FAIL: gcc.dg/guality/pr54519-4.c -O2 -flto -fuse-linker-plugin -fno-fat-lto-objects line 17 y == 25
FAIL: gcc.dg/guality/pr54519-5.c -O2 -flto -fno-use-linker-plugin -flto-partition=none line 17 y == 25
FAIL: gcc.dg/guality/pr54519-5.c -O2 -flto -fuse-linker-plugin -fno-fat-lto-objects line 17 y == 25
FAIL: gcc.dg/guality/pr68037-1.c -O2 -flto -fuse-linker-plugin -fno-fat-lto-objects line 33 error == 0x12345670
FAIL: gcc.dg/guality/pr68037-1.c -O2 -flto -fuse-linker-plugin -fno-fat-lto-objects line 33 frame->cs == 0x12345672
FAIL: gcc.dg/guality/pr68037-1.c -O2 -flto -fuse-linker-plugin -fno-fat-lto-objects line 33 frame->flags == 0x12345673
FAIL: gcc.dg/guality/pr68037-1.c -O2 -flto -fuse-linker-plugin -fno-fat-lto-objects line 33 frame->ip == 0x12345671
FAIL: gcc.dg/guality/pr68037-1.c -O2 -flto -fuse-linker-plugin -fno-fat-lto-objects line 33 frame->sp == 0x12345674
FAIL: gcc.dg/guality/pr68037-1.c -O2 -flto -fuse-linker-plugin -fno-fat-lto-objects line 33 frame->ss == 0x12345675
FAIL: gcc.dg/guality/pr68860-1.c -O2 -flto -fno-use-linker-plugin -flto-partition=none line 14 arg1 == 1
FAIL: gcc.dg/guality/pr68860-1.c -O2 -flto -fno-use-linker-plugin -flto-partition=none line 14 arg2 == 2
FAIL: gcc.dg/guality/pr68860-1.c -O2 -flto -fno-use-linker-plugin -flto-partition=none line 14 arg3 == 3
FAIL: gcc.dg/guality/pr68860-1.c -O2 -flto -fno-use-linker-plugin -flto-partition=none line 14 arg4 == 4
FAIL: gcc.dg/guality/pr68860-1.c -O2 -flto -fno-use-linker-plugin -flto-partition=none line 14 arg5 == 5
FAIL: gcc.dg/guality/pr68860-1.c -O2 -flto -fno-use-linker-plugin -flto-partition=none line 14 arg6 == 6
FAIL: gcc.dg/guality/pr68860-1.c -O2 -flto -fno-use-linker-plugin -flto-partition=none line 16 arg1 == 1
FAIL: gcc.dg/guality/pr68860-1.c -O2 -flto -fno-use-linker-plugin -flto-partition=none line 16 arg2 == 2
FAIL: gcc.dg/guality/pr68860-1.c -O2 -flto -fno-use-linker-plugin -flto-partition=none line 16 arg3 == 3
FAIL: gcc.dg/guality/pr68860-1.c -O2 -flto -fno-use-linker-plugin -flto-partition=none line 16 arg4 == 4
FAIL: gcc.dg/guality/pr68860-1.c -O2 -flto -fno-use-linker-plugin -flto-partition=none line 16 arg5 == 5
FAIL: gcc.dg/guality/pr68860-1.c -O2 -flto -fno-use-linker-plugin -flto-partition=none line 16 arg6 == 6
FAIL: gcc.dg/guality/pr68860-1.c -O2 -flto -fuse-linker-plugin -fno-fat-lto-objects line 14 arg1 == 1
FAIL: gcc.dg/guality/pr68860-1.c -O2 -flto -fuse-linker-plugin -fno-fat-lto-objects line 14 arg2 == 2
FAIL: gcc.dg/guality/pr68860-1.c -O2 -flto -fuse-linker-plugin -fno-fat-lto-objects line 14 arg3 == 3
FAIL: gcc.dg/guality/pr68860-1.c -O2 -flto -fuse-linker-plugin -fno-fat-lto-objects line 14 arg4 == 4
FAIL: gcc.dg/guality/pr68860-1.c -O2 -flto -fuse-linker-plugin -fno-fat-lto-objects line 14 arg5 == 5
FAIL: gcc.dg/guality/pr68860-1.c -O2 -flto -fuse-linker-plugin -fno-fat-lto-objects line 14 arg6 == 6
FAIL: gcc.dg/guality/pr68860-1.c -O2 -flto -fuse-linker-plugin -fno-fat-lto-objects line 16 arg1 == 1
FAIL: gcc.dg/guality/pr68860-1.c -O2 -flto -fuse-linker-plugin -fno-fat-lto-objects line 16 arg2 == 2
FAIL: gcc.dg/guality/pr68860-1.c -O2 -flto -fuse-linker-plugin -fno-fat-lto-objects line 16 arg3 == 3
FAIL: gcc.dg/guality/pr68860-1.c -O2 -flto -fuse-linker-plugin -fno-fat-lto-objects line 16 arg4 == 4
FAIL: gcc.dg/guality/pr68860-1.c -O2 -flto -fuse-linker-plugin -fno-fat-lto-objects line 16 arg5 == 5
FAIL: gcc.dg/guality/pr68860-1.c -O2 -flto -fuse-linker-plugin -fno-fat-lto-objects line 16 arg6 == 6
FAIL: gcc.dg/guality/vla-1.c -O1 line 17 sizeof (a) == 6
FAIL: gcc.dg/guality/vla-1.c -O2 line 17 sizeof (a) == 6
FAIL: gcc.dg/guality/vla-1.c -O2 -flto -fno-use-linker-plugin -flto-partition=none line 17 sizeof (a) == 6
FAIL: gcc.dg/guality/vla-1.c -O2 -flto -fno-use-linker-plugin -flto-partition=none line 24 sizeof (a) == 17 * sizeof (short)
FAIL: gcc.dg/guality/vla-1.c -O2 -flto -fuse-linker-plugin -fno-fat-lto-objects line 17 sizeof (a) == 6
FAIL: gcc.dg/guality/vla-1.c -O2 -flto -fuse-linker-plugin -fno-fat-lto-objects line 24 sizeof (a) == 17 * sizeof (short)
FAIL: gcc.dg/guality/vla-1.c -O3 -g line 17 sizeof (a) == 6
FAIL: gcc.dg/guality/vla-1.c -Os line 17 sizeof (a) == 6
FAIL: gcc.dg/ipa/iinline-1.c scan-ipa-dump inline "hooray[^\\\\n]*inline copy in test"
FAIL: gcc.dg/ipa/iinline-1.c scan-ipa-dump inline "indirect_call"
FAIL: gcc.dg/ipa/iinline-2.c scan-ipa-dump inline "hip2[^\\\\n]*inline copy in main"
FAIL: gcc.dg/ipa/iinline-2.c scan-ipa-dump inline "hooray[^\\\\n]*inline copy in main"
FAIL: gcc.dg/ipa/iinline-4.c scan-ipa-dump inline "hooray1[^\\\\n]*inline copy in test1"
FAIL: gcc.dg/ipa/iinline-4.c scan-ipa-dump inline "hooray2[^\\\\n]*inline copy in test2"
FAIL: gcc.dg/ipa/iinline-4.c scan-ipa-dump inline "hooray3[^\\\\n]*inline copy in test3"
FAIL: gcc.dg/ipa/iinline-4.c scan-ipa-dump inline "hooray4[^\\\\n]*inline copy in test4"
FAIL: gcc.dg/ipa/iinline-4.c scan-ipa-dump inline "hooray5[^\\\\n]*inline copy in test5"
FAIL: gcc.dg/ipa/iinline-4.c scan-ipa-dump inline "hooray6[^\\\\n]*inline copy in test6"
FAIL: gcc.dg/ipa/iinline-4.c scan-ipa-dump inline "hooray7[^\\\\n]*inline copy in test7"
FAIL: gcc.dg/ipa/iinline-attr.c scan-ipa-dump inline "hooray[^\\\\n]*inline copy in test"
FAIL: gcc.dg/ipa/iinline-cstagg-1.c scan-ipa-dump inline "thisisthetarget[^\\\\n]*inline copy in outerfunction"
FAIL: gcc.dg/ipa/iinline-cstagg-2.c scan-ipa-dump inline "thisisthetarget[^\\\\n]*inline copy in outerfunction"
FAIL: gcc.dg/ipa/inline-2.c scan-ipa-dump inline "op3 change 1.000000. of time"
FAIL: gcc.dg/ipa/inline-3.c scan-ipa-dump inline "Scaling time by probability:0.100000"
FAIL: gcc.dg/ipa/inline-4.c scan-ipa-dump inline "Inlined 1 calls, eliminated 0 functions"
FAIL: gcc.dg/ipa/inline-4.c scan-ipa-dump-times inline "predicate: .false." 8 (found 0 times)
FAIL: gcc.dg/ipa/inline-6.c scan-ipa-dump-times inline "Inlined into" 2 (found 0 times)
FAIL: gcc.dg/ipa/inlinehint-1.c scan-ipa-dump inline "loop_iterations"
FAIL: gcc.dg/ipa/inlinehint-2.c scan-ipa-dump inline "loop_stride"
FAIL: gcc.dg/ipa/inlinehint-3.c scan-ipa-dump inline "in_scc"
FAIL: gcc.dg/ipa/inlinehint-3.c scan-ipa-dump inline "same_scc"
FAIL: gcc.dg/ipa/inlinehint-4.c scan-ipa-dump inline "Inlined lookup into test"
FAIL: gcc.dg/ipa/inlinehint-4.c scan-ipa-dump inline "Wrapper penalty"
FAIL: gcc.dg/ipa/ipcp-agg-9.c scan-ipa-dump inline "hooray1[^\\\\n]*inline copy in hiphip1"
FAIL: gcc.dg/ipa/ipcp-ii-1.c scan-ipa-dump inline "hooray[^\\\\n]*inline copy in hiphip.constprop"
FAIL: gcc.dg/ipa/pr63416.c scan-tree-dump-not optimized "test_f3"
FAIL: gcc.dg/ipa/pure-const-1.c scan-ipa-dump pure-const "found to be const: i_am_const3"
FAIL: gcc.dg/ipa/pure-const-1.c scan-tree-dump-times optimized "i_am_const3 .5" 1 (found 2 times)
FAIL: gcc.dg/ipa/remref-0.c scan-ipa-dump inline "ipa-prop: Removed a reference"
FAIL: gcc.dg/ipa/remref-0.c scan-tree-dump-not optimized "hooray"
FAIL: gcc.dg/ipa/remref-1a.c scan-ipa-dump inline "ipa-prop: Removed a reference"
FAIL: gcc.dg/ipa/remref-1a.c scan-tree-dump-not optimized "hooray"
FAIL: gcc.dg/ipa/remref-1b.c scan-ipa-dump inline "ipa-prop: Removed a reference"
FAIL: gcc.dg/ipa/remref-1b.c scan-tree-dump-not optimized "hooray"
FAIL: gcc.dg/ipa/remref-2a.c scan-ipa-dump-times inline "ipa-prop: Removed a reference" 2 (found 0 times)
FAIL: gcc.dg/ipa/remref-2a.c scan-tree-dump-not optimized "hooray"
FAIL: gcc.dg/ipa/remref-2b.c scan-ipa-dump inline "ipa-prop: Removed a reference"
FAIL: gcc.dg/ipa/remref-2b.c scan-ipa-dump-times inline "ipa-prop: Removing cloning-created reference" 2 (found 0 times)
FAIL: gcc.dg/ipa/remref-2b.c scan-tree-dump-not optimized "hooray"
FAIL: gcc.dg/lto/20081201-2 c_lto_20081201-2_0.o-c_lto_20081201-2_1.o execute -O3 -flto -flto-partition=1to1
UNRESOLVED: gcc.dg/lto/pr48622 c_lto_pr48622_0.o-c_lto_pr48622_0.o execute -O -flto -finline-small-functions -fno-early-inlining
FAIL: gcc.dg/lto/pr48622 c_lto_pr48622_0.o-c_lto_pr48622_0.o link, -O -flto -finline-small-functions -fno-early-inlining
FAIL: gcc.dg/tm/20100610.c scan-assembler-not ZGTt21calculateCircumCircle
FAIL: gcc.dg/tm/20100615.c scan-assembler-not tm_clone_table
FAIL: gcc.dg/tree-prof/crossmodule-indircall-1.c execution, -fprofile-use -D_PROFILE_USE
FAIL: gcc.dg/tree-prof/inliner-1.c scan-tree-dump-not optimized "hot_function ..;"
FAIL: gcc.dg/tree-ssa/flatten-2.c scan-assembler-not indirect[12][: \\t\\n]
FAIL: gcc.dg/tree-ssa/forwprop-29.c (test for errors, line 21)
FAIL: gcc.dg/tree-ssa/forwprop-9.c scan-tree-dump-times optimized " = 1" 2 (found 1 times)
FAIL: gcc.dg/tree-ssa/inline-2.c (test for excess errors)
FAIL: gcc.dg/tree-ssa/interposition.c scan-tree-dump-times optimized "return 1" 2 (found 1 times)
FAIL: gcc.dg/tree-ssa/minmax-1.c scan-tree-dump-times optimized "return x_[0-9]+.D.;" 2 (found 0 times)
FAIL: gcc.dg/tree-ssa/minmax-2.c scan-tree-dump-times optimized "MIN_EXPR" 2 (found 0 times)
FAIL: gcc.dg/tree-ssa/overflow-2.c scan-tree-dump-times optimized "ADD_OVERFLOW" 8 (found 2 times)
FAIL: gcc.dg/tree-ssa/overflow-2.c scan-tree-dump-times optimized "SUB_OVERFLOW" 4 (found 2 times)
FAIL: gcc.dg/tree-ssa/pr20701.c scan-tree-dump-times vrp1 "Folding predicate.*to 0" 1 (found 0 times)
FAIL: gcc.dg/tree-ssa/pr46076.c (test for excess errors)
FAIL: gcc.dg/tree-ssa/pr64801.c scan-tree-dump-not optimized "fsp_detect"
FAIL: gcc.dg/tree-ssa/pr64910-2.c scan-assembler-times and|test 20 (found 22 times)
FAIL: gcc.dg/tree-ssa/pr81346-1.c scan-tree-dump-times optimized "return 1;" 32 (found 2 times)
FAIL: gcc.dg/tree-ssa/pr81346-2.c scan-tree-dump-times optimized "return 0;" 32 (found 2 times)
FAIL: gcc.dg/tree-ssa/pr81346-5.c scan-tree-dump-times optimized " <= 0;" 5 (found 1 times)
FAIL: gcc.dg/tree-ssa/pr81346-5.c scan-tree-dump-times optimized " > 0;" 5 (found 1 times)
FAIL: gcc.dg/tree-ssa/pr81346-5.c scan-tree-dump-times optimized "\\\\(signed int\\\\) x" 10 (found 2 times)
FAIL: gcc.dg/tree-ssa/reassoc-39.c scan-tree-dump-times reassoc1 "Optimizing copysign" 12 (found 9 times)
FAIL: gcc.dg/tree-ssa/vrp05.c scan-tree-dump-times vrp1 "Folding predicate j_.*to 1" 1 (found 0 times)
FAIL: gcc.dg/tree-ssa/vrp11.c scan-tree-dump-times vrp1 "Folding predicate.*to 1" 1 (found 0 times)
FAIL: gcc.dg/tree-ssa/wholeprogram-1.c scan-tree-dump-not optimized "large_function"
FAIL: c-c++-common/ubsan/ptr-overflow-sanitization-1.c -O0 scan-tree-dump-times optimized "__ubsan_handle_pointer_overflow" 17 (found 14 times)
FAIL: c-c++-common/ubsan/ptr-overflow-sanitization-1.c -O1 scan-tree-dump-times optimized "__ubsan_handle_pointer_overflow" 17 (found 14 times)
FAIL: c-c++-common/ubsan/ptr-overflow-sanitization-1.c -O2 scan-tree-dump-times optimized "__ubsan_handle_pointer_overflow" 17 (found 14 times)
FAIL: c-c++-common/ubsan/ptr-overflow-sanitization-1.c -O3 -g scan-tree-dump-times optimized "__ubsan_handle_pointer_overflow" 17 (found 14 times)
FAIL: c-c++-common/ubsan/ptr-overflow-sanitization-1.c -Os scan-tree-dump-times optimized "__ubsan_handle_pointer_overflow" 17 (found 14 times)
FAIL: gcc.dg/vect/costmodel/i386/costmodel-vect-31.c scan-tree-dump-times vect "vectorized 4 loops" 1 (found 0 times)
FAIL: gcc.dg/vect/pr56787.c -flto -ffat-lto-objects scan-tree-dump vect "vectorized 1 loops"
FAIL: gcc.dg/vect/pr56787.c scan-tree-dump vect "vectorized 1 loops"
FAIL: gcc.dg/vect/pr65947-14.c -flto -ffat-lto-objects execution test
FAIL: gcc.dg/vect/pr65947-14.c execution test
FAIL: gcc.dg/vect/slp-25.c -flto -ffat-lto-objects scan-tree-dump-times vect "vectorized 2 loops" 1 (found 0 times)
FAIL: gcc.dg/vect/slp-25.c scan-tree-dump-times vect "vectorized 2 loops" 1 (found 0 times)
FAIL: gcc.dg/vect/slp-perm-9.c -flto -ffat-lto-objects scan-tree-dump-times vect "vectorized 0 loops" 2 (found 1 times)
FAIL: gcc.dg/vect/slp-perm-9.c scan-tree-dump-times vect "vectorized 0 loops" 2 (found 1 times)
XPASS: gcc.dg/vect/vect-95.c -flto -ffat-lto-objects scan-tree-dump-times vect "Alignment of access forced using peeling" 0
XPASS: gcc.dg/vect/vect-95.c scan-tree-dump-times vect "Alignment of access forced using peeling" 0
FAIL: gcc.dg/vect/vect-outer-simd-1.c -flto -ffat-lto-objects scan-tree-dump vect "OUTER LOOP VECTORIZED"
FAIL: gcc.dg/vect/vect-outer-simd-1.c scan-tree-dump vect "OUTER LOOP VECTORIZED"
FAIL: gcc.dg/vect/vect-outer-simd-2.c -flto -ffat-lto-objects scan-tree-dump vect "OUTER LOOP VECTORIZED"
FAIL: gcc.dg/vect/vect-outer-simd-2.c scan-tree-dump vect "OUTER LOOP VECTORIZED"
FAIL: gcc.dg/vect/vect-outer-simd-3.c -flto -ffat-lto-objects scan-tree-dump vect "OUTER LOOP VECTORIZED"
FAIL: gcc.dg/vect/vect-outer-simd-3.c scan-tree-dump vect "OUTER LOOP VECTORIZED"
FAIL: gcc.dg/vect/wrapv-vect-7.c scan-tree-dump-times vect "vectorized 2 loops" 1 (found 0 times)
FAIL: gcc.target/i386/3dnow-1.c (test for excess errors)
FAIL: gcc.target/i386/3dnowA-1.c (test for excess errors)
FAIL: gcc.target/i386/align-limit.c scan-assembler .p2align 6,,1
FAIL: gcc.target/i386/avx-1.c (test for excess errors)
FAIL: gcc.target/i386/interrupt-14.c (test for excess errors)
UNRESOLVED: gcc.target/i386/interrupt-14.c scan-assembler-not (push|pop)(l|q)[\\\\t ]*%(r|e)(a|b|c|d)x
UNRESOLVED: gcc.target/i386/interrupt-14.c scan-assembler-not (push|pop)(l|q)[\\\\t ]*%(r|e)si
UNRESOLVED: gcc.target/i386/interrupt-14.c scan-assembler-not (push|pop)l[\\\\t ]*%edi
UNRESOLVED: gcc.target/i386/interrupt-14.c scan-assembler-not movups[\\\\t .]*%(x|y|z)mm[0-9]+
UNRESOLVED: gcc.target/i386/interrupt-14.c scan-assembler-times \\tcld 2
UNRESOLVED: gcc.target/i386/interrupt-14.c scan-assembler-times iret 2
UNRESOLVED: gcc.target/i386/interrupt-14.c scan-assembler-times leave 2
UNRESOLVED: gcc.target/i386/interrupt-14.c scan-assembler-times pushl[\\\\t ]*%ebp 2
FAIL: gcc.target/i386/interrupt-15.c (test for excess errors)
UNRESOLVED: gcc.target/i386/interrupt-15.c scan-assembler (addl|leal).*4.*%esp
UNRESOLVED: gcc.target/i386/interrupt-15.c scan-assembler-not (push|pop)(l|q)[\\\\t ]*%(r|e)(b|c|d)x
UNRESOLVED: gcc.target/i386/interrupt-15.c scan-assembler-not (push|pop)(l|q)[\\\\t ]*%(r|e)si
UNRESOLVED: gcc.target/i386/interrupt-15.c scan-assembler-not (push|pop)l[\\\\t ]*%edi
UNRESOLVED: gcc.target/i386/interrupt-15.c scan-assembler-not movups[\\\\t .]*%(x|y|z)mm[0-9]+
UNRESOLVED: gcc.target/i386/interrupt-15.c scan-assembler-times \\tcld 2
UNRESOLVED: gcc.target/i386/interrupt-15.c scan-assembler-times iret 2
UNRESOLVED: gcc.target/i386/interrupt-15.c scan-assembler-times leave 2
UNRESOLVED: gcc.target/i386/interrupt-15.c scan-assembler-times movl[\\\\t ]*-4\\\\(%ebp\\\\),[\\\\t ]*%eax 2
UNRESOLVED: gcc.target/i386/interrupt-15.c scan-assembler-times pushl[\\\\t ]*%eax 2
UNRESOLVED: gcc.target/i386/interrupt-15.c scan-assembler-times pushl[\\\\t ]*%ebp 2
FAIL: gcc.target/i386/mmx-1.c (test for excess errors)
FAIL: gcc.target/i386/pr50038.c scan-assembler-times movzbl 2 (found 3 times)
FAIL: gcc.target/i386/pr66560-1.c scan-assembler-times addsubps 4 (found 3 times)
FAIL: gcc.target/i386/pr66560-2.c scan-assembler-times addsubpd 4 (found 3 times)
FAIL: gcc.target/i386/pr66560-3.c scan-assembler-times vaddsubps 4 (found 3 times)
FAIL: gcc.target/i386/pr66560-4.c scan-assembler-times vaddsubpd 4 (found 3 times)
FAIL: gcc.target/i386/pr66746.c (test for excess errors)
FAIL: gcc.target/i386/pr71321.c scan-assembler-times lea.\\t\\\\(%[0-9a-z]+,%[0-9a-z]+,4 3 (found 2 times)
FAIL: gcc.target/i386/pr82618.c scan-assembler \\\\mcmp
FAIL: gcc.target/i386/pr82713.c (test for excess errors)
FAIL: gcc.target/i386/sse-13.c (test for excess errors)
FAIL: gcc.target/i386/sse-23.c (test for excess errors)
FAIL: gcc.target/i386/sse-24.c (test for excess errors)
FAIL: gcc.target/i386/sse-25.c (test for excess errors)
FAIL: gcc.target/i386/thunk-retbnd.c scan-tree-dump-times optimized "return &glob," 2 (found 1 times)
=== gcc Summary for unix/-m32 ===
# of expected passes 135274
# of unexpected failures 198
# of unexpected successes 27
# of expected failures 392
# of unresolved testcases 20
# of unsupported tests 2367
=== gcc Summary ===
# of expected passes 272727
# of unexpected failures 411
# of unexpected successes 54
# of expected failures 781
# of unresolved testcases 40
# of unsupported tests 4581
/export/gnu/import/git/gcc-test-intel64corei7/bld/gcc/xgcc version 8.0.0 20171119 (experimental) [trunk revision 254938] (GCC)
=== gfortran tests ===
Running target unix
FAIL: gfortran.dg/pr48636.f90 -O scan-ipa-dump inline "IPA hints: loop_iterations"
FAIL: gfortran.dg/pr48636.f90 -O scan-ipa-dump inline "bar[^\\\\n]*inline copy in MAIN"
FAIL: gfortran.dg/vect/fast-math-vect-8.f90 -O scan-tree-dump-times vect "vectorized 1 loops" 1 (found 0 times)
=== gfortran Summary for unix ===
# of expected passes 46200
# of unexpected failures 3
# of expected failures 91
# of unsupported tests 76
Running target unix/-m32
FAIL: gfortran.dg/pr48636.f90 -O scan-ipa-dump inline "IPA hints: loop_iterations"
FAIL: gfortran.dg/pr48636.f90 -O scan-ipa-dump inline "bar[^\\\\n]*inline copy in MAIN"
FAIL: gfortran.dg/vect/fast-math-vect-8.f90 -O scan-tree-dump-times vect "vectorized 1 loops" 1 (found 0 times)
=== gfortran Summary for unix/-m32 ===
# of expected passes 45983
# of unexpected failures 3
# of expected failures 91
# of unsupported tests 179
=== gfortran Summary ===
# of expected passes 92183
# of unexpected failures 6
# of expected failures 182
# of unsupported tests 255
/export/gnu/import/git/gcc-test-intel64corei7/bld/gcc/gfortran version 8.0.0 20171119 (experimental) [trunk revision 254938] (GCC)
=== g++ tests ===
Running target unix
FAIL: c-c++-common/attr-warn-unused-result.c -std=gnu++11 (test for excess errors)
FAIL: c-c++-common/attr-warn-unused-result.c -std=gnu++14 (test for excess errors)
FAIL: c-c++-common/attr-warn-unused-result.c -std=gnu++98 (test for excess errors)
FAIL: g++.dg/cpp1z/nodiscard3.C (test for excess errors)
FAIL: g++.dg/ipa/devirt-11.C -std=gnu++11 scan-ipa-dump inline "Discovered a virtual call to a known target"
FAIL: g++.dg/ipa/devirt-11.C -std=gnu++14 scan-ipa-dump inline "Discovered a virtual call to a known target"
FAIL: g++.dg/ipa/devirt-11.C -std=gnu++98 scan-ipa-dump inline "Discovered a virtual call to a known target"
FAIL: g++.dg/ipa/devirt-12.C -std=gnu++11 scan-ipa-dump inline "Inlined 1 calls, eliminated 1 functions"
FAIL: g++.dg/ipa/devirt-12.C -std=gnu++14 scan-ipa-dump inline "Inlined 1 calls, eliminated 1 functions"
FAIL: g++.dg/ipa/devirt-37.C -std=gnu++11 scan-tree-dump fre3 "Checking vtbl store:"
FAIL: g++.dg/ipa/devirt-37.C -std=gnu++11 scan-tree-dump fre3 "Function call may change dynamic type:extcall"
FAIL: g++.dg/ipa/devirt-37.C -std=gnu++11 scan-tree-dump fre3 "converting indirect call to function virtual void"
FAIL: g++.dg/ipa/devirt-37.C -std=gnu++14 scan-tree-dump fre3 "Checking vtbl store:"
FAIL: g++.dg/ipa/devirt-37.C -std=gnu++14 scan-tree-dump fre3 "Function call may change dynamic type:extcall"
FAIL: g++.dg/ipa/devirt-37.C -std=gnu++14 scan-tree-dump fre3 "converting indirect call to function virtual void"
FAIL: g++.dg/ipa/devirt-37.C -std=gnu++98 scan-tree-dump fre3 "Checking vtbl store:"
FAIL: g++.dg/ipa/devirt-37.C -std=gnu++98 scan-tree-dump fre3 "Function call may change dynamic type:extcall"
FAIL: g++.dg/ipa/devirt-37.C -std=gnu++98 scan-tree-dump fre3 "converting indirect call to function virtual void"
FAIL: g++.dg/ipa/devirt-39.C -std=gnu++11 scan-assembler-not _ZN3Foo5cloneEv
FAIL: g++.dg/ipa/devirt-39.C -std=gnu++14 scan-assembler-not _ZN3Foo5cloneEv
FAIL: g++.dg/ipa/devirt-39.C -std=gnu++98 scan-assembler-not _ZN3Foo5cloneEv
FAIL: g++.dg/ipa/devirt-41.C -std=gnu++11 scan-ipa-dump-times inline "Discovered a virtual call to a known target" 1 (found 0 times)
FAIL: g++.dg/ipa/devirt-41.C -std=gnu++14 scan-ipa-dump-times inline "Discovered a virtual call to a known target" 1 (found 0 times)
FAIL: g++.dg/ipa/devirt-41.C -std=gnu++98 scan-ipa-dump-times inline "Discovered a virtual call to a known target" 1 (found 0 times)
FAIL: g++.dg/ipa/devirt-42.C -std=gnu++11 scan-ipa-dump inline "First type is base of second"
FAIL: g++.dg/ipa/devirt-42.C -std=gnu++11 scan-ipa-dump-times inline "Discovered a virtual call to a known target" 2 (found 0 times)
FAIL: g++.dg/ipa/devirt-42.C -std=gnu++11 scan-tree-dump-not optimized "OBJ_TYPE_REF"
FAIL: g++.dg/ipa/devirt-42.C -std=gnu++11 scan-tree-dump-times optimized "return 2" 3 (found 1 times)
FAIL: g++.dg/ipa/devirt-42.C -std=gnu++14 scan-ipa-dump inline "First type is base of second"
FAIL: g++.dg/ipa/devirt-42.C -std=gnu++14 scan-ipa-dump-times inline "Discovered a virtual call to a known target" 2 (found 0 times)
FAIL: g++.dg/ipa/devirt-42.C -std=gnu++14 scan-tree-dump-not optimized "OBJ_TYPE_REF"
FAIL: g++.dg/ipa/devirt-42.C -std=gnu++14 scan-tree-dump-times optimized "return 2" 3 (found 1 times)
FAIL: g++.dg/ipa/devirt-42.C -std=gnu++98 scan-ipa-dump inline "First type is base of second"
FAIL: g++.dg/ipa/devirt-42.C -std=gnu++98 scan-ipa-dump-times inline "Discovered a virtual call to a known target" 2 (found 0 times)
FAIL: g++.dg/ipa/devirt-42.C -std=gnu++98 scan-tree-dump-not optimized "OBJ_TYPE_REF"
FAIL: g++.dg/ipa/devirt-42.C -std=gnu++98 scan-tree-dump-times optimized "return 2" 3 (found 1 times)
FAIL: g++.dg/ipa/devirt-44.C -std=gnu++11 scan-ipa-dump-times inline "Discovered a virtual call to a known target[^\\\\n]*A::foo" 1 (found 0 times)
FAIL: g++.dg/ipa/devirt-44.C -std=gnu++11 scan-ipa-dump-times inline "Discovered a virtual call to a known target[^\\\\n]*B::foo" 1 (found 0 times)
FAIL: g++.dg/ipa/devirt-44.C -std=gnu++14 scan-ipa-dump-times inline "Discovered a virtual call to a known target[^\\\\n]*A::foo" 1 (found 0 times)
FAIL: g++.dg/ipa/devirt-44.C -std=gnu++14 scan-ipa-dump-times inline "Discovered a virtual call to a known target[^\\\\n]*B::foo" 1 (found 0 times)
FAIL: g++.dg/ipa/devirt-44.C -std=gnu++98 scan-ipa-dump-times inline "Discovered a virtual call to a known target[^\\\\n]*A::foo" 1 (found 0 times)
FAIL: g++.dg/ipa/devirt-44.C -std=gnu++98 scan-ipa-dump-times inline "Discovered a virtual call to a known target[^\\\\n]*B::foo" 1 (found 0 times)
FAIL: g++.dg/ipa/devirt-45.C -std=gnu++11 scan-ipa-dump-times inline "Discovered a virtual call to a known target[^\\\\n]*A::foo" 1 (found 0 times)
FAIL: g++.dg/ipa/devirt-45.C -std=gnu++11 scan-ipa-dump-times inline "Discovered a virtual call to a known target[^\\\\n]*B::foo" 1 (found 0 times)
FAIL: g++.dg/ipa/devirt-45.C -std=gnu++14 scan-ipa-dump-times inline "Discovered a virtual call to a known target[^\\\\n]*A::foo" 1 (found 0 times)
FAIL: g++.dg/ipa/devirt-45.C -std=gnu++14 scan-ipa-dump-times inline "Discovered a virtual call to a known target[^\\\\n]*B::foo" 1 (found 0 times)
FAIL: g++.dg/ipa/devirt-45.C -std=gnu++98 scan-ipa-dump-times inline "Discovered a virtual call to a known target[^\\\\n]*A::foo" 1 (found 0 times)
FAIL: g++.dg/ipa/devirt-45.C -std=gnu++98 scan-ipa-dump-times inline "Discovered a virtual call to a known target[^\\\\n]*B::foo" 1 (found 0 times)
FAIL: g++.dg/ipa/devirt-46.C -std=gnu++11 scan-ipa-dump-times inline "Discovered a virtual call to a known target[^\\\\n]*B::foo" 1 (found 0 times)
FAIL: g++.dg/ipa/devirt-46.C -std=gnu++11 scan-tree-dump-not optimized "OBJ_TYPE_REF"
FAIL: g++.dg/ipa/devirt-46.C -std=gnu++11 scan-tree-dump-not optimized "abort"
FAIL: g++.dg/ipa/devirt-46.C -std=gnu++14 scan-ipa-dump-times inline "Discovered a virtual call to a known target[^\\\\n]*B::foo" 1 (found 0 times)
FAIL: g++.dg/ipa/devirt-46.C -std=gnu++14 scan-tree-dump-not optimized "OBJ_TYPE_REF"
FAIL: g++.dg/ipa/devirt-46.C -std=gnu++14 scan-tree-dump-not optimized "abort"
FAIL: g++.dg/ipa/devirt-46.C -std=gnu++98 scan-ipa-dump-times inline "Discovered a virtual call to a known target[^\\\\n]*B::foo" 1 (found 0 times)
FAIL: g++.dg/ipa/devirt-46.C -std=gnu++98 scan-tree-dump-not optimized "OBJ_TYPE_REF"
FAIL: g++.dg/ipa/devirt-46.C -std=gnu++98 scan-tree-dump-not optimized "abort"
FAIL: g++.dg/ipa/devirt-47.C -std=gnu++11 scan-ipa-dump-times inline "Discovered a virtual call to a known target[^\\\\n]*C::_ZTh" 1 (found 0 times)
FAIL: g++.dg/ipa/devirt-47.C -std=gnu++11 scan-tree-dump optimized "C::_ZThn"
FAIL: g++.dg/ipa/devirt-47.C -std=gnu++11 scan-tree-dump-not optimized "OBJ_TYPE_REF"
FAIL: g++.dg/ipa/devirt-47.C -std=gnu++14 scan-ipa-dump-times inline "Discovered a virtual call to a known target[^\\\\n]*C::_ZTh" 1 (found 0 times)
FAIL: g++.dg/ipa/devirt-47.C -std=gnu++14 scan-tree-dump optimized "C::_ZThn"
FAIL: g++.dg/ipa/devirt-47.C -std=gnu++14 scan-tree-dump-not optimized "OBJ_TYPE_REF"
FAIL: g++.dg/ipa/devirt-47.C -std=gnu++98 scan-ipa-dump-times inline "Discovered a virtual call to a known target[^\\\\n]*C::_ZTh" 1 (found 0 times)
FAIL: g++.dg/ipa/devirt-47.C -std=gnu++98 scan-tree-dump optimized "C::_ZThn"
FAIL: g++.dg/ipa/devirt-47.C -std=gnu++98 scan-tree-dump-not optimized "OBJ_TYPE_REF"
FAIL: g++.dg/ipa/devirt-48.C -std=gnu++11 scan-ipa-dump-times inline "Discovered a virtual call to a known target[^\\\\n]*__builtin_unreachable" 1 (found 0 times)
FAIL: g++.dg/ipa/devirt-48.C -std=gnu++14 scan-ipa-dump-times inline "Discovered a virtual call to a known target[^\\\\n]*__builtin_unreachable" 1 (found 0 times)
FAIL: g++.dg/ipa/devirt-48.C -std=gnu++98 scan-ipa-dump-times inline "Discovered a virtual call to a known target[^\\\\n]*__builtin_unreachable" 1 (found 0 times)
FAIL: g++.dg/ipa/iinline-1.C -std=gnu++11 scan-ipa-dump inline "String::funcOne[^\\\\n]*inline copy in int main"
FAIL: g++.dg/ipa/iinline-1.C -std=gnu++14 scan-ipa-dump inline "String::funcOne[^\\\\n]*inline copy in int main"
FAIL: g++.dg/ipa/iinline-1.C -std=gnu++98 scan-ipa-dump inline "String::funcOne[^\\\\n]*inline copy in int main"
FAIL: g++.dg/ipa/iinline-2.C -std=gnu++11 scan-ipa-dump inline "String::funcOne[^\\\\n]*inline copy in int main"
FAIL: g++.dg/ipa/iinline-2.C -std=gnu++14 scan-ipa-dump inline "String::funcOne[^\\\\n]*inline copy in int main"
FAIL: g++.dg/ipa/iinline-2.C -std=gnu++98 scan-ipa-dump inline "String::funcOne[^\\\\n]*inline copy in int main"
FAIL: g++.dg/ipa/inline-1.C -std=gnu++11 scan-ipa-dump-times inline "Considering void inline_me\\\\(" 1 (found 0 times)
FAIL: g++.dg/ipa/inline-1.C -std=gnu++11 scan-ipa-dump-times inline "Considering void inline_me_too\\\\(" 1 (found 0 times)
FAIL: g++.dg/ipa/inline-1.C -std=gnu++14 scan-ipa-dump-times inline "Considering void inline_me\\\\(" 1 (found 0 times)
FAIL: g++.dg/ipa/inline-1.C -std=gnu++14 scan-ipa-dump-times inline "Considering void inline_me_too\\\\(" 1 (found 0 times)
FAIL: g++.dg/ipa/inline-1.C -std=gnu++98 scan-ipa-dump-times inline "Considering void inline_me\\\\(" 1 (found 0 times)
FAIL: g++.dg/ipa/inline-1.C -std=gnu++98 scan-ipa-dump-times inline "Considering void inline_me_too\\\\(" 1 (found 0 times)
FAIL: g++.dg/ipa/inline-2.C -std=gnu++11 scan-ipa-dump-times inline "Considering void inline_me\\\\(" 1 (found 0 times)
FAIL: g++.dg/ipa/inline-2.C -std=gnu++11 scan-ipa-dump-times inline "Considering void inline_me_too\\\\(" 1 (found 0 times)
FAIL: g++.dg/ipa/inline-2.C -std=gnu++14 scan-ipa-dump-times inline "Considering void inline_me\\\\(" 1 (found 0 times)
FAIL: g++.dg/ipa/inline-2.C -std=gnu++14 scan-ipa-dump-times inline "Considering void inline_me_too\\\\(" 1 (found 0 times)
FAIL: g++.dg/ipa/inline-2.C -std=gnu++98 scan-ipa-dump-times inline "Considering void inline_me\\\\(" 1 (found 0 times)
FAIL: g++.dg/ipa/inline-2.C -std=gnu++98 scan-ipa-dump-times inline "Considering void inline_me_too\\\\(" 1 (found 0 times)
FAIL: g++.dg/ipa/inline-3.C -std=gnu++11 scan-ipa-dump-times inline "Considering void inline_me\\\\(" 1 (found 0 times)
FAIL: g++.dg/ipa/inline-3.C -std=gnu++11 scan-ipa-dump-times inline "Considering void inline_me_too\\\\(" 1 (found 0 times)
FAIL: g++.dg/ipa/inline-3.C -std=gnu++14 scan-ipa-dump-times inline "Considering void inline_me\\\\(" 1 (found 0 times)
FAIL: g++.dg/ipa/inline-3.C -std=gnu++14 scan-ipa-dump-times inline "Considering void inline_me_too\\\\(" 1 (found 0 times)
FAIL: g++.dg/ipa/inline-3.C -std=gnu++98 scan-ipa-dump-times inline "Considering void inline_me\\\\(" 1 (found 0 times)
FAIL: g++.dg/ipa/inline-3.C -std=gnu++98 scan-ipa-dump-times inline "Considering void inline_me_too\\\\(" 1 (found 0 times)
FAIL: g++.dg/ipa/ivinline-1.C -std=gnu++11 scan-ipa-dump inline "B::foo[^\\\\n]*inline copy in int main"
FAIL: g++.dg/ipa/ivinline-1.C -std=gnu++14 scan-ipa-dump inline "B::foo[^\\\\n]*inline copy in int main"
FAIL: g++.dg/ipa/ivinline-1.C -std=gnu++98 scan-ipa-dump inline "B::foo[^\\\\n]*inline copy in int main"
FAIL: g++.dg/ipa/ivinline-2.C -std=gnu++11 scan-ipa-dump inline "B::foo[^\\\\n]*inline copy in int main"
FAIL: g++.dg/ipa/ivinline-2.C -std=gnu++14 scan-ipa-dump inline "B::foo[^\\\\n]*inline copy in int main"
FAIL: g++.dg/ipa/ivinline-2.C -std=gnu++98 scan-ipa-dump inline "B::foo[^\\\\n]*inline copy in int main"
FAIL: g++.dg/ipa/ivinline-3.C -std=gnu++11 scan-ipa-dump inline "B::foo[^\\\\n]*inline copy in int main"
FAIL: g++.dg/ipa/ivinline-3.C -std=gnu++14 scan-ipa-dump inline "B::foo[^\\\\n]*inline copy in int main"
FAIL: g++.dg/ipa/ivinline-3.C -std=gnu++98 scan-ipa-dump inline "B::foo[^\\\\n]*inline copy in int main"
FAIL: g++.dg/ipa/ivinline-4.C -std=gnu++11 scan-ipa-dump inline "B::foo[^\\\\n]*inline copy in int main"
FAIL: g++.dg/ipa/ivinline-4.C -std=gnu++14 scan-ipa-dump inline "B::foo[^\\\\n]*inline copy in int main"
FAIL: g++.dg/ipa/ivinline-4.C -std=gnu++98 scan-ipa-dump inline "B::foo[^\\\\n]*inline copy in int main"
FAIL: g++.dg/ipa/ivinline-5.C -std=gnu++11 scan-ipa-dump inline "A::foo[^\\\\n]*inline copy in int main"
FAIL: g++.dg/ipa/ivinline-5.C -std=gnu++11 scan-ipa-dump inline "B::foo[^\\\\n]*inline copy in int main"
FAIL: g++.dg/ipa/ivinline-5.C -std=gnu++14 scan-ipa-dump inline "A::foo[^\\\\n]*inline copy in int main"
FAIL: g++.dg/ipa/ivinline-5.C -std=gnu++14 scan-ipa-dump inline "B::foo[^\\\\n]*inline copy in int main"
FAIL: g++.dg/ipa/ivinline-5.C -std=gnu++98 scan-ipa-dump inline "A::foo[^\\\\n]*inline copy in int main"
FAIL: g++.dg/ipa/ivinline-5.C -std=gnu++98 scan-ipa-dump inline "B::foo[^\\\\n]*inline copy in int main"
FAIL: g++.dg/ipa/ivinline-7.C -std=gnu++11 scan-ipa-dump inline "B::foo[^\\\\n]*inline copy in int main"
FAIL: g++.dg/ipa/ivinline-7.C -std=gnu++11 scan-ipa-dump inline "Discovered a virtual call to a known target.*B::.*foo"
FAIL: g++.dg/ipa/ivinline-7.C -std=gnu++14 scan-ipa-dump inline "B::foo[^\\\\n]*inline copy in int main"
FAIL: g++.dg/ipa/ivinline-7.C -std=gnu++14 scan-ipa-dump inline "Discovered a virtual call to a known target.*B::.*foo"
FAIL: g++.dg/ipa/ivinline-7.C -std=gnu++98 scan-ipa-dump inline "B::foo[^\\\\n]*inline copy in int main"
FAIL: g++.dg/ipa/ivinline-7.C -std=gnu++98 scan-ipa-dump inline "Discovered a virtual call to a known target.*B::.*foo"
FAIL: g++.dg/ipa/ivinline-8.C -std=gnu++11 scan-ipa-dump inline "B::bar[^\\\\n]*inline copy in int main"
FAIL: g++.dg/ipa/ivinline-8.C -std=gnu++11 scan-ipa-dump inline "B::foo[^\\\\n]*inline copy in int main"
FAIL: g++.dg/ipa/ivinline-8.C -std=gnu++14 scan-ipa-dump inline "B::bar[^\\\\n]*inline copy in int main"
FAIL: g++.dg/ipa/ivinline-8.C -std=gnu++14 scan-ipa-dump inline "B::foo[^\\\\n]*inline copy in int main"
FAIL: g++.dg/ipa/ivinline-8.C -std=gnu++98 scan-ipa-dump inline "B::bar[^\\\\n]*inline copy in int main"
FAIL: g++.dg/ipa/ivinline-8.C -std=gnu++98 scan-ipa-dump inline "B::foo[^\\\\n]*inline copy in int main"
FAIL: g++.dg/ipa/ivinline-9.C -std=gnu++11 scan-ipa-dump inline "B::foo[^\\\\n]*inline copy in int main"
FAIL: g++.dg/ipa/ivinline-9.C -std=gnu++11 scan-ipa-dump inline "Discovered a virtual call to a known target.*B::.*foo"
FAIL: g++.dg/ipa/ivinline-9.C -std=gnu++14 scan-ipa-dump inline "B::foo[^\\\\n]*inline copy in int main"
FAIL: g++.dg/ipa/ivinline-9.C -std=gnu++14 scan-ipa-dump inline "Discovered a virtual call to a known target.*B::.*foo"
FAIL: g++.dg/ipa/ivinline-9.C -std=gnu++98 scan-ipa-dump inline "B::foo[^\\\\n]*inline copy in int main"
FAIL: g++.dg/ipa/ivinline-9.C -std=gnu++98 scan-ipa-dump inline "Discovered a virtual call to a known target.*B::.*foo"
FAIL: g++.dg/opt/pr66119.C -std=gnu++11 scan-tree-dump sra "Created a replacement for b"
FAIL: g++.dg/opt/pr66119.C -std=gnu++14 scan-tree-dump sra "Created a replacement for b"
FAIL: g++.dg/pr48484.C -std=gnu++11 warning (test for warnings, line 100)
FAIL: g++.dg/pr48484.C -std=gnu++14 warning (test for warnings, line 100)
FAIL: g++.dg/pr48484.C -std=gnu++98 warning (test for warnings, line 100)
FAIL: g++.dg/pr79095-4.C -std=gnu++11 (test for warnings, line )
FAIL: g++.dg/pr79095-4.C -std=gnu++11 scan-tree-dump-times vrp2 "__builtin_memset \\\\(_[0-9]+, 0, [0-9]+\\\\)" 1 (found 0 times)
FAIL: g++.dg/pr79095-4.C -std=gnu++14 (test for warnings, line )
FAIL: g++.dg/pr79095-4.C -std=gnu++14 scan-tree-dump-times vrp2 "__builtin_memset \\\\(_[0-9]+, 0, [0-9]+\\\\)" 1 (found 0 times)
FAIL: g++.dg/pr79095-4.C -std=gnu++98 (test for warnings, line )
FAIL: g++.dg/pr79095-4.C -std=gnu++98 scan-tree-dump-times vrp2 "__builtin_memset \\\\(_[0-9]+, 0, [0-9]+\\\\)" 1 (found 0 times)
FAIL: g++.dg/tree-ssa/calloc.C -std=gnu++11 scan-tree-dump-not optimized "malloc"
FAIL: g++.dg/tree-ssa/calloc.C -std=gnu++11 scan-tree-dump-not optimized "memset"
FAIL: g++.dg/tree-ssa/calloc.C -std=gnu++11 scan-tree-dump-times optimized "calloc" 1 (found 0 times)
FAIL: g++.dg/tree-ssa/calloc.C -std=gnu++14 scan-tree-dump-not optimized "malloc"
FAIL: g++.dg/tree-ssa/calloc.C -std=gnu++14 scan-tree-dump-not optimized "memset"
FAIL: g++.dg/tree-ssa/calloc.C -std=gnu++14 scan-tree-dump-times optimized "calloc" 1 (found 0 times)
FAIL: g++.dg/tree-ssa/calloc.C -std=gnu++98 scan-tree-dump-not optimized "malloc"
FAIL: g++.dg/tree-ssa/calloc.C -std=gnu++98 scan-tree-dump-not optimized "memset"
FAIL: g++.dg/tree-ssa/calloc.C -std=gnu++98 scan-tree-dump-times optimized "calloc" 1 (found 0 times)
FAIL: g++.dg/tree-ssa/pr46228.C -std=gnu++11 scan-tree-dump-not optimized "_ZNSt8_Rb_treeIiiSt9_IdentityIiESt4lessIiESaIiEED2Ev"
FAIL: g++.dg/tree-ssa/pr46228.C -std=gnu++14 scan-tree-dump-not optimized "_ZNSt8_Rb_treeIiiSt9_IdentityIiESt4lessIiESaIiEED2Ev"
FAIL: g++.dg/tree-ssa/pr46228.C -std=gnu++98 scan-tree-dump-not optimized "_ZNSt8_Rb_treeIiiSt9_IdentityIiESt4lessIiESaIiEED2Ev"
FAIL: g++.dg/tree-ssa/pr53844.C -std=gnu++11 scan-tree-dump-times optimized "VDEF" 1 (found 57 times)
FAIL: g++.dg/tree-ssa/pr53844.C -std=gnu++14 scan-tree-dump-times optimized "VDEF" 1 (found 57 times)
FAIL: g++.dg/tree-ssa/pr53844.C -std=gnu++98 scan-tree-dump-times optimized "VDEF" 1 (found 57 times)
FAIL: g++.dg/tree-ssa/pr61034.C -std=gnu++11 scan-tree-dump-times fre3 ";; Function" 1 (found 4 times)
FAIL: g++.dg/tree-ssa/pr61034.C -std=gnu++11 scan-tree-dump-times fre3 "free" 10 (found 14 times)
FAIL: g++.dg/tree-ssa/pr61034.C -std=gnu++11 scan-tree-dump-times fre3 "unreachable" 11 (found 12 times)
FAIL: g++.dg/tree-ssa/pr61034.C -std=gnu++11 scan-tree-dump-times optimized "free" 0 (found 14 times)
FAIL: g++.dg/tree-ssa/pr61034.C -std=gnu++14 scan-tree-dump-times fre3 ";; Function" 1 (found 4 times)
FAIL: g++.dg/tree-ssa/pr61034.C -std=gnu++14 scan-tree-dump-times fre3 "free" 10 (found 14 times)
FAIL: g++.dg/tree-ssa/pr61034.C -std=gnu++14 scan-tree-dump-times fre3 "unreachable" 11 (found 12 times)
FAIL: g++.dg/tree-ssa/pr61034.C -std=gnu++14 scan-tree-dump-times optimized "free" 0 (found 14 times)
FAIL: g++.dg/tree-ssa/pr61034.C -std=gnu++98 scan-tree-dump-times fre3 ";; Function" 1 (found 4 times)
FAIL: g++.dg/tree-ssa/pr61034.C -std=gnu++98 scan-tree-dump-times fre3 "free" 10 (found 14 times)
FAIL: g++.dg/tree-ssa/pr61034.C -std=gnu++98 scan-tree-dump-times fre3 "unreachable" 11 (found 12 times)
FAIL: g++.dg/tree-ssa/pr61034.C -std=gnu++98 scan-tree-dump-times optimized "free" 0 (found 14 times)
FAIL: g++.dg/tree-ssa/pr69336.C scan-tree-dump-not optimized "cmap"
FAIL: g++.dg/tree-ssa/pr78687.C scan-tree-dump sra "Removing load:.*ptr;"
FAIL: g++.dg/tree-ssa/pr81408.C (test for warnings, line 89)
FAIL: g++.dg/uninit-pred-1_b.C -std=gnu++11 (test for warnings, line 44)
FAIL: g++.dg/uninit-pred-1_b.C -std=gnu++14 (test for warnings, line 44)
FAIL: g++.dg/uninit-pred-1_b.C -std=gnu++98 (test for warnings, line 44)
FAIL: g++.dg/uninit-pred-2_b.C -std=gnu++11 (test for warnings, line 43)
FAIL: g++.dg/uninit-pred-2_b.C -std=gnu++14 (test for warnings, line 43)
FAIL: g++.dg/uninit-pred-2_b.C -std=gnu++98 (test for warnings, line 43)
FAIL: g++.dg/warn/string1.C -std=gnu++11 (test for warnings, line 17)
FAIL: g++.dg/warn/string1.C -std=gnu++14 (test for warnings, line 17)
FAIL: g++.dg/warn/string1.C -std=gnu++98 (test for warnings, line 17)
FAIL: g++.dg/guality/pr55665.C -O2 line 23 p == 40
FAIL: g++.dg/guality/pr55665.C -O3 -g line 23 p == 40
FAIL: g++.dg/simulate-thread/atomics-2.C -O3 -g -std=c++11 thread simulation test
FAIL: g++.dg/simulate-thread/atomics-2.C -Os -g thread simulation test
FAIL: g++.dg/ubsan/vptr-6.C -O0 scan-tree-dump-times optimized "__ubsan_handle_dynamic_type_cache_miss" 5 (found 4 times)
FAIL: g++.dg/ubsan/vptr-6.C -O1 scan-tree-dump-times optimized "__ubsan_handle_dynamic_type_cache_miss" 5 (found 4 times)
FAIL: g++.dg/ubsan/vptr-6.C -O2 scan-tree-dump-times optimized "__ubsan_handle_dynamic_type_cache_miss" 5 (found 4 times)
FAIL: g++.dg/ubsan/vptr-6.C -O3 -g scan-tree-dump-times optimized "__ubsan_handle_dynamic_type_cache_miss" 5 (found 4 times)
FAIL: g++.dg/ubsan/vptr-6.C -Os scan-tree-dump-times optimized "__ubsan_handle_dynamic_type_cache_miss" 5 (found 4 times)
FAIL: g++.dg/vect/slp-pr56812.cc -std=c++11 scan-tree-dump-times slp1 "basic block vectorized" 1 (found 0 times)
FAIL: g++.dg/vect/slp-pr56812.cc -std=c++14 scan-tree-dump-times slp1 "basic block vectorized" 1 (found 0 times)
FAIL: g++.dg/vect/slp-pr56812.cc -std=c++98 scan-tree-dump-times slp1 "basic block vectorized" 1 (found 0 times)
=== g++ Summary for unix ===
# of expected passes 120839
# of unexpected failures 191
# of expected failures 440
# of unsupported tests 4658
Running target unix/-m32
FAIL: c-c++-common/attr-warn-unused-result.c -std=gnu++11 (test for excess errors)
FAIL: c-c++-common/attr-warn-unused-result.c -std=gnu++14 (test for excess errors)
FAIL: c-c++-common/attr-warn-unused-result.c -std=gnu++98 (test for excess errors)
FAIL: g++.dg/cpp1z/nodiscard3.C (test for excess errors)
FAIL: g++.dg/ipa/devirt-11.C -std=gnu++11 scan-ipa-dump inline "Discovered a virtual call to a known target"
FAIL: g++.dg/ipa/devirt-11.C -std=gnu++14 scan-ipa-dump inline "Discovered a virtual call to a known target"
FAIL: g++.dg/ipa/devirt-11.C -std=gnu++98 scan-ipa-dump inline "Discovered a virtual call to a known target"
FAIL: g++.dg/ipa/devirt-12.C -std=gnu++11 scan-ipa-dump inline "Inlined 1 calls, eliminated 1 functions"
FAIL: g++.dg/ipa/devirt-12.C -std=gnu++14 scan-ipa-dump inline "Inlined 1 calls, eliminated 1 functions"
FAIL: g++.dg/ipa/devirt-37.C -std=gnu++11 scan-tree-dump fre3 "Checking vtbl store:"
FAIL: g++.dg/ipa/devirt-37.C -std=gnu++11 scan-tree-dump fre3 "Function call may change dynamic type:extcall"
FAIL: g++.dg/ipa/devirt-37.C -std=gnu++11 scan-tree-dump fre3 "converting indirect call to function virtual void"
FAIL: g++.dg/ipa/devirt-37.C -std=gnu++14 scan-tree-dump fre3 "Checking vtbl store:"
FAIL: g++.dg/ipa/devirt-37.C -std=gnu++14 scan-tree-dump fre3 "Function call may change dynamic type:extcall"
FAIL: g++.dg/ipa/devirt-37.C -std=gnu++14 scan-tree-dump fre3 "converting indirect call to function virtual void"
FAIL: g++.dg/ipa/devirt-37.C -std=gnu++98 scan-tree-dump fre3 "Checking vtbl store:"
FAIL: g++.dg/ipa/devirt-37.C -std=gnu++98 scan-tree-dump fre3 "Function call may change dynamic type:extcall"
FAIL: g++.dg/ipa/devirt-37.C -std=gnu++98 scan-tree-dump fre3 "converting indirect call to function virtual void"
FAIL: g++.dg/ipa/devirt-39.C -std=gnu++11 scan-assembler-not _ZN3Foo5cloneEv
FAIL: g++.dg/ipa/devirt-39.C -std=gnu++14 scan-assembler-not _ZN3Foo5cloneEv
FAIL: g++.dg/ipa/devirt-39.C -std=gnu++98 scan-assembler-not _ZN3Foo5cloneEv
FAIL: g++.dg/ipa/devirt-41.C -std=gnu++11 scan-ipa-dump-times inline "Discovered a virtual call to a known target" 1 (found 0 times)
FAIL: g++.dg/ipa/devirt-41.C -std=gnu++14 scan-ipa-dump-times inline "Discovered a virtual call to a known target" 1 (found 0 times)
FAIL: g++.dg/ipa/devirt-41.C -std=gnu++98 scan-ipa-dump-times inline "Discovered a virtual call to a known target" 1 (found 0 times)
FAIL: g++.dg/ipa/devirt-42.C -std=gnu++11 scan-ipa-dump inline "First type is base of second"
FAIL: g++.dg/ipa/devirt-42.C -std=gnu++11 scan-ipa-dump-times inline "Discovered a virtual call to a known target" 2 (found 0 times)
FAIL: g++.dg/ipa/devirt-42.C -std=gnu++11 scan-tree-dump-not optimized "OBJ_TYPE_REF"
FAIL: g++.dg/ipa/devirt-42.C -std=gnu++11 scan-tree-dump-times optimized "return 2" 3 (found 1 times)
FAIL: g++.dg/ipa/devirt-42.C -std=gnu++14 scan-ipa-dump inline "First type is base of second"
FAIL: g++.dg/ipa/devirt-42.C -std=gnu++14 scan-ipa-dump-times inline "Discovered a virtual call to a known target" 2 (found 0 times)
FAIL: g++.dg/ipa/devirt-42.C -std=gnu++14 scan-tree-dump-not optimized "OBJ_TYPE_REF"
FAIL: g++.dg/ipa/devirt-42.C -std=gnu++14 scan-tree-dump-times optimized "return 2" 3 (found 1 times)
FAIL: g++.dg/ipa/devirt-42.C -std=gnu++98 scan-ipa-dump inline "First type is base of second"
FAIL: g++.dg/ipa/devirt-42.C -std=gnu++98 scan-ipa-dump-times inline "Discovered a virtual call to a known target" 2 (found 0 times)
FAIL: g++.dg/ipa/devirt-42.C -std=gnu++98 scan-tree-dump-not optimized "OBJ_TYPE_REF"
FAIL: g++.dg/ipa/devirt-42.C -std=gnu++98 scan-tree-dump-times optimized "return 2" 3 (found 1 times)
FAIL: g++.dg/ipa/devirt-44.C -std=gnu++11 scan-ipa-dump-times inline "Discovered a virtual call to a known target[^\\\\n]*A::foo" 1 (found 0 times)
FAIL: g++.dg/ipa/devirt-44.C -std=gnu++11 scan-ipa-dump-times inline "Discovered a virtual call to a known target[^\\\\n]*B::foo" 1 (found 0 times)
FAIL: g++.dg/ipa/devirt-44.C -std=gnu++14 scan-ipa-dump-times inline "Discovered a virtual call to a known target[^\\\\n]*A::foo" 1 (found 0 times)
FAIL: g++.dg/ipa/devirt-44.C -std=gnu++14 scan-ipa-dump-times inline "Discovered a virtual call to a known target[^\\\\n]*B::foo" 1 (found 0 times)
FAIL: g++.dg/ipa/devirt-44.C -std=gnu++98 scan-ipa-dump-times inline "Discovered a virtual call to a known target[^\\\\n]*A::foo" 1 (found 0 times)
FAIL: g++.dg/ipa/devirt-44.C -std=gnu++98 scan-ipa-dump-times inline "Discovered a virtual call to a known target[^\\\\n]*B::foo" 1 (found 0 times)
FAIL: g++.dg/ipa/devirt-45.C -std=gnu++11 scan-ipa-dump-times inline "Discovered a virtual call to a known target[^\\\\n]*A::foo" 1 (found 0 times)
FAIL: g++.dg/ipa/devirt-45.C -std=gnu++11 scan-ipa-dump-times inline "Discovered a virtual call to a known target[^\\\\n]*B::foo" 1 (found 0 times)
FAIL: g++.dg/ipa/devirt-45.C -std=gnu++14 scan-ipa-dump-times inline "Discovered a virtual call to a known target[^\\\\n]*A::foo" 1 (found 0 times)
FAIL: g++.dg/ipa/devirt-45.C -std=gnu++14 scan-ipa-dump-times inline "Discovered a virtual call to a known target[^\\\\n]*B::foo" 1 (found 0 times)
FAIL: g++.dg/ipa/devirt-45.C -std=gnu++98 scan-ipa-dump-times inline "Discovered a virtual call to a known target[^\\\\n]*A::foo" 1 (found 0 times)
FAIL: g++.dg/ipa/devirt-45.C -std=gnu++98 scan-ipa-dump-times inline "Discovered a virtual call to a known target[^\\\\n]*B::foo" 1 (found 0 times)
FAIL: g++.dg/ipa/devirt-46.C -std=gnu++11 scan-ipa-dump-times inline "Discovered a virtual call to a known target[^\\\\n]*B::foo" 1 (found 0 times)
FAIL: g++.dg/ipa/devirt-46.C -std=gnu++11 scan-tree-dump-not optimized "OBJ_TYPE_REF"
FAIL: g++.dg/ipa/devirt-46.C -std=gnu++11 scan-tree-dump-not optimized "abort"
FAIL: g++.dg/ipa/devirt-46.C -std=gnu++14 scan-ipa-dump-times inline "Discovered a virtual call to a known target[^\\\\n]*B::foo" 1 (found 0 times)
FAIL: g++.dg/ipa/devirt-46.C -std=gnu++14 scan-tree-dump-not optimized "OBJ_TYPE_REF"
FAIL: g++.dg/ipa/devirt-46.C -std=gnu++14 scan-tree-dump-not optimized "abort"
FAIL: g++.dg/ipa/devirt-46.C -std=gnu++98 scan-ipa-dump-times inline "Discovered a virtual call to a known target[^\\\\n]*B::foo" 1 (found 0 times)
FAIL: g++.dg/ipa/devirt-46.C -std=gnu++98 scan-tree-dump-not optimized "OBJ_TYPE_REF"
FAIL: g++.dg/ipa/devirt-46.C -std=gnu++98 scan-tree-dump-not optimized "abort"
FAIL: g++.dg/ipa/devirt-47.C -std=gnu++11 scan-ipa-dump-times inline "Discovered a virtual call to a known target[^\\\\n]*C::_ZTh" 1 (found 0 times)
FAIL: g++.dg/ipa/devirt-47.C -std=gnu++11 scan-tree-dump optimized "C::_ZThn"
FAIL: g++.dg/ipa/devirt-47.C -std=gnu++11 scan-tree-dump-not optimized "OBJ_TYPE_REF"
FAIL: g++.dg/ipa/devirt-47.C -std=gnu++14 scan-ipa-dump-times inline "Discovered a virtual call to a known target[^\\\\n]*C::_ZTh" 1 (found 0 times)
FAIL: g++.dg/ipa/devirt-47.C -std=gnu++14 scan-tree-dump optimized "C::_ZThn"
FAIL: g++.dg/ipa/devirt-47.C -std=gnu++14 scan-tree-dump-not optimized "OBJ_TYPE_REF"
FAIL: g++.dg/ipa/devirt-47.C -std=gnu++98 scan-ipa-dump-times inline "Discovered a virtual call to a known target[^\\\\n]*C::_ZTh" 1 (found 0 times)
FAIL: g++.dg/ipa/devirt-47.C -std=gnu++98 scan-tree-dump optimized "C::_ZThn"
FAIL: g++.dg/ipa/devirt-47.C -std=gnu++98 scan-tree-dump-not optimized "OBJ_TYPE_REF"
FAIL: g++.dg/ipa/devirt-48.C -std=gnu++11 scan-ipa-dump-times inline "Discovered a virtual call to a known target[^\\\\n]*__builtin_unreachable" 1 (found 0 times)
FAIL: g++.dg/ipa/devirt-48.C -std=gnu++14 scan-ipa-dump-times inline "Discovered a virtual call to a known target[^\\\\n]*__builtin_unreachable" 1 (found 0 times)
FAIL: g++.dg/ipa/devirt-48.C -std=gnu++98 scan-ipa-dump-times inline "Discovered a virtual call to a known target[^\\\\n]*__builtin_unreachable" 1 (found 0 times)
FAIL: g++.dg/ipa/iinline-1.C -std=gnu++11 scan-ipa-dump inline "String::funcOne[^\\\\n]*inline copy in int main"
FAIL: g++.dg/ipa/iinline-1.C -std=gnu++14 scan-ipa-dump inline "String::funcOne[^\\\\n]*inline copy in int main"
FAIL: g++.dg/ipa/iinline-1.C -std=gnu++98 scan-ipa-dump inline "String::funcOne[^\\\\n]*inline copy in int main"
FAIL: g++.dg/ipa/iinline-2.C -std=gnu++11 scan-ipa-dump inline "String::funcOne[^\\\\n]*inline copy in int main"
FAIL: g++.dg/ipa/iinline-2.C -std=gnu++14 scan-ipa-dump inline "String::funcOne[^\\\\n]*inline copy in int main"
FAIL: g++.dg/ipa/iinline-2.C -std=gnu++98 scan-ipa-dump inline "String::funcOne[^\\\\n]*inline copy in int main"
FAIL: g++.dg/ipa/inline-1.C -std=gnu++11 scan-ipa-dump-times inline "Considering void inline_me\\\\(" 1 (found 0 times)
FAIL: g++.dg/ipa/inline-1.C -std=gnu++11 scan-ipa-dump-times inline "Considering void inline_me_too\\\\(" 1 (found 0 times)
FAIL: g++.dg/ipa/inline-1.C -std=gnu++14 scan-ipa-dump-times inline "Considering void inline_me\\\\(" 1 (found 0 times)
FAIL: g++.dg/ipa/inline-1.C -std=gnu++14 scan-ipa-dump-times inline "Considering void inline_me_too\\\\(" 1 (found 0 times)
FAIL: g++.dg/ipa/inline-1.C -std=gnu++98 scan-ipa-dump-times inline "Considering void inline_me\\\\(" 1 (found 0 times)
FAIL: g++.dg/ipa/inline-1.C -std=gnu++98 scan-ipa-dump-times inline "Considering void inline_me_too\\\\(" 1 (found 0 times)
FAIL: g++.dg/ipa/inline-2.C -std=gnu++11 scan-ipa-dump-times inline "Considering void inline_me\\\\(" 1 (found 0 times)
FAIL: g++.dg/ipa/inline-2.C -std=gnu++11 scan-ipa-dump-times inline "Considering void inline_me_too\\\\(" 1 (found 0 times)
FAIL: g++.dg/ipa/inline-2.C -std=gnu++14 scan-ipa-dump-times inline "Considering void inline_me\\\\(" 1 (found 0 times)
FAIL: g++.dg/ipa/inline-2.C -std=gnu++14 scan-ipa-dump-times inline "Considering void inline_me_too\\\\(" 1 (found 0 times)
FAIL: g++.dg/ipa/inline-2.C -std=gnu++98 scan-ipa-dump-times inline "Considering void inline_me\\\\(" 1 (found 0 times)
FAIL: g++.dg/ipa/inline-2.C -std=gnu++98 scan-ipa-dump-times inline "Considering void inline_me_too\\\\(" 1 (found 0 times)
FAIL: g++.dg/ipa/inline-3.C -std=gnu++11 scan-ipa-dump-times inline "Considering void inline_me\\\\(" 1 (found 0 times)
FAIL: g++.dg/ipa/inline-3.C -std=gnu++11 scan-ipa-dump-times inline "Considering void inline_me_too\\\\(" 1 (found 0 times)
FAIL: g++.dg/ipa/inline-3.C -std=gnu++14 scan-ipa-dump-times inline "Considering void inline_me\\\\(" 1 (found 0 times)
FAIL: g++.dg/ipa/inline-3.C -std=gnu++14 scan-ipa-dump-times inline "Considering void inline_me_too\\\\(" 1 (found 0 times)
FAIL: g++.dg/ipa/inline-3.C -std=gnu++98 scan-ipa-dump-times inline "Considering void inline_me\\\\(" 1 (found 0 times)
FAIL: g++.dg/ipa/inline-3.C -std=gnu++98 scan-ipa-dump-times inline "Considering void inline_me_too\\\\(" 1 (found 0 times)
FAIL: g++.dg/ipa/ivinline-1.C -std=gnu++11 scan-ipa-dump inline "B::foo[^\\\\n]*inline copy in int main"
FAIL: g++.dg/ipa/ivinline-1.C -std=gnu++14 scan-ipa-dump inline "B::foo[^\\\\n]*inline copy in int main"
FAIL: g++.dg/ipa/ivinline-1.C -std=gnu++98 scan-ipa-dump inline "B::foo[^\\\\n]*inline copy in int main"
FAIL: g++.dg/ipa/ivinline-2.C -std=gnu++11 scan-ipa-dump inline "B::foo[^\\\\n]*inline copy in int main"
FAIL: g++.dg/ipa/ivinline-2.C -std=gnu++14 scan-ipa-dump inline "B::foo[^\\\\n]*inline copy in int main"
FAIL: g++.dg/ipa/ivinline-2.C -std=gnu++98 scan-ipa-dump inline "B::foo[^\\\\n]*inline copy in int main"
FAIL: g++.dg/ipa/ivinline-3.C -std=gnu++11 scan-ipa-dump inline "B::foo[^\\\\n]*inline copy in int main"
FAIL: g++.dg/ipa/ivinline-3.C -std=gnu++14 scan-ipa-dump inline "B::foo[^\\\\n]*inline copy in int main"
FAIL: g++.dg/ipa/ivinline-3.C -std=gnu++98 scan-ipa-dump inline "B::foo[^\\\\n]*inline copy in int main"
FAIL: g++.dg/ipa/ivinline-4.C -std=gnu++11 scan-ipa-dump inline "B::foo[^\\\\n]*inline copy in int main"
FAIL: g++.dg/ipa/ivinline-4.C -std=gnu++14 scan-ipa-dump inline "B::foo[^\\\\n]*inline copy in int main"
FAIL: g++.dg/ipa/ivinline-4.C -std=gnu++98 scan-ipa-dump inline "B::foo[^\\\\n]*inline copy in int main"
FAIL: g++.dg/ipa/ivinline-5.C -std=gnu++11 scan-ipa-dump inline "A::foo[^\\\\n]*inline copy in int main"
FAIL: g++.dg/ipa/ivinline-5.C -std=gnu++11 scan-ipa-dump inline "B::foo[^\\\\n]*inline copy in int main"
FAIL: g++.dg/ipa/ivinline-5.C -std=gnu++14 scan-ipa-dump inline "A::foo[^\\\\n]*inline copy in int main"
FAIL: g++.dg/ipa/ivinline-5.C -std=gnu++14 scan-ipa-dump inline "B::foo[^\\\\n]*inline copy in int main"
FAIL: g++.dg/ipa/ivinline-5.C -std=gnu++98 scan-ipa-dump inline "A::foo[^\\\\n]*inline copy in int main"
FAIL: g++.dg/ipa/ivinline-5.C -std=gnu++98 scan-ipa-dump inline "B::foo[^\\\\n]*inline copy in int main"
FAIL: g++.dg/ipa/ivinline-7.C -std=gnu++11 scan-ipa-dump inline "B::foo[^\\\\n]*inline copy in int main"
FAIL: g++.dg/ipa/ivinline-7.C -std=gnu++11 scan-ipa-dump inline "Discovered a virtual call to a known target.*B::.*foo"
FAIL: g++.dg/ipa/ivinline-7.C -std=gnu++14 scan-ipa-dump inline "B::foo[^\\\\n]*inline copy in int main"
FAIL: g++.dg/ipa/ivinline-7.C -std=gnu++14 scan-ipa-dump inline "Discovered a virtual call to a known target.*B::.*foo"
FAIL: g++.dg/ipa/ivinline-7.C -std=gnu++98 scan-ipa-dump inline "B::foo[^\\\\n]*inline copy in int main"
FAIL: g++.dg/ipa/ivinline-7.C -std=gnu++98 scan-ipa-dump inline "Discovered a virtual call to a known target.*B::.*foo"
FAIL: g++.dg/ipa/ivinline-8.C -std=gnu++11 scan-ipa-dump inline "B::bar[^\\\\n]*inline copy in int main"
FAIL: g++.dg/ipa/ivinline-8.C -std=gnu++11 scan-ipa-dump inline "B::foo[^\\\\n]*inline copy in int main"
FAIL: g++.dg/ipa/ivinline-8.C -std=gnu++14 scan-ipa-dump inline "B::bar[^\\\\n]*inline copy in int main"
FAIL: g++.dg/ipa/ivinline-8.C -std=gnu++14 scan-ipa-dump inline "B::foo[^\\\\n]*inline copy in int main"
FAIL: g++.dg/ipa/ivinline-8.C -std=gnu++98 scan-ipa-dump inline "B::bar[^\\\\n]*inline copy in int main"
FAIL: g++.dg/ipa/ivinline-8.C -std=gnu++98 scan-ipa-dump inline "B::foo[^\\\\n]*inline copy in int main"
FAIL: g++.dg/ipa/ivinline-9.C -std=gnu++11 scan-ipa-dump inline "B::foo[^\\\\n]*inline copy in int main"
FAIL: g++.dg/ipa/ivinline-9.C -std=gnu++11 scan-ipa-dump inline "Discovered a virtual call to a known target.*B::.*foo"
FAIL: g++.dg/ipa/ivinline-9.C -std=gnu++14 scan-ipa-dump inline "B::foo[^\\\\n]*inline copy in int main"
FAIL: g++.dg/ipa/ivinline-9.C -std=gnu++14 scan-ipa-dump inline "Discovered a virtual call to a known target.*B::.*foo"
FAIL: g++.dg/ipa/ivinline-9.C -std=gnu++98 scan-ipa-dump inline "B::foo[^\\\\n]*inline copy in int main"
FAIL: g++.dg/ipa/ivinline-9.C -std=gnu++98 scan-ipa-dump inline "Discovered a virtual call to a known target.*B::.*foo"
FAIL: g++.dg/opt/pr66119.C -std=gnu++11 scan-tree-dump sra "Created a replacement for b"
FAIL: g++.dg/opt/pr66119.C -std=gnu++14 scan-tree-dump sra "Created a replacement for b"
FAIL: g++.dg/pr48484.C -std=gnu++11 warning (test for warnings, line 100)
FAIL: g++.dg/pr48484.C -std=gnu++14 warning (test for warnings, line 100)
FAIL: g++.dg/pr48484.C -std=gnu++98 warning (test for warnings, line 100)
FAIL: g++.dg/pr79095-4.C -std=gnu++11 (test for warnings, line )
FAIL: g++.dg/pr79095-4.C -std=gnu++11 scan-tree-dump-times vrp2 "__builtin_memset \\\\(_[0-9]+, 0, [0-9]+\\\\)" 1 (found 0 times)
FAIL: g++.dg/pr79095-4.C -std=gnu++14 (test for warnings, line )
FAIL: g++.dg/pr79095-4.C -std=gnu++14 scan-tree-dump-times vrp2 "__builtin_memset \\\\(_[0-9]+, 0, [0-9]+\\\\)" 1 (found 0 times)
FAIL: g++.dg/pr79095-4.C -std=gnu++98 (test for warnings, line )
FAIL: g++.dg/pr79095-4.C -std=gnu++98 scan-tree-dump-times vrp2 "__builtin_memset \\\\(_[0-9]+, 0, [0-9]+\\\\)" 1 (found 0 times)
FAIL: g++.dg/pr82836.C (test for excess errors)
FAIL: g++.dg/template/nontype10.C -std=c++11 (test for excess errors)
FAIL: g++.dg/template/nontype10.C -std=c++14 (test for excess errors)
FAIL: g++.dg/template/nontype10.C -std=c++98 (test for excess errors)
FAIL: g++.dg/tree-ssa/calloc.C -std=gnu++11 scan-tree-dump-not optimized "malloc"
FAIL: g++.dg/tree-ssa/calloc.C -std=gnu++11 scan-tree-dump-not optimized "memset"
FAIL: g++.dg/tree-ssa/calloc.C -std=gnu++11 scan-tree-dump-times optimized "calloc" 1 (found 0 times)
FAIL: g++.dg/tree-ssa/calloc.C -std=gnu++14 scan-tree-dump-not optimized "malloc"
FAIL: g++.dg/tree-ssa/calloc.C -std=gnu++14 scan-tree-dump-not optimized "memset"
FAIL: g++.dg/tree-ssa/calloc.C -std=gnu++14 scan-tree-dump-times optimized "calloc" 1 (found 0 times)
FAIL: g++.dg/tree-ssa/calloc.C -std=gnu++98 scan-tree-dump-not optimized "malloc"
FAIL: g++.dg/tree-ssa/calloc.C -std=gnu++98 scan-tree-dump-not optimized "memset"
FAIL: g++.dg/tree-ssa/calloc.C -std=gnu++98 scan-tree-dump-times optimized "calloc" 1 (found 0 times)
FAIL: g++.dg/tree-ssa/pr46228.C -std=gnu++11 scan-tree-dump-not optimized "_ZNSt8_Rb_treeIiiSt9_IdentityIiESt4lessIiESaIiEED2Ev"
FAIL: g++.dg/tree-ssa/pr46228.C -std=gnu++14 scan-tree-dump-not optimized "_ZNSt8_Rb_treeIiiSt9_IdentityIiESt4lessIiESaIiEED2Ev"
FAIL: g++.dg/tree-ssa/pr46228.C -std=gnu++98 scan-tree-dump-not optimized "_ZNSt8_Rb_treeIiiSt9_IdentityIiESt4lessIiESaIiEED2Ev"
FAIL: g++.dg/tree-ssa/pr53844.C -std=gnu++11 scan-tree-dump-times optimized "VDEF" 1 (found 68 times)
FAIL: g++.dg/tree-ssa/pr53844.C -std=gnu++14 scan-tree-dump-times optimized "VDEF" 1 (found 68 times)
FAIL: g++.dg/tree-ssa/pr53844.C -std=gnu++98 scan-tree-dump-times optimized "VDEF" 1 (found 68 times)
FAIL: g++.dg/tree-ssa/pr61034.C -std=gnu++11 scan-tree-dump-times fre3 ";; Function" 1 (found 4 times)
FAIL: g++.dg/tree-ssa/pr61034.C -std=gnu++11 scan-tree-dump-times fre3 "free" 10 (found 14 times)
FAIL: g++.dg/tree-ssa/pr61034.C -std=gnu++11 scan-tree-dump-times fre3 "unreachable" 11 (found 12 times)
FAIL: g++.dg/tree-ssa/pr61034.C -std=gnu++11 scan-tree-dump-times optimized "free" 0 (found 14 times)
FAIL: g++.dg/tree-ssa/pr61034.C -std=gnu++14 scan-tree-dump-times fre3 ";; Function" 1 (found 4 times)
FAIL: g++.dg/tree-ssa/pr61034.C -std=gnu++14 scan-tree-dump-times fre3 "free" 10 (found 14 times)
FAIL: g++.dg/tree-ssa/pr61034.C -std=gnu++14 scan-tree-dump-times fre3 "unreachable" 11 (found 12 times)
FAIL: g++.dg/tree-ssa/pr61034.C -std=gnu++14 scan-tree-dump-times optimized "free" 0 (found 14 times)
FAIL: g++.dg/tree-ssa/pr61034.C -std=gnu++98 scan-tree-dump-times fre3 ";; Function" 1 (found 4 times)
FAIL: g++.dg/tree-ssa/pr61034.C -std=gnu++98 scan-tree-dump-times fre3 "free" 10 (found 14 times)
FAIL: g++.dg/tree-ssa/pr61034.C -std=gnu++98 scan-tree-dump-times fre3 "unreachable" 11 (found 12 times)
FAIL: g++.dg/tree-ssa/pr61034.C -std=gnu++98 scan-tree-dump-times optimized "free" 0 (found 14 times)
FAIL: g++.dg/tree-ssa/pr69336.C scan-tree-dump-not optimized "cmap"
FAIL: g++.dg/tree-ssa/pr78687.C scan-tree-dump sra "Removing load:.*ptr;"
FAIL: g++.dg/tree-ssa/pr81408.C (test for warnings, line 89)
FAIL: g++.dg/uninit-pred-1_b.C -std=gnu++11 (test for warnings, line 44)
FAIL: g++.dg/uninit-pred-1_b.C -std=gnu++14 (test for warnings, line 44)
FAIL: g++.dg/uninit-pred-1_b.C -std=gnu++98 (test for warnings, line 44)
FAIL: g++.dg/uninit-pred-2_b.C -std=gnu++11 (test for warnings, line 43)
FAIL: g++.dg/uninit-pred-2_b.C -std=gnu++14 (test for warnings, line 43)
FAIL: g++.dg/uninit-pred-2_b.C -std=gnu++98 (test for warnings, line 43)
FAIL: g++.dg/warn/string1.C -std=gnu++11 (test for warnings, line 17)
FAIL: g++.dg/warn/string1.C -std=gnu++14 (test for warnings, line 17)
FAIL: g++.dg/warn/string1.C -std=gnu++98 (test for warnings, line 17)
FAIL: g++.dg/guality/pr55665.C -O2 line 23 p == 40
FAIL: g++.dg/guality/pr55665.C -O3 -g line 23 p == 40
FAIL: g++.dg/simulate-thread/atomics-2.C -O3 -g -std=c++11 thread simulation test
FAIL: g++.dg/simulate-thread/atomics-2.C -Os -g thread simulation test
FAIL: c-c++-common/ubsan/ptr-overflow-sanitization-1.c -O0 scan-tree-dump-times optimized "__ubsan_handle_pointer_overflow" 17 (found 14 times)
FAIL: c-c++-common/ubsan/ptr-overflow-sanitization-1.c -O1 scan-tree-dump-times optimized "__ubsan_handle_pointer_overflow" 17 (found 14 times)
FAIL: c-c++-common/ubsan/ptr-overflow-sanitization-1.c -O2 scan-tree-dump-times optimized "__ubsan_handle_pointer_overflow" 17 (found 14 times)
FAIL: c-c++-common/ubsan/ptr-overflow-sanitization-1.c -O3 -g scan-tree-dump-times optimized "__ubsan_handle_pointer_overflow" 17 (found 14 times)
FAIL: c-c++-common/ubsan/ptr-overflow-sanitization-1.c -Os scan-tree-dump-times optimized "__ubsan_handle_pointer_overflow" 17 (found 14 times)
FAIL: g++.dg/ubsan/vptr-6.C -O0 scan-tree-dump-times optimized "__ubsan_handle_dynamic_type_cache_miss" 5 (found 4 times)
FAIL: g++.dg/ubsan/vptr-6.C -O1 scan-tree-dump-times optimized "__ubsan_handle_dynamic_type_cache_miss" 5 (found 4 times)
FAIL: g++.dg/ubsan/vptr-6.C -O2 scan-tree-dump-times optimized "__ubsan_handle_dynamic_type_cache_miss" 5 (found 4 times)
FAIL: g++.dg/ubsan/vptr-6.C -O3 -g scan-tree-dump-times optimized "__ubsan_handle_dynamic_type_cache_miss" 5 (found 4 times)
FAIL: g++.dg/ubsan/vptr-6.C -Os scan-tree-dump-times optimized "__ubsan_handle_dynamic_type_cache_miss" 5 (found 4 times)
FAIL: g++.dg/vect/slp-pr56812.cc -std=c++11 scan-tree-dump-times slp1 "basic block vectorized" 1 (found 0 times)
FAIL: g++.dg/vect/slp-pr56812.cc -std=c++14 scan-tree-dump-times slp1 "basic block vectorized" 1 (found 0 times)
FAIL: g++.dg/vect/slp-pr56812.cc -std=c++98 scan-tree-dump-times slp1 "basic block vectorized" 1 (found 0 times)
=== g++ Summary for unix/-m32 ===
# of expected passes 119229
# of unexpected failures 200
# of expected failures 437
# of unsupported tests 4446
=== g++ Summary ===
# of expected passes 240068
# of unexpected failures 391
# of expected failures 877
# of unsupported tests 9104
/export/gnu/import/git/gcc-test-intel64corei7/bld/gcc/xg++ version 8.0.0 20171119 (experimental) [trunk revision 254938] (GCC)
=== objc tests ===
Running target unix
=== objc Summary for unix ===
# of expected passes 2797
# of expected failures 6
# of unsupported tests 68
Running target unix/-m32
=== objc Summary for unix/-m32 ===
# of expected passes 2797
# of expected failures 6
# of unsupported tests 68
=== objc Summary ===
# of expected passes 5594
# of expected failures 12
# of unsupported tests 136
/export/gnu/import/git/gcc-test-intel64corei7/bld/gcc/xgcc version 8.0.0 20171119 (experimental) [trunk revision 254938] (GCC)
=== libatomic tests ===
Running target unix/-m32
=== libatomic Summary for unix/-m32 ===
# of expected passes 44
# of unsupported tests 5
Running target unix
=== libatomic Summary for unix ===
# of expected passes 54
=== libatomic Summary ===
# of expected passes 98
# of unsupported tests 5
=== libgomp tests ===
Running target unix/-m32
FAIL: libgomp.graphite/force-parallel-1.c scan-tree-dump-times graphite "2 loops carried no dependency" 1 (found 0 times)
FAIL: libgomp.graphite/force-parallel-1.c scan-tree-dump-times optimized "loopfn" 8 (found 12 times)
=== libgomp Summary for unix/-m32 ===
# of expected passes 5321
# of unexpected failures 2
# of unsupported tests 302
Running target unix
FAIL: libgomp.graphite/force-parallel-1.c scan-tree-dump-times graphite "2 loops carried no dependency" 1 (found 0 times)
FAIL: libgomp.graphite/force-parallel-1.c scan-tree-dump-times optimized "loopfn" 8 (found 12 times)
=== libgomp Summary for unix ===
# of expected passes 5321
# of unexpected failures 2
# of unsupported tests 302
=== libgomp Summary ===
# of expected passes 10642
# of unexpected failures 4
# of unsupported tests 604
=== libitm tests ===
Running target unix/-m32
=== libitm Summary for unix/-m32 ===
# of expected passes 42
# of expected failures 3
# of unsupported tests 1
Running target unix
=== libitm Summary for unix ===
# of expected passes 42
# of expected failures 3
# of unsupported tests 1
=== libitm Summary ===
# of expected passes 84
# of expected failures 6
# of unsupported tests 2
=== libstdc++ tests ===
Running target unix
FAIL: libstdc++-abi/abi_check
=== libstdc++ Summary for unix ===
# of expected passes 12697
# of unexpected failures 1
# of expected failures 70
# of unsupported tests 247
Running target unix/-m32
FAIL: libstdc++-abi/abi_check
=== libstdc++ Summary for unix/-m32 ===
# of expected passes 12705
# of unexpected failures 1
# of expected failures 70
# of unsupported tests 243
=== libstdc++ Summary ===
# of expected passes 25402
# of unexpected failures 2
# of expected failures 140
# of unsupported tests 490
Compiler version: 8.0.0 20171119 (experimental) [trunk revision 254938] (GCC)
Platform: x86_64-pc-linux-gnu
configure flags: --with-arch=corei7 --with-cpu=corei7 --prefix=/usr/8.0.0 --enable-clocale=gnu --with-system-zlib --enable-shared --with-demangler-in-ld --enable-libmpx --with-fpmath=sse