This is the mail archive of the
gcc-testresults@gcc.gnu.org
mailing list for the GCC project.
Results for 8.0.0 20171108 (experimental) [master revision 1801749:68f2911:5e8f7c2aef9a690b4415ddba6164989360914602] (Cavium Inc. (Build 4982)) testsuite on x86_64-pc-linux-gnu
- From: jenkins at cavium dot com
- To: gcc-testresults at gcc dot gnu dot org
- Date: Wed, 08 Nov 2017 18:08:53 -0800
- Subject: Results for 8.0.0 20171108 (experimental) [master revision 1801749:68f2911:5e8f7c2aef9a690b4415ddba6164989360914602] (Cavium Inc. (Build 4982)) testsuite on x86_64-pc-linux-gnu
- Authentication-results: sourceware.org; auth=none
LAST_UPDATED: Wed Nov 8 22:23:25 UTC 2017 (revision 1801749:68f2911:5e8f7c2aef9a690b4415ddba6164989360914602)
Native configuration is x86_64-pc-linux-gnu
=== gcc tests ===
Running target unix
FAIL: gcc.dg/debug/pr41893-1.c -gdwarf-2 -g3 (test for excess errors)
FAIL: gcc.dg/debug/pr41893-1.c -gdwarf-2 -g3 -O (test for excess errors)
FAIL: gcc.dg/debug/pr41893-1.c -gdwarf-2 -g3 -O3 (test for excess errors)
FAIL: gcc.dg/20050503-1.c scan-assembler-not call
FAIL: gcc.dg/store_merging_13.c scan-tree-dump-times store-merging "Merging successful" 13 (found 12 times)
FAIL: gcc.dg/tree-prof/20050826-2.c scan-tree-dump-not dom2 "Invalid sum"
FAIL: gcc.dg/tree-prof/cmpsf-1.c scan-tree-dump-not dom2 "Invalid sum"
UNRESOLVED: gcc.dg/tree-prof/crossmodule-indircall-1a.c scan-tree-dump-times dom2 "\\\\+" 1
UNRESOLVED: gcc.dg/tree-prof/crossmodule-indircall-1a.c scan-tree-dump-times dom2 "first_gp_reg_save" 1
UNRESOLVED: gcc.dg/tree-prof/split-1.c scan-tree-dump dom2 "Replaced redundant expr [^\\r\\n]* with .0."
FAIL: gcc.dg/tree-prof/stringop-2.c scan-tree-dump-times optimized "foo .defval" 1 (found 0 times)
FAIL: gcc.dg/vect/pr65947-14.c -flto -ffat-lto-objects execution test
FAIL: gcc.dg/vect/pr65947-14.c execution test
FAIL: gcc.dg/vect/pr66636.c (test for excess errors)
FAIL: gcc.dg/vect/pr66636.c -flto -ffat-lto-objects (test for excess errors)
WARNING: gcc.dg/vect/pr66636.c -flto -ffat-lto-objects compilation failed to produce executable
WARNING: gcc.dg/vect/pr66636.c compilation failed to produce executable
FAIL: gcc.target/i386/pr57275.c (test for excess errors)
WARNING: gcc.target/i386/pr57275.c compilation failed to produce executable
=== gcc Summary ===
# of expected passes 126741
# of unexpected failures 13
# of expected failures 369
# of unresolved testcases 3
# of unsupported tests 3397
/home/jenkins/workspace/BuildX86_native_gcc_upstream_CENTOS/objdir/gcc/xgcc version 8.0.0 20171108 (experimental) [master revision 1801749:68f2911:5e8f7c2aef9a690b4415ddba6164989360914602] (Cavium Inc. (Build 4982))
=== gfortran tests ===
Running target unix
FAIL: gfortran.dg/guality/pr41558.f90 -O2 line 7 s == 'foo'
FAIL: gfortran.dg/guality/pr41558.f90 -O3 -fomit-frame-pointer -funroll-loops -fpeel-loops -ftracer -finline-functions line 7 s == 'foo'
FAIL: gfortran.dg/guality/pr41558.f90 -O3 -g line 7 s == 'foo'
FAIL: gfortran.dg/guality/pr41558.f90 -Os line 7 s == 'foo'
UNRESOLVED: gfortran.dg/prof/dynamic_dispatch_6.f03 scan-tree-dump-times vect "vectorized 3 loops" 1
=== gfortran Summary ===
# of expected passes 46116
# of unexpected failures 4
# of expected failures 91
# of unresolved testcases 1
# of unsupported tests 90
/home/jenkins/workspace/BuildX86_native_gcc_upstream_CENTOS/objdir/gcc/testsuite/gfortran/../../gfortran version 8.0.0 20171108 (experimental) [master revision 1801749:68f2911:5e8f7c2aef9a690b4415ddba6164989360914602] (Cavium Inc. (Build 4982))
=== g++ tests ===
Running target unix
UNRESOLVED: g++.dg/bprob/g++-bprob-2.C scan-assembler .ascii bar
UNRESOLVED: g++.dg/bprob/g++-bprob-2.C scan-assembler .ascii foo
FAIL: g++.dg/tls/thread_local-order2.C -std=c++11 execution test
FAIL: g++.dg/tls/thread_local-order2.C -std=c++14 execution test
=== g++ Summary ===
# of expected passes 120101
# of unexpected failures 2
# of expected failures 380
# of unresolved testcases 2
# of unsupported tests 4650
/home/jenkins/workspace/BuildX86_native_gcc_upstream_CENTOS/objdir/gcc/testsuite/g++/../../xg++ version 8.0.0 20171108 (experimental) [master revision 1801749:68f2911:5e8f7c2aef9a690b4415ddba6164989360914602] (Cavium Inc. (Build 4982))
=== go tests ===
Running target unix
FAIL: ./index0-out.go execution, -O0 -g -fno-var-tracking-assignments
=== go Summary ===
# of expected passes 7253
# of unexpected failures 1
# of expected failures 1
# of untested testcases 6
# of unsupported tests 1
/home/jenkins/workspace/BuildX86_native_gcc_upstream_CENTOS/objdir/gcc/testsuite/go/../../gccgo version 8.0.0 20171108 (experimental) [master revision 1801749:68f2911:5e8f7c2aef9a690b4415ddba6164989360914602] (Cavium Inc. (Build 4982))
=== gotools tests ===
FAIL: go test runtime
FAIL: TestCgoCallbackGC
=== gotools Summary ===
# of expected passes 360
# of unexpected failures 2
# of untested testcases 133
/home/jenkins/workspace/BuildX86_native_gcc_upstream_CENTOS/objdir/./gcc/gccgo version 8.0.0 20171108 (experimental) [master revision 1801749:68f2911:5e8f7c2aef9a690b4415ddba6164989360914602] (Cavium Inc. (Build 4982))
=== libatomic tests ===
Running target unix
=== libatomic Summary ===
# of expected passes 54
=== libffi tests ===
Running target unix
=== libffi Summary ===
# of expected passes 2214
=== libgo tests ===
Running target unix
FAIL: sync
=== libgo Summary ===
# of expected passes 154
# of unexpected failures 1
/home/jenkins/workspace/BuildX86_native_gcc_upstream_CENTOS/objdir/./gcc/gccgo version 8.0.0 20171108 (experimental) [master revision 1801749:68f2911:5e8f7c2aef9a690b4415ddba6164989360914602] (Cavium Inc. (Build 4982))
=== libgomp tests ===
Running target unix
=== libgomp Summary ===
# of expected passes 5235
# of unsupported tests 340
=== libitm tests ===
Running target unix
=== libitm Summary ===
# of expected passes 42
# of expected failures 3
# of unsupported tests 1
=== libstdc++ tests ===
Running target unix
FAIL: 27_io/basic_fstream/open/char/path.cc execution test
FAIL: 27_io/basic_ifstream/open/char/path.cc execution test
FAIL: 27_io/basic_ofstream/open/char/path.cc execution test
=== libstdc++ Summary ===
# of expected passes 12061
# of unexpected failures 3
# of expected failures 70
# of unsupported tests 250
Compiler version: 8.0.0 20171108 (experimental) [master revision 1801749:68f2911:5e8f7c2aef9a690b4415ddba6164989360914602] (Cavium Inc. (Build 4982))
Platform: x86_64-pc-linux-gnu
configure flags: --prefix=/home/jenkins/workspace/BuildX86_native_gcc_upstream_CENTOS/objdir/../tools --enable-languages=c,c++,fortran,go --disable-werror --enable-plugins --enable-gnu-indirect-function --with-pkgversion='Cavium Inc. (Build 4982)' --disable-multilib