This is the mail archive of the
gcc-testresults@gcc.gnu.org
mailing list for the GCC project.
Results for 8.0.0 20171107 (experimental) (GCC) (build config: standard; languages: all,go,ada; trunk revision 254504) testsuite on x86_64-pc-linux-gnu
- From: Toon Moene <toon at moene dot org>
- To: <gcc-testresults at gcc dot gnu dot org>
- Date: Tue, 07 Nov 2017 20:32:03 +0100
- Subject: Results for 8.0.0 20171107 (experimental) (GCC) (build config: standard; languages: all,go,ada; trunk revision 254504) testsuite on x86_64-pc-linux-gnu
- Authentication-results: sourceware.org; auth=none
LAST_UPDATED: Tue Nov 7 18:34:29 UTC 2017 (revision 254504)
=== acats tests ===
=== acats Summary ===
# of expected passes 2320
# of unexpected failures 0
Native configuration is x86_64-pc-linux-gnu
=== brig tests ===
Running target unix
=== brig Summary ===
# of unsupported tests 1
=== gcc tests ===
Running target unix
FAIL: gcc.dg/20050503-1.c scan-assembler-not call
XPASS: gcc.dg/pr78768.c -Wformat-overflow (test for warnings, line 12)
FAIL: gcc.dg/graphite/interchange-3.c scan-tree-dump graphite "tiled"
FAIL: gcc.dg/graphite/interchange-7.c scan-tree-dump graphite "tiled"
FAIL: gcc.dg/graphite/interchange-9.c scan-tree-dump graphite "tiled"
FAIL: gcc.dg/graphite/uns-interchange-9.c scan-tree-dump graphite "tiled"
XPASS: gcc.dg/guality/example.c -O0 execution test
XPASS: gcc.dg/guality/example.c -O1 execution test
XPASS: gcc.dg/guality/example.c -O2 execution test
XPASS: gcc.dg/guality/example.c -O2 -flto -fno-use-linker-plugin -flto-partition=none execution test
XPASS: gcc.dg/guality/guality.c -O0 execution test
XPASS: gcc.dg/guality/guality.c -O1 execution test
XPASS: gcc.dg/guality/guality.c -O2 execution test
XPASS: gcc.dg/guality/guality.c -O2 -flto -fno-use-linker-plugin -flto-partition=none execution test
XPASS: gcc.dg/guality/guality.c -O2 -flto -fuse-linker-plugin -fno-fat-lto-objects execution test
XPASS: gcc.dg/guality/guality.c -O3 -g execution test
XPASS: gcc.dg/guality/guality.c -Os execution test
XPASS: gcc.dg/guality/inline-params-2.c -O2 -flto -fuse-linker-plugin -fno-fat-lto-objects execution test
XPASS: gcc.dg/guality/inline-params.c -O2 execution test
XPASS: gcc.dg/guality/inline-params.c -O2 -flto -fno-use-linker-plugin -flto-partition=none execution test
XPASS: gcc.dg/guality/inline-params.c -O2 -flto -fuse-linker-plugin -fno-fat-lto-objects execution test
XPASS: gcc.dg/guality/inline-params.c -O3 -g execution test
XPASS: gcc.dg/guality/inline-params.c -Os execution test
XPASS: gcc.dg/guality/pr41353-1.c -O0 line 28 j == 28 + 37
XPASS: gcc.dg/guality/pr41353-1.c -O1 line 28 j == 28 + 37
XPASS: gcc.dg/guality/pr41353-1.c -O2 line 28 j == 28 + 37
XPASS: gcc.dg/guality/pr41353-1.c -O2 -flto -fno-use-linker-plugin -flto-partition=none line 28 j == 28 + 37
XPASS: gcc.dg/guality/pr41353-1.c -O2 -flto -fuse-linker-plugin -fno-fat-lto-objects line 28 j == 28 + 37
XPASS: gcc.dg/guality/pr41353-1.c -O3 -g line 28 j == 28 + 37
XPASS: gcc.dg/guality/pr41353-1.c -Os line 28 j == 28 + 37
FAIL: gcc.dg/guality/pr41616-1.c -O2 -flto -fuse-linker-plugin -fno-fat-lto-objects execution test
FAIL: gcc.dg/guality/pr41616-1.c -O3 -g execution test
FAIL: gcc.dg/guality/pr45882.c -O2 -flto -fuse-linker-plugin -fno-fat-lto-objects line 16 d == 112
FAIL: gcc.dg/guality/pr45882.c -O2 -flto -fuse-linker-plugin -fno-fat-lto-objects line 16 e == 142
FAIL: gcc.dg/guality/pr54200.c -Os line 20 z == 3
FAIL: gcc.dg/guality/pr54519-1.c -O2 -flto -fno-use-linker-plugin -flto-partition=none line 20 y == 25
FAIL: gcc.dg/guality/pr54519-1.c -O2 -flto -fno-use-linker-plugin -flto-partition=none line 20 z == 6
FAIL: gcc.dg/guality/pr54519-1.c -O2 -flto -fno-use-linker-plugin -flto-partition=none line 23 y == 117
FAIL: gcc.dg/guality/pr54519-1.c -O2 -flto -fno-use-linker-plugin -flto-partition=none line 23 z == 8
FAIL: gcc.dg/guality/pr54519-2.c -O2 -flto -fno-use-linker-plugin -flto-partition=none line 17 y == 25
FAIL: gcc.dg/guality/pr54519-2.c -O2 -flto -fuse-linker-plugin -fno-fat-lto-objects line 17 y == 25
FAIL: gcc.dg/guality/pr54519-3.c -O2 -flto -fno-use-linker-plugin -flto-partition=none line 20 y == 25
FAIL: gcc.dg/guality/pr54519-3.c -O2 -flto -fno-use-linker-plugin -flto-partition=none line 20 z == 6
FAIL: gcc.dg/guality/pr54519-3.c -O2 -flto -fno-use-linker-plugin -flto-partition=none line 23 y == 117
FAIL: gcc.dg/guality/pr54519-3.c -O2 -flto -fno-use-linker-plugin -flto-partition=none line 23 z == 8
FAIL: gcc.dg/guality/pr54519-3.c -O2 -flto -fuse-linker-plugin -fno-fat-lto-objects line 20 y == 25
FAIL: gcc.dg/guality/pr54519-3.c -O2 -flto -fuse-linker-plugin -fno-fat-lto-objects line 20 z == 6
FAIL: gcc.dg/guality/pr54519-3.c -O2 -flto -fuse-linker-plugin -fno-fat-lto-objects line 23 y == 117
FAIL: gcc.dg/guality/pr54519-3.c -O2 -flto -fuse-linker-plugin -fno-fat-lto-objects line 23 z == 8
FAIL: gcc.dg/guality/pr54519-4.c -O2 -flto -fno-use-linker-plugin -flto-partition=none line 17 y == 25
FAIL: gcc.dg/guality/pr54519-4.c -O2 -flto -fuse-linker-plugin -fno-fat-lto-objects line 17 y == 25
FAIL: gcc.dg/guality/pr54519-5.c -O2 -flto -fno-use-linker-plugin -flto-partition=none line 17 y == 25
FAIL: gcc.dg/guality/pr54519-5.c -O2 -flto -fuse-linker-plugin -fno-fat-lto-objects line 17 y == 25
FAIL: gcc.dg/guality/pr68037-1.c -O2 -flto -fuse-linker-plugin -fno-fat-lto-objects line 33 error == 0x12345670
FAIL: gcc.dg/guality/pr68037-1.c -O2 -flto -fuse-linker-plugin -fno-fat-lto-objects line 33 frame->cs == 0x12345672
FAIL: gcc.dg/guality/pr68037-1.c -O2 -flto -fuse-linker-plugin -fno-fat-lto-objects line 33 frame->flags == 0x12345673
FAIL: gcc.dg/guality/pr68037-1.c -O2 -flto -fuse-linker-plugin -fno-fat-lto-objects line 33 frame->ip == 0x12345671
FAIL: gcc.dg/guality/pr68037-1.c -O2 -flto -fuse-linker-plugin -fno-fat-lto-objects line 33 frame->sp == 0x12345674
FAIL: gcc.dg/guality/pr68037-1.c -O2 -flto -fuse-linker-plugin -fno-fat-lto-objects line 33 frame->ss == 0x12345675
FAIL: gcc.dg/guality/pr68860-1.c -O2 -flto -fno-use-linker-plugin -flto-partition=none line 14 arg1 == 1
FAIL: gcc.dg/guality/pr68860-1.c -O2 -flto -fno-use-linker-plugin -flto-partition=none line 14 arg2 == 2
FAIL: gcc.dg/guality/pr68860-1.c -O2 -flto -fno-use-linker-plugin -flto-partition=none line 14 arg3 == 3
FAIL: gcc.dg/guality/pr68860-1.c -O2 -flto -fno-use-linker-plugin -flto-partition=none line 14 arg4 == 4
FAIL: gcc.dg/guality/pr68860-1.c -O2 -flto -fno-use-linker-plugin -flto-partition=none line 14 arg5 == 5
FAIL: gcc.dg/guality/pr68860-1.c -O2 -flto -fno-use-linker-plugin -flto-partition=none line 14 arg6 == 6
FAIL: gcc.dg/guality/pr68860-1.c -O2 -flto -fno-use-linker-plugin -flto-partition=none line 16 arg1 == 1
FAIL: gcc.dg/guality/pr68860-1.c -O2 -flto -fno-use-linker-plugin -flto-partition=none line 16 arg2 == 2
FAIL: gcc.dg/guality/pr68860-1.c -O2 -flto -fno-use-linker-plugin -flto-partition=none line 16 arg3 == 3
FAIL: gcc.dg/guality/pr68860-1.c -O2 -flto -fno-use-linker-plugin -flto-partition=none line 16 arg4 == 4
FAIL: gcc.dg/guality/pr68860-1.c -O2 -flto -fno-use-linker-plugin -flto-partition=none line 16 arg5 == 5
FAIL: gcc.dg/guality/pr68860-1.c -O2 -flto -fno-use-linker-plugin -flto-partition=none line 16 arg6 == 6
FAIL: gcc.dg/guality/pr68860-1.c -O2 -flto -fuse-linker-plugin -fno-fat-lto-objects line 14 arg1 == 1
FAIL: gcc.dg/guality/pr68860-1.c -O2 -flto -fuse-linker-plugin -fno-fat-lto-objects line 14 arg2 == 2
FAIL: gcc.dg/guality/pr68860-1.c -O2 -flto -fuse-linker-plugin -fno-fat-lto-objects line 14 arg3 == 3
FAIL: gcc.dg/guality/pr68860-1.c -O2 -flto -fuse-linker-plugin -fno-fat-lto-objects line 14 arg4 == 4
FAIL: gcc.dg/guality/pr68860-1.c -O2 -flto -fuse-linker-plugin -fno-fat-lto-objects line 14 arg5 == 5
FAIL: gcc.dg/guality/pr68860-1.c -O2 -flto -fuse-linker-plugin -fno-fat-lto-objects line 14 arg6 == 6
FAIL: gcc.dg/guality/pr68860-1.c -O2 -flto -fuse-linker-plugin -fno-fat-lto-objects line 16 arg1 == 1
FAIL: gcc.dg/guality/pr68860-1.c -O2 -flto -fuse-linker-plugin -fno-fat-lto-objects line 16 arg2 == 2
FAIL: gcc.dg/guality/pr68860-1.c -O2 -flto -fuse-linker-plugin -fno-fat-lto-objects line 16 arg3 == 3
FAIL: gcc.dg/guality/pr68860-1.c -O2 -flto -fuse-linker-plugin -fno-fat-lto-objects line 16 arg4 == 4
FAIL: gcc.dg/guality/pr68860-1.c -O2 -flto -fuse-linker-plugin -fno-fat-lto-objects line 16 arg5 == 5
FAIL: gcc.dg/guality/pr68860-1.c -O2 -flto -fuse-linker-plugin -fno-fat-lto-objects line 16 arg6 == 6
FAIL: gcc.dg/guality/vla-1.c -O1 line 17 sizeof (a) == 6
FAIL: gcc.dg/guality/vla-1.c -O2 line 17 sizeof (a) == 6
FAIL: gcc.dg/guality/vla-1.c -O2 -flto -fno-use-linker-plugin -flto-partition=none line 17 sizeof (a) == 6
FAIL: gcc.dg/guality/vla-1.c -O2 -flto -fno-use-linker-plugin -flto-partition=none line 24 sizeof (a) == 17 * sizeof (short)
FAIL: gcc.dg/guality/vla-1.c -O2 -flto -fuse-linker-plugin -fno-fat-lto-objects line 17 sizeof (a) == 6
FAIL: gcc.dg/guality/vla-1.c -O2 -flto -fuse-linker-plugin -fno-fat-lto-objects line 24 sizeof (a) == 17 * sizeof (short)
FAIL: gcc.dg/guality/vla-1.c -O3 -g line 17 sizeof (a) == 6
FAIL: gcc.dg/guality/vla-1.c -Os line 17 sizeof (a) == 6
UNRESOLVED: gcc.dg/lto/chkp-ctor-merge c_lto_chkp-ctor-merge_0.o-c_lto_chkp-ctor-merge_0.o execute -O2 -flto -fcheck-pointer-bounds -mmpx -nodefaultlibs -lc
FAIL: gcc.dg/lto/chkp-ctor-merge c_lto_chkp-ctor-merge_0.o-c_lto_chkp-ctor-merge_0.o link, -O2 -flto -fcheck-pointer-bounds -mmpx -nodefaultlibs -lc (internal compiler error)
FAIL: gcc.dg/tree-prof/20050826-2.c scan-tree-dump-not dom2 "Invalid sum"
FAIL: gcc.dg/tree-prof/cmpsf-1.c scan-tree-dump-not dom2 "Invalid sum"
FAIL: gcc.dg/tree-ssa/vrp101.c scan-tree-dump optimized "<bb 2> \\\\[[0-9.]+%\\\\] \\\\[count: [0-9INV]*\\\\]:[\\n\\r ]*return 0;"
FAIL: gcc.dg/vect/pr65947-14.c -flto -ffat-lto-objects execution test
FAIL: gcc.dg/vect/pr65947-14.c execution test
=== gcc Summary ===
# of expected passes 137193
# of unexpected failures 72
# of unexpected successes 25
# of expected failures 373
# of unresolved testcases 1
# of unsupported tests 2197
/scratch/toon/build54536/gcc/xgcc version 8.0.0 20171107 (experimental) (GCC)
=== gfortran tests ===
Running target unix
=== gfortran Summary ===
# of expected passes 46104
# of expected failures 91
# of unsupported tests 76
/scratch/toon/build54536/gcc/gfortran version 8.0.0 20171107 (experimental) (GCC)
=== g++ tests ===
Running target unix
FAIL: g++.dg/guality/pr55665.C -O2 line 23 p == 40
=== g++ Summary ===
# of expected passes 120290
# of unexpected failures 1
# of expected failures 380
# of unsupported tests 4653
/scratch/toon/build54536/gcc/xg++ version 8.0.0 20171107 (experimental) (GCC)
=== gnat tests ===
Running target unix
FAIL: gnat.dg/gcov/check.adb gcov: 1 failures in line counts, 0 in branch percentages, 0 in return percentages, 0 in intermediate format
FAIL: gnat.dg/gcov/check.adb line 8: is 1*:should be 1
=== gnat Summary ===
# of expected passes 2634
# of unexpected failures 2
# of expected failures 24
# of unsupported tests 3
/scratch/toon/build54536/gcc/gnatmake version 8.0.0 20171107 (experimental)
=== go tests ===
Running target unix
FAIL: ./index0-out.go execution, -O0 -g -fno-var-tracking-assignments
=== go Summary ===
# of expected passes 7253
# of unexpected failures 1
# of expected failures 1
# of untested testcases 6
# of unsupported tests 1
/scratch/toon/build54536/gcc/gccgo version 8.0.0 20171107 (experimental) (GCC)
=== obj-c++ tests ===
Running target unix
=== obj-c++ Summary ===
# of expected passes 1456
# of expected failures 10
# of unsupported tests 77
/scratch/toon/build54536/gcc/xg++ version 8.0.0 20171107 (experimental) (GCC)
=== objc tests ===
Running target unix
=== objc Summary ===
# of expected passes 2797
# of expected failures 6
# of unsupported tests 68
/scratch/toon/build54536/gcc/xgcc version 8.0.0 20171107 (experimental) (GCC)
=== gotools tests ===
FAIL: go test runtime
FAIL: TestCgoCallbackGC
=== gotools Summary ===
# of expected passes 361
# of unexpected failures 2
# of untested testcases 132
/scratch/toon/build54536/./gcc/gccgo version 8.0.0 20171107 (experimental) (GCC)
=== libatomic tests ===
Running target unix
=== libatomic Summary ===
# of expected passes 54
=== libffi tests ===
Running target unix
=== libffi Summary ===
# of expected passes 2214
=== libgo tests ===
Running target unix
=== libgo Summary ===
# of expected passes 155
/scratch/toon/build54536/./gcc/gccgo version 8.0.0 20171107 (experimental) (GCC)
=== libgomp tests ===
Running target unix
=== libgomp Summary ===
# of expected passes 5329
# of unsupported tests 292
=== libitm tests ===
Running target unix
=== libitm Summary ===
# of expected passes 42
# of expected failures 3
# of unsupported tests 1
=== libstdc++ tests ===
Running target unix
FAIL: 27_io/basic_fstream/open/char/path.cc execution test
FAIL: 27_io/basic_ifstream/open/char/path.cc execution test
FAIL: 27_io/basic_ofstream/open/char/path.cc execution test
=== libstdc++ Summary ===
# of expected passes 11430
# of unexpected failures 3
# of expected failures 70
# of unsupported tests 565
Compiler version: 8.0.0 20171107 (experimental) (GCC)
Platform: x86_64-pc-linux-gnu
configure flags: --prefix=/home/toon/compilers/install --with-gnu-as --with-gnu-ld --enable-languages=all,go,ada --disable-multilib --disable-nls