This is the mail archive of the
gcc-testresults@gcc.gnu.org
mailing list for the GCC project.
Results for 8.0.0 20171106 (experimental) [trunk revision 254437] (GCC) testsuite on powerpc64le-unknown-linux-gnu
- From: "Bill Seurer (POWER8)" <seurer at linux dot vnet dot ibm dot com>
- To: gcc-testresults at gcc dot gnu dot org
- Date: Mon, 6 Nov 2017 05:08:59 -0600
- Subject: Results for 8.0.0 20171106 (experimental) [trunk revision 254437] (GCC) testsuite on powerpc64le-unknown-linux-gnu
- Authentication-results: sourceware.org; auth=none
Linux 4.4.0-97-generic ppc64le
GNU C Library (Ubuntu GLIBC 2.23-0ubuntu9) stable release version 2.23
GNU ld (GNU Binutils) 2.26.20160125
GNU assembler (GNU Binutils) 2.26.20160125
GNU Make 4.1
DejaGnu:
Expect version is 5.45
Tcl version is 8.6
Framework version is 1.5.3
64-bit
LAST_UPDATED: Mon Nov 6 09:02:20 UTC 2017 (revision 254437)
Native configuration is powerpc64le-unknown-linux-gnu
=== gcc tests ===
Running target unix
XPASS: gcc.dg/Wtrampolines.c standard descriptors (test for warnings, line 29)
FAIL: gcc.dg/pr21643.c scan-tree-dump-times reassoc1 "Optimizing range tests c_[0-9]*.D. -.0, 31. and -.32, 32.[\\n\\r]* into" 6 (found 5 times)
FAIL: gcc.dg/pr56727-2.c scan-assembler @(PLT|plt)
XPASS: gcc.dg/pr78768.c -Wformat-overflow (test for warnings, line 12)
FAIL: gcc.dg/sms-1.c scan-rtl-dump-times sms "SMS succeeded" 1 (found 0 times)
FAIL: gcc.dg/ipa/iinline-attr.c scan-ipa-dump inline "hooray[^\\\\n]*inline copy in test"
FAIL: gcc.dg/simulate-thread/atomic-other-short.c -O0 -g thread simulation test
FAIL: gcc.dg/simulate-thread/atomic-other-short.c -O2 -g thread simulation test
FAIL: gcc.dg/simulate-thread/atomic-other-short.c -O3 -g thread simulation test
FAIL: gcc.dg/torture/pr52451.c -O0 execution test
FAIL: gcc.dg/torture/pr52451.c -O1 execution test
FAIL: gcc.dg/torture/pr52451.c -O2 execution test
FAIL: gcc.dg/torture/pr52451.c -O2 -flto -fno-use-linker-plugin -flto-partition=none execution test
FAIL: gcc.dg/torture/pr52451.c -O2 -flto -fuse-linker-plugin -fno-fat-lto-objects execution test
FAIL: gcc.dg/torture/pr52451.c -O3 -g execution test
FAIL: gcc.dg/torture/pr52451.c -Os execution test
FAIL: gcc.dg/tree-ssa/phi-opt-11.c scan-tree-dump-times optimized "if" 0 (found 2 times)
XPASS: gcc.dg/tree-ssa/ssa-dom-cse-2.c scan-tree-dump optimized "return 28;"
FAIL: gcc.dg/tree-ssa/vrp101.c scan-tree-dump optimized "<bb 2> \\\\[[0-9.]+%\\\\] \\\\[count: [0-9INV]*\\\\]:[\\n\\r ]*return 0;"
FAIL: gcc.dg/vect/costmodel/ppc/costmodel-pr37194.c scan-tree-dump-times vect "vectorization not profitable" 1 (found 0 times)
FAIL: gcc.dg/vect/costmodel/ppc/costmodel-pr37194.c scan-tree-dump-times vect "vectorized 1 loops" 1 (found 2 times)
FAIL: gcc.dg/vect/pr65947-14.c -flto -ffat-lto-objects execution test
FAIL: gcc.dg/vect/pr65947-14.c execution test
FAIL: gcc.dg/vect/slp-perm-9.c -flto -ffat-lto-objects scan-tree-dump-times vect "vectorized 1 loops" 1 (found 2 times)
FAIL: gcc.dg/vect/slp-perm-9.c scan-tree-dump-times vect "vectorized 1 loops" 1 (found 2 times)
XPASS: gcc.dg/vect/vect-24.c -flto -ffat-lto-objects scan-tree-dump-times vect "vectorized 3 loops" 1
XPASS: gcc.dg/vect/vect-24.c scan-tree-dump-times vect "vectorized 3 loops" 1
XPASS: gcc.dg/vect/vect-95.c -flto -ffat-lto-objects scan-tree-dump-times vect "Alignment of access forced using peeling" 0
XPASS: gcc.dg/vect/vect-95.c scan-tree-dump-times vect "Alignment of access forced using peeling" 0
XPASS: gcc.target/powerpc/20050603-3.c scan-assembler-not \\\\mrlwinm
XPASS: gcc.target/powerpc/20050603-3.c scan-assembler-times \\\\mrl[wd]imi 1
FAIL: gcc.target/powerpc/bool3-p7.c scan-assembler-not [ \\t]xxlnor
FAIL: gcc.target/powerpc/bool3-p8.c scan-assembler-not [ \\t]xxlnor
FAIL: gcc.target/powerpc/pr79439.c scan-assembler-times \\\\mnop\\\\M 3 (found 2 times)
=== gcc Summary ===
# of expected passes 114584
# of unexpected failures 25
# of unexpected successes 9
# of expected failures 355
# of unsupported tests 2396
/home/gccbuild/build/nightly/build-gcc-trunk/gcc/xgcc version 8.0.0 20171106 (experimental) [trunk revision 254437] (GCC)
=== gfortran tests ===
Running target unix
FAIL: gfortran.dg/elemental_subroutine_3.f90 -O1 (test for excess errors)
FAIL: gfortran.dg/elemental_subroutine_3.f90 -O2 (test for excess errors)
FAIL: gfortran.dg/elemental_subroutine_3.f90 -O3 -fomit-frame-pointer -funroll-loops -fpeel-loops -ftracer -finline-functions (test for excess errors)
FAIL: gfortran.dg/elemental_subroutine_3.f90 -O3 -g (test for excess errors)
FAIL: gfortran.dg/elemental_subroutine_3.f90 -Os (test for excess errors)
FAIL: gfortran.dg/ieee/large_2.f90 -O0 execution test
FAIL: gfortran.dg/ieee/large_2.f90 -O1 execution test
FAIL: gfortran.dg/ieee/large_2.f90 -O2 execution test
FAIL: gfortran.dg/ieee/large_2.f90 -O3 -fomit-frame-pointer -funroll-loops -fpeel-loops -ftracer -finline-functions execution test
FAIL: gfortran.dg/ieee/large_2.f90 -O3 -g execution test
FAIL: gfortran.dg/ieee/large_2.f90 -Os execution test
=== gfortran Summary ===
# of expected passes 45866
# of unexpected failures 11
# of expected failures 99
# of unsupported tests 97
/home/gccbuild/build/nightly/build-gcc-trunk/gcc/testsuite/gfortran/../../gfortran version 8.0.0 20171106 (experimental) [trunk revision 254437] (GCC)
=== g++ tests ===
Running target unix
FAIL: c-c++-common/asan/pr63638.c -O0 (test for excess errors)
FAIL: c-c++-common/asan/pr63638.c -O1 (test for excess errors)
FAIL: c-c++-common/asan/pr63638.c -O2 (test for excess errors)
FAIL: c-c++-common/asan/pr63638.c -O2 -flto -fno-use-linker-plugin -flto-partition=none (test for excess errors)
FAIL: c-c++-common/asan/pr63638.c -O2 -flto -fuse-linker-plugin -fno-fat-lto-objects (test for excess errors)
FAIL: c-c++-common/asan/pr63638.c -O3 -g (test for excess errors)
FAIL: c-c++-common/asan/pr63638.c -Os (test for excess errors)
FAIL: g++.dg/asan/pr81340.C -O0 (test for excess errors)
FAIL: g++.dg/asan/pr81340.C -O1 (test for excess errors)
FAIL: g++.dg/asan/pr81340.C -O2 (test for excess errors)
FAIL: g++.dg/asan/pr81340.C -O2 -flto -fno-use-linker-plugin -flto-partition=none (test for excess errors)
FAIL: g++.dg/asan/pr81340.C -O2 -flto -fuse-linker-plugin -fno-fat-lto-objects (test for excess errors)
FAIL: g++.dg/asan/pr81340.C -O3 -g (test for excess errors)
FAIL: g++.dg/asan/pr81340.C -Os (test for excess errors)
UNRESOLVED: g++.dg/bprob/g++-bprob-1.C compilation, -O0 -fbranch-probabilities
FAIL: g++.dg/bprob/g++-bprob-1.C compilation, -O0 -fprofile-arcs
UNRESOLVED: g++.dg/bprob/g++-bprob-1.C compilation, -O1 -fbranch-probabilities
FAIL: g++.dg/bprob/g++-bprob-1.C compilation, -O1 -fprofile-arcs
UNRESOLVED: g++.dg/bprob/g++-bprob-1.C compilation, -O2 -fbranch-probabilities
FAIL: g++.dg/bprob/g++-bprob-1.C compilation, -O2 -fprofile-arcs
UNRESOLVED: g++.dg/bprob/g++-bprob-1.C compilation, -O3 -fbranch-probabilities
FAIL: g++.dg/bprob/g++-bprob-1.C compilation, -O3 -fprofile-arcs
UNRESOLVED: g++.dg/bprob/g++-bprob-1.C compilation, -O3 -g -fbranch-probabilities
FAIL: g++.dg/bprob/g++-bprob-1.C compilation, -O3 -g -fprofile-arcs
UNRESOLVED: g++.dg/bprob/g++-bprob-1.C compilation, -Os -fbranch-probabilities
FAIL: g++.dg/bprob/g++-bprob-1.C compilation, -Os -fprofile-arcs
UNRESOLVED: g++.dg/bprob/g++-bprob-1.C compilation, -g -fbranch-probabilities
FAIL: g++.dg/bprob/g++-bprob-1.C compilation, -g -fprofile-arcs
UNRESOLVED: g++.dg/bprob/g++-bprob-1.C execution, -O0 -fbranch-probabilities
UNRESOLVED: g++.dg/bprob/g++-bprob-1.C execution, -O0 -fprofile-arcs
UNRESOLVED: g++.dg/bprob/g++-bprob-1.C execution, -O1 -fbranch-probabilities
UNRESOLVED: g++.dg/bprob/g++-bprob-1.C execution, -O1 -fprofile-arcs
UNRESOLVED: g++.dg/bprob/g++-bprob-1.C execution, -O2 -fbranch-probabilities
UNRESOLVED: g++.dg/bprob/g++-bprob-1.C execution, -O2 -fprofile-arcs
UNRESOLVED: g++.dg/bprob/g++-bprob-1.C execution, -O3 -fbranch-probabilities
UNRESOLVED: g++.dg/bprob/g++-bprob-1.C execution, -O3 -fprofile-arcs
UNRESOLVED: g++.dg/bprob/g++-bprob-1.C execution, -O3 -g -fbranch-probabilities
UNRESOLVED: g++.dg/bprob/g++-bprob-1.C execution, -O3 -g -fprofile-arcs
UNRESOLVED: g++.dg/bprob/g++-bprob-1.C execution, -Os -fbranch-probabilities
UNRESOLVED: g++.dg/bprob/g++-bprob-1.C execution, -Os -fprofile-arcs
UNRESOLVED: g++.dg/bprob/g++-bprob-1.C execution, -g -fbranch-probabilities
UNRESOLVED: g++.dg/bprob/g++-bprob-1.C execution, -g -fprofile-arcs
FAIL: g++.dg/debug/dwarf-eh-personality-1.C -gdwarf-2 (test for excess errors)
FAIL: g++.dg/debug/dwarf-eh-personality-1.C -gdwarf-2 -O2 (test for excess errors)
FAIL: g++.dg/debug/dwarf-eh-personality-1.C -gdwarf-2 -O3 (test for excess errors)
FAIL: g++.dg/debug/dwarf-eh-personality-1.C -gdwarf-2 -g1 (test for excess errors)
FAIL: g++.dg/debug/dwarf-eh-personality-1.C -gdwarf-2 -g1 -O2 (test for excess errors)
FAIL: g++.dg/debug/dwarf-eh-personality-1.C -gdwarf-2 -g1 -O3 (test for excess errors)
FAIL: g++.dg/debug/dwarf-eh-personality-1.C -gdwarf-2 -g3 (test for excess errors)
FAIL: g++.dg/debug/dwarf-eh-personality-1.C -gdwarf-2 -g3 -O2 (test for excess errors)
FAIL: g++.dg/debug/dwarf-eh-personality-1.C -gdwarf-2 -g3 -O3 (test for excess errors)
FAIL: g++.dg/debug/dwarf-eh-personality-1.C -gstabs (test for excess errors)
FAIL: g++.dg/debug/dwarf-eh-personality-1.C -gstabs -O2 (test for excess errors)
FAIL: g++.dg/debug/dwarf-eh-personality-1.C -gstabs -O3 (test for excess errors)
FAIL: g++.dg/debug/dwarf-eh-personality-1.C -gstabs+ (test for excess errors)
FAIL: g++.dg/debug/dwarf-eh-personality-1.C -gstabs+ -O2 (test for excess errors)
FAIL: g++.dg/debug/dwarf-eh-personality-1.C -gstabs+ -O3 (test for excess errors)
FAIL: g++.dg/debug/dwarf-eh-personality-1.C -gstabs+1 (test for excess errors)
FAIL: g++.dg/debug/dwarf-eh-personality-1.C -gstabs+1 -O2 (test for excess errors)
FAIL: g++.dg/debug/dwarf-eh-personality-1.C -gstabs+1 -O3 (test for excess errors)
FAIL: g++.dg/debug/dwarf-eh-personality-1.C -gstabs+3 (test for excess errors)
FAIL: g++.dg/debug/dwarf-eh-personality-1.C -gstabs+3 -O2 (test for excess errors)
FAIL: g++.dg/debug/dwarf-eh-personality-1.C -gstabs+3 -O3 (test for excess errors)
FAIL: g++.dg/debug/dwarf-eh-personality-1.C -gstabs1 (test for excess errors)
FAIL: g++.dg/debug/dwarf-eh-personality-1.C -gstabs1 -O2 (test for excess errors)
FAIL: g++.dg/debug/dwarf-eh-personality-1.C -gstabs1 -O3 (test for excess errors)
FAIL: g++.dg/debug/dwarf-eh-personality-1.C -gstabs3 (test for excess errors)
FAIL: g++.dg/debug/dwarf-eh-personality-1.C -gstabs3 -O2 (test for excess errors)
FAIL: g++.dg/debug/dwarf-eh-personality-1.C -gstabs3 -O3 (test for excess errors)
FAIL: g++.dg/debug/nullptr01.C -gdwarf-2 (test for excess errors)
FAIL: g++.dg/debug/nullptr01.C -gdwarf-2 -O2 (test for excess errors)
FAIL: g++.dg/debug/nullptr01.C -gdwarf-2 -O3 (test for excess errors)
FAIL: g++.dg/debug/nullptr01.C -gdwarf-2 -g1 (test for excess errors)
FAIL: g++.dg/debug/nullptr01.C -gdwarf-2 -g1 -O2 (test for excess errors)
FAIL: g++.dg/debug/nullptr01.C -gdwarf-2 -g1 -O3 (test for excess errors)
FAIL: g++.dg/debug/nullptr01.C -gdwarf-2 -g3 (test for excess errors)
FAIL: g++.dg/debug/nullptr01.C -gdwarf-2 -g3 -O2 (test for excess errors)
FAIL: g++.dg/debug/nullptr01.C -gdwarf-2 -g3 -O3 (test for excess errors)
FAIL: g++.dg/debug/nullptr01.C -gstabs (test for excess errors)
FAIL: g++.dg/debug/nullptr01.C -gstabs -O2 (test for excess errors)
FAIL: g++.dg/debug/nullptr01.C -gstabs -O3 (test for excess errors)
FAIL: g++.dg/debug/nullptr01.C -gstabs+ (test for excess errors)
FAIL: g++.dg/debug/nullptr01.C -gstabs+ -O2 (test for excess errors)
FAIL: g++.dg/debug/nullptr01.C -gstabs+ -O3 (test for excess errors)
FAIL: g++.dg/debug/nullptr01.C -gstabs+1 (test for excess errors)
FAIL: g++.dg/debug/nullptr01.C -gstabs+1 -O2 (test for excess errors)
FAIL: g++.dg/debug/nullptr01.C -gstabs+1 -O3 (test for excess errors)
FAIL: g++.dg/debug/nullptr01.C -gstabs+3 (test for excess errors)
FAIL: g++.dg/debug/nullptr01.C -gstabs+3 -O2 (test for excess errors)
FAIL: g++.dg/debug/nullptr01.C -gstabs+3 -O3 (test for excess errors)
FAIL: g++.dg/debug/nullptr01.C -gstabs1 (test for excess errors)
FAIL: g++.dg/debug/nullptr01.C -gstabs1 -O2 (test for excess errors)
FAIL: g++.dg/debug/nullptr01.C -gstabs1 -O3 (test for excess errors)
FAIL: g++.dg/debug/nullptr01.C -gstabs3 (test for excess errors)
FAIL: g++.dg/debug/nullptr01.C -gstabs3 -O2 (test for excess errors)
FAIL: g++.dg/debug/nullptr01.C -gstabs3 -O3 (test for excess errors)
FAIL: g++.dg/debug/pr16792.C -gdwarf-2 (test for excess errors)
FAIL: g++.dg/debug/pr16792.C -gdwarf-2 -O2 (test for excess errors)
FAIL: g++.dg/debug/pr16792.C -gdwarf-2 -O3 (test for excess errors)
FAIL: g++.dg/debug/pr16792.C -gdwarf-2 -g1 (test for excess errors)
FAIL: g++.dg/debug/pr16792.C -gdwarf-2 -g1 -O2 (test for excess errors)
FAIL: g++.dg/debug/pr16792.C -gdwarf-2 -g1 -O3 (test for excess errors)
FAIL: g++.dg/debug/pr16792.C -gdwarf-2 -g3 (test for excess errors)
FAIL: g++.dg/debug/pr16792.C -gdwarf-2 -g3 -O2 (test for excess errors)
FAIL: g++.dg/debug/pr16792.C -gdwarf-2 -g3 -O3 (test for excess errors)
FAIL: g++.dg/debug/pr16792.C -gstabs (test for excess errors)
FAIL: g++.dg/debug/pr16792.C -gstabs -O2 (test for excess errors)
FAIL: g++.dg/debug/pr16792.C -gstabs -O3 (test for excess errors)
FAIL: g++.dg/debug/pr16792.C -gstabs+ (test for excess errors)
FAIL: g++.dg/debug/pr16792.C -gstabs+ -O2 (test for excess errors)
FAIL: g++.dg/debug/pr16792.C -gstabs+ -O3 (test for excess errors)
FAIL: g++.dg/debug/pr16792.C -gstabs+1 (test for excess errors)
FAIL: g++.dg/debug/pr16792.C -gstabs+1 -O2 (test for excess errors)
FAIL: g++.dg/debug/pr16792.C -gstabs+1 -O3 (test for excess errors)
FAIL: g++.dg/debug/pr16792.C -gstabs+3 (test for excess errors)
FAIL: g++.dg/debug/pr16792.C -gstabs+3 -O2 (test for excess errors)
FAIL: g++.dg/debug/pr16792.C -gstabs+3 -O3 (test for excess errors)
FAIL: g++.dg/debug/pr16792.C -gstabs1 (test for excess errors)
FAIL: g++.dg/debug/pr16792.C -gstabs1 -O2 (test for excess errors)
FAIL: g++.dg/debug/pr16792.C -gstabs1 -O3 (test for excess errors)
FAIL: g++.dg/debug/pr16792.C -gstabs3 (test for excess errors)
FAIL: g++.dg/debug/pr16792.C -gstabs3 -O2 (test for excess errors)
FAIL: g++.dg/debug/pr16792.C -gstabs3 -O3 (test for excess errors)
FAIL: g++.dg/debug/pr46241.C -gdwarf-2 (test for excess errors)
FAIL: g++.dg/debug/pr46241.C -gdwarf-2 -O2 (test for excess errors)
FAIL: g++.dg/debug/pr46241.C -gdwarf-2 -O3 (test for excess errors)
FAIL: g++.dg/debug/pr46241.C -gdwarf-2 -g1 (test for excess errors)
FAIL: g++.dg/debug/pr46241.C -gdwarf-2 -g1 -O2 (test for excess errors)
FAIL: g++.dg/debug/pr46241.C -gdwarf-2 -g1 -O3 (test for excess errors)
FAIL: g++.dg/debug/pr46241.C -gdwarf-2 -g3 (test for excess errors)
FAIL: g++.dg/debug/pr46241.C -gdwarf-2 -g3 -O2 (test for excess errors)
FAIL: g++.dg/debug/pr46241.C -gdwarf-2 -g3 -O3 (test for excess errors)
FAIL: g++.dg/debug/pr46241.C -gstabs (test for excess errors)
FAIL: g++.dg/debug/pr46241.C -gstabs -O2 (test for excess errors)
FAIL: g++.dg/debug/pr46241.C -gstabs -O3 (test for excess errors)
FAIL: g++.dg/debug/pr46241.C -gstabs+ (test for excess errors)
FAIL: g++.dg/debug/pr46241.C -gstabs+ -O2 (test for excess errors)
FAIL: g++.dg/debug/pr46241.C -gstabs+ -O3 (test for excess errors)
FAIL: g++.dg/debug/pr46241.C -gstabs+1 (test for excess errors)
FAIL: g++.dg/debug/pr46241.C -gstabs+1 -O2 (test for excess errors)
FAIL: g++.dg/debug/pr46241.C -gstabs+1 -O3 (test for excess errors)
FAIL: g++.dg/debug/pr46241.C -gstabs+3 (test for excess errors)
FAIL: g++.dg/debug/pr46241.C -gstabs+3 -O2 (test for excess errors)
FAIL: g++.dg/debug/pr46241.C -gstabs+3 -O3 (test for excess errors)
FAIL: g++.dg/debug/pr46241.C -gstabs1 (test for excess errors)
FAIL: g++.dg/debug/pr46241.C -gstabs1 -O2 (test for excess errors)
FAIL: g++.dg/debug/pr46241.C -gstabs1 -O3 (test for excess errors)
FAIL: g++.dg/debug/pr46241.C -gstabs3 (test for excess errors)
FAIL: g++.dg/debug/pr46241.C -gstabs3 -O2 (test for excess errors)
FAIL: g++.dg/debug/pr46241.C -gstabs3 -O3 (test for excess errors)
FAIL: g++.dg/debug/pr46338.C -gdwarf-2 (test for excess errors)
FAIL: g++.dg/debug/pr46338.C -gdwarf-2 -O2 (test for excess errors)
FAIL: g++.dg/debug/pr46338.C -gdwarf-2 -O3 (test for excess errors)
FAIL: g++.dg/debug/pr46338.C -gdwarf-2 -g1 (test for excess errors)
FAIL: g++.dg/debug/pr46338.C -gdwarf-2 -g1 -O2 (test for excess errors)
FAIL: g++.dg/debug/pr46338.C -gdwarf-2 -g1 -O3 (test for excess errors)
FAIL: g++.dg/debug/pr46338.C -gdwarf-2 -g3 (test for excess errors)
FAIL: g++.dg/debug/pr46338.C -gdwarf-2 -g3 -O2 (test for excess errors)
FAIL: g++.dg/debug/pr46338.C -gdwarf-2 -g3 -O3 (test for excess errors)
FAIL: g++.dg/debug/pr46338.C -gstabs (test for excess errors)
FAIL: g++.dg/debug/pr46338.C -gstabs -O2 (test for excess errors)
FAIL: g++.dg/debug/pr46338.C -gstabs -O3 (test for excess errors)
FAIL: g++.dg/debug/pr46338.C -gstabs+ (test for excess errors)
FAIL: g++.dg/debug/pr46338.C -gstabs+ -O2 (test for excess errors)
FAIL: g++.dg/debug/pr46338.C -gstabs+ -O3 (test for excess errors)
FAIL: g++.dg/debug/pr46338.C -gstabs+1 (test for excess errors)
FAIL: g++.dg/debug/pr46338.C -gstabs+1 -O2 (test for excess errors)
FAIL: g++.dg/debug/pr46338.C -gstabs+1 -O3 (test for excess errors)
FAIL: g++.dg/debug/pr46338.C -gstabs+3 (test for excess errors)
FAIL: g++.dg/debug/pr46338.C -gstabs+3 -O2 (test for excess errors)
FAIL: g++.dg/debug/pr46338.C -gstabs+3 -O3 (test for excess errors)
FAIL: g++.dg/debug/pr46338.C -gstabs1 (test for excess errors)
FAIL: g++.dg/debug/pr46338.C -gstabs1 -O2 (test for excess errors)
FAIL: g++.dg/debug/pr46338.C -gstabs1 -O3 (test for excess errors)
FAIL: g++.dg/debug/pr46338.C -gstabs3 (test for excess errors)
FAIL: g++.dg/debug/pr46338.C -gstabs3 -O2 (test for excess errors)
FAIL: g++.dg/debug/pr46338.C -gstabs3 -O3 (test for excess errors)
FAIL: g++.dg/debug/pr47106.C -gdwarf-2 (test for excess errors)
FAIL: g++.dg/debug/pr47106.C -gdwarf-2 -O2 (test for excess errors)
FAIL: g++.dg/debug/pr47106.C -gdwarf-2 -O3 (test for excess errors)
FAIL: g++.dg/debug/pr47106.C -gdwarf-2 -g1 (test for excess errors)
FAIL: g++.dg/debug/pr47106.C -gdwarf-2 -g1 -O2 (test for excess errors)
FAIL: g++.dg/debug/pr47106.C -gdwarf-2 -g1 -O3 (test for excess errors)
FAIL: g++.dg/debug/pr47106.C -gdwarf-2 -g3 (test for excess errors)
FAIL: g++.dg/debug/pr47106.C -gdwarf-2 -g3 -O2 (test for excess errors)
FAIL: g++.dg/debug/pr47106.C -gdwarf-2 -g3 -O3 (test for excess errors)
FAIL: g++.dg/debug/pr47106.C -gstabs (test for excess errors)
FAIL: g++.dg/debug/pr47106.C -gstabs -O2 (test for excess errors)
FAIL: g++.dg/debug/pr47106.C -gstabs -O3 (test for excess errors)
FAIL: g++.dg/debug/pr47106.C -gstabs+ (test for excess errors)
FAIL: g++.dg/debug/pr47106.C -gstabs+ -O2 (test for excess errors)
FAIL: g++.dg/debug/pr47106.C -gstabs+ -O3 (test for excess errors)
FAIL: g++.dg/debug/pr47106.C -gstabs+1 (test for excess errors)
FAIL: g++.dg/debug/pr47106.C -gstabs+1 -O2 (test for excess errors)
FAIL: g++.dg/debug/pr47106.C -gstabs+1 -O3 (test for excess errors)
FAIL: g++.dg/debug/pr47106.C -gstabs+3 (test for excess errors)
FAIL: g++.dg/debug/pr47106.C -gstabs+3 -O2 (test for excess errors)
FAIL: g++.dg/debug/pr47106.C -gstabs+3 -O3 (test for excess errors)
FAIL: g++.dg/debug/pr47106.C -gstabs1 (test for excess errors)
FAIL: g++.dg/debug/pr47106.C -gstabs1 -O2 (test for excess errors)
FAIL: g++.dg/debug/pr47106.C -gstabs1 -O3 (test for excess errors)
FAIL: g++.dg/debug/pr47106.C -gstabs3 (test for excess errors)
FAIL: g++.dg/debug/pr47106.C -gstabs3 -O2 (test for excess errors)
FAIL: g++.dg/debug/pr47106.C -gstabs3 -O3 (test for excess errors)
FAIL: g++.dg/debug/pr71057.C -gdwarf-2 (test for excess errors)
FAIL: g++.dg/debug/pr71057.C -gdwarf-2 -O2 (test for excess errors)
FAIL: g++.dg/debug/pr71057.C -gdwarf-2 -O3 (test for excess errors)
FAIL: g++.dg/debug/pr71057.C -gdwarf-2 -g1 (test for excess errors)
FAIL: g++.dg/debug/pr71057.C -gdwarf-2 -g1 -O2 (test for excess errors)
FAIL: g++.dg/debug/pr71057.C -gdwarf-2 -g1 -O3 (test for excess errors)
FAIL: g++.dg/debug/pr71057.C -gdwarf-2 -g3 (test for excess errors)
FAIL: g++.dg/debug/pr71057.C -gdwarf-2 -g3 -O2 (test for excess errors)
FAIL: g++.dg/debug/pr71057.C -gdwarf-2 -g3 -O3 (test for excess errors)
FAIL: g++.dg/debug/pr71057.C -gstabs (test for excess errors)
FAIL: g++.dg/debug/pr71057.C -gstabs -O2 (test for excess errors)
FAIL: g++.dg/debug/pr71057.C -gstabs -O3 (test for excess errors)
FAIL: g++.dg/debug/pr71057.C -gstabs+ (test for excess errors)
FAIL: g++.dg/debug/pr71057.C -gstabs+ -O2 (test for excess errors)
FAIL: g++.dg/debug/pr71057.C -gstabs+ -O3 (test for excess errors)
FAIL: g++.dg/debug/pr71057.C -gstabs+1 (test for excess errors)
FAIL: g++.dg/debug/pr71057.C -gstabs+1 -O2 (test for excess errors)
FAIL: g++.dg/debug/pr71057.C -gstabs+1 -O3 (test for excess errors)
FAIL: g++.dg/debug/pr71057.C -gstabs+3 (test for excess errors)
FAIL: g++.dg/debug/pr71057.C -gstabs+3 -O2 (test for excess errors)
FAIL: g++.dg/debug/pr71057.C -gstabs+3 -O3 (test for excess errors)
FAIL: g++.dg/debug/pr71057.C -gstabs1 (test for excess errors)
FAIL: g++.dg/debug/pr71057.C -gstabs1 -O2 (test for excess errors)
FAIL: g++.dg/debug/pr71057.C -gstabs1 -O3 (test for excess errors)
FAIL: g++.dg/debug/pr71057.C -gstabs3 (test for excess errors)
FAIL: g++.dg/debug/pr71057.C -gstabs3 -O2 (test for excess errors)
FAIL: g++.dg/debug/pr71057.C -gstabs3 -O3 (test for excess errors)
FAIL: g++.dg/debug/pr71432.C -gdwarf-2 (test for excess errors)
FAIL: g++.dg/debug/pr71432.C -gdwarf-2 -O2 (test for excess errors)
FAIL: g++.dg/debug/pr71432.C -gdwarf-2 -O3 (test for excess errors)
FAIL: g++.dg/debug/pr71432.C -gdwarf-2 -g1 (test for excess errors)
FAIL: g++.dg/debug/pr71432.C -gdwarf-2 -g1 -O2 (test for excess errors)
FAIL: g++.dg/debug/pr71432.C -gdwarf-2 -g1 -O3 (test for excess errors)
FAIL: g++.dg/debug/pr71432.C -gdwarf-2 -g3 (test for excess errors)
FAIL: g++.dg/debug/pr71432.C -gdwarf-2 -g3 -O2 (test for excess errors)
FAIL: g++.dg/debug/pr71432.C -gdwarf-2 -g3 -O3 (test for excess errors)
FAIL: g++.dg/debug/pr71432.C -gstabs (test for excess errors)
FAIL: g++.dg/debug/pr71432.C -gstabs -O2 (test for excess errors)
FAIL: g++.dg/debug/pr71432.C -gstabs -O3 (test for excess errors)
FAIL: g++.dg/debug/pr71432.C -gstabs+ (test for excess errors)
FAIL: g++.dg/debug/pr71432.C -gstabs+ -O2 (test for excess errors)
FAIL: g++.dg/debug/pr71432.C -gstabs+ -O3 (test for excess errors)
FAIL: g++.dg/debug/pr71432.C -gstabs+1 (test for excess errors)
FAIL: g++.dg/debug/pr71432.C -gstabs+1 -O2 (test for excess errors)
FAIL: g++.dg/debug/pr71432.C -gstabs+1 -O3 (test for excess errors)
FAIL: g++.dg/debug/pr71432.C -gstabs+3 (test for excess errors)
FAIL: g++.dg/debug/pr71432.C -gstabs+3 -O2 (test for excess errors)
FAIL: g++.dg/debug/pr71432.C -gstabs+3 -O3 (test for excess errors)
FAIL: g++.dg/debug/pr71432.C -gstabs1 (test for excess errors)
FAIL: g++.dg/debug/pr71432.C -gstabs1 -O2 (test for excess errors)
FAIL: g++.dg/debug/pr71432.C -gstabs1 -O3 (test for excess errors)
FAIL: g++.dg/debug/pr71432.C -gstabs3 (test for excess errors)
FAIL: g++.dg/debug/pr71432.C -gstabs3 -O2 (test for excess errors)
FAIL: g++.dg/debug/pr71432.C -gstabs3 -O3 (test for excess errors)
FAIL: g++.dg/debug/pr80461.C -gdwarf-2 (test for excess errors)
FAIL: g++.dg/debug/pr80461.C -gdwarf-2 -O2 (test for excess errors)
FAIL: g++.dg/debug/pr80461.C -gdwarf-2 -O3 (test for excess errors)
FAIL: g++.dg/debug/pr80461.C -gdwarf-2 -g1 (test for excess errors)
FAIL: g++.dg/debug/pr80461.C -gdwarf-2 -g1 -O2 (test for excess errors)
FAIL: g++.dg/debug/pr80461.C -gdwarf-2 -g1 -O3 (test for excess errors)
FAIL: g++.dg/debug/pr80461.C -gdwarf-2 -g3 (test for excess errors)
FAIL: g++.dg/debug/pr80461.C -gdwarf-2 -g3 -O2 (test for excess errors)
FAIL: g++.dg/debug/pr80461.C -gdwarf-2 -g3 -O3 (test for excess errors)
FAIL: g++.dg/debug/pr80461.C -gstabs (test for excess errors)
FAIL: g++.dg/debug/pr80461.C -gstabs -O2 (test for excess errors)
FAIL: g++.dg/debug/pr80461.C -gstabs -O3 (test for excess errors)
FAIL: g++.dg/debug/pr80461.C -gstabs+ (test for excess errors)
FAIL: g++.dg/debug/pr80461.C -gstabs+ -O2 (test for excess errors)
FAIL: g++.dg/debug/pr80461.C -gstabs+ -O3 (test for excess errors)
FAIL: g++.dg/debug/pr80461.C -gstabs+1 (test for excess errors)
FAIL: g++.dg/debug/pr80461.C -gstabs+1 -O2 (test for excess errors)
FAIL: g++.dg/debug/pr80461.C -gstabs+1 -O3 (test for excess errors)
FAIL: g++.dg/debug/pr80461.C -gstabs+3 (test for excess errors)
FAIL: g++.dg/debug/pr80461.C -gstabs+3 -O2 (test for excess errors)
FAIL: g++.dg/debug/pr80461.C -gstabs+3 -O3 (test for excess errors)
FAIL: g++.dg/debug/pr80461.C -gstabs1 (test for excess errors)
FAIL: g++.dg/debug/pr80461.C -gstabs1 -O2 (test for excess errors)
FAIL: g++.dg/debug/pr80461.C -gstabs1 -O3 (test for excess errors)
FAIL: g++.dg/debug/pr80461.C -gstabs3 (test for excess errors)
FAIL: g++.dg/debug/pr80461.C -gstabs3 -O2 (test for excess errors)
FAIL: g++.dg/debug/pr80461.C -gstabs3 -O3 (test for excess errors)
FAIL: g++.dg/debug/dwarf2/dwarf4-typedef.C -std=gnu++11 (test for excess errors)
FAIL: g++.dg/debug/dwarf2/dwarf4-typedef.C -std=gnu++14 (test for excess errors)
FAIL: g++.dg/debug/dwarf2/dwarf4-typedef.C -std=gnu++98 (test for excess errors)
FAIL: g++.dg/debug/dwarf2/icf.C -std=gnu++11 (test for excess errors)
FAIL: g++.dg/debug/dwarf2/icf.C -std=gnu++14 (test for excess errors)
FAIL: g++.dg/debug/dwarf2/icf.C -std=gnu++98 (test for excess errors)
FAIL: g++.dg/debug/dwarf2/pr61433.C -std=gnu++11 (test for excess errors)
FAIL: g++.dg/debug/dwarf2/pr61433.C -std=gnu++14 (test for excess errors)
FAIL: c-c++-common/dfp/call-by-value.c -std=c++11 (test for excess errors)
FAIL: c-c++-common/dfp/call-by-value.c -std=c++11 execution test
FAIL: c-c++-common/dfp/call-by-value.c -std=c++14 (test for excess errors)
FAIL: c-c++-common/dfp/call-by-value.c -std=c++14 execution test
FAIL: c-c++-common/dfp/call-by-value.c -std=c++98 (test for excess errors)
FAIL: c-c++-common/dfp/call-by-value.c -std=c++98 execution test
FAIL: g++.dg/dfp/44473-1.C -std=c++11 (test for excess errors)
FAIL: g++.dg/dfp/44473-1.C -std=c++14 (test for excess errors)
FAIL: g++.dg/dfp/44473-1.C -std=c++98 (test for excess errors)
FAIL: g++.dg/dfp/44473-2.C -std=c++11 (test for excess errors)
FAIL: g++.dg/dfp/44473-2.C -std=c++14 (test for excess errors)
FAIL: g++.dg/dfp/44473-2.C -std=c++98 (test for excess errors)
FAIL: c-c++-common/Wimplicit-fallthrough-8.c -std=gnu++11 (test for excess errors)
FAIL: c-c++-common/Wimplicit-fallthrough-8.c -std=gnu++14 (test for excess errors)
FAIL: c-c++-common/Wimplicit-fallthrough-8.c -std=gnu++98 (test for excess errors)
FAIL: c-c++-common/missing-symbol.c -std=gnu++11 (test for excess errors)
FAIL: c-c++-common/missing-symbol.c -std=gnu++14 (test for excess errors)
FAIL: c-c++-common/missing-symbol.c -std=gnu++98 (test for excess errors)
FAIL: c-c++-common/pr36513-2.c -std=gnu++11 (test for excess errors)
FAIL: c-c++-common/pr36513-2.c -std=gnu++14 (test for excess errors)
FAIL: c-c++-common/pr36513-2.c -std=gnu++98 (test for excess errors)
FAIL: c-c++-common/pr36513.c -std=gnu++11 (test for excess errors)
FAIL: c-c++-common/pr36513.c -std=gnu++14 (test for excess errors)
FAIL: c-c++-common/pr36513.c -std=gnu++98 (test for excess errors)
FAIL: c-c++-common/pr49706-2.c -std=gnu++11 (test for excess errors)
FAIL: c-c++-common/pr49706-2.c -std=gnu++14 (test for excess errors)
FAIL: c-c++-common/pr49706-2.c -std=gnu++98 (test for excess errors)
FAIL: c-c++-common/pr65120.c -std=gnu++11 (test for excess errors)
FAIL: c-c++-common/pr65120.c -std=gnu++14 (test for excess errors)
FAIL: c-c++-common/pr65120.c -std=gnu++98 (test for excess errors)
FAIL: c-c++-common/vector-1.c -std=gnu++11 (test for excess errors)
FAIL: c-c++-common/vector-1.c -std=gnu++14 (test for excess errors)
FAIL: c-c++-common/vector-1.c -std=gnu++98 (test for excess errors)
FAIL: c-c++-common/vector-2.c -std=gnu++11 (test for excess errors)
FAIL: c-c++-common/vector-2.c -std=gnu++14 (test for excess errors)
FAIL: c-c++-common/vector-2.c -std=gnu++98 (test for excess errors)
FAIL: g++.dg/abi/abi-tag14.C -std=gnu++11 (test for excess errors)
FAIL: g++.dg/abi/abi-tag14.C -std=gnu++14 (test for excess errors)
FAIL: g++.dg/abi/abi-tag14.C -std=gnu++98 (test for excess errors)
FAIL: g++.dg/abi/abi-tag18.C -std=gnu++11 (test for excess errors)
FAIL: g++.dg/abi/abi-tag18.C -std=gnu++14 (test for excess errors)
FAIL: g++.dg/abi/abi-tag18.C -std=gnu++98 (test for excess errors)
FAIL: g++.dg/abi/abi-tag18a.C -std=gnu++11 (test for excess errors)
FAIL: g++.dg/abi/abi-tag18a.C -std=gnu++14 (test for excess errors)
FAIL: g++.dg/abi/abi-tag18a.C -std=gnu++98 (test for excess errors)
FAIL: g++.dg/abi/covariant2.C -std=c++11 (test for excess errors)
FAIL: g++.dg/abi/covariant2.C -std=c++14 (test for excess errors)
FAIL: g++.dg/abi/covariant2.C -std=c++98 (test for excess errors)
FAIL: g++.dg/abi/covariant3.C -std=c++11 (test for excess errors)
FAIL: g++.dg/abi/covariant3.C -std=c++14 (test for excess errors)
FAIL: g++.dg/abi/covariant3.C -std=c++98 (test for excess errors)
FAIL: g++.dg/abi/mangle7.C -std=c++11 (test for excess errors)
FAIL: g++.dg/abi/mangle7.C -std=c++14 (test for excess errors)
FAIL: g++.dg/abi/mangle7.C -std=c++98 (test for excess errors)
FAIL: g++.dg/concepts/fn8.C (test for excess errors)
FAIL: g++.dg/concepts/pr65575.C (test for excess errors)
FAIL: g++.dg/concepts/template-parm11.C (test for excess errors)
FAIL: g++.dg/conversion/op6.C -std=c++11 (test for excess errors)
FAIL: g++.dg/conversion/op6.C -std=c++14 (test for excess errors)
FAIL: g++.dg/conversion/op6.C -std=c++98 (test for excess errors)
FAIL: g++.dg/cpp0x/Wunused-variable-1.C -std=gnu++11 (test for excess errors)
FAIL: g++.dg/cpp0x/Wunused-variable-1.C -std=gnu++14 (test for excess errors)
FAIL: g++.dg/cpp0x/access01.C -std=c++11 (test for excess errors)
FAIL: g++.dg/cpp0x/access01.C -std=c++14 (test for excess errors)
FAIL: g++.dg/cpp0x/alignas3.C -std=c++11 (test for excess errors)
FAIL: g++.dg/cpp0x/alignas3.C -std=c++14 (test for excess errors)
FAIL: g++.dg/cpp0x/auto2.C -std=c++11 (test for excess errors)
FAIL: g++.dg/cpp0x/auto2.C -std=c++14 (test for excess errors)
FAIL: g++.dg/cpp0x/constexpr-array17.C -std=c++11 (test for excess errors)
FAIL: g++.dg/cpp0x/constexpr-array17.C -std=c++14 (test for excess errors)
FAIL: g++.dg/cpp0x/constexpr-defarg2.C -std=c++11 (test for excess errors)
FAIL: g++.dg/cpp0x/constexpr-defarg2.C -std=c++14 (test for excess errors)
FAIL: g++.dg/cpp0x/constexpr-memfn1.C -std=c++11 (test for excess errors)
FAIL: g++.dg/cpp0x/constexpr-memfn1.C -std=c++14 (test for excess errors)
FAIL: g++.dg/cpp0x/dc1.C -std=c++11 (test for excess errors)
FAIL: g++.dg/cpp0x/dc1.C -std=c++14 (test for excess errors)
FAIL: g++.dg/cpp0x/dc3.C -std=c++11 (test for excess errors)
FAIL: g++.dg/cpp0x/dc3.C -std=c++14 (test for excess errors)
FAIL: g++.dg/cpp0x/decltype12.C -std=c++11 (test for excess errors)
FAIL: g++.dg/cpp0x/decltype12.C -std=c++14 (test for excess errors)
FAIL: g++.dg/cpp0x/decltype17.C -std=c++11 (test for excess errors)
FAIL: g++.dg/cpp0x/decltype17.C -std=c++14 (test for excess errors)
FAIL: g++.dg/cpp0x/decltype3.C -std=c++11 (test for excess errors)
FAIL: g++.dg/cpp0x/decltype3.C -std=c++14 (test for excess errors)
FAIL: g++.dg/cpp0x/decltype41.C -std=c++11 (test for excess errors)
FAIL: g++.dg/cpp0x/decltype41.C -std=c++14 (test for excess errors)
FAIL: g++.dg/cpp0x/defaulted28.C -std=c++11 (test for excess errors)
FAIL: g++.dg/cpp0x/defaulted28.C -std=c++14 (test for excess errors)
FAIL: g++.dg/cpp0x/enum_base3.C -std=c++11 (test for excess errors)
FAIL: g++.dg/cpp0x/enum_base3.C -std=c++14 (test for excess errors)
FAIL: g++.dg/cpp0x/gen-attrs-4.C -std=gnu++11 (test for excess errors)
FAIL: g++.dg/cpp0x/gen-attrs-4.C -std=gnu++14 (test for excess errors)
FAIL: g++.dg/cpp0x/initlist96.C -std=c++11 (test for excess errors)
FAIL: g++.dg/cpp0x/initlist96.C -std=c++14 (test for excess errors)
FAIL: g++.dg/cpp0x/lambda/lambda-58566.C -std=c++11 (test for excess errors)
FAIL: g++.dg/cpp0x/lambda/lambda-58566.C -std=c++14 (test for excess errors)
FAIL: g++.dg/cpp0x/lambda/lambda-conv10.C -std=c++11 (test for excess errors)
FAIL: g++.dg/cpp0x/lambda/lambda-conv10.C -std=c++14 (test for excess errors)
FAIL: g++.dg/cpp0x/lambda/lambda-conv12.C -std=c++11 (test for excess errors)
FAIL: g++.dg/cpp0x/lambda/lambda-conv12.C -std=c++14 (test for excess errors)
FAIL: g++.dg/cpp0x/lambda/lambda-defarg3.C -std=gnu++11 (test for excess errors)
FAIL: g++.dg/cpp0x/lambda/lambda-defarg3.C -std=gnu++14 (test for excess errors)
FAIL: g++.dg/cpp0x/lambda/lambda-ice3.C -std=c++11 (test for excess errors)
FAIL: g++.dg/cpp0x/lambda/lambda-ice3.C -std=c++14 (test for excess errors)
FAIL: g++.dg/cpp0x/lambda/lambda-ice5.C -std=c++11 (test for excess errors)
FAIL: g++.dg/cpp0x/lambda/lambda-ice5.C -std=c++14 (test for excess errors)
FAIL: g++.dg/cpp0x/lambda/lambda-nested2.C -std=c++11 (test for excess errors)
FAIL: g++.dg/cpp0x/lambda/lambda-nested2.C -std=c++14 (test for excess errors)
FAIL: g++.dg/cpp0x/lambda/lambda-template.C -std=c++11 execution test
FAIL: g++.dg/cpp0x/lambda/lambda-template.C -std=c++14 execution test
FAIL: g++.dg/cpp0x/lambda/lambda-template12.C -std=c++11 (test for excess errors)
FAIL: g++.dg/cpp0x/lambda/lambda-template12.C -std=c++14 (test for excess errors)
FAIL: g++.dg/cpp0x/lambda/lambda-template2.C -std=c++11 (test for excess errors)
FAIL: g++.dg/cpp0x/lambda/lambda-template2.C -std=c++14 (test for excess errors)
FAIL: g++.dg/cpp0x/lambda/lambda-this12.C -std=c++11 (test for excess errors)
FAIL: g++.dg/cpp0x/lambda/lambda-this12.C -std=c++14 (test for excess errors)
FAIL: g++.dg/cpp0x/nolinkage1.C -std=c++11 (test for excess errors)
FAIL: g++.dg/cpp0x/nolinkage1.C -std=c++14 (test for excess errors)
FAIL: g++.dg/cpp0x/nsdmi-template5.C -std=c++11 (test for excess errors)
FAIL: g++.dg/cpp0x/nsdmi-template5.C -std=c++14 (test for excess errors)
FAIL: g++.dg/cpp0x/parse1.C -std=c++11 (test for excess errors)
FAIL: g++.dg/cpp0x/parse1.C -std=c++14 (test for excess errors)
FAIL: g++.dg/cpp0x/pr34054.C -std=c++11 (test for excess errors)
FAIL: g++.dg/cpp0x/pr34054.C -std=c++14 (test for excess errors)
FAIL: g++.dg/cpp0x/pr47416.C -std=c++11 (test for excess errors)
FAIL: g++.dg/cpp0x/pr47416.C -std=c++14 (test for excess errors)
FAIL: g++.dg/cpp0x/pr58781.C -std=c++11 (test for excess errors)
FAIL: g++.dg/cpp0x/pr58781.C -std=c++14 (test for excess errors)
FAIL: g++.dg/cpp0x/pr70538.C -std=c++11 (test for excess errors)
FAIL: g++.dg/cpp0x/pr70538.C -std=c++14 (test for excess errors)
FAIL: g++.dg/cpp0x/pr81325.C -std=gnu++11 (test for excess errors)
FAIL: g++.dg/cpp0x/pr81325.C -std=gnu++14 (test for excess errors)
FAIL: g++.dg/cpp0x/range-for13.C -std=c++11 (test for excess errors)
FAIL: g++.dg/cpp0x/range-for13.C -std=c++14 (test for excess errors)
FAIL: g++.dg/cpp0x/range-for14.C -std=c++11 (test for excess errors)
FAIL: g++.dg/cpp0x/range-for14.C -std=c++14 (test for excess errors)
FAIL: g++.dg/cpp0x/range-for6.C -std=c++11 execution test
FAIL: g++.dg/cpp0x/range-for6.C -std=c++14 execution test
FAIL: g++.dg/cpp0x/rv2n.C -std=gnu++11 (test for excess errors)
FAIL: g++.dg/cpp0x/rv2n.C -std=gnu++14 (test for excess errors)
FAIL: g++.dg/cpp0x/rv3n.C -std=gnu++11 (test for excess errors)
FAIL: g++.dg/cpp0x/rv3n.C -std=gnu++14 (test for excess errors)
FAIL: g++.dg/cpp0x/static_assert10.C -std=c++11 (test for excess errors)
FAIL: g++.dg/cpp0x/static_assert10.C -std=c++14 (test for excess errors)
FAIL: g++.dg/cpp0x/static_assert11.C -std=c++11 (test for excess errors)
FAIL: g++.dg/cpp0x/static_assert11.C -std=c++14 (test for excess errors)
FAIL: g++.dg/cpp0x/static_assert12.C (test for excess errors)
FAIL: g++.dg/cpp0x/static_assert13.C (test for excess errors)
FAIL: g++.dg/cpp0x/trailing1.C -std=gnu++11 (test for excess errors)
FAIL: g++.dg/cpp0x/trailing1.C -std=gnu++14 (test for excess errors)
FAIL: g++.dg/cpp0x/trailing5.C -std=c++11 (test for excess errors)
FAIL: g++.dg/cpp0x/trailing5.C -std=c++14 (test for excess errors)
FAIL: g++.dg/cpp0x/udlit-template.C -std=c++11 execution test
FAIL: g++.dg/cpp0x/udlit-template.C -std=c++14 execution test
FAIL: g++.dg/cpp0x/variadic114.C -std=c++11 (test for excess errors)
FAIL: g++.dg/cpp0x/variadic114.C -std=c++14 (test for excess errors)
FAIL: g++.dg/cpp0x/variadic57.C -std=c++11 (test for excess errors)
FAIL: g++.dg/cpp0x/variadic57.C -std=c++14 (test for excess errors)
FAIL: g++.dg/cpp0x/variadic65.C -std=c++11 (test for excess errors)
FAIL: g++.dg/cpp0x/variadic65.C -std=c++14 (test for excess errors)
FAIL: g++.dg/cpp0x/variadic66.C -std=c++11 (test for excess errors)
FAIL: g++.dg/cpp0x/variadic66.C -std=c++14 (test for excess errors)
FAIL: g++.dg/cpp0x/variadic97.C -std=c++11 (test for excess errors)
FAIL: g++.dg/cpp0x/variadic97.C -std=c++14 (test for excess errors)
FAIL: g++.dg/cpp0x/variadic98.C -std=c++11 (test for excess errors)
FAIL: g++.dg/cpp0x/variadic98.C -std=c++14 (test for excess errors)
FAIL: g++.dg/cpp1y/auto-fn11.C -std=c++14 (test for excess errors)
FAIL: g++.dg/cpp1y/auto-fn29.C -std=c++14 (test for excess errors)
FAIL: g++.dg/cpp1y/auto-fn38.C -std=c++14 (test for excess errors)
FAIL: g++.dg/cpp1y/constexpr-return2.C -std=c++14 (test for excess errors)
FAIL: g++.dg/cpp1y/lambda-init7.C -std=c++14 (test for excess errors)
FAIL: g++.dg/cpp1y/pr63996.C -std=c++14 (test for excess errors)
FAIL: g++.dg/cpp1y/pr65202.C -std=c++14 (test for excess errors)
FAIL: g++.dg/cpp1y/pr66443-cxx14.C -std=c++14 (test for excess errors)
FAIL: g++.dg/cpp1y/pr79253.C -std=c++14 (test for excess errors)
FAIL: g++.dg/cpp1y/static_assert1.C (test for excess errors)
FAIL: g++.dg/cpp1y/static_assert2.C (test for excess errors)
FAIL: g++.dg/cpp1y/var-templ44.C -std=c++14 (test for excess errors)
FAIL: g++.dg/cpp1z/eval-order3.C (test for excess errors)
FAIL: g++.dg/cpp1z/eval-order3.C execution test
FAIL: g++.dg/cpp1z/fold6.C (test for excess errors)
FAIL: g++.dg/cpp1z/inline-var2.C -std=gnu++11 (test for excess errors)
FAIL: g++.dg/cpp1z/inline-var2.C -std=gnu++14 (test for excess errors)
FAIL: g++.dg/cpp1z/lambda-this1.C -std=c++11 (test for excess errors)
FAIL: g++.dg/cpp1z/lambda-this1.C -std=c++14 (test for excess errors)
FAIL: g++.dg/cpp1z/static_assert-nomsg.C (test for excess errors)
FAIL: g++.dg/eh/builtin1.C -std=gnu++11 (test for excess errors)
FAIL: g++.dg/eh/builtin1.C -std=gnu++14 (test for excess errors)
FAIL: g++.dg/eh/builtin1.C -std=gnu++98 (test for excess errors)
FAIL: g++.dg/eh/builtin2.C -std=gnu++11 (test for excess errors)
FAIL: g++.dg/eh/builtin2.C -std=gnu++14 (test for excess errors)
FAIL: g++.dg/eh/builtin2.C -std=gnu++98 (test for excess errors)
FAIL: g++.dg/eh/builtin3.C -std=gnu++11 (test for excess errors)
FAIL: g++.dg/eh/builtin3.C -std=gnu++14 (test for excess errors)
FAIL: g++.dg/eh/builtin3.C -std=gnu++98 (test for excess errors)
FAIL: g++.dg/eh/pr45569.C -std=gnu++11 (test for excess errors)
FAIL: g++.dg/eh/pr45569.C -std=gnu++14 (test for excess errors)
FAIL: g++.dg/eh/pr45569.C -std=gnu++98 (test for excess errors)
FAIL: g++.dg/eh/unwind2.C -std=gnu++11 (test for excess errors)
FAIL: g++.dg/eh/unwind2.C -std=gnu++14 (test for excess errors)
FAIL: g++.dg/eh/unwind2.C -std=gnu++98 (test for excess errors)
FAIL: g++.dg/expr/bitfield11.C -std=c++11 (test for excess errors)
FAIL: g++.dg/expr/bitfield11.C -std=c++14 (test for excess errors)
FAIL: g++.dg/expr/bitfield11.C -std=c++98 (test for excess errors)
FAIL: g++.dg/expr/cond12.C -std=c++11 (test for excess errors)
FAIL: g++.dg/expr/cond12.C -std=c++11 execution test
FAIL: g++.dg/expr/cond12.C -std=c++14 (test for excess errors)
FAIL: g++.dg/expr/cond12.C -std=c++14 execution test
FAIL: g++.dg/expr/cond12.C -std=c++98 (test for excess errors)
FAIL: g++.dg/expr/cond12.C -std=c++98 execution test
FAIL: g++.dg/expr/static_cast7.C -std=c++11 (test for excess errors)
FAIL: g++.dg/expr/static_cast7.C -std=c++14 (test for excess errors)
FAIL: g++.dg/expr/static_cast7.C -std=c++98 (test for excess errors)
FAIL: g++.dg/ext/altivec-14.C -std=gnu++11 (test for excess errors)
FAIL: g++.dg/ext/altivec-14.C -std=gnu++14 (test for excess errors)
FAIL: g++.dg/ext/altivec-14.C -std=gnu++98 (test for excess errors)
FAIL: g++.dg/ext/asm13.C -std=c++11 (test for excess errors)
FAIL: g++.dg/ext/asm13.C -std=c++14 (test for excess errors)
FAIL: g++.dg/ext/asm13.C -std=c++98 (test for excess errors)
FAIL: g++.dg/ext/builtin-object-size3.C -std=gnu++11 (test for excess errors)
FAIL: g++.dg/ext/builtin-object-size3.C -std=gnu++14 (test for excess errors)
FAIL: g++.dg/ext/builtin-object-size3.C -std=gnu++98 (test for excess errors)
FAIL: g++.dg/ext/has_nothrow_assign_odr.C -std=c++11 (test for excess errors)
FAIL: g++.dg/ext/has_nothrow_assign_odr.C -std=c++14 (test for excess errors)
FAIL: g++.dg/ext/has_nothrow_assign_odr.C -std=c++98 (test for excess errors)
FAIL: g++.dg/ext/label7.C -std=c++11 (test for excess errors)
FAIL: g++.dg/ext/label7.C -std=c++14 (test for excess errors)
FAIL: g++.dg/ext/label7.C -std=c++98 (test for excess errors)
FAIL: g++.dg/ext/label8.C -std=c++11 (test for excess errors)
FAIL: g++.dg/ext/label8.C -std=c++14 (test for excess errors)
FAIL: g++.dg/ext/label8.C -std=c++98 (test for excess errors)
FAIL: g++.dg/ext/tmplattr7.C -std=c++11 (test for excess errors)
FAIL: g++.dg/ext/tmplattr7.C -std=c++14 (test for excess errors)
FAIL: g++.dg/ext/tmplattr7.C -std=c++98 (test for excess errors)
FAIL: g++.dg/ext/vector8.C -std=gnu++11 (test for excess errors)
FAIL: g++.dg/ext/vector8.C -std=gnu++14 (test for excess errors)
FAIL: g++.dg/ext/vector8.C -std=gnu++98 (test for excess errors)
FAIL: g++.dg/ext/visibility/anon1.C -std=c++11 (test for excess errors)
FAIL: g++.dg/ext/visibility/anon1.C -std=c++14 (test for excess errors)
FAIL: g++.dg/ext/visibility/anon1.C -std=c++98 (test for excess errors)
FAIL: g++.dg/ext/visibility/anon2.C -std=c++11 (test for excess errors)
FAIL: g++.dg/ext/visibility/anon2.C -std=c++14 (test for excess errors)
FAIL: g++.dg/ext/visibility/anon2.C -std=c++98 (test for excess errors)
FAIL: g++.dg/ext/visibility/namespace1.C -std=c++11 (test for excess errors)
FAIL: g++.dg/ext/visibility/namespace1.C -std=c++14 (test for excess errors)
FAIL: g++.dg/ext/visibility/namespace1.C -std=c++98 (test for excess errors)
FAIL: g++.dg/ext/vla16.C -std=gnu++11 (test for excess errors)
FAIL: g++.dg/ext/vla16.C -std=gnu++14 (test for excess errors)
FAIL: g++.dg/ext/vla16.C -std=gnu++98 (test for excess errors)
FAIL: g++.dg/inherit/covariant10.C -std=c++11 (test for excess errors)
FAIL: g++.dg/inherit/covariant10.C -std=c++14 (test for excess errors)
FAIL: g++.dg/inherit/covariant10.C -std=c++98 (test for excess errors)
FAIL: g++.dg/inherit/covariant11.C -std=c++11 (test for excess errors)
FAIL: g++.dg/inherit/covariant11.C -std=c++14 (test for excess errors)
FAIL: g++.dg/inherit/covariant11.C -std=c++98 (test for excess errors)
FAIL: g++.dg/inherit/protected1.C -std=c++11 (test for excess errors)
FAIL: g++.dg/inherit/protected1.C -std=c++14 (test for excess errors)
FAIL: g++.dg/inherit/protected1.C -std=c++98 (test for excess errors)
FAIL: g++.dg/init/inline1.C -std=gnu++11 (test for excess errors)
FAIL: g++.dg/init/inline1.C -std=gnu++14 (test for excess errors)
FAIL: g++.dg/init/inline1.C -std=gnu++98 (test for excess errors)
FAIL: g++.dg/init/new18.C -std=gnu++11 (test for excess errors)
FAIL: g++.dg/init/new18.C -std=gnu++14 (test for excess errors)
FAIL: g++.dg/init/new18.C -std=gnu++98 (test for excess errors)
FAIL: g++.dg/init/reference2.C -std=c++11 (test for excess errors)
FAIL: g++.dg/init/reference2.C -std=c++14 (test for excess errors)
FAIL: g++.dg/init/reference2.C -std=c++98 (test for excess errors)
FAIL: g++.dg/init/reference3.C -std=c++11 (test for excess errors)
FAIL: g++.dg/init/reference3.C -std=c++14 (test for excess errors)
FAIL: g++.dg/init/reference3.C -std=c++98 (test for excess errors)
FAIL: g++.dg/init/switch1.C -std=c++11 (test for excess errors)
FAIL: g++.dg/init/switch1.C -std=c++14 (test for excess errors)
FAIL: g++.dg/init/switch1.C -std=c++98 (test for excess errors)
FAIL: g++.dg/ipa/devirt-10.C -std=gnu++11 (test for excess errors)
FAIL: g++.dg/ipa/devirt-10.C -std=gnu++14 (test for excess errors)
FAIL: g++.dg/ipa/devirt-10.C -std=gnu++98 (test for excess errors)
FAIL: g++.dg/ipa/devirt-13.C -std=gnu++11 (test for excess errors)
FAIL: g++.dg/ipa/devirt-13.C -std=gnu++14 (test for excess errors)
FAIL: g++.dg/ipa/devirt-13.C -std=gnu++98 (test for excess errors)
FAIL: g++.dg/ipa/devirt-14.C -std=gnu++11 (test for excess errors)
FAIL: g++.dg/ipa/devirt-14.C -std=gnu++14 (test for excess errors)
FAIL: g++.dg/ipa/devirt-14.C -std=gnu++98 (test for excess errors)
FAIL: g++.dg/ipa/devirt-15.C -std=gnu++11 (test for excess errors)
FAIL: g++.dg/ipa/devirt-15.C -std=gnu++14 (test for excess errors)
FAIL: g++.dg/ipa/devirt-15.C -std=gnu++98 (test for excess errors)
FAIL: g++.dg/ipa/devirt-16.C -std=gnu++11 (test for excess errors)
FAIL: g++.dg/ipa/devirt-16.C -std=gnu++14 (test for excess errors)
FAIL: g++.dg/ipa/devirt-16.C -std=gnu++98 (test for excess errors)
FAIL: g++.dg/ipa/devirt-17.C -std=gnu++11 (test for excess errors)
FAIL: g++.dg/ipa/devirt-17.C -std=gnu++14 (test for excess errors)
FAIL: g++.dg/ipa/devirt-17.C -std=gnu++98 (test for excess errors)
FAIL: g++.dg/ipa/devirt-18.C -std=gnu++11 (test for excess errors)
FAIL: g++.dg/ipa/devirt-18.C -std=gnu++14 (test for excess errors)
FAIL: g++.dg/ipa/devirt-18.C -std=gnu++98 (test for excess errors)
FAIL: g++.dg/ipa/devirt-19.C -std=gnu++11 (test for excess errors)
FAIL: g++.dg/ipa/devirt-19.C -std=gnu++14 (test for excess errors)
FAIL: g++.dg/ipa/devirt-19.C -std=gnu++98 (test for excess errors)
FAIL: g++.dg/ipa/devirt-21.C -std=gnu++11 (test for excess errors)
FAIL: g++.dg/ipa/devirt-21.C -std=gnu++11 execution test
FAIL: g++.dg/ipa/devirt-21.C -std=gnu++14 (test for excess errors)
FAIL: g++.dg/ipa/devirt-21.C -std=gnu++14 execution test
FAIL: g++.dg/ipa/devirt-21.C -std=gnu++98 (test for excess errors)
FAIL: g++.dg/ipa/devirt-21.C -std=gnu++98 execution test
FAIL: g++.dg/ipa/devirt-23.C -std=gnu++11 (test for excess errors)
FAIL: g++.dg/ipa/devirt-23.C -std=gnu++11 execution test
FAIL: g++.dg/ipa/devirt-23.C -std=gnu++14 (test for excess errors)
FAIL: g++.dg/ipa/devirt-23.C -std=gnu++14 execution test
FAIL: g++.dg/ipa/devirt-23.C -std=gnu++98 (test for excess errors)
FAIL: g++.dg/ipa/devirt-23.C -std=gnu++98 execution test
FAIL: g++.dg/ipa/devirt-34.C -std=gnu++11 scan-ipa-dump devirt "1 speculatively devirtualized"
FAIL: g++.dg/ipa/devirt-34.C -std=gnu++11 (test for excess errors)
FAIL: g++.dg/ipa/devirt-34.C -std=gnu++14 scan-ipa-dump devirt "1 speculatively devirtualized"
FAIL: g++.dg/ipa/devirt-34.C -std=gnu++14 (test for excess errors)
FAIL: g++.dg/ipa/devirt-34.C -std=gnu++98 scan-ipa-dump devirt "1 speculatively devirtualized"
FAIL: g++.dg/ipa/devirt-34.C -std=gnu++98 (test for excess errors)
FAIL: g++.dg/ipa/devirt-38.C -std=gnu++11 (test for excess errors)
FAIL: g++.dg/ipa/devirt-38.C -std=gnu++14 (test for excess errors)
FAIL: g++.dg/ipa/devirt-38.C -std=gnu++98 (test for excess errors)
FAIL: g++.dg/ipa/devirt-40.C -std=gnu++11 (test for excess errors)
FAIL: g++.dg/ipa/devirt-40.C -std=gnu++14 (test for excess errors)
FAIL: g++.dg/ipa/devirt-40.C -std=gnu++98 (test for excess errors)
FAIL: g++.dg/ipa/devirt-41.C -std=gnu++11 (test for excess errors)
FAIL: g++.dg/ipa/devirt-41.C -std=gnu++14 (test for excess errors)
FAIL: g++.dg/ipa/devirt-41.C -std=gnu++98 (test for excess errors)
FAIL: g++.dg/ipa/devirt-42.C -std=gnu++11 (test for excess errors)
FAIL: g++.dg/ipa/devirt-42.C -std=gnu++14 (test for excess errors)
FAIL: g++.dg/ipa/devirt-42.C -std=gnu++98 (test for excess errors)
FAIL: g++.dg/ipa/devirt-44.C -std=gnu++11 (test for excess errors)
FAIL: g++.dg/ipa/devirt-44.C -std=gnu++14 (test for excess errors)
FAIL: g++.dg/ipa/devirt-44.C -std=gnu++98 (test for excess errors)
FAIL: g++.dg/ipa/devirt-45.C -std=gnu++11 (test for excess errors)
FAIL: g++.dg/ipa/devirt-45.C -std=gnu++14 (test for excess errors)
FAIL: g++.dg/ipa/devirt-45.C -std=gnu++98 (test for excess errors)
FAIL: g++.dg/ipa/devirt-48.C -std=gnu++11 (test for excess errors)
FAIL: g++.dg/ipa/devirt-48.C -std=gnu++14 (test for excess errors)
FAIL: g++.dg/ipa/devirt-48.C -std=gnu++98 (test for excess errors)
FAIL: g++.dg/ipa/devirt-52.C -std=gnu++11 (test for excess errors)
FAIL: g++.dg/ipa/devirt-52.C -std=gnu++14 (test for excess errors)
FAIL: g++.dg/ipa/nothrow-1.C -std=gnu++11 (test for excess errors)
FAIL: g++.dg/ipa/nothrow-1.C -std=gnu++14 (test for excess errors)
FAIL: g++.dg/ipa/nothrow-1.C -std=gnu++98 (test for excess errors)
FAIL: g++.dg/ipa/pr43812.C -std=gnu++11 (test for excess errors)
FAIL: g++.dg/ipa/pr43812.C -std=gnu++14 (test for excess errors)
FAIL: g++.dg/ipa/pr43812.C -std=gnu++98 (test for excess errors)
FAIL: g++.dg/ipa/pr44372.C -std=gnu++11 (test for excess errors)
FAIL: g++.dg/ipa/pr44372.C -std=gnu++14 (test for excess errors)
FAIL: g++.dg/ipa/pr44372.C -std=gnu++98 (test for excess errors)
FAIL: g++.dg/ipa/pr45572-1.C -std=gnu++11 (test for excess errors)
FAIL: g++.dg/ipa/pr45572-1.C -std=gnu++14 (test for excess errors)
FAIL: g++.dg/ipa/pr45572-1.C -std=gnu++98 (test for excess errors)
FAIL: g++.dg/ipa/pr58371.C -std=gnu++11 (test for excess errors)
FAIL: g++.dg/ipa/pr58371.C -std=gnu++14 (test for excess errors)
FAIL: g++.dg/ipa/pr58371.C -std=gnu++98 (test for excess errors)
FAIL: g++.dg/ipa/pr59176.C -std=gnu++11 (test for excess errors)
FAIL: g++.dg/ipa/pr59176.C -std=gnu++14 (test for excess errors)
FAIL: g++.dg/ipa/pr59176.C -std=gnu++98 (test for excess errors)
FAIL: g++.dg/ipa/pr60640-1.C -std=gnu++11 (test for excess errors)
FAIL: g++.dg/ipa/pr60640-1.C -std=gnu++14 (test for excess errors)
FAIL: g++.dg/ipa/pr60640-1.C -std=gnu++98 (test for excess errors)
FAIL: g++.dg/ipa/pr61540.C -std=gnu++11 (test for excess errors)
FAIL: g++.dg/ipa/pr61540.C -std=gnu++14 (test for excess errors)
FAIL: g++.dg/ipa/pr61540.C -std=gnu++98 (test for excess errors)
FAIL: g++.dg/ipa/pr63470.C -std=gnu++11 (test for excess errors)
FAIL: g++.dg/ipa/pr63470.C -std=gnu++14 (test for excess errors)
FAIL: g++.dg/ipa/pr63470.C -std=gnu++98 (test for excess errors)
FAIL: g++.dg/ipa/pr63587-1.C -std=gnu++11 (test for excess errors)
FAIL: g++.dg/ipa/pr63587-1.C -std=gnu++14 (test for excess errors)
FAIL: g++.dg/ipa/pr63587-2.C -std=gnu++11 (test for excess errors)
FAIL: g++.dg/ipa/pr63587-2.C -std=gnu++14 (test for excess errors)
FAIL: g++.dg/ipa/pr63838.C -std=gnu++11 (test for excess errors)
FAIL: g++.dg/ipa/pr63838.C -std=gnu++14 (test for excess errors)
FAIL: g++.dg/ipa/pr63838.C -std=gnu++98 (test for excess errors)
FAIL: g++.dg/ipa/pr63894.C -std=gnu++98 (test for excess errors)
FAIL: g++.dg/ipa/pr64068.C -std=gnu++11 (test for excess errors)
FAIL: g++.dg/ipa/pr64068.C -std=gnu++14 (test for excess errors)
FAIL: g++.dg/ipa/pr64068.C -std=gnu++98 (test for excess errors)
FAIL: g++.dg/ipa/pr64896.C -std=gnu++11 (test for excess errors)
FAIL: g++.dg/ipa/pr64896.C -std=gnu++14 (test for excess errors)
FAIL: g++.dg/ipa/pr64896.C -std=gnu++98 (test for excess errors)
FAIL: g++.dg/ipa/pr65002.C -std=gnu++11 (test for excess errors)
FAIL: g++.dg/ipa/pr65002.C -std=gnu++14 (test for excess errors)
FAIL: g++.dg/ipa/pr65002.C -std=gnu++98 (test for excess errors)
FAIL: g++.dg/ipa/pr65008.C -std=gnu++11 (test for excess errors)
FAIL: g++.dg/ipa/pr65008.C -std=gnu++14 (test for excess errors)
FAIL: g++.dg/ipa/pr65008.C -std=gnu++98 (test for excess errors)
FAIL: g++.dg/ipa/pr65465.C -std=gnu++11 (test for excess errors)
FAIL: g++.dg/ipa/pr65465.C -std=gnu++14 (test for excess errors)
FAIL: g++.dg/ipa/pr65465.C -std=gnu++98 (test for excess errors)
FAIL: g++.dg/ipa/pr66896.C -std=c++11 (test for excess errors)
FAIL: g++.dg/ipa/pr66896.C -std=c++14 (test for excess errors)
FAIL: g++.dg/ipa/pr66896.C -std=c++98 (test for excess errors)
FAIL: g++.dg/ipa/pr68851.C -std=gnu++11 (test for excess errors)
FAIL: g++.dg/ipa/pr68851.C -std=gnu++14 (test for excess errors)
FAIL: g++.dg/ipa/pr68851.C -std=gnu++98 (test for excess errors)
FAIL: g++.dg/ipa/pr78211.C -std=gnu++11 (test for excess errors)
FAIL: g++.dg/ipa/pr78211.C -std=gnu++14 (test for excess errors)
FAIL: g++.dg/ipa/pr79931.C -std=gnu++11 (test for excess errors)
FAIL: g++.dg/ipa/pr79931.C -std=gnu++14 (test for excess errors)
FAIL: g++.dg/ipa/pr79931.C -std=gnu++98 (test for excess errors)
FAIL: g++.dg/ipa/pure-const-1.C -std=gnu++11 (test for excess errors)
FAIL: g++.dg/ipa/pure-const-1.C -std=gnu++14 (test for excess errors)
FAIL: g++.dg/ipa/pure-const-1.C -std=gnu++98 (test for excess errors)
FAIL: g++.dg/ipa/pure-const-2.C -std=gnu++11 (test for excess errors)
FAIL: g++.dg/ipa/pure-const-2.C -std=gnu++14 (test for excess errors)
FAIL: g++.dg/ipa/pure-const-2.C -std=gnu++98 (test for excess errors)
FAIL: g++.dg/ipa/pure-const-3.C -std=gnu++11 (test for excess errors)
FAIL: g++.dg/ipa/pure-const-3.C -std=gnu++14 (test for excess errors)
FAIL: g++.dg/ipa/pure-const-3.C -std=gnu++98 (test for excess errors)
FAIL: g++.dg/ipa/remref-1.C -std=gnu++11 (test for excess errors)
FAIL: g++.dg/ipa/remref-1.C -std=gnu++14 (test for excess errors)
FAIL: g++.dg/ipa/remref-1.C -std=gnu++98 (test for excess errors)
FAIL: g++.dg/ipa/remref-2.C -std=gnu++11 (test for excess errors)
FAIL: g++.dg/ipa/remref-2.C -std=gnu++14 (test for excess errors)
FAIL: g++.dg/ipa/remref-2.C -std=gnu++98 (test for excess errors)
FAIL: g++.dg/lookup/builtin2.C -std=c++11 (test for excess errors)
FAIL: g++.dg/lookup/builtin2.C -std=c++14 (test for excess errors)
FAIL: g++.dg/lookup/builtin2.C -std=c++98 (test for excess errors)
FAIL: g++.dg/lookup/crash3.C -std=c++11 (test for excess errors)
FAIL: g++.dg/lookup/crash3.C -std=c++14 (test for excess errors)
FAIL: g++.dg/lookup/crash3.C -std=c++98 (test for excess errors)
FAIL: g++.dg/lookup/friend20.C -std=c++11 (test for excess errors)
FAIL: g++.dg/lookup/friend20.C -std=c++14 (test for excess errors)
FAIL: g++.dg/lookup/friend20.C -std=c++98 (test for excess errors)
FAIL: g++.dg/lookup/pr80891-5.C -std=c++11 (test for excess errors)
FAIL: g++.dg/lookup/pr80891-5.C -std=c++14 (test for excess errors)
FAIL: g++.dg/lookup/pr80891-5.C -std=c++98 (test for excess errors)
FAIL: g++.dg/lookup/struct2.C -std=c++11 (test for excess errors)
FAIL: g++.dg/lookup/struct2.C -std=c++14 (test for excess errors)
FAIL: g++.dg/lookup/struct2.C -std=c++98 (test for excess errors)
FAIL: g++.dg/opt/20050511-1.C -std=gnu++11 execution test
FAIL: g++.dg/opt/20050511-1.C -std=gnu++14 execution test
FAIL: g++.dg/opt/20050511-1.C -std=gnu++98 execution test
FAIL: g++.dg/opt/combine.C -std=gnu++11 (test for excess errors)
FAIL: g++.dg/opt/combine.C -std=gnu++14 (test for excess errors)
FAIL: g++.dg/opt/combine.C -std=gnu++98 (test for excess errors)
FAIL: g++.dg/opt/complex3.C -std=gnu++11 (test for excess errors)
FAIL: g++.dg/opt/complex3.C -std=gnu++14 (test for excess errors)
FAIL: g++.dg/opt/complex3.C -std=gnu++98 (test for excess errors)
FAIL: g++.dg/opt/const3.C -std=gnu++11 (test for excess errors)
FAIL: g++.dg/opt/const3.C -std=gnu++11 execution test
FAIL: g++.dg/opt/const3.C -std=gnu++14 (test for excess errors)
FAIL: g++.dg/opt/const3.C -std=gnu++14 execution test
FAIL: g++.dg/opt/const3.C -std=gnu++98 (test for excess errors)
FAIL: g++.dg/opt/const3.C -std=gnu++98 execution test
FAIL: g++.dg/opt/covariant1.C -std=gnu++11 (test for excess errors)
FAIL: g++.dg/opt/covariant1.C -std=gnu++14 (test for excess errors)
FAIL: g++.dg/opt/covariant1.C -std=gnu++98 (test for excess errors)
FAIL: g++.dg/opt/declone3.C -std=gnu++11 (test for excess errors)
FAIL: g++.dg/opt/declone3.C -std=gnu++14 (test for excess errors)
FAIL: g++.dg/opt/dump1.C -std=gnu++11 (test for excess errors)
FAIL: g++.dg/opt/dump1.C -std=gnu++14 (test for excess errors)
FAIL: g++.dg/opt/inline15.C -std=gnu++11 (test for excess errors)
FAIL: g++.dg/opt/inline15.C -std=gnu++14 (test for excess errors)
FAIL: g++.dg/opt/inline15.C -std=gnu++98 (test for excess errors)
FAIL: g++.dg/opt/local1.C -std=gnu++11 (test for excess errors)
FAIL: g++.dg/opt/local1.C -std=gnu++14 (test for excess errors)
FAIL: g++.dg/opt/local1.C -std=gnu++98 (test for excess errors)
FAIL: g++.dg/opt/memcpy1.C -std=gnu++11 (test for excess errors)
FAIL: g++.dg/opt/memcpy1.C -std=gnu++14 (test for excess errors)
FAIL: g++.dg/opt/memcpy1.C -std=gnu++98 (test for excess errors)
FAIL: g++.dg/opt/new1.C -std=gnu++11 (test for excess errors)
FAIL: g++.dg/opt/new1.C -std=gnu++14 (test for excess errors)
FAIL: g++.dg/opt/new1.C -std=gnu++98 (test for excess errors)
FAIL: g++.dg/opt/nrv8.C -std=gnu++11 (test for excess errors)
FAIL: g++.dg/opt/nrv8.C -std=gnu++14 (test for excess errors)
FAIL: g++.dg/opt/nrv8.C -std=gnu++98 (test for excess errors)
FAIL: g++.dg/opt/pr23299.C -std=gnu++11 (test for excess errors)
FAIL: g++.dg/opt/pr23299.C -std=gnu++11 execution test
FAIL: g++.dg/opt/pr23299.C -std=gnu++14 (test for excess errors)
FAIL: g++.dg/opt/pr23299.C -std=gnu++14 execution test
FAIL: g++.dg/opt/pr23299.C -std=gnu++98 (test for excess errors)
FAIL: g++.dg/opt/pr23299.C -std=gnu++98 execution test
FAIL: g++.dg/opt/pr27826.C -std=gnu++11 (test for excess errors)
FAIL: g++.dg/opt/pr27826.C -std=gnu++14 (test for excess errors)
FAIL: g++.dg/opt/pr27826.C -std=gnu++98 (test for excess errors)
FAIL: g++.dg/opt/pr44919.C -std=gnu++11 (test for excess errors)
FAIL: g++.dg/opt/pr44919.C -std=gnu++14 (test for excess errors)
FAIL: g++.dg/opt/pr44919.C -std=gnu++98 (test for excess errors)
FAIL: g++.dg/opt/pr47615.C -std=gnu++11 (test for excess errors)
FAIL: g++.dg/opt/pr47615.C -std=gnu++14 (test for excess errors)
FAIL: g++.dg/opt/pr47615.C -std=gnu++98 (test for excess errors)
FAIL: g++.dg/opt/pr55329.C -std=gnu++11 (test for excess errors)
FAIL: g++.dg/opt/pr55329.C -std=gnu++14 (test for excess errors)
FAIL: g++.dg/opt/pr55329.C -std=gnu++98 (test for excess errors)
FAIL: g++.dg/opt/pr61456.C (test for excess errors)
FAIL: g++.dg/opt/pr65003.C -std=gnu++11 (test for excess errors)
FAIL: g++.dg/opt/pr65003.C -std=gnu++14 (test for excess errors)
FAIL: g++.dg/opt/pr65003.C -std=gnu++98 (test for excess errors)
FAIL: g++.dg/opt/pr65554.C -std=gnu++11 (test for excess errors)
FAIL: g++.dg/opt/pr65554.C -std=gnu++14 (test for excess errors)
FAIL: g++.dg/opt/pr69432.C -std=gnu++11 (test for excess errors)
FAIL: g++.dg/opt/pr69432.C -std=gnu++14 (test for excess errors)
FAIL: g++.dg/opt/pr69432.C -std=gnu++98 (test for excess errors)
FAIL: g++.dg/opt/pr78373.C -std=c++11 (test for excess errors)
FAIL: g++.dg/opt/pr78373.C -std=c++14 (test for excess errors)
FAIL: g++.dg/opt/pr79267.C -std=gnu++11 (test for excess errors)
FAIL: g++.dg/opt/pr79267.C -std=gnu++14 (test for excess errors)
FAIL: g++.dg/opt/pr79267.C -std=gnu++98 (test for excess errors)
FAIL: g++.dg/opt/pr82159-2.C -std=gnu++11 (test for excess errors)
FAIL: g++.dg/opt/pr82159-2.C -std=gnu++14 (test for excess errors)
FAIL: g++.dg/opt/pr82159-2.C -std=gnu++98 (test for excess errors)
FAIL: g++.dg/other/array3.C -std=c++11 (test for excess errors)
FAIL: g++.dg/other/array3.C -std=c++14 (test for excess errors)
FAIL: g++.dg/other/array3.C -std=c++98 (test for excess errors)
FAIL: g++.dg/other/copy2.C -std=c++11 (test for excess errors)
FAIL: g++.dg/other/copy2.C -std=c++11 execution test
FAIL: g++.dg/other/copy2.C -std=c++14 (test for excess errors)
FAIL: g++.dg/other/copy2.C -std=c++14 execution test
FAIL: g++.dg/other/copy2.C -std=c++98 (test for excess errors)
FAIL: g++.dg/other/copy2.C -std=c++98 execution test
FAIL: g++.dg/other/crash-5.C -std=c++11 (test for excess errors)
FAIL: g++.dg/other/crash-5.C -std=c++14 (test for excess errors)
FAIL: g++.dg/other/crash-5.C -std=c++98 (test for excess errors)
FAIL: g++.dg/other/crash-8.C -std=gnu++11 (test for excess errors)
FAIL: g++.dg/other/crash-8.C -std=gnu++14 (test for excess errors)
FAIL: g++.dg/other/error34.C -std=gnu++11 (test for excess errors)
FAIL: g++.dg/other/error34.C -std=gnu++14 (test for excess errors)
FAIL: g++.dg/other/error34.C -std=gnu++98 (test for excess errors)
FAIL: g++.dg/other/pr22003.C -std=gnu++11 (test for excess errors)
FAIL: g++.dg/other/pr22003.C -std=gnu++14 (test for excess errors)
FAIL: g++.dg/other/pr22003.C -std=gnu++98 (test for excess errors)
FAIL: g++.dg/other/pr24623.C -std=gnu++11 (test for excess errors)
FAIL: g++.dg/other/pr24623.C -std=gnu++14 (test for excess errors)
FAIL: g++.dg/other/pr24623.C -std=gnu++98 (test for excess errors)
FAIL: g++.dg/other/pr29610.C -std=gnu++11 (test for excess errors)
FAIL: g++.dg/other/pr29610.C -std=gnu++14 (test for excess errors)
FAIL: g++.dg/other/pr29610.C -std=gnu++98 (test for excess errors)
FAIL: g++.dg/other/pr42645-1.C -std=gnu++11 (test for excess errors)
FAIL: g++.dg/other/pr42645-1.C -std=gnu++14 (test for excess errors)
FAIL: g++.dg/other/pr42645-1.C -std=gnu++98 (test for excess errors)
FAIL: g++.dg/other/pr42645-2.C -std=gnu++11 (test for excess errors)
FAIL: g++.dg/other/pr42645-2.C -std=gnu++14 (test for excess errors)
FAIL: g++.dg/other/pr42645-2.C -std=gnu++98 (test for excess errors)
FAIL: g++.dg/other/pr52048.C -std=gnu++11 (test for excess errors)
FAIL: g++.dg/other/pr52048.C -std=gnu++14 (test for excess errors)
FAIL: g++.dg/other/pr52048.C -std=gnu++98 (test for excess errors)
FAIL: g++.dg/other/typedef3.C -std=c++11 (test for excess errors)
FAIL: g++.dg/other/typedef3.C -std=c++14 (test for excess errors)
FAIL: g++.dg/other/typedef3.C -std=c++98 (test for excess errors)
FAIL: g++.dg/overload/addr1.C -std=c++11 (test for excess errors)
FAIL: g++.dg/overload/addr1.C -std=c++11 execution test
FAIL: g++.dg/overload/addr1.C -std=c++14 (test for excess errors)
FAIL: g++.dg/overload/addr1.C -std=c++14 execution test
FAIL: g++.dg/overload/addr1.C -std=c++98 (test for excess errors)
FAIL: g++.dg/overload/addr1.C -std=c++98 execution test
FAIL: g++.dg/overload/defarg4.C -std=c++11 (test for excess errors)
FAIL: g++.dg/overload/defarg4.C -std=c++14 (test for excess errors)
FAIL: g++.dg/overload/defarg4.C -std=c++98 (test for excess errors)
FAIL: g++.dg/overload/operator5.C -std=c++11 (test for excess errors)
FAIL: g++.dg/overload/operator5.C -std=c++14 (test for excess errors)
FAIL: g++.dg/overload/operator5.C -std=c++98 (test for excess errors)
FAIL: g++.dg/overload/ref-conv1.C -std=c++11 (test for excess errors)
FAIL: g++.dg/overload/ref-conv1.C -std=c++14 (test for excess errors)
FAIL: g++.dg/overload/ref-conv1.C -std=c++98 (test for excess errors)
FAIL: g++.dg/overload/template5.C -std=c++11 (test for excess errors)
FAIL: g++.dg/overload/template5.C -std=c++14 (test for excess errors)
FAIL: g++.dg/overload/template5.C -std=c++98 (test for excess errors)
FAIL: g++.dg/parse/crash40.C -std=c++11 (test for excess errors)
FAIL: g++.dg/parse/crash40.C -std=c++14 (test for excess errors)
FAIL: g++.dg/parse/crash40.C -std=c++98 (test for excess errors)
FAIL: g++.dg/parse/crash61.C -std=c++11 (test for excess errors)
FAIL: g++.dg/parse/crash61.C -std=c++14 (test for excess errors)
FAIL: g++.dg/parse/crash61.C -std=c++98 (test for excess errors)
FAIL: g++.dg/parse/crash67.C -std=c++11 (test for excess errors)
FAIL: g++.dg/parse/crash67.C -std=c++14 (test for excess errors)
FAIL: g++.dg/parse/crash67.C -std=c++98 (test for excess errors)
FAIL: g++.dg/parse/ctor5.C -std=c++11 (test for excess errors)
FAIL: g++.dg/parse/ctor5.C -std=c++14 (test for excess errors)
FAIL: g++.dg/parse/ctor5.C -std=c++98 (test for excess errors)
FAIL: g++.dg/parse/defarg4.C -std=c++11 (test for excess errors)
FAIL: g++.dg/parse/defarg4.C -std=c++14 (test for excess errors)
FAIL: g++.dg/parse/defarg4.C -std=c++98 (test for excess errors)
FAIL: g++.dg/parse/defarg6.C -std=c++11 (test for excess errors)
FAIL: g++.dg/parse/defarg6.C -std=c++14 (test for excess errors)
FAIL: g++.dg/parse/defarg6.C -std=c++98 (test for excess errors)
FAIL: g++.dg/parse/error5.C -std=gnu++11 (test for excess errors)
FAIL: g++.dg/parse/error5.C -std=gnu++14 (test for excess errors)
FAIL: g++.dg/parse/error5.C -std=gnu++98 (test for excess errors)
FAIL: g++.dg/parse/expr2.C -std=c++11 (test for excess errors)
FAIL: g++.dg/parse/expr2.C -std=c++14 (test for excess errors)
FAIL: g++.dg/parse/expr2.C -std=c++98 (test for excess errors)
FAIL: g++.dg/parse/friend7.C -std=c++11 (test for excess errors)
FAIL: g++.dg/parse/friend7.C -std=c++14 (test for excess errors)
FAIL: g++.dg/parse/friend7.C -std=c++98 (test for excess errors)
FAIL: g++.dg/parse/namespace1.C -std=c++11 (test for excess errors)
FAIL: g++.dg/parse/namespace1.C -std=c++14 (test for excess errors)
FAIL: g++.dg/parse/namespace1.C -std=c++98 (test for excess errors)
FAIL: g++.dg/parse/namespace9.C -std=c++11 (test for excess errors)
FAIL: g++.dg/parse/namespace9.C -std=c++14 (test for excess errors)
FAIL: g++.dg/parse/namespace9.C -std=c++98 (test for excess errors)
FAIL: g++.dg/parse/ret-type2.C -std=c++11 (test for excess errors)
FAIL: g++.dg/parse/ret-type2.C -std=c++14 (test for excess errors)
FAIL: g++.dg/parse/ret-type2.C -std=c++98 (test for excess errors)
FAIL: g++.dg/parse/typedef8.C -std=c++11 (test for excess errors)
FAIL: g++.dg/parse/typedef8.C -std=c++14 (test for excess errors)
FAIL: g++.dg/parse/typedef8.C -std=c++98 (test for excess errors)
FAIL: g++.dg/pr48484.C -std=gnu++11 warning (test for warnings, line 98)
FAIL: g++.dg/pr48484.C -std=gnu++14 warning (test for warnings, line 98)
FAIL: g++.dg/pr48484.C -std=gnu++98 warning (test for warnings, line 98)
FAIL: g++.dg/pr55513.C -std=gnu++11 (test for excess errors)
FAIL: g++.dg/pr55513.C -std=gnu++14 (test for excess errors)
FAIL: g++.dg/pr55513.C -std=gnu++98 (test for excess errors)
FAIL: g++.dg/pr55604.C -std=gnu++11 (test for excess errors)
FAIL: g++.dg/pr55604.C -std=gnu++14 (test for excess errors)
FAIL: g++.dg/pr55604.C -std=gnu++98 (test for excess errors)
FAIL: g++.dg/pr57662.C -std=gnu++11 (test for excess errors)
FAIL: g++.dg/pr57662.C -std=gnu++14 (test for excess errors)
FAIL: g++.dg/pr57662.C -std=gnu++98 (test for excess errors)
FAIL: g++.dg/pr58389.C -std=gnu++11 (test for excess errors)
FAIL: g++.dg/pr58389.C -std=gnu++14 (test for excess errors)
FAIL: g++.dg/pr58389.C -std=gnu++98 (test for excess errors)
FAIL: g++.dg/pr59510.C -std=gnu++11 (test for excess errors)
FAIL: g++.dg/pr59510.C -std=gnu++14 (test for excess errors)
FAIL: g++.dg/pr59510.C -std=gnu++98 (test for excess errors)
FAIL: g++.dg/pr67989.C (test for excess errors)
FAIL: g++.dg/pr70590-2.C -std=gnu++11 (test for excess errors)
FAIL: g++.dg/pr70590-2.C -std=gnu++14 (test for excess errors)
FAIL: g++.dg/pr70590.C -std=gnu++11 (test for excess errors)
FAIL: g++.dg/pr70590.C -std=gnu++14 (test for excess errors)
FAIL: g++.dg/pr70965.C (test for excess errors)
FAIL: g++.dg/pr77550.C (test for excess errors)
FAIL: g++.dg/pr80287.C -std=gnu++11 (test for excess errors)
FAIL: g++.dg/pr80287.C -std=gnu++14 (test for excess errors)
FAIL: g++.dg/pr80707.C -std=gnu++11 (test for excess errors)
FAIL: g++.dg/pr80707.C -std=gnu++14 (test for excess errors)
FAIL: g++.dg/pr80707.C -std=gnu++98 (test for excess errors)
FAIL: g++.dg/pr81194.C (test for excess errors)
FAIL: g++.dg/spellcheck-identifiers.C -std=gnu++11 (test for excess errors)
FAIL: g++.dg/spellcheck-identifiers.C -std=gnu++14 (test for excess errors)
FAIL: g++.dg/spellcheck-identifiers.C -std=gnu++98 (test for excess errors)
FAIL: g++.dg/tc1/dr152.C -std=c++11 (test for excess errors)
FAIL: g++.dg/tc1/dr152.C -std=c++14 (test for excess errors)
FAIL: g++.dg/tc1/dr152.C -std=c++98 (test for excess errors)
FAIL: g++.dg/template/aggr-init1.C -std=c++11 (test for excess errors)
FAIL: g++.dg/template/aggr-init1.C -std=c++14 (test for excess errors)
FAIL: g++.dg/template/aggr-init1.C -std=c++98 (test for excess errors)
FAIL: g++.dg/template/anon1.C -std=c++11 (test for excess errors)
FAIL: g++.dg/template/anon1.C -std=c++14 (test for excess errors)
FAIL: g++.dg/template/anon1.C -std=c++98 (test for excess errors)
FAIL: g++.dg/template/array29.C -std=c++11 (test for excess errors)
FAIL: g++.dg/template/array29.C -std=c++14 (test for excess errors)
FAIL: g++.dg/template/array29.C -std=c++98 (test for excess errors)
FAIL: g++.dg/template/array7.C -std=c++11 (test for excess errors)
FAIL: g++.dg/template/array7.C -std=c++14 (test for excess errors)
FAIL: g++.dg/template/array7.C -std=c++98 (test for excess errors)
FAIL: g++.dg/template/canon-type-8.C -std=gnu++11 (test for excess errors)
FAIL: g++.dg/template/canon-type-8.C -std=gnu++14 (test for excess errors)
FAIL: g++.dg/template/canon-type-8.C -std=gnu++98 (test for excess errors)
FAIL: g++.dg/template/conv1.C -std=c++11 (test for excess errors)
FAIL: g++.dg/template/conv1.C -std=c++14 (test for excess errors)
FAIL: g++.dg/template/conv1.C -std=c++98 (test for excess errors)
FAIL: g++.dg/template/crash107.C -std=gnu++11 (test for excess errors)
FAIL: g++.dg/template/crash107.C -std=gnu++14 (test for excess errors)
FAIL: g++.dg/template/crash107.C -std=gnu++98 (test for excess errors)
FAIL: g++.dg/template/crash23.C -std=c++11 (test for excess errors)
FAIL: g++.dg/template/crash23.C -std=c++14 (test for excess errors)
FAIL: g++.dg/template/crash23.C -std=c++98 (test for excess errors)
FAIL: g++.dg/template/crash8.C -std=c++11 (test for excess errors)
FAIL: g++.dg/template/crash8.C -std=c++14 (test for excess errors)
FAIL: g++.dg/template/crash8.C -std=c++98 (test for excess errors)
FAIL: g++.dg/template/defarg4.C -std=c++11 (test for excess errors)
FAIL: g++.dg/template/defarg4.C -std=c++14 (test for excess errors)
FAIL: g++.dg/template/defarg4.C -std=c++98 (test for excess errors)
FAIL: g++.dg/template/dependent-expr9.C -std=c++11 (test for excess errors)
FAIL: g++.dg/template/dependent-expr9.C -std=c++14 (test for excess errors)
FAIL: g++.dg/template/dependent-expr9.C -std=c++98 (test for excess errors)
FAIL: g++.dg/template/error10.C (test for excess errors)
FAIL: g++.dg/template/friend32.C -std=c++11 (test for excess errors)
FAIL: g++.dg/template/friend32.C -std=c++14 (test for excess errors)
FAIL: g++.dg/template/friend32.C -std=c++98 (test for excess errors)
FAIL: g++.dg/template/init6.C -std=c++11 (test for excess errors)
FAIL: g++.dg/template/init6.C -std=c++14 (test for excess errors)
FAIL: g++.dg/template/init6.C -std=c++98 (test for excess errors)
FAIL: g++.dg/template/memfriend7.C -std=c++11 (test for excess errors)
FAIL: g++.dg/template/memfriend7.C -std=c++14 (test for excess errors)
FAIL: g++.dg/template/memfriend7.C -std=c++98 (test for excess errors)
FAIL: g++.dg/template/new10.C -std=c++11 (test for excess errors)
FAIL: g++.dg/template/new10.C -std=c++14 (test for excess errors)
FAIL: g++.dg/template/new10.C -std=c++98 (test for excess errors)
FAIL: g++.dg/template/nontype12.C -std=c++11 (test for excess errors)
FAIL: g++.dg/template/nontype12.C -std=c++14 (test for excess errors)
FAIL: g++.dg/template/nontype12.C -std=c++98 (test for excess errors)
FAIL: g++.dg/template/overload12.C -std=c++11 (test for excess errors)
FAIL: g++.dg/template/overload12.C -std=c++14 (test for excess errors)
FAIL: g++.dg/template/overload12.C -std=c++98 (test for excess errors)
FAIL: g++.dg/template/overload5.C -std=c++11 (test for excess errors)
FAIL: g++.dg/template/overload5.C -std=c++14 (test for excess errors)
FAIL: g++.dg/template/overload5.C -std=c++98 (test for excess errors)
FAIL: g++.dg/template/overload8.C -std=c++11 (test for excess errors)
FAIL: g++.dg/template/overload8.C -std=c++14 (test for excess errors)
FAIL: g++.dg/template/overload8.C -std=c++98 (test for excess errors)
FAIL: g++.dg/template/partial10.C -std=c++11 (test for excess errors)
FAIL: g++.dg/template/partial10.C -std=c++14 (test for excess errors)
FAIL: g++.dg/template/partial10.C -std=c++98 (test for excess errors)
FAIL: g++.dg/template/partial9.C -std=c++11 (test for excess errors)
FAIL: g++.dg/template/partial9.C -std=c++14 (test for excess errors)
FAIL: g++.dg/template/partial9.C -std=c++98 (test for excess errors)
FAIL: g++.dg/template/qual1.C -std=c++11 (test for excess errors)
FAIL: g++.dg/template/qual1.C -std=c++14 (test for excess errors)
FAIL: g++.dg/template/qual1.C -std=c++98 (test for excess errors)
FAIL: g++.dg/template/show-template-tree-3.C -std=gnu++11 (test for excess errors)
FAIL: g++.dg/template/show-template-tree-3.C -std=gnu++14 (test for excess errors)
FAIL: g++.dg/template/show-template-tree-3.C -std=gnu++98 (test for excess errors)
FAIL: g++.dg/template/sizeof8.C -std=c++11 (test for excess errors)
FAIL: g++.dg/template/sizeof8.C -std=c++14 (test for excess errors)
FAIL: g++.dg/template/sizeof8.C -std=c++98 (test for excess errors)
FAIL: g++.dg/template/sizeof9.C -std=c++11 (test for excess errors)
FAIL: g++.dg/template/sizeof9.C -std=c++14 (test for excess errors)
FAIL: g++.dg/template/sizeof9.C -std=c++98 (test for excess errors)
FAIL: g++.dg/template/spec6.C -std=c++11 (test for excess errors)
FAIL: g++.dg/template/spec6.C -std=c++14 (test for excess errors)
FAIL: g++.dg/template/spec6.C -std=c++98 (test for excess errors)
FAIL: g++.dg/template/spec7.C -std=c++11 (test for excess errors)
FAIL: g++.dg/template/spec7.C -std=c++14 (test for excess errors)
FAIL: g++.dg/template/spec7.C -std=c++98 (test for excess errors)
FAIL: g++.dg/template/typedef8.C -std=c++11 (test for excess errors)
FAIL: g++.dg/template/typedef8.C -std=c++14 (test for excess errors)
FAIL: g++.dg/template/typedef8.C -std=c++98 (test for excess errors)
FAIL: g++.dg/template/using20.C -std=c++11 (test for excess errors)
FAIL: g++.dg/template/using20.C -std=c++14 (test for excess errors)
FAIL: g++.dg/template/using20.C -std=c++98 (test for excess errors)
FAIL: g++.dg/template/vla1.C -std=gnu++11 (test for excess errors)
FAIL: g++.dg/template/vla1.C -std=gnu++14 (test for excess errors)
FAIL: g++.dg/template/vla1.C -std=gnu++98 (test for excess errors)
FAIL: g++.dg/tree-ssa/copyprop.C (test for excess errors)
FAIL: g++.dg/tree-ssa/pr22444.C -std=gnu++11 (test for excess errors)
FAIL: g++.dg/tree-ssa/pr22444.C -std=gnu++14 (test for excess errors)
FAIL: g++.dg/tree-ssa/pr22444.C -std=gnu++98 (test for excess errors)
FAIL: g++.dg/tree-ssa/pr23948.C -std=gnu++11 (test for excess errors)
FAIL: g++.dg/tree-ssa/pr23948.C -std=gnu++14 (test for excess errors)
FAIL: g++.dg/tree-ssa/pr23948.C -std=gnu++98 (test for excess errors)
FAIL: g++.dg/tree-ssa/pr24172.C -std=gnu++11 (test for excess errors)
FAIL: g++.dg/tree-ssa/pr24172.C -std=gnu++14 (test for excess errors)
FAIL: g++.dg/tree-ssa/pr24172.C -std=gnu++98 (test for excess errors)
FAIL: g++.dg/tree-ssa/pr24351-3.C -std=gnu++11 (test for excess errors)
FAIL: g++.dg/tree-ssa/pr24351-3.C -std=gnu++14 (test for excess errors)
FAIL: g++.dg/tree-ssa/pr24351-3.C -std=gnu++98 (test for excess errors)
FAIL: g++.dg/tree-ssa/pr27283.C -std=gnu++11 (test for excess errors)
FAIL: g++.dg/tree-ssa/pr27283.C -std=gnu++14 (test for excess errors)
FAIL: g++.dg/tree-ssa/pr27283.C -std=gnu++98 (test for excess errors)
FAIL: g++.dg/tree-ssa/pr27291.C -std=gnu++11 (test for excess errors)
FAIL: g++.dg/tree-ssa/pr27291.C -std=gnu++14 (test for excess errors)
FAIL: g++.dg/tree-ssa/pr27291.C -std=gnu++98 (test for excess errors)
FAIL: g++.dg/tree-ssa/pr27548.C -std=gnu++11 (test for excess errors)
FAIL: g++.dg/tree-ssa/pr27548.C -std=gnu++14 (test for excess errors)
FAIL: g++.dg/tree-ssa/pr27548.C -std=gnu++98 (test for excess errors)
FAIL: g++.dg/tree-ssa/pr33604.C -std=gnu++11 scan-tree-dump-times optimized ".MEM_[0-9]*\\\\(D\\\\)" 2 (found 0 times)
FAIL: g++.dg/tree-ssa/pr33604.C -std=gnu++11 (test for excess errors)
FAIL: g++.dg/tree-ssa/pr33604.C -std=gnu++11 execution test
FAIL: g++.dg/tree-ssa/pr33604.C -std=gnu++14 scan-tree-dump-times optimized ".MEM_[0-9]*\\\\(D\\\\)" 2 (found 0 times)
FAIL: g++.dg/tree-ssa/pr33604.C -std=gnu++14 (test for excess errors)
FAIL: g++.dg/tree-ssa/pr33604.C -std=gnu++14 execution test
FAIL: g++.dg/tree-ssa/pr33604.C -std=gnu++98 scan-tree-dump-times optimized ".MEM_[0-9]*\\\\(D\\\\)" 2 (found 0 times)
FAIL: g++.dg/tree-ssa/pr33604.C -std=gnu++98 (test for excess errors)
FAIL: g++.dg/tree-ssa/pr33604.C -std=gnu++98 execution test
FAIL: g++.dg/tree-ssa/pr34355.C -std=gnu++11 (test for excess errors)
FAIL: g++.dg/tree-ssa/pr34355.C -std=gnu++14 (test for excess errors)
FAIL: g++.dg/tree-ssa/pr34355.C -std=gnu++98 (test for excess errors)
FAIL: g++.dg/tree-ssa/pr42337.C -std=gnu++11 (test for excess errors)
FAIL: g++.dg/tree-ssa/pr42337.C -std=gnu++14 (test for excess errors)
FAIL: g++.dg/tree-ssa/pr42337.C -std=gnu++98 (test for excess errors)
FAIL: g++.dg/tree-ssa/pr81408.C (test for warnings, line 89)
FAIL: g++.dg/tree-ssa/pr81408.C (test for excess errors)
FAIL: g++.dg/tree-ssa/pred-1.C -std=gnu++11 (test for excess errors)
FAIL: g++.dg/tree-ssa/pred-1.C -std=gnu++14 (test for excess errors)
FAIL: g++.dg/tree-ssa/pred-1.C -std=gnu++98 (test for excess errors)
FAIL: g++.dg/warn/Waddress-3.C -std=gnu++11 (test for excess errors)
FAIL: g++.dg/warn/Waddress-3.C -std=gnu++14 (test for excess errors)
FAIL: g++.dg/warn/Wconversion-null-2.C -std=gnu++11 (test for excess errors)
FAIL: g++.dg/warn/Wconversion-null-2.C -std=gnu++14 (test for excess errors)
FAIL: g++.dg/warn/Wconversion-null-2.C -std=gnu++98 (test for excess errors)
FAIL: g++.dg/warn/Wnull-conversion-2.C -std=gnu++11 (test for excess errors)
FAIL: g++.dg/warn/Wnull-conversion-2.C -std=gnu++14 (test for excess errors)
FAIL: g++.dg/warn/Wnull-conversion-2.C -std=gnu++98 (test for excess errors)
FAIL: g++.dg/warn/Wparentheses-10.C -std=gnu++11 (test for excess errors)
FAIL: g++.dg/warn/Wparentheses-10.C -std=gnu++14 (test for excess errors)
FAIL: g++.dg/warn/Wparentheses-10.C -std=gnu++98 (test for excess errors)
FAIL: g++.dg/warn/Wparentheses-11.C -std=gnu++11 (test for excess errors)
FAIL: g++.dg/warn/Wparentheses-11.C -std=gnu++14 (test for excess errors)
FAIL: g++.dg/warn/Wparentheses-11.C -std=gnu++98 (test for excess errors)
FAIL: g++.dg/warn/Wparentheses-12.C -std=gnu++11 (test for excess errors)
FAIL: g++.dg/warn/Wparentheses-12.C -std=gnu++14 (test for excess errors)
FAIL: g++.dg/warn/Wparentheses-12.C -std=gnu++98 (test for excess errors)
FAIL: g++.dg/warn/Wparentheses-25.C -std=gnu++11 (test for excess errors)
FAIL: g++.dg/warn/Wparentheses-25.C -std=gnu++14 (test for excess errors)
FAIL: g++.dg/warn/Wparentheses-25.C -std=gnu++98 (test for excess errors)
FAIL: g++.dg/warn/Wparentheses-6.C -std=gnu++11 (test for excess errors)
FAIL: g++.dg/warn/Wparentheses-6.C -std=gnu++14 (test for excess errors)
FAIL: g++.dg/warn/Wparentheses-6.C -std=gnu++98 (test for excess errors)
FAIL: g++.dg/warn/Wparentheses-7.C -std=gnu++11 (test for excess errors)
FAIL: g++.dg/warn/Wparentheses-7.C -std=gnu++14 (test for excess errors)
FAIL: g++.dg/warn/Wparentheses-7.C -std=gnu++98 (test for excess errors)
FAIL: g++.dg/warn/Wparentheses-8.C -std=gnu++11 (test for excess errors)
FAIL: g++.dg/warn/Wparentheses-8.C -std=gnu++14 (test for excess errors)
FAIL: g++.dg/warn/Wparentheses-8.C -std=gnu++98 (test for excess errors)
FAIL: g++.dg/warn/Wparentheses-9.C -std=gnu++11 (test for excess errors)
FAIL: g++.dg/warn/Wparentheses-9.C -std=gnu++14 (test for excess errors)
FAIL: g++.dg/warn/Wparentheses-9.C -std=gnu++98 (test for excess errors)
FAIL: g++.dg/warn/Wshadow-5.C -std=gnu++11 (test for excess errors)
FAIL: g++.dg/warn/Wshadow-5.C -std=gnu++14 (test for excess errors)
FAIL: g++.dg/warn/Wshadow-5.C -std=gnu++98 (test for excess errors)
FAIL: g++.dg/warn/Wtype-limits-Wextra.C -std=gnu++11 (test for excess errors)
FAIL: g++.dg/warn/Wtype-limits-Wextra.C -std=gnu++14 (test for excess errors)
FAIL: g++.dg/warn/Wtype-limits-Wextra.C -std=gnu++98 (test for excess errors)
FAIL: g++.dg/warn/Wtype-limits-no.C -std=gnu++11 (test for excess errors)
FAIL: g++.dg/warn/Wtype-limits-no.C -std=gnu++14 (test for excess errors)
FAIL: g++.dg/warn/Wtype-limits-no.C -std=gnu++98 (test for excess errors)
FAIL: g++.dg/warn/Wtype-limits.C -std=gnu++11 (test for excess errors)
FAIL: g++.dg/warn/Wtype-limits.C -std=gnu++14 (test for excess errors)
FAIL: g++.dg/warn/Wtype-limits.C -std=gnu++98 (test for excess errors)
FAIL: g++.dg/warn/Wunused-local-typedefs.C -std=gnu++11 (test for excess errors)
FAIL: g++.dg/warn/Wunused-local-typedefs.C -std=gnu++14 (test for excess errors)
FAIL: g++.dg/warn/Wunused-local-typedefs.C -std=gnu++98 (test for excess errors)
FAIL: g++.dg/warn/Wzero-as-null-pointer-constant-5.C -std=gnu++11 (test for excess errors)
FAIL: g++.dg/warn/Wzero-as-null-pointer-constant-5.C -std=gnu++14 (test for excess errors)
FAIL: g++.dg/warn/Wzero-as-null-pointer-constant-5.C -std=gnu++98 (test for excess errors)
FAIL: g++.dg/warn/pmf1.C -std=c++11 (test for excess errors)
FAIL: g++.dg/warn/pmf1.C -std=c++14 (test for excess errors)
FAIL: g++.dg/warn/pmf1.C -std=c++98 (test for excess errors)
FAIL: g++.dg/warn/string1.C -std=gnu++11 (test for warnings, line 17)
FAIL: g++.dg/warn/string1.C -std=gnu++11 (test for excess errors)
FAIL: g++.dg/warn/string1.C -std=gnu++14 (test for warnings, line 17)
FAIL: g++.dg/warn/string1.C -std=gnu++14 (test for excess errors)
FAIL: g++.dg/warn/string1.C -std=gnu++98 (test for warnings, line 17)
FAIL: g++.dg/warn/string1.C -std=gnu++98 (test for excess errors)
FAIL: g++.dg/gcov/gcov-1.C -std=gnu++11 gcov: 56 failures in line counts, 24 in branch percentages, 0 in return percentages, 0 in intermediate format
FAIL: g++.dg/gcov/gcov-1.C -std=gnu++11 line 100: is #####:should be 2
FAIL: g++.dg/gcov/gcov-1.C -std=gnu++11 line 102: is #####:should be 1
FAIL: g++.dg/gcov/gcov-1.C -std=gnu++11 line 103: is #####:should be 1
FAIL: g++.dg/gcov/gcov-1.C -std=gnu++11 line 105: is #####:should be 1
FAIL: g++.dg/gcov/gcov-1.C -std=gnu++11 line 113: is #####:should be 15
FAIL: g++.dg/gcov/gcov-1.C -std=gnu++11 line 115: is #####:should be 14
FAIL: g++.dg/gcov/gcov-1.C -std=gnu++11 line 116: is #####:should be 1
FAIL: g++.dg/gcov/gcov-1.C -std=gnu++11 line 118: is #####:should be 1
FAIL: g++.dg/gcov/gcov-1.C -std=gnu++11 line 141: is #####:should be 5
FAIL: g++.dg/gcov/gcov-1.C -std=gnu++11 line 142: expected branch percentages not found: 40
FAIL: g++.dg/gcov/gcov-1.C -std=gnu++11 line 143: is #####:should be 3
FAIL: g++.dg/gcov/gcov-1.C -std=gnu++11 line 145: is #####:should be 3
FAIL: g++.dg/gcov/gcov-1.C -std=gnu++11 line 150: is #####:should be 2
FAIL: g++.dg/gcov/gcov-1.C -std=gnu++11 line 152: is #####:should be 1
FAIL: g++.dg/gcov/gcov-1.C -std=gnu++11 line 154: is #####:should be 1
FAIL: g++.dg/gcov/gcov-1.C -std=gnu++11 line 156: is #####:should be 5
FAIL: g++.dg/gcov/gcov-1.C -std=gnu++11 line 158: is #####:should be 1
FAIL: g++.dg/gcov/gcov-1.C -std=gnu++11 line 160: is #####:should be 5
FAIL: g++.dg/gcov/gcov-1.C -std=gnu++11 line 161: expected branch percentages not found: 20
FAIL: g++.dg/gcov/gcov-1.C -std=gnu++11 line 162: is #####:should be 1
FAIL: g++.dg/gcov/gcov-1.C -std=gnu++11 line 164: is #####:should be 1
FAIL: g++.dg/gcov/gcov-1.C -std=gnu++11 line 165: is #####:should be 5
FAIL: g++.dg/gcov/gcov-1.C -std=gnu++11 line 173: is #####:should be 6
FAIL: g++.dg/gcov/gcov-1.C -std=gnu++11 line 175: is #####:should be 1
FAIL: g++.dg/gcov/gcov-1.C -std=gnu++11 line 177: is #####:should be 6
FAIL: g++.dg/gcov/gcov-1.C -std=gnu++11 line 181: is #####:should be 6
FAIL: g++.dg/gcov/gcov-1.C -std=gnu++11 line 183: is #####:should be 3
FAIL: g++.dg/gcov/gcov-1.C -std=gnu++11 line 185: is #####:should be 6
FAIL: g++.dg/gcov/gcov-1.C -std=gnu++11 line 187: is #####:should be 2
FAIL: g++.dg/gcov/gcov-1.C -std=gnu++11 line 189: is #####:should be 4
FAIL: g++.dg/gcov/gcov-1.C -std=gnu++11 line 192: is #####:should be 4
FAIL: g++.dg/gcov/gcov-1.C -std=gnu++11 line 200: is #####:should be 11
FAIL: g++.dg/gcov/gcov-1.C -std=gnu++11 line 202: is #####:should be 1
FAIL: g++.dg/gcov/gcov-1.C -std=gnu++11 line 204: is #####:should be 11
FAIL: g++.dg/gcov/gcov-1.C -std=gnu++11 line 205: expected branch percentages not found: 45
FAIL: g++.dg/gcov/gcov-1.C -std=gnu++11 line 206: is #####:should be 5
FAIL: g++.dg/gcov/gcov-1.C -std=gnu++11 line 207: expected branch percentages not found: 40
FAIL: g++.dg/gcov/gcov-1.C -std=gnu++11 line 208: is #####:should be 2
FAIL: g++.dg/gcov/gcov-1.C -std=gnu++11 line 210: is #####:should be 1
FAIL: g++.dg/gcov/gcov-1.C -std=gnu++11 line 212: is #####:should be 11
FAIL: g++.dg/gcov/gcov-1.C -std=gnu++11 line 214: is #####:should be 3
FAIL: g++.dg/gcov/gcov-1.C -std=gnu++11 line 215: is #####:should be 11
FAIL: g++.dg/gcov/gcov-1.C -std=gnu++11 line 254: is #####:should be 5
FAIL: g++.dg/gcov/gcov-1.C -std=gnu++11 line 257: is #####:should be 5
FAIL: g++.dg/gcov/gcov-1.C -std=gnu++11 line 261: is #####:should be 1
FAIL: g++.dg/gcov/gcov-1.C -std=gnu++11 line 269: is #####:should be 3
FAIL: g++.dg/gcov/gcov-1.C -std=gnu++11 line 271: is #####:should be 1
FAIL: g++.dg/gcov/gcov-1.C -std=gnu++11 line 272: is #####:should be 2
FAIL: g++.dg/gcov/gcov-1.C -std=gnu++11 line 275: is #####:should be 1
FAIL: g++.dg/gcov/gcov-1.C -std=gnu++11 line 276: is #####:should be 1
FAIL: g++.dg/gcov/gcov-1.C -std=gnu++11 line 279: is #####:should be 4
FAIL: g++.dg/gcov/gcov-1.C -std=gnu++11 line 33: is #####:should be 1
FAIL: g++.dg/gcov/gcov-1.C -std=gnu++11 line 39: is #####:should be 1
FAIL: g++.dg/gcov/gcov-1.C -std=gnu++11 line 41: is #####:should be 1
FAIL: g++.dg/gcov/gcov-1.C -std=gnu++11 line 55: is #####:should be 3
FAIL: g++.dg/gcov/gcov-1.C -std=gnu++11 line 58: is #####:should be 9
FAIL: g++.dg/gcov/gcov-1.C -std=gnu++11 line 59: is #####:should be 3
FAIL: g++.dg/gcov/gcov-1.C -std=gnu++11 line 66: is #####:should be 6
FAIL: g++.dg/gcov/gcov-1.C -std=gnu++11 line 73: is #####:should be 81
FAIL: g++.dg/gcov/gcov-1.C -std=gnu++11 line 74: is #####:should be 6
FAIL: g++.dg/gcov/gcov-1.C -std=gnu++11 line n: expected branch percentages not found: 0
FAIL: g++.dg/gcov/gcov-1.C -std=gnu++11 line n: expected branch percentages not found: 0
FAIL: g++.dg/gcov/gcov-1.C -std=gnu++11 line n: expected branch percentages not found: 0
FAIL: g++.dg/gcov/gcov-1.C -std=gnu++11 line n: expected branch percentages not found: 0
FAIL: g++.dg/gcov/gcov-1.C -std=gnu++11 line n: expected branch percentages not found: 17
FAIL: g++.dg/gcov/gcov-1.C -std=gnu++11 line n: expected branch percentages not found: 20
FAIL: g++.dg/gcov/gcov-1.C -std=gnu++11 line n: expected branch percentages not found: 20 0 40 20
FAIL: g++.dg/gcov/gcov-1.C -std=gnu++11 line n: expected branch percentages not found: 25
FAIL: g++.dg/gcov/gcov-1.C -std=gnu++11 line n: expected branch percentages not found: 27
FAIL: g++.dg/gcov/gcov-1.C -std=gnu++11 line n: expected branch percentages not found: 27 50 25
FAIL: g++.dg/gcov/gcov-1.C -std=gnu++11 line n: expected branch percentages not found: 30
FAIL: g++.dg/gcov/gcov-1.C -std=gnu++11 line n: expected branch percentages not found: 32
FAIL: g++.dg/gcov/gcov-1.C -std=gnu++11 line n: expected branch percentages not found: 33
FAIL: g++.dg/gcov/gcov-1.C -std=gnu++11 line n: expected branch percentages not found: 33
FAIL: g++.dg/gcov/gcov-1.C -std=gnu++11 line n: expected branch percentages not found: 50
FAIL: g++.dg/gcov/gcov-1.C -std=gnu++11 line n: expected branch percentages not found: 50
FAIL: g++.dg/gcov/gcov-1.C -std=gnu++11 line n: expected branch percentages not found: 50
FAIL: g++.dg/gcov/gcov-1.C -std=gnu++11 line n: expected branch percentages not found: 50
FAIL: g++.dg/gcov/gcov-1.C -std=gnu++11 line n: expected branch percentages not found: 7
FAIL: g++.dg/gcov/gcov-1.C -std=gnu++11 line n: expected branch percentages not found: 9 10 11
FAIL: g++.dg/gcov/gcov-1.C -std=gnu++11 (test for excess errors)
FAIL: g++.dg/gcov/gcov-1.C -std=gnu++11 execution test
FAIL: g++.dg/gcov/gcov-1.C -std=gnu++14 gcov: 56 failures in line counts, 24 in branch percentages, 0 in return percentages, 0 in intermediate format
FAIL: g++.dg/gcov/gcov-1.C -std=gnu++14 line 100: is #####:should be 2
FAIL: g++.dg/gcov/gcov-1.C -std=gnu++14 line 102: is #####:should be 1
FAIL: g++.dg/gcov/gcov-1.C -std=gnu++14 line 103: is #####:should be 1
FAIL: g++.dg/gcov/gcov-1.C -std=gnu++14 line 105: is #####:should be 1
FAIL: g++.dg/gcov/gcov-1.C -std=gnu++14 line 113: is #####:should be 15
FAIL: g++.dg/gcov/gcov-1.C -std=gnu++14 line 115: is #####:should be 14
FAIL: g++.dg/gcov/gcov-1.C -std=gnu++14 line 116: is #####:should be 1
FAIL: g++.dg/gcov/gcov-1.C -std=gnu++14 line 118: is #####:should be 1
FAIL: g++.dg/gcov/gcov-1.C -std=gnu++14 line 141: is #####:should be 5
FAIL: g++.dg/gcov/gcov-1.C -std=gnu++14 line 142: expected branch percentages not found: 40
FAIL: g++.dg/gcov/gcov-1.C -std=gnu++14 line 143: is #####:should be 3
FAIL: g++.dg/gcov/gcov-1.C -std=gnu++14 line 145: is #####:should be 3
FAIL: g++.dg/gcov/gcov-1.C -std=gnu++14 line 150: is #####:should be 2
FAIL: g++.dg/gcov/gcov-1.C -std=gnu++14 line 152: is #####:should be 1
FAIL: g++.dg/gcov/gcov-1.C -std=gnu++14 line 154: is #####:should be 1
FAIL: g++.dg/gcov/gcov-1.C -std=gnu++14 line 156: is #####:should be 5
FAIL: g++.dg/gcov/gcov-1.C -std=gnu++14 line 158: is #####:should be 1
FAIL: g++.dg/gcov/gcov-1.C -std=gnu++14 line 160: is #####:should be 5
FAIL: g++.dg/gcov/gcov-1.C -std=gnu++14 line 161: expected branch percentages not found: 20
FAIL: g++.dg/gcov/gcov-1.C -std=gnu++14 line 162: is #####:should be 1
FAIL: g++.dg/gcov/gcov-1.C -std=gnu++14 line 164: is #####:should be 1
FAIL: g++.dg/gcov/gcov-1.C -std=gnu++14 line 165: is #####:should be 5
FAIL: g++.dg/gcov/gcov-1.C -std=gnu++14 line 173: is #####:should be 6
FAIL: g++.dg/gcov/gcov-1.C -std=gnu++14 line 175: is #####:should be 1
FAIL: g++.dg/gcov/gcov-1.C -std=gnu++14 line 177: is #####:should be 6
FAIL: g++.dg/gcov/gcov-1.C -std=gnu++14 line 181: is #####:should be 6
FAIL: g++.dg/gcov/gcov-1.C -std=gnu++14 line 183: is #####:should be 3
FAIL: g++.dg/gcov/gcov-1.C -std=gnu++14 line 185: is #####:should be 6
FAIL: g++.dg/gcov/gcov-1.C -std=gnu++14 line 187: is #####:should be 2
FAIL: g++.dg/gcov/gcov-1.C -std=gnu++14 line 189: is #####:should be 4
FAIL: g++.dg/gcov/gcov-1.C -std=gnu++14 line 192: is #####:should be 4
FAIL: g++.dg/gcov/gcov-1.C -std=gnu++14 line 200: is #####:should be 11
FAIL: g++.dg/gcov/gcov-1.C -std=gnu++14 line 202: is #####:should be 1
FAIL: g++.dg/gcov/gcov-1.C -std=gnu++14 line 204: is #####:should be 11
FAIL: g++.dg/gcov/gcov-1.C -std=gnu++14 line 205: expected branch percentages not found: 45
FAIL: g++.dg/gcov/gcov-1.C -std=gnu++14 line 206: is #####:should be 5
FAIL: g++.dg/gcov/gcov-1.C -std=gnu++14 line 207: expected branch percentages not found: 40
FAIL: g++.dg/gcov/gcov-1.C -std=gnu++14 line 208: is #####:should be 2
FAIL: g++.dg/gcov/gcov-1.C -std=gnu++14 line 210: is #####:should be 1
FAIL: g++.dg/gcov/gcov-1.C -std=gnu++14 line 212: is #####:should be 11
FAIL: g++.dg/gcov/gcov-1.C -std=gnu++14 line 214: is #####:should be 3
FAIL: g++.dg/gcov/gcov-1.C -std=gnu++14 line 215: is #####:should be 11
FAIL: g++.dg/gcov/gcov-1.C -std=gnu++14 line 254: is #####:should be 5
FAIL: g++.dg/gcov/gcov-1.C -std=gnu++14 line 257: is #####:should be 5
FAIL: g++.dg/gcov/gcov-1.C -std=gnu++14 line 261: is #####:should be 1
FAIL: g++.dg/gcov/gcov-1.C -std=gnu++14 line 269: is #####:should be 3
FAIL: g++.dg/gcov/gcov-1.C -std=gnu++14 line 271: is #####:should be 1
FAIL: g++.dg/gcov/gcov-1.C -std=gnu++14 line 272: is #####:should be 2
FAIL: g++.dg/gcov/gcov-1.C -std=gnu++14 line 275: is #####:should be 1
FAIL: g++.dg/gcov/gcov-1.C -std=gnu++14 line 276: is #####:should be 1
FAIL: g++.dg/gcov/gcov-1.C -std=gnu++14 line 279: is #####:should be 4
FAIL: g++.dg/gcov/gcov-1.C -std=gnu++14 line 33: is #####:should be 1
FAIL: g++.dg/gcov/gcov-1.C -std=gnu++14 line 39: is #####:should be 1
FAIL: g++.dg/gcov/gcov-1.C -std=gnu++14 line 41: is #####:should be 1
FAIL: g++.dg/gcov/gcov-1.C -std=gnu++14 line 55: is #####:should be 3
FAIL: g++.dg/gcov/gcov-1.C -std=gnu++14 line 58: is #####:should be 9
FAIL: g++.dg/gcov/gcov-1.C -std=gnu++14 line 59: is #####:should be 3
FAIL: g++.dg/gcov/gcov-1.C -std=gnu++14 line 66: is #####:should be 6
FAIL: g++.dg/gcov/gcov-1.C -std=gnu++14 line 73: is #####:should be 81
FAIL: g++.dg/gcov/gcov-1.C -std=gnu++14 line 74: is #####:should be 6
FAIL: g++.dg/gcov/gcov-1.C -std=gnu++14 line n: expected branch percentages not found: 0
FAIL: g++.dg/gcov/gcov-1.C -std=gnu++14 line n: expected branch percentages not found: 0
FAIL: g++.dg/gcov/gcov-1.C -std=gnu++14 line n: expected branch percentages not found: 0
FAIL: g++.dg/gcov/gcov-1.C -std=gnu++14 line n: expected branch percentages not found: 0
FAIL: g++.dg/gcov/gcov-1.C -std=gnu++14 line n: expected branch percentages not found: 17
FAIL: g++.dg/gcov/gcov-1.C -std=gnu++14 line n: expected branch percentages not found: 20
FAIL: g++.dg/gcov/gcov-1.C -std=gnu++14 line n: expected branch percentages not found: 20 0 40 20
FAIL: g++.dg/gcov/gcov-1.C -std=gnu++14 line n: expected branch percentages not found: 25
FAIL: g++.dg/gcov/gcov-1.C -std=gnu++14 line n: expected branch percentages not found: 27
FAIL: g++.dg/gcov/gcov-1.C -std=gnu++14 line n: expected branch percentages not found: 27 50 25
FAIL: g++.dg/gcov/gcov-1.C -std=gnu++14 line n: expected branch percentages not found: 30
FAIL: g++.dg/gcov/gcov-1.C -std=gnu++14 line n: expected branch percentages not found: 32
FAIL: g++.dg/gcov/gcov-1.C -std=gnu++14 line n: expected branch percentages not found: 33
FAIL: g++.dg/gcov/gcov-1.C -std=gnu++14 line n: expected branch percentages not found: 33
FAIL: g++.dg/gcov/gcov-1.C -std=gnu++14 line n: expected branch percentages not found: 50
FAIL: g++.dg/gcov/gcov-1.C -std=gnu++14 line n: expected branch percentages not found: 50
FAIL: g++.dg/gcov/gcov-1.C -std=gnu++14 line n: expected branch percentages not found: 50
FAIL: g++.dg/gcov/gcov-1.C -std=gnu++14 line n: expected branch percentages not found: 50
FAIL: g++.dg/gcov/gcov-1.C -std=gnu++14 line n: expected branch percentages not found: 7
FAIL: g++.dg/gcov/gcov-1.C -std=gnu++14 line n: expected branch percentages not found: 9 10 11
FAIL: g++.dg/gcov/gcov-1.C -std=gnu++14 (test for excess errors)
FAIL: g++.dg/gcov/gcov-1.C -std=gnu++14 execution test
FAIL: g++.dg/gcov/gcov-1.C -std=gnu++98 gcov: 56 failures in line counts, 24 in branch percentages, 0 in return percentages, 0 in intermediate format
FAIL: g++.dg/gcov/gcov-1.C -std=gnu++98 line 100: is #####:should be 2
FAIL: g++.dg/gcov/gcov-1.C -std=gnu++98 line 102: is #####:should be 1
FAIL: g++.dg/gcov/gcov-1.C -std=gnu++98 line 103: is #####:should be 1
FAIL: g++.dg/gcov/gcov-1.C -std=gnu++98 line 105: is #####:should be 1
FAIL: g++.dg/gcov/gcov-1.C -std=gnu++98 line 113: is #####:should be 15
FAIL: g++.dg/gcov/gcov-1.C -std=gnu++98 line 115: is #####:should be 14
FAIL: g++.dg/gcov/gcov-1.C -std=gnu++98 line 116: is #####:should be 1
FAIL: g++.dg/gcov/gcov-1.C -std=gnu++98 line 118: is #####:should be 1
FAIL: g++.dg/gcov/gcov-1.C -std=gnu++98 line 141: is #####:should be 5
FAIL: g++.dg/gcov/gcov-1.C -std=gnu++98 line 142: expected branch percentages not found: 40
FAIL: g++.dg/gcov/gcov-1.C -std=gnu++98 line 143: is #####:should be 3
FAIL: g++.dg/gcov/gcov-1.C -std=gnu++98 line 145: is #####:should be 3
FAIL: g++.dg/gcov/gcov-1.C -std=gnu++98 line 150: is #####:should be 2
FAIL: g++.dg/gcov/gcov-1.C -std=gnu++98 line 152: is #####:should be 1
FAIL: g++.dg/gcov/gcov-1.C -std=gnu++98 line 154: is #####:should be 1
FAIL: g++.dg/gcov/gcov-1.C -std=gnu++98 line 156: is #####:should be 5
FAIL: g++.dg/gcov/gcov-1.C -std=gnu++98 line 158: is #####:should be 1
FAIL: g++.dg/gcov/gcov-1.C -std=gnu++98 line 160: is #####:should be 5
FAIL: g++.dg/gcov/gcov-1.C -std=gnu++98 line 161: expected branch percentages not found: 20
FAIL: g++.dg/gcov/gcov-1.C -std=gnu++98 line 162: is #####:should be 1
FAIL: g++.dg/gcov/gcov-1.C -std=gnu++98 line 164: is #####:should be 1
FAIL: g++.dg/gcov/gcov-1.C -std=gnu++98 line 165: is #####:should be 5
FAIL: g++.dg/gcov/gcov-1.C -std=gnu++98 line 173: is #####:should be 6
FAIL: g++.dg/gcov/gcov-1.C -std=gnu++98 line 175: is #####:should be 1
FAIL: g++.dg/gcov/gcov-1.C -std=gnu++98 line 177: is #####:should be 6
FAIL: g++.dg/gcov/gcov-1.C -std=gnu++98 line 181: is #####:should be 6
FAIL: g++.dg/gcov/gcov-1.C -std=gnu++98 line 183: is #####:should be 3
FAIL: g++.dg/gcov/gcov-1.C -std=gnu++98 line 185: is #####:should be 6
FAIL: g++.dg/gcov/gcov-1.C -std=gnu++98 line 187: is #####:should be 2
FAIL: g++.dg/gcov/gcov-1.C -std=gnu++98 line 189: is #####:should be 4
FAIL: g++.dg/gcov/gcov-1.C -std=gnu++98 line 192: is #####:should be 4
FAIL: g++.dg/gcov/gcov-1.C -std=gnu++98 line 200: is #####:should be 11
FAIL: g++.dg/gcov/gcov-1.C -std=gnu++98 line 202: is #####:should be 1
FAIL: g++.dg/gcov/gcov-1.C -std=gnu++98 line 204: is #####:should be 11
FAIL: g++.dg/gcov/gcov-1.C -std=gnu++98 line 205: expected branch percentages not found: 45
FAIL: g++.dg/gcov/gcov-1.C -std=gnu++98 line 206: is #####:should be 5
FAIL: g++.dg/gcov/gcov-1.C -std=gnu++98 line 207: expected branch percentages not found: 40
FAIL: g++.dg/gcov/gcov-1.C -std=gnu++98 line 208: is #####:should be 2
FAIL: g++.dg/gcov/gcov-1.C -std=gnu++98 line 210: is #####:should be 1
FAIL: g++.dg/gcov/gcov-1.C -std=gnu++98 line 212: is #####:should be 11
FAIL: g++.dg/gcov/gcov-1.C -std=gnu++98 line 214: is #####:should be 3
FAIL: g++.dg/gcov/gcov-1.C -std=gnu++98 line 215: is #####:should be 11
FAIL: g++.dg/gcov/gcov-1.C -std=gnu++98 line 254: is #####:should be 5
FAIL: g++.dg/gcov/gcov-1.C -std=gnu++98 line 257: is #####:should be 5
FAIL: g++.dg/gcov/gcov-1.C -std=gnu++98 line 261: is #####:should be 1
FAIL: g++.dg/gcov/gcov-1.C -std=gnu++98 line 269: is #####:should be 3
FAIL: g++.dg/gcov/gcov-1.C -std=gnu++98 line 271: is #####:should be 1
FAIL: g++.dg/gcov/gcov-1.C -std=gnu++98 line 272: is #####:should be 2
FAIL: g++.dg/gcov/gcov-1.C -std=gnu++98 line 275: is #####:should be 1
FAIL: g++.dg/gcov/gcov-1.C -std=gnu++98 line 276: is #####:should be 1
FAIL: g++.dg/gcov/gcov-1.C -std=gnu++98 line 279: is #####:should be 4
FAIL: g++.dg/gcov/gcov-1.C -std=gnu++98 line 33: is #####:should be 1
FAIL: g++.dg/gcov/gcov-1.C -std=gnu++98 line 39: is #####:should be 1
FAIL: g++.dg/gcov/gcov-1.C -std=gnu++98 line 41: is #####:should be 1
FAIL: g++.dg/gcov/gcov-1.C -std=gnu++98 line 55: is #####:should be 3
FAIL: g++.dg/gcov/gcov-1.C -std=gnu++98 line 58: is #####:should be 9
FAIL: g++.dg/gcov/gcov-1.C -std=gnu++98 line 59: is #####:should be 3
FAIL: g++.dg/gcov/gcov-1.C -std=gnu++98 line 66: is #####:should be 6
FAIL: g++.dg/gcov/gcov-1.C -std=gnu++98 line 73: is #####:should be 81
FAIL: g++.dg/gcov/gcov-1.C -std=gnu++98 line 74: is #####:should be 6
FAIL: g++.dg/gcov/gcov-1.C -std=gnu++98 line n: expected branch percentages not found: 0
FAIL: g++.dg/gcov/gcov-1.C -std=gnu++98 line n: expected branch percentages not found: 0
FAIL: g++.dg/gcov/gcov-1.C -std=gnu++98 line n: expected branch percentages not found: 0
FAIL: g++.dg/gcov/gcov-1.C -std=gnu++98 line n: expected branch percentages not found: 0
FAIL: g++.dg/gcov/gcov-1.C -std=gnu++98 line n: expected branch percentages not found: 17
FAIL: g++.dg/gcov/gcov-1.C -std=gnu++98 line n: expected branch percentages not found: 20
FAIL: g++.dg/gcov/gcov-1.C -std=gnu++98 line n: expected branch percentages not found: 20 0 40 20
FAIL: g++.dg/gcov/gcov-1.C -std=gnu++98 line n: expected branch percentages not found: 25
FAIL: g++.dg/gcov/gcov-1.C -std=gnu++98 line n: expected branch percentages not found: 27
FAIL: g++.dg/gcov/gcov-1.C -std=gnu++98 line n: expected branch percentages not found: 27 50 25
FAIL: g++.dg/gcov/gcov-1.C -std=gnu++98 line n: expected branch percentages not found: 30
FAIL: g++.dg/gcov/gcov-1.C -std=gnu++98 line n: expected branch percentages not found: 32
FAIL: g++.dg/gcov/gcov-1.C -std=gnu++98 line n: expected branch percentages not found: 33
FAIL: g++.dg/gcov/gcov-1.C -std=gnu++98 line n: expected branch percentages not found: 33
FAIL: g++.dg/gcov/gcov-1.C -std=gnu++98 line n: expected branch percentages not found: 50
FAIL: g++.dg/gcov/gcov-1.C -std=gnu++98 line n: expected branch percentages not found: 50
FAIL: g++.dg/gcov/gcov-1.C -std=gnu++98 line n: expected branch percentages not found: 50
FAIL: g++.dg/gcov/gcov-1.C -std=gnu++98 line n: expected branch percentages not found: 50
FAIL: g++.dg/gcov/gcov-1.C -std=gnu++98 line n: expected branch percentages not found: 7
FAIL: g++.dg/gcov/gcov-1.C -std=gnu++98 line n: expected branch percentages not found: 9 10 11
FAIL: g++.dg/gcov/gcov-1.C -std=gnu++98 (test for excess errors)
FAIL: g++.dg/gcov/gcov-1.C -std=gnu++98 execution test
FAIL: g++.dg/gcov/gcov-threads-1.C -std=gnu++11 gcov: 3 failures in line counts, 0 in branch percentages, 0 in return percentages, 0 in intermediate format
FAIL: g++.dg/gcov/gcov-threads-1.C -std=gnu++11 line 14: is #####:should be 500005
FAIL: g++.dg/gcov/gcov-threads-1.C -std=gnu++11 line 16: is #####:should be 500000
FAIL: g++.dg/gcov/gcov-threads-1.C -std=gnu++11 line 44: is #####:should be 1
FAIL: g++.dg/gcov/gcov-threads-1.C -std=gnu++11 (test for excess errors)
FAIL: g++.dg/gcov/gcov-threads-1.C -std=gnu++11 execution test
FAIL: g++.dg/gcov/gcov-threads-1.C -std=gnu++14 gcov: 3 failures in line counts, 0 in branch percentages, 0 in return percentages, 0 in intermediate format
FAIL: g++.dg/gcov/gcov-threads-1.C -std=gnu++14 line 14: is #####:should be 500005
FAIL: g++.dg/gcov/gcov-threads-1.C -std=gnu++14 line 16: is #####:should be 500000
FAIL: g++.dg/gcov/gcov-threads-1.C -std=gnu++14 line 44: is #####:should be 1
FAIL: g++.dg/gcov/gcov-threads-1.C -std=gnu++14 (test for excess errors)
FAIL: g++.dg/gcov/gcov-threads-1.C -std=gnu++14 execution test
FAIL: g++.dg/gcov/gcov-threads-1.C -std=gnu++98 gcov: 3 failures in line counts, 0 in branch percentages, 0 in return percentages, 0 in intermediate format
FAIL: g++.dg/gcov/gcov-threads-1.C -std=gnu++98 line 14: is #####:should be 500005
FAIL: g++.dg/gcov/gcov-threads-1.C -std=gnu++98 line 16: is #####:should be 500000
FAIL: g++.dg/gcov/gcov-threads-1.C -std=gnu++98 line 44: is #####:should be 1
FAIL: g++.dg/gcov/gcov-threads-1.C -std=gnu++98 (test for excess errors)
FAIL: g++.dg/gcov/gcov-threads-1.C -std=gnu++98 execution test
FAIL: c-c++-common/goacc/parallel-1.c -std=c++11 (test for excess errors)
FAIL: c-c++-common/goacc/parallel-1.c -std=c++14 (test for excess errors)
FAIL: c-c++-common/goacc/parallel-1.c -std=c++98 (test for excess errors)
FAIL: g++.dg/goacc/reference.C -std=c++11 (test for excess errors)
FAIL: g++.dg/goacc/reference.C -std=c++14 (test for excess errors)
FAIL: g++.dg/goacc/reference.C -std=c++98 (test for excess errors)
FAIL: c-c++-common/gomp/sink-1.c -std=gnu++11 (test for excess errors)
FAIL: c-c++-common/gomp/sink-1.c -std=gnu++14 (test for excess errors)
FAIL: c-c++-common/gomp/sink-1.c -std=gnu++98 (test for excess errors)
FAIL: g++.dg/gomp/pr37189.C -std=gnu++11 (test for excess errors)
FAIL: g++.dg/gomp/pr37189.C -std=gnu++14 (test for excess errors)
FAIL: g++.dg/gomp/pr37189.C -std=gnu++98 (test for excess errors)
FAIL: g++.dg/gomp/pr39495-1.C -std=gnu++11 (test for excess errors)
FAIL: g++.dg/gomp/pr39495-1.C -std=gnu++14 (test for excess errors)
FAIL: g++.dg/gomp/pr39495-1.C -std=gnu++98 (test for excess errors)
FAIL: g++.dg/gomp/pr39495-2.C -std=gnu++11 (test for excess errors)
FAIL: g++.dg/gomp/pr39495-2.C -std=gnu++14 (test for excess errors)
FAIL: g++.dg/gomp/pr39495-2.C -std=gnu++98 (test for excess errors)
FAIL: g++.dg/gomp/pr41429.C -std=gnu++11 (test for excess errors)
FAIL: g++.dg/gomp/pr41429.C -std=gnu++14 (test for excess errors)
FAIL: g++.dg/gomp/pr41429.C -std=gnu++98 (test for excess errors)
FAIL: g++.dg/gomp/pr82054.C -std=c++11 (test for excess errors)
FAIL: g++.dg/gomp/pr82054.C -std=c++14 (test for excess errors)
FAIL: g++.dg/gomp/pr82054.C -std=c++98 (test for excess errors)
FAIL: g++.dg/lto/20080709 cp_lto_20080709_0.o assemble, -O0 -flto -flto-partition=1to1 -fno-use-linker-plugin
FAIL: g++.dg/lto/20080709 cp_lto_20080709_0.o assemble, -O0 -flto -flto-partition=none -fuse-linker-plugin
FAIL: g++.dg/lto/20080709 cp_lto_20080709_0.o assemble, -O0 -flto -fuse-linker-plugin -fno-fat-lto-objects
FAIL: g++.dg/lto/20080709 cp_lto_20080709_0.o assemble, -O2 -flto -flto-partition=1to1 -fno-use-linker-plugin
FAIL: g++.dg/lto/20080709 cp_lto_20080709_0.o assemble, -O2 -flto -flto-partition=none -fuse-linker-plugin -fno-fat-lto-objects
FAIL: g++.dg/lto/20080709 cp_lto_20080709_0.o assemble, -O2 -flto -fuse-linker-plugin
FAIL: g++.dg/lto/20080907 cp_lto_20080907_0.o assemble, -O0 -flto -flto-partition=1to1 -fno-use-linker-plugin
FAIL: g++.dg/lto/20080907 cp_lto_20080907_0.o assemble, -O0 -flto -flto-partition=none -fuse-linker-plugin
FAIL: g++.dg/lto/20080907 cp_lto_20080907_0.o assemble, -O0 -flto -fuse-linker-plugin -fno-fat-lto-objects
FAIL: g++.dg/lto/20080907 cp_lto_20080907_0.o assemble, -O2 -flto -flto-partition=1to1 -fno-use-linker-plugin
FAIL: g++.dg/lto/20080907 cp_lto_20080907_0.o assemble, -O2 -flto -flto-partition=none -fuse-linker-plugin -fno-fat-lto-objects
FAIL: g++.dg/lto/20080907 cp_lto_20080907_0.o assemble, -O2 -flto -fuse-linker-plugin
FAIL: g++.dg/lto/20080915 cp_lto_20080915_0.o assemble, -O0 -flto -flto-partition=1to1 -fno-use-linker-plugin
FAIL: g++.dg/lto/20080915 cp_lto_20080915_0.o assemble, -O0 -flto -flto-partition=none -fuse-linker-plugin
FAIL: g++.dg/lto/20080915 cp_lto_20080915_0.o assemble, -O0 -flto -fuse-linker-plugin -fno-fat-lto-objects
FAIL: g++.dg/lto/20080915 cp_lto_20080915_0.o assemble, -O2 -flto -flto-partition=1to1 -fno-use-linker-plugin
FAIL: g++.dg/lto/20080915 cp_lto_20080915_0.o assemble, -O2 -flto -flto-partition=none -fuse-linker-plugin -fno-fat-lto-objects
FAIL: g++.dg/lto/20080915 cp_lto_20080915_0.o assemble, -O2 -flto -fuse-linker-plugin
FAIL: g++.dg/lto/20080916 cp_lto_20080916_0.o assemble, -O0 -flto -flto-partition=1to1 -fno-use-linker-plugin
FAIL: g++.dg/lto/20080916 cp_lto_20080916_0.o assemble, -O0 -flto -flto-partition=none -fuse-linker-plugin
FAIL: g++.dg/lto/20080916 cp_lto_20080916_0.o assemble, -O0 -flto -fuse-linker-plugin -fno-fat-lto-objects
FAIL: g++.dg/lto/20080916 cp_lto_20080916_0.o assemble, -O2 -flto -flto-partition=1to1 -fno-use-linker-plugin
FAIL: g++.dg/lto/20080916 cp_lto_20080916_0.o assemble, -O2 -flto -flto-partition=none -fuse-linker-plugin -fno-fat-lto-objects
FAIL: g++.dg/lto/20080916 cp_lto_20080916_0.o assemble, -O2 -flto -fuse-linker-plugin
FAIL: g++.dg/lto/20081022 cp_lto_20081022_0.o assemble, -O0 -flto -flto-partition=1to1 -fno-use-linker-plugin
FAIL: g++.dg/lto/20081022 cp_lto_20081022_0.o assemble, -O0 -flto -flto-partition=none -fuse-linker-plugin
FAIL: g++.dg/lto/20081022 cp_lto_20081022_0.o assemble, -O0 -flto -fuse-linker-plugin -fno-fat-lto-objects
FAIL: g++.dg/lto/20081022 cp_lto_20081022_0.o assemble, -O2 -flto -flto-partition=1to1 -fno-use-linker-plugin
FAIL: g++.dg/lto/20081022 cp_lto_20081022_0.o assemble, -O2 -flto -flto-partition=none -fuse-linker-plugin -fno-fat-lto-objects
FAIL: g++.dg/lto/20081022 cp_lto_20081022_0.o assemble, -O2 -flto -fuse-linker-plugin
FAIL: g++.dg/lto/20081023 cp_lto_20081023_0.o assemble, -O0 -flto -flto-partition=1to1 -fno-use-linker-plugin
FAIL: g++.dg/lto/20081023 cp_lto_20081023_0.o assemble, -O0 -flto -flto-partition=none -fuse-linker-plugin
FAIL: g++.dg/lto/20081023 cp_lto_20081023_0.o assemble, -O0 -flto -fuse-linker-plugin -fno-fat-lto-objects
FAIL: g++.dg/lto/20081023 cp_lto_20081023_0.o assemble, -O2 -flto -flto-partition=1to1 -fno-use-linker-plugin
FAIL: g++.dg/lto/20081023 cp_lto_20081023_0.o assemble, -O2 -flto -flto-partition=none -fuse-linker-plugin -fno-fat-lto-objects
FAIL: g++.dg/lto/20081023 cp_lto_20081023_0.o assemble, -O2 -flto -fuse-linker-plugin
FAIL: g++.dg/lto/20081118 cp_lto_20081118_0.o assemble, -fPIC -flto -flto-partition=1to1 -r -nostdlib
FAIL: g++.dg/lto/20081118 cp_lto_20081118_1.o assemble, -fPIC -flto -flto-partition=1to1 -r -nostdlib
FAIL: g++.dg/lto/20081120-1 cp_lto_20081120-1_0.o assemble, -flto -r -nostdlib
FAIL: g++.dg/lto/20081120-1 cp_lto_20081120-1_1.o assemble, -flto -r -nostdlib
FAIL: g++.dg/lto/20081127 cp_lto_20081127_1.o assemble, -O0 -flto -flto-partition=1to1 -fno-use-linker-plugin
FAIL: g++.dg/lto/20081127 cp_lto_20081127_1.o assemble, -O0 -flto -flto-partition=none -fuse-linker-plugin
FAIL: g++.dg/lto/20081127 cp_lto_20081127_1.o assemble, -O0 -flto -fuse-linker-plugin -fno-fat-lto-objects
FAIL: g++.dg/lto/20081127 cp_lto_20081127_1.o assemble, -O2 -flto -flto-partition=1to1 -fno-use-linker-plugin
FAIL: g++.dg/lto/20081127 cp_lto_20081127_1.o assemble, -O2 -flto -flto-partition=none -fuse-linker-plugin -fno-fat-lto-objects
FAIL: g++.dg/lto/20081127 cp_lto_20081127_1.o assemble, -O2 -flto -fuse-linker-plugin
FAIL: g++.dg/lto/20081217-2 cp_lto_20081217-2_0.o assemble, -O0 -flto -flto-partition=1to1 -fno-use-linker-plugin
FAIL: g++.dg/lto/20081217-2 cp_lto_20081217-2_0.o assemble, -O0 -flto -flto-partition=none -fuse-linker-plugin
FAIL: g++.dg/lto/20081217-2 cp_lto_20081217-2_0.o assemble, -O0 -flto -fuse-linker-plugin -fno-fat-lto-objects
FAIL: g++.dg/lto/20081217-2 cp_lto_20081217-2_0.o assemble, -O2 -flto -flto-partition=1to1 -fno-use-linker-plugin
FAIL: g++.dg/lto/20081217-2 cp_lto_20081217-2_0.o assemble, -O2 -flto -flto-partition=none -fuse-linker-plugin -fno-fat-lto-objects
FAIL: g++.dg/lto/20081217-2 cp_lto_20081217-2_0.o assemble, -O2 -flto -fuse-linker-plugin
FAIL: g++.dg/lto/20090303 cp_lto_20090303_0.o assemble, -flto -flto-partition=1to1 -fPIC
FAIL: g++.dg/lto/20090311-1 cp_lto_20090311-1_0.o assemble, -O0 -flto -flto-partition=1to1 -fno-use-linker-plugin
FAIL: g++.dg/lto/20090311-1 cp_lto_20090311-1_0.o assemble, -O0 -flto -flto-partition=none -fuse-linker-plugin
FAIL: g++.dg/lto/20090311-1 cp_lto_20090311-1_0.o assemble, -O0 -flto -fuse-linker-plugin -fno-fat-lto-objects
FAIL: g++.dg/lto/20090311-1 cp_lto_20090311-1_0.o assemble, -O2 -flto -flto-partition=1to1 -fno-use-linker-plugin
FAIL: g++.dg/lto/20090311-1 cp_lto_20090311-1_0.o assemble, -O2 -flto -flto-partition=none -fuse-linker-plugin -fno-fat-lto-objects
FAIL: g++.dg/lto/20090311-1 cp_lto_20090311-1_0.o assemble, -O2 -flto -fuse-linker-plugin
FAIL: g++.dg/lto/20090312 cp_lto_20090312_0.o assemble, -O0 -flto -flto-partition=1to1 -fno-use-linker-plugin
FAIL: g++.dg/lto/20090312 cp_lto_20090312_0.o assemble, -O0 -flto -flto-partition=none -fuse-linker-plugin
FAIL: g++.dg/lto/20090312 cp_lto_20090312_0.o assemble, -O0 -flto -fuse-linker-plugin -fno-fat-lto-objects
FAIL: g++.dg/lto/20090312 cp_lto_20090312_0.o assemble, -O2 -flto -flto-partition=1to1 -fno-use-linker-plugin
FAIL: g++.dg/lto/20090312 cp_lto_20090312_0.o assemble, -O2 -flto -flto-partition=none -fuse-linker-plugin -fno-fat-lto-objects
FAIL: g++.dg/lto/20090312 cp_lto_20090312_0.o assemble, -O2 -flto -fuse-linker-plugin
FAIL: g++.dg/lto/20090315 cp_lto_20090315_0.o assemble, -O0 -flto -flto-partition=1to1 -fno-use-linker-plugin
FAIL: g++.dg/lto/20090315 cp_lto_20090315_0.o assemble, -O0 -flto -flto-partition=none -fuse-linker-plugin
FAIL: g++.dg/lto/20090315 cp_lto_20090315_0.o assemble, -O0 -flto -fuse-linker-plugin -fno-fat-lto-objects
FAIL: g++.dg/lto/20090315 cp_lto_20090315_0.o assemble, -O2 -flto -flto-partition=1to1 -fno-use-linker-plugin
FAIL: g++.dg/lto/20090315 cp_lto_20090315_0.o assemble, -O2 -flto -flto-partition=none -fuse-linker-plugin -fno-fat-lto-objects
FAIL: g++.dg/lto/20090315 cp_lto_20090315_0.o assemble, -O2 -flto -fuse-linker-plugin
FAIL: g++.dg/lto/20091002-1 cp_lto_20091002-1_0.o assemble, -fPIC -flto
FAIL: g++.dg/lto/20091002-2 cp_lto_20091002-2_0.o assemble, -fPIC
FAIL: g++.dg/lto/20091002-3 cp_lto_20091002-3_0.o assemble, -fPIC
FAIL: g++.dg/lto/20091004-1 cp_lto_20091004-1_0.o assemble, -fPIC -O -flto
FAIL: g++.dg/lto/20091004-1 cp_lto_20091004-1_1.o assemble, -fPIC -O -flto
FAIL: g++.dg/lto/20091004-2 cp_lto_20091004-2_0.o assemble, -fPIC -O -flto
FAIL: g++.dg/lto/20091004-2 cp_lto_20091004-2_1.o assemble, -fPIC -O -flto
FAIL: g++.dg/lto/20091004-3 cp_lto_20091004-3_1.o assemble, -O -flto
FAIL: g++.dg/lto/20100721-1 cp_lto_20100721-1_0.o assemble, -O0 -flto -flto-partition=1to1 -fno-use-linker-plugin
FAIL: g++.dg/lto/20100721-1 cp_lto_20100721-1_0.o assemble, -O0 -flto -flto-partition=none -fuse-linker-plugin
FAIL: g++.dg/lto/20100721-1 cp_lto_20100721-1_0.o assemble, -O0 -flto -fuse-linker-plugin -fno-fat-lto-objects
FAIL: g++.dg/lto/20100721-1 cp_lto_20100721-1_0.o assemble, -O2 -flto -flto-partition=1to1 -fno-use-linker-plugin
FAIL: g++.dg/lto/20100721-1 cp_lto_20100721-1_0.o assemble, -O2 -flto -flto-partition=none -fuse-linker-plugin -fno-fat-lto-objects
FAIL: g++.dg/lto/20100721-1 cp_lto_20100721-1_0.o assemble, -O2 -flto -fuse-linker-plugin
FAIL: g++.dg/lto/20101010-1 cp_lto_20101010-1_0.o assemble, -O0 -flto -flto-partition=1to1 -fno-use-linker-plugin
FAIL: g++.dg/lto/20101010-1 cp_lto_20101010-1_0.o assemble, -O0 -flto -flto-partition=none -fuse-linker-plugin
FAIL: g++.dg/lto/20101010-1 cp_lto_20101010-1_0.o assemble, -O0 -flto -fuse-linker-plugin -fno-fat-lto-objects
FAIL: g++.dg/lto/20101010-1 cp_lto_20101010-1_0.o assemble, -O2 -flto -flto-partition=1to1 -fno-use-linker-plugin
FAIL: g++.dg/lto/20101010-1 cp_lto_20101010-1_0.o assemble, -O2 -flto -flto-partition=none -fuse-linker-plugin -fno-fat-lto-objects
FAIL: g++.dg/lto/20101010-1 cp_lto_20101010-1_0.o assemble, -O2 -flto -fuse-linker-plugin
FAIL: g++.dg/lto/20101010-2 cp_lto_20101010-2_0.o assemble, -O0 -flto -flto-partition=1to1 -fno-use-linker-plugin
FAIL: g++.dg/lto/20101010-2 cp_lto_20101010-2_0.o assemble, -O0 -flto -flto-partition=none -fuse-linker-plugin
FAIL: g++.dg/lto/20101010-2 cp_lto_20101010-2_0.o assemble, -O0 -flto -fuse-linker-plugin -fno-fat-lto-objects
FAIL: g++.dg/lto/20101010-2 cp_lto_20101010-2_0.o assemble, -O2 -flto -flto-partition=1to1 -fno-use-linker-plugin
FAIL: g++.dg/lto/20101010-2 cp_lto_20101010-2_0.o assemble, -O2 -flto -flto-partition=none -fuse-linker-plugin -fno-fat-lto-objects
FAIL: g++.dg/lto/20101010-2 cp_lto_20101010-2_0.o assemble, -O2 -flto -fuse-linker-plugin
FAIL: g++.dg/lto/pr45679-1 cp_lto_pr45679-1_1.o assemble, -O3 -Wno-multichar
FAIL: g++.dg/lto/pr45679-2 cp_lto_pr45679-2_0.o assemble, -O3 -Wno-multichar
FAIL: g++.dg/lto/pr45679-2 cp_lto_pr45679-2_1.o assemble, -O3 -Wno-multichar
FAIL: g++.dg/lto/pr48042 cp_lto_pr48042_0.o assemble, -O0 -flto -flto-partition=1to1 -fno-use-linker-plugin
FAIL: g++.dg/lto/pr48042 cp_lto_pr48042_0.o assemble, -O0 -flto -flto-partition=none -fuse-linker-plugin
FAIL: g++.dg/lto/pr48042 cp_lto_pr48042_0.o assemble, -O0 -flto -fuse-linker-plugin -fno-fat-lto-objects
FAIL: g++.dg/lto/pr48042 cp_lto_pr48042_0.o assemble, -O2 -flto -flto-partition=1to1 -fno-use-linker-plugin
FAIL: g++.dg/lto/pr48042 cp_lto_pr48042_0.o assemble, -O2 -flto -flto-partition=none -fuse-linker-plugin -fno-fat-lto-objects
FAIL: g++.dg/lto/pr48042 cp_lto_pr48042_0.o assemble, -O2 -flto -fuse-linker-plugin
FAIL: g++.dg/lto/pr51650-1 cp_lto_pr51650-1_0.o assemble, -flto -g
FAIL: g++.dg/lto/pr51650-3 cp_lto_pr51650-3_0.o assemble, -flto -g
FAIL: g++.dg/lto/pr63270 cp_lto_pr63270_1.o assemble, -flto -O2 -Wno-odr
FAIL: g++.dg/lto/pr65193 cp_lto_pr65193_0.o assemble, -fPIC -r -nostdlib -flto -O2 -g
FAIL: g++.dg/lto/pr65302 cp_lto_pr65302_1.o assemble, -flto -O2
FAIL: g++.dg/lto/pr65316 cp_lto_pr65316_0.o assemble, -flto -std=c++11 -g2 -fno-lto-odr-type-merging -O2
FAIL: g++.dg/lto/pr65475c cp_lto_pr65475c_1.o assemble, -O2
FAIL: g++.dg/lto/pr65549 cp_lto_pr65549_0.o assemble, -std=gnu++14 -flto -g
FAIL: g++.dg/lto/pr65549 cp_lto_pr65549_0.o assemble, -std=gnu++14 -flto -g -O2 -fno-inline -flto-partition=max
FAIL: g++.dg/lto/pr69077 cp_lto_pr69077_0.o assemble, -O3 -g -flto
FAIL: g++.dg/lto/pr69589 cp_lto_pr69589_0.o assemble, -O2
FAIL: g++.dg/lto/pr69589 cp_lto_pr69589_0.o assemble, -rdynamic
FAIL: g++.dg/pch/static-1.C -O2 -I. -Dwith_PCH (test for excess errors)
FAIL: g++.dg/pch/static-1.C -O2 -I. -Dwithout_PCH (test for excess errors)
FAIL: g++.dg/pch/static-1.C -O2 -g -I. -Dwith_PCH (test for excess errors)
FAIL: g++.dg/pch/static-1.C -O2 -g -I. -Dwithout_PCH (test for excess errors)
FAIL: g++.dg/pch/static-1.C -g -I. -Dwith_PCH (test for excess errors)
FAIL: g++.dg/pch/static-1.C -g -I. -Dwithout_PCH (test for excess errors)
FAIL: g++.dg/plugin/diagnostic-test-expressions-1.C -fplugin=./diagnostic_plugin_test_tree_expression_range.so (test for excess errors)
FAIL: g++.dg/plugin/dumb-plugin-test-1.C -fplugin=./dumb_plugin.so (test for excess errors)
FAIL: g++.dg/plugin/self-assign-test-1.C -fplugin=./selfassign.so (test for excess errors)
FAIL: g++.dg/plugin/self-assign-test-2.C -fplugin=./selfassign.so (test for excess errors)
FAIL: g++.dg/plugin/self-assign-test-3.C -fplugin=./selfassign.so (test for excess errors)
FAIL: g++.dg/tls/thread_local3.C -std=gnu++11 (test for excess errors)
FAIL: g++.dg/tls/thread_local3.C -std=gnu++11 execution test
FAIL: g++.dg/tls/thread_local3.C -std=gnu++14 (test for excess errors)
FAIL: g++.dg/tls/thread_local3.C -std=gnu++14 execution test
FAIL: g++.dg/tls/thread_local3g.C -std=gnu++11 (test for excess errors)
FAIL: g++.dg/tls/thread_local3g.C -std=gnu++11 execution test
FAIL: g++.dg/tls/thread_local3g.C -std=gnu++14 (test for excess errors)
FAIL: g++.dg/tls/thread_local3g.C -std=gnu++14 execution test
FAIL: g++.dg/tls/thread_local5.C -std=gnu++11 (test for excess errors)
FAIL: g++.dg/tls/thread_local5.C -std=gnu++11 execution test
FAIL: g++.dg/tls/thread_local5.C -std=gnu++14 (test for excess errors)
FAIL: g++.dg/tls/thread_local5.C -std=gnu++14 execution test
FAIL: g++.dg/tls/thread_local5g.C -std=gnu++11 (test for excess errors)
FAIL: g++.dg/tls/thread_local5g.C -std=gnu++11 execution test
FAIL: g++.dg/tls/thread_local5g.C -std=gnu++14 (test for excess errors)
FAIL: g++.dg/tls/thread_local5g.C -std=gnu++14 execution test
FAIL: g++.dg/tls/thread_local6.C -std=c++11 (test for excess errors)
FAIL: g++.dg/tls/thread_local6.C -std=c++11 execution test
FAIL: g++.dg/tls/thread_local6.C -std=c++14 (test for excess errors)
FAIL: g++.dg/tls/thread_local6.C -std=c++14 execution test
FAIL: g++.dg/tls/thread_local6g.C -std=c++11 (test for excess errors)
FAIL: g++.dg/tls/thread_local6g.C -std=c++11 execution test
FAIL: g++.dg/tls/thread_local6g.C -std=c++14 (test for excess errors)
FAIL: g++.dg/tls/thread_local6g.C -std=c++14 execution test
FAIL: c-c++-common/tm/volatile-1.c -std=gnu++11 (test for excess errors)
FAIL: c-c++-common/tm/volatile-1.c -std=gnu++14 (test for excess errors)
FAIL: c-c++-common/tm/volatile-1.c -std=gnu++98 (test for excess errors)
FAIL: g++.dg/tm/cgraph_edge.C -std=gnu++11 (test for excess errors)
FAIL: g++.dg/tm/cgraph_edge.C -std=gnu++14 (test for excess errors)
FAIL: g++.dg/tm/cgraph_edge.C -std=gnu++98 (test for excess errors)
FAIL: g++.dg/tm/pr46646.C -std=gnu++11 (test for excess errors)
FAIL: g++.dg/tm/pr46646.C -std=gnu++14 (test for excess errors)
FAIL: g++.dg/tm/pr46646.C -std=gnu++98 (test for excess errors)
FAIL: g++.dg/tm/pr47554.C -std=gnu++11 (test for excess errors)
FAIL: g++.dg/tm/pr47554.C -std=gnu++14 (test for excess errors)
FAIL: g++.dg/tm/pr47554.C -std=gnu++98 (test for excess errors)
FAIL: g++.dg/tm/pr47573.C -std=gnu++11 (test for excess errors)
FAIL: g++.dg/tm/pr47573.C -std=gnu++14 (test for excess errors)
FAIL: g++.dg/tm/pr47573.C -std=gnu++98 (test for excess errors)
FAIL: g++.dg/tm/unsafe1.C -std=gnu++11 (test for excess errors)
FAIL: g++.dg/tm/unsafe1.C -std=gnu++14 (test for excess errors)
FAIL: g++.dg/tm/unsafe1.C -std=gnu++98 (test for excess errors)
FAIL: g++.dg/tm/unsafe2.C -std=gnu++11 (test for excess errors)
FAIL: g++.dg/tm/unsafe2.C -std=gnu++14 (test for excess errors)
FAIL: g++.dg/tm/unsafe2.C -std=gnu++98 (test for excess errors)
FAIL: g++.dg/torture/20070621-1.C -O0 (test for excess errors)
FAIL: g++.dg/torture/20070621-1.C -O1 (test for excess errors)
FAIL: g++.dg/torture/20070621-1.C -O2 (test for excess errors)
FAIL: g++.dg/torture/20070621-1.C -O2 -flto -fno-use-linker-plugin -flto-partition=none (test for excess errors)
FAIL: g++.dg/torture/20070621-1.C -O2 -flto -fuse-linker-plugin -fno-fat-lto-objects (test for excess errors)
FAIL: g++.dg/torture/20070621-1.C -O3 -fomit-frame-pointer -funroll-loops -fpeel-loops -ftracer -finline-functions (test for excess errors)
FAIL: g++.dg/torture/20070621-1.C -O3 -g (test for excess errors)
FAIL: g++.dg/torture/20070621-1.C -Os (test for excess errors)
FAIL: g++.dg/torture/20090329-1.C -O0 (test for excess errors)
FAIL: g++.dg/torture/20090329-1.C -O1 (test for excess errors)
FAIL: g++.dg/torture/20090329-1.C -O2 (test for excess errors)
FAIL: g++.dg/torture/20090329-1.C -O2 -flto -fno-use-linker-plugin -flto-partition=none (test for excess errors)
FAIL: g++.dg/torture/20090329-1.C -O2 -flto -fuse-linker-plugin -fno-fat-lto-objects (test for excess errors)
FAIL: g++.dg/torture/20090329-1.C -O3 -fomit-frame-pointer -funroll-loops -fpeel-loops -ftracer -finline-functions (test for excess errors)
FAIL: g++.dg/torture/20090329-1.C -O3 -g (test for excess errors)
FAIL: g++.dg/torture/20090329-1.C -Os (test for excess errors)
FAIL: g++.dg/torture/20141013.C -O0 (test for excess errors)
FAIL: g++.dg/torture/20141013.C -O1 (test for excess errors)
FAIL: g++.dg/torture/20141013.C -O2 (test for excess errors)
FAIL: g++.dg/torture/20141013.C -O2 -flto -fno-use-linker-plugin -flto-partition=none (test for excess errors)
FAIL: g++.dg/torture/20141013.C -O2 -flto -fuse-linker-plugin -fno-fat-lto-objects (test for excess errors)
FAIL: g++.dg/torture/20141013.C -O3 -fomit-frame-pointer -funroll-loops -fpeel-loops -ftracer -finline-functions (test for excess errors)
FAIL: g++.dg/torture/20141013.C -O3 -g (test for excess errors)
FAIL: g++.dg/torture/20141013.C -Os (test for excess errors)
FAIL: g++.dg/torture/pr33134.C -O0 (test for excess errors)
FAIL: g++.dg/torture/pr33134.C -O1 (test for excess errors)
FAIL: g++.dg/torture/pr33134.C -O2 (test for excess errors)
FAIL: g++.dg/torture/pr33134.C -O2 -flto -fno-use-linker-plugin -flto-partition=none (test for excess errors)
FAIL: g++.dg/torture/pr33134.C -O2 -flto -fuse-linker-plugin -fno-fat-lto-objects (test for excess errors)
FAIL: g++.dg/torture/pr33134.C -O3 -g (test for excess errors)
FAIL: g++.dg/torture/pr33134.C -Os (test for excess errors)
FAIL: g++.dg/torture/pr33340.C -O0 (test for excess errors)
FAIL: g++.dg/torture/pr33340.C -O1 (test for excess errors)
FAIL: g++.dg/torture/pr33340.C -O2 (test for excess errors)
FAIL: g++.dg/torture/pr33340.C -O2 -flto -fno-use-linker-plugin -flto-partition=none (test for excess errors)
FAIL: g++.dg/torture/pr33340.C -O2 -flto -fuse-linker-plugin -fno-fat-lto-objects (test for excess errors)
FAIL: g++.dg/torture/pr33340.C -O3 -g (test for excess errors)
FAIL: g++.dg/torture/pr33340.C -Os (test for excess errors)
FAIL: g++.dg/torture/pr33627.C -O0 (test for excess errors)
FAIL: g++.dg/torture/pr33627.C -O1 (test for excess errors)
FAIL: g++.dg/torture/pr33627.C -O2 (test for excess errors)
FAIL: g++.dg/torture/pr33627.C -O2 -flto -fno-use-linker-plugin -flto-partition=none (test for excess errors)
FAIL: g++.dg/torture/pr33627.C -O2 -flto -fuse-linker-plugin -fno-fat-lto-objects (test for excess errors)
FAIL: g++.dg/torture/pr33627.C -O3 -fomit-frame-pointer -funroll-loops -fpeel-loops -ftracer -finline-functions (test for excess errors)
FAIL: g++.dg/torture/pr33627.C -O3 -g (test for excess errors)
FAIL: g++.dg/torture/pr33627.C -Os (test for excess errors)
FAIL: g++.dg/torture/pr34222.C -O0 (test for excess errors)
FAIL: g++.dg/torture/pr34222.C -O1 (test for excess errors)
FAIL: g++.dg/torture/pr34222.C -O2 (test for excess errors)
FAIL: g++.dg/torture/pr34222.C -O2 -flto -fno-use-linker-plugin -flto-partition=none (test for excess errors)
FAIL: g++.dg/torture/pr34222.C -O2 -flto -fuse-linker-plugin -fno-fat-lto-objects (test for excess errors)
FAIL: g++.dg/torture/pr34222.C -O3 -g (test for excess errors)
FAIL: g++.dg/torture/pr34222.C -Os (test for excess errors)
FAIL: g++.dg/torture/pr34241.C -O0 (test for excess errors)
FAIL: g++.dg/torture/pr34241.C -O1 (test for excess errors)
FAIL: g++.dg/torture/pr34241.C -O2 (test for excess errors)
FAIL: g++.dg/torture/pr34241.C -O2 -flto -fno-use-linker-plugin -flto-partition=none (test for excess errors)
FAIL: g++.dg/torture/pr34241.C -O2 -flto -fuse-linker-plugin -fno-fat-lto-objects (test for excess errors)
FAIL: g++.dg/torture/pr34241.C -O3 -g (test for excess errors)
FAIL: g++.dg/torture/pr34241.C -Os (test for excess errors)
FAIL: g++.dg/torture/pr34641.C -O0 (test for excess errors)
FAIL: g++.dg/torture/pr34641.C -O1 (test for excess errors)
FAIL: g++.dg/torture/pr34641.C -O2 (test for excess errors)
FAIL: g++.dg/torture/pr34641.C -O2 -flto -fno-use-linker-plugin -flto-partition=none (test for excess errors)
FAIL: g++.dg/torture/pr34641.C -O2 -flto -fuse-linker-plugin -fno-fat-lto-objects (test for excess errors)
FAIL: g++.dg/torture/pr34641.C -O3 -fomit-frame-pointer -funroll-loops -fpeel-loops -ftracer -finline-functions (test for excess errors)
FAIL: g++.dg/torture/pr34641.C -O3 -g (test for excess errors)
FAIL: g++.dg/torture/pr34641.C -Os (test for excess errors)
FAIL: g++.dg/torture/pr34850.C -O1 (test for warnings, line 15)
FAIL: g++.dg/torture/pr34850.C -O1 (test for excess errors)
FAIL: g++.dg/torture/pr34850.C -O2 (test for warnings, line 15)
FAIL: g++.dg/torture/pr34850.C -O2 (test for excess errors)
FAIL: g++.dg/torture/pr34850.C -O2 -flto -fno-use-linker-plugin -flto-partition=none (test for warnings, line 15)
FAIL: g++.dg/torture/pr34850.C -O2 -flto -fno-use-linker-plugin -flto-partition=none (test for excess errors)
FAIL: g++.dg/torture/pr34850.C -O2 -flto -fuse-linker-plugin -fno-fat-lto-objects (test for warnings, line 15)
FAIL: g++.dg/torture/pr34850.C -O2 -flto -fuse-linker-plugin -fno-fat-lto-objects (test for excess errors)
FAIL: g++.dg/torture/pr34850.C -O3 -g (test for warnings, line 15)
FAIL: g++.dg/torture/pr34850.C -O3 -g (test for excess errors)
FAIL: g++.dg/torture/pr34850.C -Os (test for warnings, line 15)
FAIL: g++.dg/torture/pr34850.C -Os (test for excess errors)
FAIL: g++.dg/torture/pr35164-1.C -O0 (test for excess errors)
FAIL: g++.dg/torture/pr35164-1.C -O1 (test for excess errors)
FAIL: g++.dg/torture/pr35164-1.C -O2 (test for excess errors)
FAIL: g++.dg/torture/pr35164-1.C -O2 -flto -fno-use-linker-plugin -flto-partition=none (test for excess errors)
FAIL: g++.dg/torture/pr35164-1.C -O2 -flto -fuse-linker-plugin -fno-fat-lto-objects (test for excess errors)
FAIL: g++.dg/torture/pr35164-1.C -O3 -fomit-frame-pointer -funroll-loops -fpeel-loops -ftracer -finline-functions (test for excess errors)
FAIL: g++.dg/torture/pr35164-1.C -O3 -g (test for excess errors)
FAIL: g++.dg/torture/pr35164-1.C -Os (test for excess errors)
FAIL: g++.dg/torture/pr36745.C -O0 (test for excess errors)
FAIL: g++.dg/torture/pr36745.C -O1 (test for excess errors)
FAIL: g++.dg/torture/pr36745.C -O2 (test for excess errors)
FAIL: g++.dg/torture/pr36745.C -O2 -flto -fno-use-linker-plugin -flto-partition=none (test for excess errors)
FAIL: g++.dg/torture/pr36745.C -O2 -flto -fuse-linker-plugin -fno-fat-lto-objects (test for excess errors)
FAIL: g++.dg/torture/pr36745.C -O3 -fomit-frame-pointer -funroll-loops -fpeel-loops -ftracer -finline-functions (test for excess errors)
FAIL: g++.dg/torture/pr36745.C -O3 -g (test for excess errors)
FAIL: g++.dg/torture/pr36745.C -Os (test for excess errors)
FAIL: g++.dg/torture/pr38705.C -O0 (test for excess errors)
FAIL: g++.dg/torture/pr38705.C -O1 (test for excess errors)
FAIL: g++.dg/torture/pr38705.C -O2 (test for excess errors)
FAIL: g++.dg/torture/pr38705.C -O2 -flto -fno-use-linker-plugin -flto-partition=none (test for excess errors)
FAIL: g++.dg/torture/pr38705.C -O2 -flto -fuse-linker-plugin -fno-fat-lto-objects (test for excess errors)
FAIL: g++.dg/torture/pr38705.C -O3 -g (test for excess errors)
FAIL: g++.dg/torture/pr38705.C -Os (test for excess errors)
FAIL: g++.dg/torture/pr38811.C -O0 (test for excess errors)
FAIL: g++.dg/torture/pr38811.C -O1 (test for excess errors)
FAIL: g++.dg/torture/pr38811.C -O2 (test for excess errors)
FAIL: g++.dg/torture/pr38811.C -O2 -flto -fno-use-linker-plugin -flto-partition=none (test for excess errors)
FAIL: g++.dg/torture/pr38811.C -O2 -flto -fuse-linker-plugin -fno-fat-lto-objects (test for excess errors)
FAIL: g++.dg/torture/pr38811.C -O3 -fomit-frame-pointer -funroll-loops -fpeel-loops -ftracer -finline-functions (test for excess errors)
FAIL: g++.dg/torture/pr38811.C -O3 -g (test for excess errors)
FAIL: g++.dg/torture/pr38811.C -Os (test for excess errors)
FAIL: g++.dg/torture/pr39362.C -O0 (test for excess errors)
FAIL: g++.dg/torture/pr39362.C -O1 (test for excess errors)
FAIL: g++.dg/torture/pr39362.C -O2 (test for excess errors)
FAIL: g++.dg/torture/pr39362.C -O2 -flto -fno-use-linker-plugin -flto-partition=none (test for excess errors)
FAIL: g++.dg/torture/pr39362.C -O2 -flto -fuse-linker-plugin -fno-fat-lto-objects (test for excess errors)
FAIL: g++.dg/torture/pr39362.C -O3 -fomit-frame-pointer -funroll-loops -fpeel-loops -ftracer -finline-functions (test for excess errors)
FAIL: g++.dg/torture/pr39362.C -O3 -g (test for excess errors)
FAIL: g++.dg/torture/pr39362.C -Os (test for excess errors)
FAIL: g++.dg/torture/pr39732.C -O0 (test for excess errors)
FAIL: g++.dg/torture/pr39732.C -O1 (test for excess errors)
FAIL: g++.dg/torture/pr39732.C -O2 (test for excess errors)
FAIL: g++.dg/torture/pr39732.C -O2 -flto -fno-use-linker-plugin -flto-partition=none (test for excess errors)
FAIL: g++.dg/torture/pr39732.C -O2 -flto -fuse-linker-plugin -fno-fat-lto-objects (test for excess errors)
FAIL: g++.dg/torture/pr39732.C -O3 -g (test for excess errors)
FAIL: g++.dg/torture/pr39732.C -Os (test for excess errors)
FAIL: g++.dg/torture/pr40991.C -O0 (test for excess errors)
FAIL: g++.dg/torture/pr40991.C -O1 (test for excess errors)
FAIL: g++.dg/torture/pr40991.C -O2 (test for excess errors)
FAIL: g++.dg/torture/pr40991.C -O2 -flto -fno-use-linker-plugin -flto-partition=none (test for excess errors)
FAIL: g++.dg/torture/pr40991.C -O2 -flto -fuse-linker-plugin -fno-fat-lto-objects (test for excess errors)
FAIL: g++.dg/torture/pr40991.C -O3 -g (test for excess errors)
FAIL: g++.dg/torture/pr40991.C -Os (test for excess errors)
FAIL: g++.dg/torture/pr41775.C -O0 (test for excess errors)
FAIL: g++.dg/torture/pr41775.C -O1 (test for excess errors)
FAIL: g++.dg/torture/pr41775.C -O2 (test for excess errors)
FAIL: g++.dg/torture/pr41775.C -O2 -flto -fno-use-linker-plugin -flto-partition=none (test for excess errors)
FAIL: g++.dg/torture/pr41775.C -O2 -flto -fuse-linker-plugin -fno-fat-lto-objects (test for excess errors)
FAIL: g++.dg/torture/pr41775.C -O3 -fomit-frame-pointer -funroll-loops -fpeel-loops -ftracer -finline-functions (test for excess errors)
FAIL: g++.dg/torture/pr41775.C -O3 -g (test for excess errors)
FAIL: g++.dg/torture/pr41775.C -Os (test for excess errors)
FAIL: g++.dg/torture/pr42183.C -O0 (test for excess errors)
FAIL: g++.dg/torture/pr42183.C -O1 (test for excess errors)
FAIL: g++.dg/torture/pr42183.C -O2 (test for excess errors)
FAIL: g++.dg/torture/pr42183.C -O2 -flto -fno-use-linker-plugin -flto-partition=none (test for excess errors)
FAIL: g++.dg/torture/pr42183.C -O2 -flto -fuse-linker-plugin -fno-fat-lto-objects (test for excess errors)
FAIL: g++.dg/torture/pr42183.C -O3 -g (test for excess errors)
FAIL: g++.dg/torture/pr42183.C -Os (test for excess errors)
FAIL: g++.dg/torture/pr42450.C -O0 (test for excess errors)
FAIL: g++.dg/torture/pr42450.C -O1 (test for excess errors)
FAIL: g++.dg/torture/pr42450.C -O2 (test for excess errors)
FAIL: g++.dg/torture/pr42450.C -O2 -flto -fno-use-linker-plugin -flto-partition=none (test for excess errors)
FAIL: g++.dg/torture/pr42450.C -O2 -flto -fuse-linker-plugin -fno-fat-lto-objects (test for excess errors)
FAIL: g++.dg/torture/pr42450.C -O3 -fomit-frame-pointer -funroll-loops -fpeel-loops -ftracer -finline-functions (test for excess errors)
FAIL: g++.dg/torture/pr42450.C -O3 -g (test for excess errors)
FAIL: g++.dg/torture/pr42450.C -Os (test for excess errors)
FAIL: g++.dg/torture/pr42704.C -O0 (test for excess errors)
FAIL: g++.dg/torture/pr42704.C -O1 (test for excess errors)
FAIL: g++.dg/torture/pr42704.C -O2 (test for excess errors)
FAIL: g++.dg/torture/pr42704.C -O2 -flto -fno-use-linker-plugin -flto-partition=none (test for excess errors)
FAIL: g++.dg/torture/pr42704.C -O2 -flto -fuse-linker-plugin -fno-fat-lto-objects (test for excess errors)
FAIL: g++.dg/torture/pr42704.C -O3 -fomit-frame-pointer -funroll-loops -fpeel-loops -ftracer -finline-functions (test for excess errors)
FAIL: g++.dg/torture/pr42704.C -O3 -g (test for excess errors)
FAIL: g++.dg/torture/pr42704.C -Os (test for excess errors)
FAIL: g++.dg/torture/pr42760.C -O0 (test for excess errors)
FAIL: g++.dg/torture/pr42760.C -O1 (test for excess errors)
FAIL: g++.dg/torture/pr42760.C -O2 (test for excess errors)
FAIL: g++.dg/torture/pr42760.C -O2 -flto -fno-use-linker-plugin -flto-partition=none (test for excess errors)
FAIL: g++.dg/torture/pr42760.C -O2 -flto -fuse-linker-plugin -fno-fat-lto-objects (test for excess errors)
FAIL: g++.dg/torture/pr42760.C -O3 -fomit-frame-pointer -funroll-loops -fpeel-loops -ftracer -finline-functions (test for excess errors)
FAIL: g++.dg/torture/pr42760.C -O3 -g (test for excess errors)
FAIL: g++.dg/torture/pr42760.C -Os (test for excess errors)
FAIL: g++.dg/torture/pr42773.C -O0 (test for excess errors)
FAIL: g++.dg/torture/pr42773.C -O1 (test for excess errors)
FAIL: g++.dg/torture/pr42773.C -O2 (test for excess errors)
FAIL: g++.dg/torture/pr42773.C -O2 -flto -fno-use-linker-plugin -flto-partition=none (test for excess errors)
FAIL: g++.dg/torture/pr42773.C -O2 -flto -fuse-linker-plugin -fno-fat-lto-objects (test for excess errors)
FAIL: g++.dg/torture/pr42773.C -O3 -fomit-frame-pointer -funroll-loops -fpeel-loops -ftracer -finline-functions (test for excess errors)
FAIL: g++.dg/torture/pr42773.C -O3 -g (test for excess errors)
FAIL: g++.dg/torture/pr42773.C -Os (test for excess errors)
FAIL: g++.dg/torture/pr42883.C -O0 (test for excess errors)
FAIL: g++.dg/torture/pr42883.C -O1 (test for excess errors)
FAIL: g++.dg/torture/pr42883.C -O2 (test for excess errors)
FAIL: g++.dg/torture/pr42883.C -O2 -flto -fno-use-linker-plugin -flto-partition=none (test for excess errors)
FAIL: g++.dg/torture/pr42883.C -O2 -flto -fuse-linker-plugin -fno-fat-lto-objects (test for excess errors)
FAIL: g++.dg/torture/pr42883.C -O3 -fomit-frame-pointer -funroll-loops -fpeel-loops -ftracer -finline-functions (test for excess errors)
FAIL: g++.dg/torture/pr42883.C -O3 -g (test for excess errors)
FAIL: g++.dg/torture/pr42883.C -Os (test for excess errors)
FAIL: g++.dg/torture/pr43905.C -O0 (test for excess errors)
FAIL: g++.dg/torture/pr43905.C -O1 (test for excess errors)
FAIL: g++.dg/torture/pr43905.C -O2 (test for excess errors)
FAIL: g++.dg/torture/pr43905.C -O2 -flto -fno-use-linker-plugin -flto-partition=none (test for excess errors)
FAIL: g++.dg/torture/pr43905.C -O2 -flto -fuse-linker-plugin -fno-fat-lto-objects (test for excess errors)
FAIL: g++.dg/torture/pr43905.C -O3 -g (test for excess errors)
FAIL: g++.dg/torture/pr43905.C -Os (test for excess errors)
FAIL: g++.dg/torture/pr44148.C -O0 (test for excess errors)
FAIL: g++.dg/torture/pr44148.C -O1 (test for excess errors)
FAIL: g++.dg/torture/pr44148.C -O2 (test for excess errors)
FAIL: g++.dg/torture/pr44148.C -O2 -flto -fno-use-linker-plugin -flto-partition=none (test for excess errors)
FAIL: g++.dg/torture/pr44148.C -O2 -flto -fuse-linker-plugin -fno-fat-lto-objects (test for excess errors)
FAIL: g++.dg/torture/pr44148.C -O3 -g (test for excess errors)
FAIL: g++.dg/torture/pr44148.C -Os (test for excess errors)
FAIL: g++.dg/torture/pr44295.C -O0 (test for excess errors)
FAIL: g++.dg/torture/pr44295.C -O1 (test for excess errors)
FAIL: g++.dg/torture/pr44295.C -O2 (test for excess errors)
FAIL: g++.dg/torture/pr44295.C -O2 -flto -fno-use-linker-plugin -flto-partition=none (test for excess errors)
FAIL: g++.dg/torture/pr44295.C -O2 -flto -fuse-linker-plugin -fno-fat-lto-objects (test for excess errors)
FAIL: g++.dg/torture/pr44295.C -O3 -fomit-frame-pointer -funroll-loops -fpeel-loops -ftracer -finline-functions (test for excess errors)
FAIL: g++.dg/torture/pr44295.C -O3 -g (test for excess errors)
FAIL: g++.dg/torture/pr44295.C -Os (test for excess errors)
FAIL: g++.dg/torture/pr44357.C -O0 (test for excess errors)
FAIL: g++.dg/torture/pr44357.C -O1 (test for excess errors)
FAIL: g++.dg/torture/pr44357.C -O2 (test for excess errors)
FAIL: g++.dg/torture/pr44357.C -O2 -flto -fno-use-linker-plugin -flto-partition=none (test for excess errors)
FAIL: g++.dg/torture/pr44357.C -O2 -flto -fuse-linker-plugin -fno-fat-lto-objects (test for excess errors)
FAIL: g++.dg/torture/pr44357.C -O3 -fomit-frame-pointer -funroll-loops -fpeel-loops -ftracer -finline-functions (test for excess errors)
FAIL: g++.dg/torture/pr44357.C -O3 -g (test for excess errors)
FAIL: g++.dg/torture/pr44357.C -Os (test for excess errors)
FAIL: g++.dg/torture/pr44813.C -O0 (test for excess errors)
FAIL: g++.dg/torture/pr44813.C -O1 (test for excess errors)
FAIL: g++.dg/torture/pr44813.C -O2 (test for excess errors)
FAIL: g++.dg/torture/pr44813.C -O2 -flto -fno-use-linker-plugin -flto-partition=none (test for excess errors)
FAIL: g++.dg/torture/pr44813.C -O2 -flto -fuse-linker-plugin -fno-fat-lto-objects (test for excess errors)
FAIL: g++.dg/torture/pr44813.C -O3 -g (test for excess errors)
FAIL: g++.dg/torture/pr44813.C -Os (test for excess errors)
FAIL: g++.dg/torture/pr45580.C -O0 (test for excess errors)
FAIL: g++.dg/torture/pr45580.C -O1 (test for excess errors)
FAIL: g++.dg/torture/pr45580.C -O2 (test for excess errors)
FAIL: g++.dg/torture/pr45580.C -O2 -flto -fno-use-linker-plugin -flto-partition=none (test for excess errors)
FAIL: g++.dg/torture/pr45580.C -O2 -flto -fuse-linker-plugin -fno-fat-lto-objects (test for excess errors)
FAIL: g++.dg/torture/pr45580.C -O3 -g (test for excess errors)
FAIL: g++.dg/torture/pr45580.C -Os (test for excess errors)
FAIL: g++.dg/torture/pr45874.C -O0 (test for excess errors)
FAIL: g++.dg/torture/pr45874.C -O1 (test for excess errors)
FAIL: g++.dg/torture/pr45874.C -O2 (test for excess errors)
FAIL: g++.dg/torture/pr45874.C -O2 -flto -fno-use-linker-plugin -flto-partition=none (test for excess errors)
FAIL: g++.dg/torture/pr45874.C -O2 -flto -fuse-linker-plugin -fno-fat-lto-objects (test for excess errors)
FAIL: g++.dg/torture/pr45874.C -O3 -g (test for excess errors)
FAIL: g++.dg/torture/pr45874.C -Os (test for excess errors)
FAIL: g++.dg/torture/pr45877.C -O0 (test for excess errors)
FAIL: g++.dg/torture/pr45877.C -O1 (test for excess errors)
FAIL: g++.dg/torture/pr45877.C -O2 (test for excess errors)
FAIL: g++.dg/torture/pr45877.C -O2 -flto -fno-use-linker-plugin -flto-partition=none (test for excess errors)
FAIL: g++.dg/torture/pr45877.C -O2 -flto -fuse-linker-plugin -fno-fat-lto-objects (test for excess errors)
FAIL: g++.dg/torture/pr45877.C -O3 -g (test for excess errors)
FAIL: g++.dg/torture/pr45877.C -Os (test for excess errors)
FAIL: g++.dg/torture/pr46383.C -O0 (test for excess errors)
FAIL: g++.dg/torture/pr46383.C -O1 (test for excess errors)
FAIL: g++.dg/torture/pr46383.C -O2 (test for excess errors)
FAIL: g++.dg/torture/pr46383.C -O2 -flto -fno-use-linker-plugin -flto-partition=none (test for excess errors)
FAIL: g++.dg/torture/pr46383.C -O2 -flto -fuse-linker-plugin -fno-fat-lto-objects (test for excess errors)
FAIL: g++.dg/torture/pr46383.C -O3 -fomit-frame-pointer -funroll-loops -fpeel-loops -ftracer -finline-functions (test for excess errors)
FAIL: g++.dg/torture/pr46383.C -O3 -g (test for excess errors)
FAIL: g++.dg/torture/pr46383.C -Os (test for excess errors)
FAIL: g++.dg/torture/pr46469.C -O0 (test for excess errors)
FAIL: g++.dg/torture/pr46469.C -O1 (test for excess errors)
FAIL: g++.dg/torture/pr46469.C -O2 (test for excess errors)
FAIL: g++.dg/torture/pr46469.C -O2 -flto -fno-use-linker-plugin -flto-partition=none (test for excess errors)
FAIL: g++.dg/torture/pr46469.C -O2 -flto -fuse-linker-plugin -fno-fat-lto-objects (test for excess errors)
FAIL: g++.dg/torture/pr46469.C -O3 -g (test for excess errors)
FAIL: g++.dg/torture/pr46469.C -Os (test for excess errors)
FAIL: g++.dg/torture/pr47313.C -O0 (test for excess errors)
FAIL: g++.dg/torture/pr47313.C -O1 (test for excess errors)
FAIL: g++.dg/torture/pr47313.C -O2 (test for excess errors)
FAIL: g++.dg/torture/pr47313.C -O2 -flto -fno-use-linker-plugin -flto-partition=none (test for excess errors)
FAIL: g++.dg/torture/pr47313.C -O2 -flto -fuse-linker-plugin -fno-fat-lto-objects (test for excess errors)
FAIL: g++.dg/torture/pr47313.C -O3 -g (test for excess errors)
FAIL: g++.dg/torture/pr47313.C -Os (test for excess errors)
FAIL: g++.dg/torture/pr48271.C -O0 (test for excess errors)
FAIL: g++.dg/torture/pr48271.C -O1 (test for excess errors)
FAIL: g++.dg/torture/pr48271.C -O2 (test for excess errors)
FAIL: g++.dg/torture/pr48271.C -O2 -flto -fno-use-linker-plugin -flto-partition=none (test for excess errors)
FAIL: g++.dg/torture/pr48271.C -O2 -flto -fuse-linker-plugin -fno-fat-lto-objects (test for excess errors)
FAIL: g++.dg/torture/pr48271.C -O3 -fomit-frame-pointer -funroll-loops -fpeel-loops -ftracer -finline-functions (test for excess errors)
FAIL: g++.dg/torture/pr48271.C -O3 -g (test for excess errors)
FAIL: g++.dg/torture/pr48271.C -Os (test for excess errors)
FAIL: g++.dg/torture/pr49615.C -O0 (test for excess errors)
FAIL: g++.dg/torture/pr49615.C -O1 (test for excess errors)
FAIL: g++.dg/torture/pr49615.C -O2 (test for excess errors)
FAIL: g++.dg/torture/pr49615.C -O2 -flto -fno-use-linker-plugin -flto-partition=none (test for excess errors)
FAIL: g++.dg/torture/pr49615.C -O2 -flto -fuse-linker-plugin -fno-fat-lto-objects (test for excess errors)
FAIL: g++.dg/torture/pr49615.C -O3 -fomit-frame-pointer -funroll-loops -fpeel-loops -ftracer -finline-functions (test for excess errors)
FAIL: g++.dg/torture/pr49615.C -O3 -g (test for excess errors)
FAIL: g++.dg/torture/pr49615.C -Os (test for excess errors)
FAIL: g++.dg/torture/pr49770.C -O0 (test for excess errors)
FAIL: g++.dg/torture/pr49770.C -O1 (test for excess errors)
FAIL: g++.dg/torture/pr49770.C -O2 (test for excess errors)
FAIL: g++.dg/torture/pr49770.C -O2 -flto -fno-use-linker-plugin -flto-partition=none (test for excess errors)
FAIL: g++.dg/torture/pr49770.C -O2 -flto -fuse-linker-plugin -fno-fat-lto-objects (test for excess errors)
FAIL: g++.dg/torture/pr49770.C -O3 -g (test for excess errors)
FAIL: g++.dg/torture/pr49770.C -Os (test for excess errors)
FAIL: g++.dg/torture/pr49938.C -O0 (test for excess errors)
FAIL: g++.dg/torture/pr49938.C -O1 (test for excess errors)
FAIL: g++.dg/torture/pr49938.C -O2 (test for excess errors)
FAIL: g++.dg/torture/pr49938.C -O2 -flto -fno-use-linker-plugin -flto-partition=none (test for excess errors)
FAIL: g++.dg/torture/pr49938.C -O2 -flto -fuse-linker-plugin -fno-fat-lto-objects (test for excess errors)
FAIL: g++.dg/torture/pr49938.C -O3 -fomit-frame-pointer -funroll-loops -fpeel-loops -ftracer -finline-functions (test for excess errors)
FAIL: g++.dg/torture/pr49938.C -O3 -g (test for excess errors)
FAIL: g++.dg/torture/pr49938.C -Os (test for excess errors)
FAIL: g++.dg/torture/pr51436.C -O0 (test for excess errors)
FAIL: g++.dg/torture/pr51436.C -O1 (test for excess errors)
FAIL: g++.dg/torture/pr51436.C -O2 (test for excess errors)
FAIL: g++.dg/torture/pr51436.C -O2 -flto -fno-use-linker-plugin -flto-partition=none (test for excess errors)
FAIL: g++.dg/torture/pr51436.C -O2 -flto -fuse-linker-plugin -fno-fat-lto-objects (test for excess errors)
FAIL: g++.dg/torture/pr51436.C -O3 -g (test for excess errors)
FAIL: g++.dg/torture/pr51436.C -Os (test for excess errors)
FAIL: g++.dg/torture/pr51482.C -O0 (test for excess errors)
FAIL: g++.dg/torture/pr51482.C -O1 (test for excess errors)
FAIL: g++.dg/torture/pr51482.C -O2 (test for excess errors)
FAIL: g++.dg/torture/pr51482.C -O2 -flto -fno-use-linker-plugin -flto-partition=none (test for excess errors)
FAIL: g++.dg/torture/pr51482.C -O2 -flto -fuse-linker-plugin -fno-fat-lto-objects (test for excess errors)
FAIL: g++.dg/torture/pr51482.C -O3 -g (test for excess errors)
FAIL: g++.dg/torture/pr51482.C -Os (test for excess errors)
FAIL: g++.dg/torture/pr51737.C -O0 (test for excess errors)
FAIL: g++.dg/torture/pr51737.C -O1 (test for excess errors)
FAIL: g++.dg/torture/pr51737.C -O2 (test for excess errors)
FAIL: g++.dg/torture/pr51737.C -O2 -flto -fno-use-linker-plugin -flto-partition=none (test for excess errors)
FAIL: g++.dg/torture/pr51737.C -O2 -flto -fuse-linker-plugin -fno-fat-lto-objects (test for excess errors)
FAIL: g++.dg/torture/pr51737.C -O3 -g (test for excess errors)
FAIL: g++.dg/torture/pr51737.C -Os (test for excess errors)
FAIL: g++.dg/torture/pr51959.C -O0 (test for excess errors)
FAIL: g++.dg/torture/pr51959.C -O1 (test for excess errors)
FAIL: g++.dg/torture/pr51959.C -O2 (test for excess errors)
FAIL: g++.dg/torture/pr51959.C -O2 -flto -fno-use-linker-plugin -flto-partition=none (test for excess errors)
FAIL: g++.dg/torture/pr51959.C -O2 -flto -fuse-linker-plugin -fno-fat-lto-objects (test for excess errors)
FAIL: g++.dg/torture/pr51959.C -O3 -g (test for excess errors)
FAIL: g++.dg/torture/pr51959.C -Os (test for excess errors)
FAIL: g++.dg/torture/pr52772.C -O0 (test for excess errors)
FAIL: g++.dg/torture/pr52772.C -O1 (test for excess errors)
FAIL: g++.dg/torture/pr52772.C -O2 (test for excess errors)
FAIL: g++.dg/torture/pr52772.C -O2 -flto -fno-use-linker-plugin -flto-partition=none (test for excess errors)
FAIL: g++.dg/torture/pr52772.C -O2 -flto -fuse-linker-plugin -fno-fat-lto-objects (test for excess errors)
FAIL: g++.dg/torture/pr52772.C -O3 -fomit-frame-pointer -funroll-loops -fpeel-loops -ftracer -finline-functions (test for excess errors)
FAIL: g++.dg/torture/pr52772.C -O3 -g (test for excess errors)
FAIL: g++.dg/torture/pr52772.C -Os (test for excess errors)
FAIL: g++.dg/torture/pr52918-2.C -O0 (test for excess errors)
FAIL: g++.dg/torture/pr52918-2.C -O1 (test for excess errors)
FAIL: g++.dg/torture/pr52918-2.C -O2 (test for excess errors)
FAIL: g++.dg/torture/pr52918-2.C -O2 -flto -fno-use-linker-plugin -flto-partition=none (test for excess errors)
FAIL: g++.dg/torture/pr52918-2.C -O2 -flto -fuse-linker-plugin -fno-fat-lto-objects (test for excess errors)
FAIL: g++.dg/torture/pr52918-2.C -O3 -g (test for excess errors)
FAIL: g++.dg/torture/pr52918-2.C -Os (test for excess errors)
FAIL: g++.dg/torture/pr53011.C -O0 (test for excess errors)
FAIL: g++.dg/torture/pr53011.C -O1 (test for excess errors)
FAIL: g++.dg/torture/pr53011.C -O2 (test for excess errors)
FAIL: g++.dg/torture/pr53011.C -O2 -flto -fno-use-linker-plugin -flto-partition=none (test for excess errors)
FAIL: g++.dg/torture/pr53011.C -O2 -flto -fuse-linker-plugin -fno-fat-lto-objects (test for excess errors)
FAIL: g++.dg/torture/pr53011.C -O3 -fomit-frame-pointer -funroll-loops -fpeel-loops -ftracer -finline-functions (test for excess errors)
FAIL: g++.dg/torture/pr53011.C -O3 -g (test for excess errors)
FAIL: g++.dg/torture/pr53011.C -Os (test for excess errors)
FAIL: g++.dg/torture/pr53602.C -O0 (test for excess errors)
FAIL: g++.dg/torture/pr53602.C -O1 (test for excess errors)
FAIL: g++.dg/torture/pr53602.C -O2 (test for excess errors)
FAIL: g++.dg/torture/pr53602.C -O2 -flto -fno-use-linker-plugin -flto-partition=none (test for excess errors)
FAIL: g++.dg/torture/pr53602.C -O2 -flto -fuse-linker-plugin -fno-fat-lto-objects (test for excess errors)
FAIL: g++.dg/torture/pr53602.C -O3 -g (test for excess errors)
FAIL: g++.dg/torture/pr53602.C -Os (test for excess errors)
FAIL: g++.dg/torture/pr53752.C -O0 (test for excess errors)
FAIL: g++.dg/torture/pr53752.C -O1 (test for excess errors)
FAIL: g++.dg/torture/pr53752.C -O2 (test for excess errors)
FAIL: g++.dg/torture/pr53752.C -O2 -flto -fno-use-linker-plugin -flto-partition=none (test for excess errors)
FAIL: g++.dg/torture/pr53752.C -O2 -flto -fuse-linker-plugin -fno-fat-lto-objects (test for excess errors)
FAIL: g++.dg/torture/pr53752.C -O3 -fomit-frame-pointer -funroll-loops -fpeel-loops -ftracer -finline-functions (test for excess errors)
FAIL: g++.dg/torture/pr53752.C -O3 -g (test for excess errors)
FAIL: g++.dg/torture/pr53752.C -Os (test for excess errors)
FAIL: g++.dg/torture/pr54838.C -O0 (test for excess errors)
FAIL: g++.dg/torture/pr54838.C -O1 (test for excess errors)
FAIL: g++.dg/torture/pr54838.C -O2 (test for excess errors)
FAIL: g++.dg/torture/pr54838.C -O2 -flto -fno-use-linker-plugin -flto-partition=none (test for excess errors)
FAIL: g++.dg/torture/pr54838.C -O2 -flto -fuse-linker-plugin -fno-fat-lto-objects (test for excess errors)
FAIL: g++.dg/torture/pr54838.C -O3 -fomit-frame-pointer -funroll-loops -fpeel-loops -ftracer -finline-functions (test for excess errors)
FAIL: g++.dg/torture/pr54838.C -O3 -g (test for excess errors)
FAIL: g++.dg/torture/pr54838.C -Os (test for excess errors)
FAIL: g++.dg/torture/pr54902.C -O0 (test for excess errors)
FAIL: g++.dg/torture/pr54902.C -O1 (test for excess errors)
FAIL: g++.dg/torture/pr54902.C -O2 (test for excess errors)
FAIL: g++.dg/torture/pr54902.C -O2 -flto -fno-use-linker-plugin -flto-partition=none (test for excess errors)
FAIL: g++.dg/torture/pr54902.C -O2 -flto -fuse-linker-plugin -fno-fat-lto-objects (test for excess errors)
FAIL: g++.dg/torture/pr54902.C -O3 -fomit-frame-pointer -funroll-loops -fpeel-loops -ftracer -finline-functions (test for excess errors)
FAIL: g++.dg/torture/pr54902.C -O3 -g (test for excess errors)
FAIL: g++.dg/torture/pr54902.C -Os (test for excess errors)
FAIL: g++.dg/torture/pr56029.C -O0 (test for excess errors)
FAIL: g++.dg/torture/pr56029.C -O1 (test for excess errors)
FAIL: g++.dg/torture/pr56029.C -O2 (test for excess errors)
FAIL: g++.dg/torture/pr56029.C -O2 -flto -fno-use-linker-plugin -flto-partition=none (test for excess errors)
FAIL: g++.dg/torture/pr56029.C -O2 -flto -fuse-linker-plugin -fno-fat-lto-objects (test for excess errors)
FAIL: g++.dg/torture/pr56029.C -O3 -g (test for excess errors)
FAIL: g++.dg/torture/pr56029.C -Os (test for excess errors)
FAIL: g++.dg/torture/pr56768.C -O0 (test for excess errors)
FAIL: g++.dg/torture/pr56768.C -O1 (test for excess errors)
FAIL: g++.dg/torture/pr56768.C -O2 (test for excess errors)
FAIL: g++.dg/torture/pr56768.C -O2 -flto -fno-use-linker-plugin -flto-partition=none (test for excess errors)
FAIL: g++.dg/torture/pr56768.C -O2 -flto -fuse-linker-plugin -fno-fat-lto-objects (test for excess errors)
FAIL: g++.dg/torture/pr56768.C -O3 -fomit-frame-pointer -funroll-loops -fpeel-loops -ftracer -finline-functions (test for excess errors)
FAIL: g++.dg/torture/pr56768.C -O3 -g (test for excess errors)
FAIL: g++.dg/torture/pr56768.C -Os (test for excess errors)
FAIL: g++.dg/torture/pr57107.C -O0 (test for excess errors)
FAIL: g++.dg/torture/pr57107.C -O1 (test for excess errors)
FAIL: g++.dg/torture/pr57107.C -O2 (test for excess errors)
FAIL: g++.dg/torture/pr57107.C -O2 -flto -fno-use-linker-plugin -flto-partition=none (test for excess errors)
FAIL: g++.dg/torture/pr57107.C -O2 -flto -fuse-linker-plugin -fno-fat-lto-objects (test for excess errors)
FAIL: g++.dg/torture/pr57107.C -O3 -fomit-frame-pointer -funroll-loops -fpeel-loops -ftracer -finline-functions (test for excess errors)
FAIL: g++.dg/torture/pr57107.C -O3 -g (test for excess errors)
FAIL: g++.dg/torture/pr57107.C -Os (test for excess errors)
FAIL: g++.dg/torture/pr57140.C -O0 (test for excess errors)
FAIL: g++.dg/torture/pr57140.C -O1 (test for excess errors)
FAIL: g++.dg/torture/pr57140.C -O2 (test for excess errors)
FAIL: g++.dg/torture/pr57140.C -O2 -flto -fno-use-linker-plugin -flto-partition=none (test for excess errors)
FAIL: g++.dg/torture/pr57140.C -O2 -flto -fuse-linker-plugin -fno-fat-lto-objects (test for excess errors)
FAIL: g++.dg/torture/pr57140.C -O3 -fomit-frame-pointer -funroll-loops -fpeel-loops -ftracer -finline-functions (test for excess errors)
FAIL: g++.dg/torture/pr57140.C -O3 -g (test for excess errors)
FAIL: g++.dg/torture/pr57140.C -Os (test for excess errors)
FAIL: g++.dg/torture/pr57235.C -O0 (test for excess errors)
FAIL: g++.dg/torture/pr57235.C -O1 (test for excess errors)
FAIL: g++.dg/torture/pr57235.C -O2 (test for excess errors)
FAIL: g++.dg/torture/pr57235.C -O2 -flto -fno-use-linker-plugin -flto-partition=none (test for excess errors)
FAIL: g++.dg/torture/pr57235.C -O2 -flto -fuse-linker-plugin -fno-fat-lto-objects (test for excess errors)
FAIL: g++.dg/torture/pr57235.C -O3 -g (test for excess errors)
FAIL: g++.dg/torture/pr57235.C -Os (test for excess errors)
FAIL: g++.dg/torture/pr58252.C -O0 (test for excess errors)
FAIL: g++.dg/torture/pr58252.C -O1 (test for excess errors)
FAIL: g++.dg/torture/pr58252.C -O2 (test for excess errors)
FAIL: g++.dg/torture/pr58252.C -O2 -flto -fno-use-linker-plugin -flto-partition=none (test for excess errors)
FAIL: g++.dg/torture/pr58252.C -O2 -flto -fuse-linker-plugin -fno-fat-lto-objects (test for excess errors)
FAIL: g++.dg/torture/pr58252.C -O3 -fomit-frame-pointer -funroll-loops -fpeel-loops -ftracer -finline-functions (test for excess errors)
FAIL: g++.dg/torture/pr58252.C -O3 -g (test for excess errors)
FAIL: g++.dg/torture/pr58252.C -Os (test for excess errors)
FAIL: g++.dg/torture/pr58555.C -O0 (test for excess errors)
FAIL: g++.dg/torture/pr58555.C -O1 (test for excess errors)
FAIL: g++.dg/torture/pr58555.C -O2 (test for excess errors)
FAIL: g++.dg/torture/pr58555.C -O2 -flto -fno-use-linker-plugin -flto-partition=none (test for excess errors)
FAIL: g++.dg/torture/pr58555.C -O2 -flto -fuse-linker-plugin -fno-fat-lto-objects (test for excess errors)
FAIL: g++.dg/torture/pr58555.C -O3 -fomit-frame-pointer -funroll-loops -fpeel-loops -ftracer -finline-functions (test for excess errors)
FAIL: g++.dg/torture/pr58555.C -O3 -g (test for excess errors)
FAIL: g++.dg/torture/pr58555.C -Os (test for excess errors)
FAIL: g++.dg/torture/pr59208.C -O0 (test for excess errors)
FAIL: g++.dg/torture/pr59208.C -O1 (test for excess errors)
FAIL: g++.dg/torture/pr59208.C -O2 (test for excess errors)
FAIL: g++.dg/torture/pr59208.C -O2 -flto -fno-use-linker-plugin -flto-partition=none (test for excess errors)
FAIL: g++.dg/torture/pr59208.C -O2 -flto -fuse-linker-plugin -fno-fat-lto-objects (test for excess errors)
FAIL: g++.dg/torture/pr59208.C -O3 -g (test for excess errors)
FAIL: g++.dg/torture/pr59208.C -Os (test for excess errors)
FAIL: g++.dg/torture/pr60438-1.C -O0 (test for excess errors)
FAIL: g++.dg/torture/pr60438-1.C -O1 (test for excess errors)
FAIL: g++.dg/torture/pr60438-1.C -O2 (test for excess errors)
FAIL: g++.dg/torture/pr60438-1.C -O2 -flto -fno-use-linker-plugin -flto-partition=none (test for excess errors)
FAIL: g++.dg/torture/pr60438-1.C -O2 -flto -fuse-linker-plugin -fno-fat-lto-objects (test for excess errors)
FAIL: g++.dg/torture/pr60438-1.C -O3 -g (test for excess errors)
FAIL: g++.dg/torture/pr60438-1.C -Os (test for excess errors)
FAIL: g++.dg/torture/pr60438-2.C -O0 (test for excess errors)
FAIL: g++.dg/torture/pr60438-2.C -O1 (test for excess errors)
FAIL: g++.dg/torture/pr60438-2.C -O2 (test for excess errors)
FAIL: g++.dg/torture/pr60438-2.C -O2 -flto -fno-use-linker-plugin -flto-partition=none (test for excess errors)
FAIL: g++.dg/torture/pr60438-2.C -O2 -flto -fuse-linker-plugin -fno-fat-lto-objects (test for excess errors)
FAIL: g++.dg/torture/pr60438-2.C -O3 -g (test for excess errors)
FAIL: g++.dg/torture/pr60438-2.C -Os (test for excess errors)
FAIL: g++.dg/torture/pr60746.C -O0 (test for excess errors)
FAIL: g++.dg/torture/pr60746.C -O1 (test for excess errors)
FAIL: g++.dg/torture/pr60746.C -O2 (test for excess errors)
FAIL: g++.dg/torture/pr60746.C -O2 -flto -fno-use-linker-plugin -flto-partition=none (test for excess errors)
FAIL: g++.dg/torture/pr60746.C -O2 -flto -fuse-linker-plugin -fno-fat-lto-objects (test for excess errors)
FAIL: g++.dg/torture/pr60746.C -O3 -g (test for excess errors)
FAIL: g++.dg/torture/pr60746.C -Os (test for excess errors)
FAIL: g++.dg/torture/pr61554.C -O0 (test for excess errors)
FAIL: g++.dg/torture/pr61554.C -O1 (test for excess errors)
FAIL: g++.dg/torture/pr61554.C -O2 (test for excess errors)
FAIL: g++.dg/torture/pr61554.C -O2 -flto -fno-use-linker-plugin -flto-partition=none (test for excess errors)
FAIL: g++.dg/torture/pr61554.C -O2 -flto -fuse-linker-plugin -fno-fat-lto-objects (test for excess errors)
FAIL: g++.dg/torture/pr61554.C -O3 -fomit-frame-pointer -funroll-loops -fpeel-loops -ftracer -finline-functions (test for excess errors)
FAIL: g++.dg/torture/pr61554.C -O3 -g (test for excess errors)
FAIL: g++.dg/torture/pr61554.C -Os (test for excess errors)
FAIL: g++.dg/torture/pr63419.C -O0 (test for excess errors)
FAIL: g++.dg/torture/pr63419.C -O1 (test for excess errors)
FAIL: g++.dg/torture/pr63419.C -O2 (test for excess errors)
FAIL: g++.dg/torture/pr63419.C -O2 -flto -fno-use-linker-plugin -flto-partition=none (test for excess errors)
FAIL: g++.dg/torture/pr63419.C -O2 -flto -fuse-linker-plugin -fno-fat-lto-objects (test for excess errors)
FAIL: g++.dg/torture/pr63419.C -O3 -fomit-frame-pointer -funroll-loops -fpeel-loops -ftracer -finline-functions (test for excess errors)
FAIL: g++.dg/torture/pr63419.C -O3 -g (test for excess errors)
FAIL: g++.dg/torture/pr63419.C -Os (test for excess errors)
FAIL: g++.dg/torture/pr63476.C -O0 (test for excess errors)
FAIL: g++.dg/torture/pr63476.C -O1 (test for excess errors)
FAIL: g++.dg/torture/pr63476.C -O2 (test for excess errors)
FAIL: g++.dg/torture/pr63476.C -O2 -flto -fno-use-linker-plugin -flto-partition=none (test for excess errors)
FAIL: g++.dg/torture/pr63476.C -O2 -flto -fuse-linker-plugin -fno-fat-lto-objects (test for excess errors)
FAIL: g++.dg/torture/pr63476.C -O3 -fomit-frame-pointer -funroll-loops -fpeel-loops -ftracer -finline-functions (test for excess errors)
FAIL: g++.dg/torture/pr63476.C -O3 -g (test for excess errors)
FAIL: g++.dg/torture/pr63476.C -Os (test for excess errors)
FAIL: g++.dg/torture/pr63512.C -O0 (test for excess errors)
FAIL: g++.dg/torture/pr63512.C -O1 (test for excess errors)
FAIL: g++.dg/torture/pr63512.C -O2 (test for excess errors)
FAIL: g++.dg/torture/pr63512.C -O2 -flto -fno-use-linker-plugin -flto-partition=none (test for excess errors)
FAIL: g++.dg/torture/pr63512.C -O2 -flto -fuse-linker-plugin -fno-fat-lto-objects (test for excess errors)
FAIL: g++.dg/torture/pr63512.C -O3 -g (test for excess errors)
FAIL: g++.dg/torture/pr63512.C -Os (test for excess errors)
FAIL: g++.dg/torture/pr64282.C -O0 (test for excess errors)
FAIL: g++.dg/torture/pr64282.C -O1 (test for excess errors)
FAIL: g++.dg/torture/pr64282.C -O2 (test for excess errors)
FAIL: g++.dg/torture/pr64282.C -O2 -flto -fno-use-linker-plugin -flto-partition=none (test for excess errors)
FAIL: g++.dg/torture/pr64282.C -O2 -flto -fuse-linker-plugin -fno-fat-lto-objects (test for excess errors)
FAIL: g++.dg/torture/pr64282.C -O3 -fomit-frame-pointer -funroll-loops -fpeel-loops -ftracer -finline-functions (test for excess errors)
FAIL: g++.dg/torture/pr64282.C -O3 -g (test for excess errors)
FAIL: g++.dg/torture/pr64282.C -Os (test for excess errors)
FAIL: g++.dg/torture/pr64378.C -O0 (test for excess errors)
FAIL: g++.dg/torture/pr64378.C -O1 (test for excess errors)
FAIL: g++.dg/torture/pr64378.C -O2 (test for excess errors)
FAIL: g++.dg/torture/pr64378.C -O2 -flto -fno-use-linker-plugin -flto-partition=none (test for excess errors)
FAIL: g++.dg/torture/pr64378.C -O2 -flto -fuse-linker-plugin -fno-fat-lto-objects (test for excess errors)
FAIL: g++.dg/torture/pr64378.C -O3 -g (test for excess errors)
FAIL: g++.dg/torture/pr64378.C -Os (test for excess errors)
FAIL: g++.dg/torture/pr64565.C -O0 (test for excess errors)
FAIL: g++.dg/torture/pr64565.C -O1 (test for excess errors)
FAIL: g++.dg/torture/pr64565.C -O2 (test for excess errors)
FAIL: g++.dg/torture/pr64565.C -O2 -flto -fno-use-linker-plugin -flto-partition=none (test for excess errors)
FAIL: g++.dg/torture/pr64565.C -O2 -flto -fuse-linker-plugin -fno-fat-lto-objects (test for excess errors)
FAIL: g++.dg/torture/pr64565.C -O3 -g (test for excess errors)
FAIL: g++.dg/torture/pr64565.C -Os (test for excess errors)
FAIL: g++.dg/torture/pr64568-2.C -O0 (test for excess errors)
FAIL: g++.dg/torture/pr64568-2.C -O1 (test for excess errors)
FAIL: g++.dg/torture/pr64568-2.C -O2 (test for excess errors)
FAIL: g++.dg/torture/pr64568-2.C -O2 -flto -fno-use-linker-plugin -flto-partition=none (test for excess errors)
FAIL: g++.dg/torture/pr64568-2.C -O2 -flto -fuse-linker-plugin -fno-fat-lto-objects (test for excess errors)
FAIL: g++.dg/torture/pr64568-2.C -O3 -fomit-frame-pointer -funroll-loops -fpeel-loops -ftracer -finline-functions (test for excess errors)
FAIL: g++.dg/torture/pr64568-2.C -O3 -g (test for excess errors)
FAIL: g++.dg/torture/pr64568-2.C -Os (test for excess errors)
FAIL: g++.dg/torture/pr64669.C -O0 (test for excess errors)
FAIL: g++.dg/torture/pr64669.C -O1 (test for excess errors)
FAIL: g++.dg/torture/pr64669.C -O2 (test for excess errors)
FAIL: g++.dg/torture/pr64669.C -O2 -flto -fno-use-linker-plugin -flto-partition=none (test for excess errors)
FAIL: g++.dg/torture/pr64669.C -O2 -flto -fuse-linker-plugin -fno-fat-lto-objects (test for excess errors)
FAIL: g++.dg/torture/pr64669.C -O3 -fomit-frame-pointer -funroll-loops -fpeel-loops -ftracer -finline-functions (test for excess errors)
FAIL: g++.dg/torture/pr64669.C -O3 -g (test for excess errors)
FAIL: g++.dg/torture/pr64669.C -Os (test for excess errors)
FAIL: g++.dg/torture/pr64686.C -O0 (test for excess errors)
FAIL: g++.dg/torture/pr64686.C -O1 (test for excess errors)
FAIL: g++.dg/torture/pr64686.C -O2 (test for excess errors)
FAIL: g++.dg/torture/pr64686.C -O2 -flto -fno-use-linker-plugin -flto-partition=none (test for excess errors)
FAIL: g++.dg/torture/pr64686.C -O2 -flto -fuse-linker-plugin -fno-fat-lto-objects (test for excess errors)
FAIL: g++.dg/torture/pr64686.C -O3 -g (test for excess errors)
FAIL: g++.dg/torture/pr64686.C -Os (test for excess errors)
FAIL: g++.dg/torture/pr64978.C -O0 (test for excess errors)
FAIL: g++.dg/torture/pr64978.C -O1 (test for excess errors)
FAIL: g++.dg/torture/pr64978.C -O2 (test for excess errors)
FAIL: g++.dg/torture/pr64978.C -O2 -flto -fno-use-linker-plugin -flto-partition=none (test for excess errors)
FAIL: g++.dg/torture/pr64978.C -O2 -flto -fuse-linker-plugin -fno-fat-lto-objects (test for excess errors)
FAIL: g++.dg/torture/pr64978.C -O3 -fomit-frame-pointer -funroll-loops -fpeel-loops -ftracer -finline-functions (test for excess errors)
FAIL: g++.dg/torture/pr64978.C -O3 -g (test for excess errors)
FAIL: g++.dg/torture/pr64978.C -Os (test for excess errors)
FAIL: g++.dg/torture/pr64995.C -O0 (test for excess errors)
FAIL: g++.dg/torture/pr64995.C -O1 (test for excess errors)
FAIL: g++.dg/torture/pr64995.C -O2 (test for excess errors)
FAIL: g++.dg/torture/pr64995.C -O2 -flto -fno-use-linker-plugin -flto-partition=none (test for excess errors)
FAIL: g++.dg/torture/pr64995.C -O2 -flto -fuse-linker-plugin -fno-fat-lto-objects (test for excess errors)
FAIL: g++.dg/torture/pr64995.C -O3 -g (test for excess errors)
FAIL: g++.dg/torture/pr64995.C -Os (test for excess errors)
FAIL: g++.dg/torture/pr65655.C -O0 (test for excess errors)
FAIL: g++.dg/torture/pr65655.C -O1 (test for excess errors)
FAIL: g++.dg/torture/pr65655.C -O2 (test for excess errors)
FAIL: g++.dg/torture/pr65655.C -O2 -flto -fno-use-linker-plugin -flto-partition=none (test for excess errors)
FAIL: g++.dg/torture/pr65655.C -O2 -flto -fuse-linker-plugin -fno-fat-lto-objects (test for excess errors)
FAIL: g++.dg/torture/pr65655.C -O3 -g (test for excess errors)
FAIL: g++.dg/torture/pr65655.C -Os (test for excess errors)
FAIL: g++.dg/torture/pr65851.C -O0 (test for excess errors)
FAIL: g++.dg/torture/pr65851.C -O1 (test for excess errors)
FAIL: g++.dg/torture/pr65851.C -O2 (test for excess errors)
FAIL: g++.dg/torture/pr65851.C -O2 -flto -fno-use-linker-plugin -flto-partition=none (test for excess errors)
FAIL: g++.dg/torture/pr65851.C -O2 -flto -fuse-linker-plugin -fno-fat-lto-objects (test for excess errors)
FAIL: g++.dg/torture/pr65851.C -O3 -g (test for excess errors)
FAIL: g++.dg/torture/pr65851.C -Os (test for excess errors)
FAIL: g++.dg/torture/pr67055.C -O0 (test for excess errors)
FAIL: g++.dg/torture/pr67055.C -O1 (test for excess errors)
FAIL: g++.dg/torture/pr67055.C -O2 (test for excess errors)
FAIL: g++.dg/torture/pr67055.C -O2 -flto -fno-use-linker-plugin -flto-partition=none (test for excess errors)
FAIL: g++.dg/torture/pr67055.C -O2 -flto -fuse-linker-plugin -fno-fat-lto-objects (test for excess errors)
FAIL: g++.dg/torture/pr67055.C -O3 -g (test for excess errors)
FAIL: g++.dg/torture/pr67055.C -Os (test for excess errors)
FAIL: g++.dg/torture/pr67191.C -O0 (test for excess errors)
FAIL: g++.dg/torture/pr67191.C -O1 (test for excess errors)
FAIL: g++.dg/torture/pr67191.C -O2 (test for excess errors)
FAIL: g++.dg/torture/pr67191.C -O2 -flto -fno-use-linker-plugin -flto-partition=none (test for excess errors)
FAIL: g++.dg/torture/pr67191.C -O2 -flto -fuse-linker-plugin -fno-fat-lto-objects (test for excess errors)
FAIL: g++.dg/torture/pr67191.C -O3 -fomit-frame-pointer -funroll-loops -fpeel-loops -ftracer -finline-functions (test for excess errors)
FAIL: g++.dg/torture/pr67191.C -O3 -g (test for excess errors)
FAIL: g++.dg/torture/pr67191.C -Os (test for excess errors)
FAIL: g++.dg/torture/pr68852.C -O0 (test for excess errors)
FAIL: g++.dg/torture/pr68852.C -O1 (test for excess errors)
FAIL: g++.dg/torture/pr68852.C -O2 (test for excess errors)
FAIL: g++.dg/torture/pr68852.C -O2 -flto -fno-use-linker-plugin -flto-partition=none (test for excess errors)
FAIL: g++.dg/torture/pr68852.C -O2 -flto -fuse-linker-plugin -fno-fat-lto-objects (test for excess errors)
FAIL: g++.dg/torture/pr68852.C -O3 -g (test for excess errors)
FAIL: g++.dg/torture/pr68852.C -Os (test for excess errors)
FAIL: g++.dg/torture/pr69264.C -O0 (test for excess errors)
FAIL: g++.dg/torture/pr69264.C -O1 (test for excess errors)
FAIL: g++.dg/torture/pr69264.C -O2 (test for excess errors)
FAIL: g++.dg/torture/pr69264.C -O2 -flto -fno-use-linker-plugin -flto-partition=none (test for excess errors)
FAIL: g++.dg/torture/pr69264.C -O2 -flto -fuse-linker-plugin -fno-fat-lto-objects (test for excess errors)
FAIL: g++.dg/torture/pr69264.C -O3 -g (test for excess errors)
FAIL: g++.dg/torture/pr69264.C -Os (test for excess errors)
FAIL: g++.dg/torture/pr70971.C -O0 (test for excess errors)
FAIL: g++.dg/torture/pr70971.C -O1 (test for excess errors)
FAIL: g++.dg/torture/pr70971.C -O2 (test for excess errors)
FAIL: g++.dg/torture/pr70971.C -O2 -flto -fno-use-linker-plugin -flto-partition=none (test for excess errors)
FAIL: g++.dg/torture/pr70971.C -O2 -flto -fuse-linker-plugin -fno-fat-lto-objects (test for excess errors)
FAIL: g++.dg/torture/pr70971.C -O3 -g (test for excess errors)
FAIL: g++.dg/torture/pr70971.C -Os (test for excess errors)
FAIL: g++.dg/torture/pr77674.C -O0 (test for excess errors)
FAIL: g++.dg/torture/pr77674.C -O1 (test for excess errors)
FAIL: g++.dg/torture/pr77674.C -O2 (test for excess errors)
FAIL: g++.dg/torture/pr77674.C -O2 -flto -fno-use-linker-plugin -flto-partition=none (test for excess errors)
FAIL: g++.dg/torture/pr77674.C -O2 -flto -fuse-linker-plugin -fno-fat-lto-objects (test for excess errors)
FAIL: g++.dg/torture/pr77674.C -O3 -g (test for excess errors)
FAIL: g++.dg/torture/pr77674.C -Os (test for excess errors)
FAIL: g++.dg/torture/pr77947.C -O0 (test for excess errors)
FAIL: g++.dg/torture/pr77947.C -O1 (test for excess errors)
FAIL: g++.dg/torture/pr77947.C -O2 (test for excess errors)
FAIL: g++.dg/torture/pr77947.C -O2 -flto -fno-use-linker-plugin -flto-partition=none (test for excess errors)
FAIL: g++.dg/torture/pr77947.C -O2 -flto -fuse-linker-plugin -fno-fat-lto-objects (test for excess errors)
FAIL: g++.dg/torture/pr77947.C -O3 -g (test for excess errors)
FAIL: g++.dg/torture/pr77947.C -Os (test for excess errors)
FAIL: g++.dg/torture/pr78268.C -O0 (test for excess errors)
FAIL: g++.dg/torture/pr78268.C -O1 (test for excess errors)
FAIL: g++.dg/torture/pr78268.C -O2 (test for excess errors)
FAIL: g++.dg/torture/pr78268.C -O2 -flto -fno-use-linker-plugin -flto-partition=none (test for excess errors)
FAIL: g++.dg/torture/pr78268.C -O2 -flto -fuse-linker-plugin -fno-fat-lto-objects (test for excess errors)
FAIL: g++.dg/torture/pr78268.C -O3 -g (test for excess errors)
FAIL: g++.dg/torture/pr78268.C -Os (test for excess errors)
FAIL: g++.dg/torture/pr78507.C -O0 (test for excess errors)
FAIL: g++.dg/torture/pr78507.C -O1 (test for excess errors)
FAIL: g++.dg/torture/pr78507.C -O2 (test for excess errors)
FAIL: g++.dg/torture/pr78507.C -O2 -flto -fno-use-linker-plugin -flto-partition=none (test for excess errors)
FAIL: g++.dg/torture/pr78507.C -O2 -flto -fuse-linker-plugin -fno-fat-lto-objects (test for excess errors)
FAIL: g++.dg/torture/pr78507.C -O3 -fomit-frame-pointer -funroll-loops -fpeel-loops -ftracer -finline-functions (test for excess errors)
FAIL: g++.dg/torture/pr78507.C -O3 -g (test for excess errors)
FAIL: g++.dg/torture/pr78507.C -Os (test for excess errors)
FAIL: g++.dg/torture/pr78692.C -O0 (test for excess errors)
FAIL: g++.dg/torture/pr78692.C -O1 (test for excess errors)
FAIL: g++.dg/torture/pr78692.C -O2 (test for excess errors)
FAIL: g++.dg/torture/pr78692.C -O2 -flto -fno-use-linker-plugin -flto-partition=none (test for excess errors)
FAIL: g++.dg/torture/pr78692.C -O2 -flto -fuse-linker-plugin -fno-fat-lto-objects (test for excess errors)
FAIL: g++.dg/torture/pr78692.C -O3 -g (test for excess errors)
FAIL: g++.dg/torture/pr78692.C -Os (test for excess errors)
FAIL: g++.dg/torture/pr80171.C -O0 (test for excess errors)
FAIL: g++.dg/torture/pr80171.C -O1 (test for excess errors)
FAIL: g++.dg/torture/pr80171.C -O2 (test for excess errors)
FAIL: g++.dg/torture/pr80171.C -O2 -flto -fno-use-linker-plugin -flto-partition=none (test for excess errors)
FAIL: g++.dg/torture/pr80171.C -O2 -flto -fuse-linker-plugin -fno-fat-lto-objects (test for excess errors)
FAIL: g++.dg/torture/pr80171.C -O3 -g (test for excess errors)
FAIL: g++.dg/torture/pr80171.C -Os (test for excess errors)
FAIL: g++.dg/torture/pr82154.C -O0 (test for excess errors)
FAIL: g++.dg/torture/pr82154.C -O1 (test for excess errors)
FAIL: g++.dg/torture/pr82154.C -O2 (test for excess errors)
FAIL: g++.dg/torture/pr82154.C -O2 -flto -fno-use-linker-plugin -flto-partition=none (test for excess errors)
FAIL: g++.dg/torture/pr82154.C -O2 -flto -fuse-linker-plugin -fno-fat-lto-objects (test for excess errors)
FAIL: g++.dg/torture/pr82154.C -O3 -fomit-frame-pointer -funroll-loops -fpeel-loops -ftracer -finline-functions (test for excess errors)
FAIL: g++.dg/torture/pr82154.C -O3 -g (test for excess errors)
FAIL: g++.dg/torture/pr82154.C -Os (test for excess errors)
UNRESOLVED: g++.dg/tree-prof/pr79259.C compilation, -fprofile-use -D_PROFILE_USE
FAIL: g++.dg/tree-prof/pr79259.C execution, -fprofile-generate -D_PROFILE_GENERATE
UNRESOLVED: g++.dg/tree-prof/pr79259.C execution, -fprofile-use -D_PROFILE_USE
FAIL: c-c++-common/ubsan/pr71512-1.c -O0 (test for excess errors)
FAIL: c-c++-common/ubsan/pr71512-1.c -O1 (test for excess errors)
FAIL: c-c++-common/ubsan/pr71512-1.c -O2 (test for excess errors)
FAIL: c-c++-common/ubsan/pr71512-1.c -O2 -flto -fno-use-linker-plugin -flto-partition=none (test for excess errors)
FAIL: c-c++-common/ubsan/pr71512-1.c -O2 -flto -fuse-linker-plugin -fno-fat-lto-objects (test for excess errors)
FAIL: c-c++-common/ubsan/pr71512-1.c -O3 -g (test for excess errors)
FAIL: c-c++-common/ubsan/pr71512-1.c -Os (test for excess errors)
FAIL: g++.dg/ubsan/pr65019.C -O0 (test for excess errors)
FAIL: g++.dg/ubsan/pr65019.C -O1 (test for excess errors)
FAIL: g++.dg/ubsan/pr65019.C -O2 (test for excess errors)
FAIL: g++.dg/ubsan/pr65019.C -O2 -flto -fno-use-linker-plugin -flto-partition=none (test for excess errors)
FAIL: g++.dg/ubsan/pr65019.C -O2 -flto -fuse-linker-plugin -fno-fat-lto-objects (test for excess errors)
FAIL: g++.dg/ubsan/pr65019.C -O3 -g (test for excess errors)
FAIL: g++.dg/ubsan/pr65019.C -Os (test for excess errors)
FAIL: g++.dg/ubsan/pr65583.C -O0 (test for excess errors)
FAIL: g++.dg/ubsan/pr65583.C -O1 (test for excess errors)
FAIL: g++.dg/ubsan/pr65583.C -O2 (test for excess errors)
FAIL: g++.dg/ubsan/pr65583.C -O2 -flto -fno-use-linker-plugin -flto-partition=none (test for excess errors)
FAIL: g++.dg/ubsan/pr65583.C -O2 -flto -fuse-linker-plugin -fno-fat-lto-objects (test for excess errors)
FAIL: g++.dg/ubsan/pr65583.C -O3 -g (test for excess errors)
FAIL: g++.dg/ubsan/pr65583.C -Os (test for excess errors)
FAIL: g++.dg/vect/pr60836.cc -std=c++11 (test for excess errors)
FAIL: g++.dg/vect/pr60836.cc -std=c++14 (test for excess errors)
FAIL: g++.dg/vect/pr60836.cc -std=c++98 (test for excess errors)
FAIL: g++.dg/vect/pr68145.cc -std=c++11 (test for excess errors)
FAIL: g++.dg/vect/pr68145.cc -std=c++14 (test for excess errors)
FAIL: g++.dg/vect/pr68145.cc -std=c++98 (test for excess errors)
FAIL: g++.dg/vect/pr70729-nest.cc -std=c++11 (test for excess errors)
FAIL: g++.dg/vect/pr70729-nest.cc -std=c++14 (test for excess errors)
FAIL: g++.dg/vect/pr70729-nest.cc -std=c++98 (test for excess errors)
FAIL: g++.dg/vect/pr70729.cc -std=c++11 (test for excess errors)
FAIL: g++.dg/vect/pr70729.cc -std=c++14 (test for excess errors)
FAIL: g++.dg/vect/pr70729.cc -std=c++98 (test for excess errors)
FAIL: g++.dg/vect/slp-pr56812.cc -std=c++11 scan-tree-dump-times slp1 "basic block vectorized" 1 (found 0 times)
FAIL: g++.dg/vect/slp-pr56812.cc -std=c++14 scan-tree-dump-times slp1 "basic block vectorized" 1 (found 0 times)
FAIL: g++.dg/vect/slp-pr56812.cc -std=c++98 scan-tree-dump-times slp1 "basic block vectorized" 1 (found 0 times)
FAIL: g++.old-deja/g++.benjamin/p13417.C -std=gnu++11 (test for excess errors)
FAIL: g++.old-deja/g++.benjamin/p13417.C -std=gnu++14 (test for excess errors)
FAIL: g++.old-deja/g++.benjamin/p13417.C -std=gnu++98 (test for excess errors)
FAIL: g++.old-deja/g++.brendan/crash24.C -std=gnu++11 (test for excess errors)
FAIL: g++.old-deja/g++.brendan/crash24.C -std=gnu++14 (test for excess errors)
FAIL: g++.old-deja/g++.brendan/crash24.C -std=gnu++98 (test for excess errors)
FAIL: g++.old-deja/g++.ext/constructor.C -std=gnu++11 (test for excess errors)
FAIL: g++.old-deja/g++.ext/constructor.C -std=gnu++14 (test for excess errors)
FAIL: g++.old-deja/g++.ext/constructor.C -std=gnu++98 (test for excess errors)
FAIL: g++.old-deja/g++.ext/namedret1.C -std=gnu++11 (test for excess errors)
FAIL: g++.old-deja/g++.ext/namedret1.C -std=gnu++14 (test for excess errors)
FAIL: g++.old-deja/g++.ext/namedret1.C -std=gnu++98 (test for excess errors)
FAIL: g++.old-deja/g++.ext/namedret3.C -std=gnu++11 (test for excess errors)
FAIL: g++.old-deja/g++.ext/namedret3.C -std=gnu++14 (test for excess errors)
FAIL: g++.old-deja/g++.ext/namedret3.C -std=gnu++98 (test for excess errors)
FAIL: g++.old-deja/g++.ext/return1.C -std=gnu++11 (test for excess errors)
FAIL: g++.old-deja/g++.ext/return1.C -std=gnu++14 (test for excess errors)
FAIL: g++.old-deja/g++.ext/return1.C -std=gnu++98 (test for excess errors)
FAIL: g++.old-deja/g++.jason/anon4.C -std=gnu++11 (test for excess errors)
FAIL: g++.old-deja/g++.jason/anon4.C -std=gnu++14 (test for excess errors)
FAIL: g++.old-deja/g++.jason/anon4.C -std=gnu++98 (test for excess errors)
FAIL: g++.old-deja/g++.jason/enum6.C -std=gnu++11 (test for excess errors)
FAIL: g++.old-deja/g++.jason/enum6.C -std=gnu++14 (test for excess errors)
FAIL: g++.old-deja/g++.jason/enum6.C -std=gnu++98 (test for excess errors)
FAIL: g++.old-deja/g++.jason/lineno2.C -std=gnu++11 (test for excess errors)
FAIL: g++.old-deja/g++.jason/lineno2.C -std=gnu++14 (test for excess errors)
FAIL: g++.old-deja/g++.jason/lineno2.C -std=gnu++98 (test for excess errors)
FAIL: g++.old-deja/g++.jason/lineno3.C -std=gnu++11 (test for excess errors)
FAIL: g++.old-deja/g++.jason/lineno3.C -std=gnu++14 (test for excess errors)
FAIL: g++.old-deja/g++.jason/lineno3.C -std=gnu++98 (test for excess errors)
FAIL: g++.old-deja/g++.jason/lineno4.C -std=gnu++11 (test for excess errors)
FAIL: g++.old-deja/g++.jason/lineno4.C -std=gnu++14 (test for excess errors)
FAIL: g++.old-deja/g++.jason/lineno4.C -std=gnu++98 (test for excess errors)
FAIL: g++.old-deja/g++.jason/new2.C -std=gnu++11 (test for excess errors)
FAIL: g++.old-deja/g++.jason/new2.C -std=gnu++14 (test for excess errors)
FAIL: g++.old-deja/g++.jason/new2.C -std=gnu++98 (test for excess errors)
FAIL: g++.old-deja/g++.jason/new4.C -std=gnu++11 (test for excess errors)
FAIL: g++.old-deja/g++.jason/new4.C -std=gnu++14 (test for excess errors)
FAIL: g++.old-deja/g++.jason/new4.C -std=gnu++98 (test for excess errors)
FAIL: g++.old-deja/g++.jason/shadow1.C -std=gnu++11 (test for excess errors)
FAIL: g++.old-deja/g++.jason/shadow1.C -std=gnu++14 (test for excess errors)
FAIL: g++.old-deja/g++.jason/shadow1.C -std=gnu++98 (test for excess errors)
FAIL: g++.old-deja/g++.jason/tempcons.C -std=c++11 (test for excess errors)
FAIL: g++.old-deja/g++.jason/tempcons.C -std=c++14 (test for excess errors)
FAIL: g++.old-deja/g++.jason/tempcons.C -std=c++98 (test for excess errors)
FAIL: g++.old-deja/g++.jason/thunk2.C -std=gnu++11 (test for excess errors)
FAIL: g++.old-deja/g++.jason/thunk2.C -std=gnu++14 (test for excess errors)
FAIL: g++.old-deja/g++.jason/thunk2.C -std=gnu++98 (test for excess errors)
FAIL: g++.old-deja/g++.law/builtin1.C -std=gnu++11 (test for excess errors)
FAIL: g++.old-deja/g++.law/builtin1.C -std=gnu++14 (test for excess errors)
FAIL: g++.old-deja/g++.law/builtin1.C -std=gnu++98 (test for excess errors)
FAIL: g++.old-deja/g++.law/enum9.C -std=gnu++11 (test for excess errors)
FAIL: g++.old-deja/g++.law/enum9.C -std=gnu++14 (test for excess errors)
FAIL: g++.old-deja/g++.law/enum9.C -std=gnu++98 (test for excess errors)
FAIL: g++.old-deja/g++.law/except3.C -std=gnu++11 (test for excess errors)
FAIL: g++.old-deja/g++.law/except3.C -std=gnu++14 (test for excess errors)
FAIL: g++.old-deja/g++.law/except3.C -std=gnu++98 (test for excess errors)
FAIL: g++.old-deja/g++.law/init6.C -std=c++11 (test for excess errors)
FAIL: g++.old-deja/g++.law/init6.C -std=c++14 (test for excess errors)
FAIL: g++.old-deja/g++.law/init6.C -std=c++98 (test for excess errors)
FAIL: g++.old-deja/g++.law/profile1.C -std=gnu++11 (test for excess errors)
FAIL: g++.old-deja/g++.law/profile1.C -std=gnu++14 (test for excess errors)
FAIL: g++.old-deja/g++.law/profile1.C -std=gnu++98 (test for excess errors)
FAIL: g++.old-deja/g++.law/shadow2.C -std=gnu++11 (test for excess errors)
FAIL: g++.old-deja/g++.law/shadow2.C -std=gnu++14 (test for excess errors)
FAIL: g++.old-deja/g++.law/shadow2.C -std=gnu++98 (test for excess errors)
FAIL: g++.old-deja/g++.law/temps4.C -std=gnu++11 (test for excess errors)
FAIL: g++.old-deja/g++.law/temps4.C -std=gnu++14 (test for excess errors)
FAIL: g++.old-deja/g++.law/temps4.C -std=gnu++98 (test for excess errors)
FAIL: g++.old-deja/g++.mike/bool2.C -std=gnu++11 (test for excess errors)
FAIL: g++.old-deja/g++.mike/bool2.C -std=gnu++14 (test for excess errors)
FAIL: g++.old-deja/g++.mike/bool2.C -std=gnu++98 (test for excess errors)
FAIL: g++.old-deja/g++.mike/eh1.C -std=gnu++11 (test for excess errors)
FAIL: g++.old-deja/g++.mike/eh1.C -std=gnu++14 (test for excess errors)
FAIL: g++.old-deja/g++.mike/eh1.C -std=gnu++98 (test for excess errors)
FAIL: g++.old-deja/g++.mike/eh10.C -std=gnu++11 (test for excess errors)
FAIL: g++.old-deja/g++.mike/eh10.C -std=gnu++14 (test for excess errors)
FAIL: g++.old-deja/g++.mike/eh10.C -std=gnu++98 (test for excess errors)
FAIL: g++.old-deja/g++.mike/eh13.C -std=gnu++11 (test for excess errors)
FAIL: g++.old-deja/g++.mike/eh13.C -std=gnu++14 (test for excess errors)
FAIL: g++.old-deja/g++.mike/eh13.C -std=gnu++98 (test for excess errors)
FAIL: g++.old-deja/g++.mike/eh16.C -std=gnu++11 (test for excess errors)
FAIL: g++.old-deja/g++.mike/eh16.C -std=gnu++14 (test for excess errors)
FAIL: g++.old-deja/g++.mike/eh16.C -std=gnu++98 (test for excess errors)
FAIL: g++.old-deja/g++.mike/eh17.C -std=gnu++11 (test for excess errors)
FAIL: g++.old-deja/g++.mike/eh17.C -std=gnu++14 (test for excess errors)
FAIL: g++.old-deja/g++.mike/eh17.C -std=gnu++98 (test for excess errors)
FAIL: g++.old-deja/g++.mike/eh2.C -std=gnu++11 (test for excess errors)
FAIL: g++.old-deja/g++.mike/eh2.C -std=gnu++14 (test for excess errors)
FAIL: g++.old-deja/g++.mike/eh2.C -std=gnu++98 (test for excess errors)
FAIL: g++.old-deja/g++.mike/eh23.C -std=gnu++11 (test for excess errors)
FAIL: g++.old-deja/g++.mike/eh23.C -std=gnu++14 (test for excess errors)
FAIL: g++.old-deja/g++.mike/eh23.C -std=gnu++98 (test for excess errors)
FAIL: g++.old-deja/g++.mike/eh24.C -std=gnu++11 (test for excess errors)
FAIL: g++.old-deja/g++.mike/eh24.C -std=gnu++14 (test for excess errors)
FAIL: g++.old-deja/g++.mike/eh24.C -std=gnu++98 (test for excess errors)
FAIL: g++.old-deja/g++.mike/eh25.C -std=gnu++11 (test for excess errors)
FAIL: g++.old-deja/g++.mike/eh25.C -std=gnu++14 (test for excess errors)
FAIL: g++.old-deja/g++.mike/eh25.C -std=gnu++98 (test for excess errors)
FAIL: g++.old-deja/g++.mike/eh26.C -std=gnu++11 (test for excess errors)
FAIL: g++.old-deja/g++.mike/eh26.C -std=gnu++14 (test for excess errors)
FAIL: g++.old-deja/g++.mike/eh26.C -std=gnu++98 (test for excess errors)
FAIL: g++.old-deja/g++.mike/eh27.C -std=gnu++11 (test for excess errors)
FAIL: g++.old-deja/g++.mike/eh27.C -std=gnu++14 (test for excess errors)
FAIL: g++.old-deja/g++.mike/eh27.C -std=gnu++98 (test for excess errors)
FAIL: g++.old-deja/g++.mike/eh28.C -std=gnu++11 (test for excess errors)
FAIL: g++.old-deja/g++.mike/eh28.C -std=gnu++14 (test for excess errors)
FAIL: g++.old-deja/g++.mike/eh28.C -std=gnu++98 (test for excess errors)
FAIL: g++.old-deja/g++.mike/eh29.C -std=gnu++11 (test for excess errors)
FAIL: g++.old-deja/g++.mike/eh29.C -std=gnu++14 (test for excess errors)
FAIL: g++.old-deja/g++.mike/eh29.C -std=gnu++98 (test for excess errors)
FAIL: g++.old-deja/g++.mike/eh30.C -std=gnu++11 (test for excess errors)
FAIL: g++.old-deja/g++.mike/eh30.C -std=gnu++14 (test for excess errors)
FAIL: g++.old-deja/g++.mike/eh30.C -std=gnu++98 (test for excess errors)
FAIL: g++.old-deja/g++.mike/eh31.C -std=gnu++11 (test for excess errors)
FAIL: g++.old-deja/g++.mike/eh31.C -std=gnu++14 (test for excess errors)
FAIL: g++.old-deja/g++.mike/eh31.C -std=gnu++98 (test for excess errors)
FAIL: g++.old-deja/g++.mike/eh35.C -std=gnu++11 (test for excess errors)
FAIL: g++.old-deja/g++.mike/eh35.C -std=gnu++14 (test for excess errors)
FAIL: g++.old-deja/g++.mike/eh35.C -std=gnu++98 (test for excess errors)
FAIL: g++.old-deja/g++.mike/eh36.C -std=gnu++11 (test for excess errors)
FAIL: g++.old-deja/g++.mike/eh36.C -std=gnu++14 (test for excess errors)
FAIL: g++.old-deja/g++.mike/eh36.C -std=gnu++98 (test for excess errors)
FAIL: g++.old-deja/g++.mike/eh37.C -std=gnu++11 (test for excess errors)
FAIL: g++.old-deja/g++.mike/eh37.C -std=gnu++14 (test for excess errors)
FAIL: g++.old-deja/g++.mike/eh37.C -std=gnu++98 (test for excess errors)
FAIL: g++.old-deja/g++.mike/eh38.C -std=gnu++11 (test for excess errors)
FAIL: g++.old-deja/g++.mike/eh38.C -std=gnu++14 (test for excess errors)
FAIL: g++.old-deja/g++.mike/eh38.C -std=gnu++98 (test for excess errors)
FAIL: g++.old-deja/g++.mike/eh39.C -std=gnu++11 (test for excess errors)
FAIL: g++.old-deja/g++.mike/eh39.C -std=gnu++14 (test for excess errors)
FAIL: g++.old-deja/g++.mike/eh39.C -std=gnu++98 (test for excess errors)
FAIL: g++.old-deja/g++.mike/eh40.C -std=gnu++11 (test for excess errors)
FAIL: g++.old-deja/g++.mike/eh40.C -std=gnu++14 (test for excess errors)
FAIL: g++.old-deja/g++.mike/eh40.C -std=gnu++98 (test for excess errors)
FAIL: g++.old-deja/g++.mike/eh47.C -std=gnu++11 (test for excess errors)
FAIL: g++.old-deja/g++.mike/eh47.C -std=gnu++14 (test for excess errors)
FAIL: g++.old-deja/g++.mike/eh47.C -std=gnu++98 (test for excess errors)
FAIL: g++.old-deja/g++.mike/eh50.C -std=gnu++11 (test for excess errors)
FAIL: g++.old-deja/g++.mike/eh50.C -std=gnu++14 (test for excess errors)
FAIL: g++.old-deja/g++.mike/eh50.C -std=gnu++98 (test for excess errors)
FAIL: g++.old-deja/g++.mike/eh51.C -std=gnu++11 (test for excess errors)
FAIL: g++.old-deja/g++.mike/eh51.C -std=gnu++14 (test for excess errors)
FAIL: g++.old-deja/g++.mike/eh51.C -std=gnu++98 (test for excess errors)
FAIL: g++.old-deja/g++.mike/eh7.C -std=gnu++11 (test for excess errors)
FAIL: g++.old-deja/g++.mike/eh7.C -std=gnu++14 (test for excess errors)
FAIL: g++.old-deja/g++.mike/eh7.C -std=gnu++98 (test for excess errors)
FAIL: g++.old-deja/g++.mike/eh8.C -std=gnu++11 (test for excess errors)
FAIL: g++.old-deja/g++.mike/eh8.C -std=gnu++14 (test for excess errors)
FAIL: g++.old-deja/g++.mike/eh8.C -std=gnu++98 (test for excess errors)
FAIL: g++.old-deja/g++.mike/eh9.C -std=gnu++11 (test for excess errors)
FAIL: g++.old-deja/g++.mike/eh9.C -std=gnu++14 (test for excess errors)
FAIL: g++.old-deja/g++.mike/eh9.C -std=gnu++98 (test for excess errors)
FAIL: g++.old-deja/g++.mike/mangle1.C -std=gnu++11 (test for excess errors)
FAIL: g++.old-deja/g++.mike/mangle1.C -std=gnu++14 (test for excess errors)
FAIL: g++.old-deja/g++.mike/mangle1.C -std=gnu++98 (test for excess errors)
FAIL: g++.old-deja/g++.mike/p5958.C -std=gnu++11 (test for excess errors)
FAIL: g++.old-deja/g++.mike/p5958.C -std=gnu++14 (test for excess errors)
FAIL: g++.old-deja/g++.mike/p5958.C -std=gnu++98 (test for excess errors)
FAIL: g++.old-deja/g++.mike/p6004.C -std=gnu++11 (test for excess errors)
FAIL: g++.old-deja/g++.mike/p6004.C -std=gnu++14 (test for excess errors)
FAIL: g++.old-deja/g++.mike/p6004.C -std=gnu++98 (test for excess errors)
FAIL: g++.old-deja/g++.mike/p700.C -std=gnu++11 (test for excess errors)
FAIL: g++.old-deja/g++.mike/p700.C -std=gnu++14 (test for excess errors)
FAIL: g++.old-deja/g++.mike/p700.C -std=gnu++98 (test for excess errors)
FAIL: g++.old-deja/g++.mike/p7912.C -std=gnu++11 (test for excess errors)
FAIL: g++.old-deja/g++.mike/p7912.C -std=gnu++14 (test for excess errors)
FAIL: g++.old-deja/g++.mike/p7912.C -std=gnu++98 (test for excess errors)
FAIL: g++.old-deja/g++.mike/p811.C -std=gnu++11 (test for excess errors)
FAIL: g++.old-deja/g++.mike/p811.C -std=gnu++14 (test for excess errors)
FAIL: g++.old-deja/g++.mike/p811.C -std=gnu++98 (test for excess errors)
FAIL: g++.old-deja/g++.mike/virt4.C -std=gnu++11 (test for excess errors)
FAIL: g++.old-deja/g++.mike/virt4.C -std=gnu++14 (test for excess errors)
FAIL: g++.old-deja/g++.mike/virt4.C -std=gnu++98 (test for excess errors)
FAIL: g++.old-deja/g++.oliva/nameret1.C -std=gnu++11 (test for excess errors)
FAIL: g++.old-deja/g++.oliva/nameret1.C -std=gnu++14 (test for excess errors)
FAIL: g++.old-deja/g++.oliva/nameret1.C -std=gnu++98 (test for excess errors)
FAIL: g++.old-deja/g++.oliva/nameret2.C -std=gnu++11 (test for excess errors)
FAIL: g++.old-deja/g++.oliva/nameret2.C -std=gnu++14 (test for excess errors)
FAIL: g++.old-deja/g++.oliva/nameret2.C -std=gnu++98 (test for excess errors)
FAIL: g++.old-deja/g++.other/decl1.C -std=c++11 (test for excess errors)
FAIL: g++.old-deja/g++.other/decl1.C -std=c++14 (test for excess errors)
FAIL: g++.old-deja/g++.other/decl1.C -std=c++98 (test for excess errors)
FAIL: g++.old-deja/g++.other/expr1.C -std=c++11 (test for excess errors)
FAIL: g++.old-deja/g++.other/expr1.C -std=c++14 (test for excess errors)
FAIL: g++.old-deja/g++.other/expr1.C -std=c++98 (test for excess errors)
FAIL: g++.old-deja/g++.other/inline8.C -std=gnu++11 (test for excess errors)
FAIL: g++.old-deja/g++.other/inline8.C -std=gnu++14 (test for excess errors)
FAIL: g++.old-deja/g++.other/inline8.C -std=gnu++98 (test for excess errors)
FAIL: g++.old-deja/g++.other/loop1.C -std=gnu++11 (test for excess errors)
FAIL: g++.old-deja/g++.other/loop1.C -std=gnu++14 (test for excess errors)
FAIL: g++.old-deja/g++.other/loop1.C -std=gnu++98 (test for excess errors)
FAIL: g++.old-deja/g++.other/syntax1.C -std=gnu++11 (test for excess errors)
FAIL: g++.old-deja/g++.other/syntax1.C -std=gnu++14 (test for excess errors)
FAIL: g++.old-deja/g++.other/syntax1.C -std=gnu++98 (test for excess errors)
FAIL: g++.old-deja/g++.pt/repo3.C -std=gnu++11 (test for excess errors)
FAIL: g++.old-deja/g++.pt/repo3.C -std=gnu++14 (test for excess errors)
FAIL: g++.old-deja/g++.pt/repo3.C -std=gnu++98 (test for excess errors)
FAIL: g++.old-deja/g++.robertl/eb27.C -std=gnu++11 (test for excess errors)
FAIL: g++.old-deja/g++.robertl/eb27.C -std=gnu++14 (test for excess errors)
FAIL: g++.old-deja/g++.robertl/eb27.C -std=gnu++98 (test for excess errors)
FAIL: g++.old-deja/g++.robertl/eb83.C -std=gnu++11 (test for excess errors)
FAIL: g++.old-deja/g++.robertl/eb83.C -std=gnu++14 (test for excess errors)
FAIL: g++.old-deja/g++.robertl/eb83.C -std=gnu++98 (test for excess errors)
=== g++ Summary ===
# of expected passes 114168
# of unexpected failures 2458
# of expected failures 371
# of unresolved testcases 23
# of unsupported tests 4870
/home/gccbuild/build/nightly/build-gcc-trunk/gcc/testsuite/g++/../../xg++ version 8.0.0 20171106 (experimental) [trunk revision 254437] (GCC)
=== go tests ===
Running target unix
FAIL: go.test/test/ken/cplx2.go execution, -O2 -g
=== go Summary ===
# of expected passes 7249
# of unexpected failures 1
# of expected failures 1
# of untested testcases 7
# of unsupported tests 3
/home/gccbuild/build/nightly/build-gcc-trunk/gcc/testsuite/go/../../gccgo version 8.0.0 20171106 (experimental) [trunk revision 254437] (GCC)
=== obj-c++ tests ===
Running target unix
FAIL: obj-c++.dg/comp-types-8.mm -fgnu-runtime (test for excess errors)
FAIL: obj-c++.dg/demangle-3.mm -fgnu-runtime (test for excess errors)
FAIL: obj-c++.dg/super-class-1.mm -fgnu-runtime (test for excess errors)
=== obj-c++ Summary ===
# of expected passes 1453
# of unexpected failures 3
# of expected failures 10
# of unsupported tests 77
/home/gccbuild/build/nightly/build-gcc-trunk/gcc/testsuite/obj-c++/../../xg++ version 8.0.0 20171106 (experimental) [trunk revision 254437] (GCC)
=== objc tests ===
Running target unix
=== objc Summary ===
# of expected passes 2803
# of unsupported tests 68
/home/gccbuild/build/nightly/build-gcc-trunk/gcc/xgcc version 8.0.0 20171106 (experimental) [trunk revision 254437] (GCC)
=== gotools tests ===
=== gotools Summary ===
# of expected passes 362
# of untested testcases 131
/home/gccbuild/build/nightly/build-gcc-trunk/./gcc/gccgo version 8.0.0 20171106 (experimental) [trunk revision 254437] (GCC)
=== libatomic tests ===
Running target unix
=== libatomic Summary ===
# of expected passes 54
=== libffi tests ===
Running target unix
=== libffi Summary ===
# of expected passes 1934
# of unsupported tests 28
=== libgo tests ===
Running target unix
FAIL: net
=== libgo Summary ===
# of expected passes 154
# of unexpected failures 1
/home/gccbuild/build/nightly/build-gcc-trunk/./gcc/gccgo version 8.0.0 20171106 (experimental) [trunk revision 254437] (GCC)
=== libgomp tests ===
Running target unix
FAIL: libgomp.c++/loop-2.C (test for excess errors)
FAIL: libgomp.c++/loop-4.C (test for excess errors)
FAIL: libgomp.c++/parallel-1.C (test for excess errors)
FAIL: libgomp.c++/shared-1.C (test for excess errors)
FAIL: libgomp.c++/single-1.C (test for excess errors)
FAIL: libgomp.c++/single-2.C (test for excess errors)
=== libgomp Summary ===
# of expected passes 5157
# of unexpected failures 6
# of unsupported tests 352
=== libitm tests ===
Running target unix
=== libitm Summary ===
# of expected passes 42
# of expected failures 3
# of unsupported tests 1
=== libstdc++ tests ===
Running target unix
FAIL: 20_util/optional/cons/deduction.cc (test for excess errors)
FAIL: 20_util/pair/cons/deduction.cc (test for excess errors)
FAIL: 20_util/pair/traits.cc (test for excess errors)
FAIL: 20_util/tuple/cons/deduction.cc (test for excess errors)
FAIL: 20_util/variant/compile.cc (test for excess errors)
FAIL: 23_containers/map/modifiers/try_emplace/1.cc (test for excess errors)
FAIL: 23_containers/unordered_map/modifiers/try_emplace.cc (test for excess errors)
FAIL: 27_io/basic_fstream/open/char/path.cc execution test
FAIL: 27_io/basic_ifstream/open/char/path.cc execution test
FAIL: 27_io/basic_ofstream/open/char/path.cc execution test
=== libstdc++ Summary ===
# of expected passes 12343
# of unexpected failures 10
# of expected failures 70
# of unsupported tests 396
Compiler version: 8.0.0 20171106 (experimental) [trunk revision 254437] (GCC)
Platform: powerpc64le-unknown-linux-gnu
configure flags: --prefix=/opt/gcc-nightly/trunk --with-as=/home/gccbuild/binutils/install/binutils-2.26/bin/as --with-ld=/home/gccbuild/binutils/install/binutils-2.26/bin/ld --enable-languages=c,c++,fortran,objc,obj-c++,go --with-cpu=power8
fail WARNING: Could not generate test framework tests
fail XPASS: gcc.test-framework/dg-bogus-exp-XF.c (test for excess errors)
fail FAIL: gcc.test-framework/dg-do-assemble-exp-P.c (test for excess errors) (PRMS 42)
fail FAIL: gcc.test-framework/dg-do-compile-exp-P.c (test for excess errors) (PRMS 42)
fail FAIL: gcc.test-framework/dg-do-link-exp-P.c (test for excess errors) (PRMS 42)
fail FAIL: gcc.test-framework/dg-do-run-exp-P.c (test for excess errors) (PRMS 42)
fail FAIL: gcc.test-framework/dg-dot-run-exp-P.c (test for excess errors) (PRMS 42)
fail FAIL: gcc.test-framework/dg-dox-run-exp-XF.c (test for excess errors) (PRMS 42)
fail FAIL: gcc.test-framework/dg-output-exp-P.c (test for excess errors) (PRMS 42)
fail FAIL: gcc.test-framework/dg-output-exp-XF.c (test for excess errors) (PRMS 42)
fail FAIL: gcc.test-framework/dg-warning-exp-P.c warning test (test for warnings, line 9) (PRMS 42)
=== Test Framework Summary ===
# of expected passes 68
# of unexpected failures 11