This is the mail archive of the
gcc-testresults@gcc.gnu.org
mailing list for the GCC project.
Results for 8.0.0 20171031 (experimental) [trunk revision 254251] (GCC) testsuite on i686-pc-linux-gnu
- From: ia32 at gnu-1 dot sc dot intel dot com (H.J. Lu (ia32))
- To: gcc-testresults at gcc dot gnu dot org
- Date: Tue, 31 Oct 2017 06:29:06 -0700
- Subject: Results for 8.0.0 20171031 (experimental) [trunk revision 254251] (GCC) testsuite on i686-pc-linux-gnu
- Authentication-results: sourceware.org; auth=none
Native configuration is i686-pc-linux-gnu
=== gcc tests ===
Running target unix
XPASS: gcc.dg/pr78768.c -Wformat-overflow (test for warnings, line 12)
FAIL: gcc.dg/stack-layout-dynamic-1.c scan-assembler-not cfi_def_cfa_register
FAIL: gcc.dg/graphite/interchange-3.c scan-tree-dump graphite "tiled"
FAIL: gcc.dg/graphite/interchange-7.c scan-tree-dump graphite "tiled"
FAIL: gcc.dg/graphite/interchange-9.c scan-tree-dump graphite "tiled"
FAIL: gcc.dg/graphite/uns-interchange-9.c scan-tree-dump graphite "tiled"
XPASS: gcc.dg/guality/example.c -O0 execution test
XPASS: gcc.dg/guality/example.c -O1 execution test
XPASS: gcc.dg/guality/guality.c -O0 execution test
XPASS: gcc.dg/guality/guality.c -O1 execution test
XPASS: gcc.dg/guality/guality.c -O2 execution test
XPASS: gcc.dg/guality/guality.c -O2 -flto -fno-use-linker-plugin -flto-partition=none execution test
XPASS: gcc.dg/guality/guality.c -O2 -flto -fuse-linker-plugin -fno-fat-lto-objects execution test
XPASS: gcc.dg/guality/guality.c -O3 -g execution test
XPASS: gcc.dg/guality/guality.c -Os execution test
XPASS: gcc.dg/guality/inline-params-2.c -O2 -flto -fuse-linker-plugin -fno-fat-lto-objects execution test
XPASS: gcc.dg/guality/inline-params.c -O2 execution test
XPASS: gcc.dg/guality/inline-params.c -O2 -flto -fno-use-linker-plugin -flto-partition=none execution test
XPASS: gcc.dg/guality/inline-params.c -O2 -flto -fuse-linker-plugin -fno-fat-lto-objects execution test
XPASS: gcc.dg/guality/inline-params.c -O3 -g execution test
XPASS: gcc.dg/guality/inline-params.c -Os execution test
XPASS: gcc.dg/guality/pr41353-1.c -O0 line 28 j == 28 + 37
XPASS: gcc.dg/guality/pr41353-1.c -O1 line 28 j == 28 + 37
XPASS: gcc.dg/guality/pr41353-1.c -O2 line 28 j == 28 + 37
XPASS: gcc.dg/guality/pr41353-1.c -O2 -flto -fno-use-linker-plugin -flto-partition=none line 28 j == 28 + 37
XPASS: gcc.dg/guality/pr41353-1.c -O2 -flto -fuse-linker-plugin -fno-fat-lto-objects line 28 j == 28 + 37
XPASS: gcc.dg/guality/pr41353-1.c -O3 -g line 28 j == 28 + 37
XPASS: gcc.dg/guality/pr41353-1.c -Os line 28 j == 28 + 37
FAIL: gcc.dg/guality/pr41447-1.c -O2 execution test
FAIL: gcc.dg/guality/pr41447-1.c -O2 -flto -fno-use-linker-plugin -flto-partition=none execution test
FAIL: gcc.dg/guality/pr41447-1.c -O3 -g execution test
FAIL: gcc.dg/guality/pr41616-1.c -O2 -flto -fuse-linker-plugin -fno-fat-lto-objects execution test
FAIL: gcc.dg/guality/pr41616-1.c -O3 -g execution test
FAIL: gcc.dg/guality/pr45882.c -O2 -flto -fuse-linker-plugin -fno-fat-lto-objects line 16 d == 112
FAIL: gcc.dg/guality/pr45882.c -O2 -flto -fuse-linker-plugin -fno-fat-lto-objects line 16 e == 142
FAIL: gcc.dg/guality/pr54519-1.c -O2 -flto -fno-use-linker-plugin -flto-partition=none line 20 y == 25
FAIL: gcc.dg/guality/pr54519-1.c -O2 -flto -fno-use-linker-plugin -flto-partition=none line 20 z == 6
FAIL: gcc.dg/guality/pr54519-1.c -O2 -flto -fno-use-linker-plugin -flto-partition=none line 23 y == 117
FAIL: gcc.dg/guality/pr54519-1.c -O2 -flto -fno-use-linker-plugin -flto-partition=none line 23 z == 8
FAIL: gcc.dg/guality/pr54519-2.c -O2 -flto -fno-use-linker-plugin -flto-partition=none line 17 y == 25
FAIL: gcc.dg/guality/pr54519-2.c -O2 -flto -fuse-linker-plugin -fno-fat-lto-objects line 17 y == 25
FAIL: gcc.dg/guality/pr54519-3.c -O2 -flto -fno-use-linker-plugin -flto-partition=none line 20 y == 25
FAIL: gcc.dg/guality/pr54519-3.c -O2 -flto -fno-use-linker-plugin -flto-partition=none line 20 z == 6
FAIL: gcc.dg/guality/pr54519-3.c -O2 -flto -fno-use-linker-plugin -flto-partition=none line 23 y == 117
FAIL: gcc.dg/guality/pr54519-3.c -O2 -flto -fno-use-linker-plugin -flto-partition=none line 23 z == 8
FAIL: gcc.dg/guality/pr54519-3.c -O2 -flto -fuse-linker-plugin -fno-fat-lto-objects line 20 y == 25
FAIL: gcc.dg/guality/pr54519-3.c -O2 -flto -fuse-linker-plugin -fno-fat-lto-objects line 20 z == 6
FAIL: gcc.dg/guality/pr54519-3.c -O2 -flto -fuse-linker-plugin -fno-fat-lto-objects line 23 y == 117
FAIL: gcc.dg/guality/pr54519-3.c -O2 -flto -fuse-linker-plugin -fno-fat-lto-objects line 23 z == 8
FAIL: gcc.dg/guality/pr54519-4.c -O2 -flto -fno-use-linker-plugin -flto-partition=none line 17 y == 25
FAIL: gcc.dg/guality/pr54519-4.c -O2 -flto -fuse-linker-plugin -fno-fat-lto-objects line 17 y == 25
FAIL: gcc.dg/guality/pr54519-5.c -O2 -flto -fno-use-linker-plugin -flto-partition=none line 17 y == 25
FAIL: gcc.dg/guality/pr54519-5.c -O2 -flto -fuse-linker-plugin -fno-fat-lto-objects line 17 y == 25
FAIL: gcc.dg/guality/pr68037-1.c -O2 -flto -fuse-linker-plugin -fno-fat-lto-objects line 33 error == 0x12345670
FAIL: gcc.dg/guality/pr68037-1.c -O2 -flto -fuse-linker-plugin -fno-fat-lto-objects line 33 frame->cs == 0x12345672
FAIL: gcc.dg/guality/pr68037-1.c -O2 -flto -fuse-linker-plugin -fno-fat-lto-objects line 33 frame->flags == 0x12345673
FAIL: gcc.dg/guality/pr68037-1.c -O2 -flto -fuse-linker-plugin -fno-fat-lto-objects line 33 frame->ip == 0x12345671
FAIL: gcc.dg/guality/pr68037-1.c -O2 -flto -fuse-linker-plugin -fno-fat-lto-objects line 33 frame->sp == 0x12345674
FAIL: gcc.dg/guality/pr68037-1.c -O2 -flto -fuse-linker-plugin -fno-fat-lto-objects line 33 frame->ss == 0x12345675
FAIL: gcc.dg/guality/pr68860-1.c -O2 -flto -fno-use-linker-plugin -flto-partition=none line 14 arg1 == 1
FAIL: gcc.dg/guality/pr68860-1.c -O2 -flto -fno-use-linker-plugin -flto-partition=none line 14 arg2 == 2
FAIL: gcc.dg/guality/pr68860-1.c -O2 -flto -fno-use-linker-plugin -flto-partition=none line 14 arg3 == 3
FAIL: gcc.dg/guality/pr68860-1.c -O2 -flto -fno-use-linker-plugin -flto-partition=none line 14 arg4 == 4
FAIL: gcc.dg/guality/pr68860-1.c -O2 -flto -fno-use-linker-plugin -flto-partition=none line 14 arg5 == 5
FAIL: gcc.dg/guality/pr68860-1.c -O2 -flto -fno-use-linker-plugin -flto-partition=none line 14 arg6 == 6
FAIL: gcc.dg/guality/pr68860-1.c -O2 -flto -fno-use-linker-plugin -flto-partition=none line 16 arg1 == 1
FAIL: gcc.dg/guality/pr68860-1.c -O2 -flto -fno-use-linker-plugin -flto-partition=none line 16 arg2 == 2
FAIL: gcc.dg/guality/pr68860-1.c -O2 -flto -fno-use-linker-plugin -flto-partition=none line 16 arg3 == 3
FAIL: gcc.dg/guality/pr68860-1.c -O2 -flto -fno-use-linker-plugin -flto-partition=none line 16 arg4 == 4
FAIL: gcc.dg/guality/pr68860-1.c -O2 -flto -fno-use-linker-plugin -flto-partition=none line 16 arg5 == 5
FAIL: gcc.dg/guality/pr68860-1.c -O2 -flto -fno-use-linker-plugin -flto-partition=none line 16 arg6 == 6
FAIL: gcc.dg/guality/pr68860-1.c -O2 -flto -fuse-linker-plugin -fno-fat-lto-objects line 14 arg1 == 1
FAIL: gcc.dg/guality/pr68860-1.c -O2 -flto -fuse-linker-plugin -fno-fat-lto-objects line 14 arg2 == 2
FAIL: gcc.dg/guality/pr68860-1.c -O2 -flto -fuse-linker-plugin -fno-fat-lto-objects line 14 arg3 == 3
FAIL: gcc.dg/guality/pr68860-1.c -O2 -flto -fuse-linker-plugin -fno-fat-lto-objects line 14 arg4 == 4
FAIL: gcc.dg/guality/pr68860-1.c -O2 -flto -fuse-linker-plugin -fno-fat-lto-objects line 14 arg5 == 5
FAIL: gcc.dg/guality/pr68860-1.c -O2 -flto -fuse-linker-plugin -fno-fat-lto-objects line 14 arg6 == 6
FAIL: gcc.dg/guality/pr68860-1.c -O2 -flto -fuse-linker-plugin -fno-fat-lto-objects line 16 arg1 == 1
FAIL: gcc.dg/guality/pr68860-1.c -O2 -flto -fuse-linker-plugin -fno-fat-lto-objects line 16 arg2 == 2
FAIL: gcc.dg/guality/pr68860-1.c -O2 -flto -fuse-linker-plugin -fno-fat-lto-objects line 16 arg3 == 3
FAIL: gcc.dg/guality/pr68860-1.c -O2 -flto -fuse-linker-plugin -fno-fat-lto-objects line 16 arg4 == 4
FAIL: gcc.dg/guality/pr68860-1.c -O2 -flto -fuse-linker-plugin -fno-fat-lto-objects line 16 arg5 == 5
FAIL: gcc.dg/guality/pr68860-1.c -O2 -flto -fuse-linker-plugin -fno-fat-lto-objects line 16 arg6 == 6
FAIL: gcc.dg/guality/vla-1.c -O1 line 17 sizeof (a) == 6
FAIL: gcc.dg/guality/vla-1.c -O2 line 17 sizeof (a) == 6
FAIL: gcc.dg/guality/vla-1.c -O2 -flto -fno-use-linker-plugin -flto-partition=none line 17 sizeof (a) == 6
FAIL: gcc.dg/guality/vla-1.c -O2 -flto -fno-use-linker-plugin -flto-partition=none line 24 sizeof (a) == 17 * sizeof (short)
FAIL: gcc.dg/guality/vla-1.c -O2 -flto -fuse-linker-plugin -fno-fat-lto-objects line 17 sizeof (a) == 6
FAIL: gcc.dg/guality/vla-1.c -O2 -flto -fuse-linker-plugin -fno-fat-lto-objects line 24 sizeof (a) == 17 * sizeof (short)
FAIL: gcc.dg/guality/vla-1.c -O3 -g line 17 sizeof (a) == 6
FAIL: gcc.dg/guality/vla-1.c -Os line 17 sizeof (a) == 6
UNRESOLVED: gcc.dg/lto/chkp-ctor-merge c_lto_chkp-ctor-merge_0.o-c_lto_chkp-ctor-merge_0.o execute -O2 -flto -fcheck-pointer-bounds -mmpx -nodefaultlibs -lc
FAIL: gcc.dg/lto/chkp-ctor-merge c_lto_chkp-ctor-merge_0.o-c_lto_chkp-ctor-merge_0.o link, -O2 -flto -fcheck-pointer-bounds -mmpx -nodefaultlibs -lc (internal compiler error)
FAIL: gcc.dg/tree-ssa/builtin-sprintf-warn-18.c (test for warnings, line 119)
FAIL: gcc.dg/tree-ssa/builtin-sprintf-warn-18.c (test for warnings, line 121)
FAIL: gcc.dg/tree-ssa/gen-vect-25.c scan-tree-dump-times vect "vectorized 2 loops" 1 (found 0 times)
FAIL: c-c++-common/ubsan/ptr-overflow-sanitization-1.c -O0 scan-tree-dump-times optimized "__ubsan_handle_pointer_overflow" 17 (found 14 times)
FAIL: c-c++-common/ubsan/ptr-overflow-sanitization-1.c -O1 scan-tree-dump-times optimized "__ubsan_handle_pointer_overflow" 17 (found 14 times)
FAIL: c-c++-common/ubsan/ptr-overflow-sanitization-1.c -O2 scan-tree-dump-times optimized "__ubsan_handle_pointer_overflow" 17 (found 14 times)
FAIL: c-c++-common/ubsan/ptr-overflow-sanitization-1.c -O3 -g scan-tree-dump-times optimized "__ubsan_handle_pointer_overflow" 17 (found 14 times)
FAIL: c-c++-common/ubsan/ptr-overflow-sanitization-1.c -Os scan-tree-dump-times optimized "__ubsan_handle_pointer_overflow" 17 (found 14 times)
FAIL: gcc.dg/vect/pr65947-14.c -flto -ffat-lto-objects execution test
FAIL: gcc.dg/vect/pr65947-14.c execution test
FAIL: gcc.dg/vect/slp-perm-9.c -flto -ffat-lto-objects scan-tree-dump-times vect "vectorized 1 loops" 1 (found 2 times)
FAIL: gcc.dg/vect/slp-perm-9.c scan-tree-dump-times vect "vectorized 1 loops" 1 (found 2 times)
FAIL: gcc.target/i386/align-limit.c scan-assembler .p2align 6,,1
FAIL: gcc.target/i386/avx2-vpaddq-3.c scan-assembler-times vpaddq[ \\\\t]+[^\\n]*%ymm[0-9] 1 (found 0 times)
FAIL: gcc.target/i386/avx2-vpsubq-3.c scan-assembler-times vpsubq[ \\\\t]+[^\\n]*%ymm[0-9] 1 (found 0 times)
FAIL: gcc.target/i386/avx512f-gather-2.c scan-tree-dump-times vect "note: vectorized 1 loops in function" 16 (found 8 times)
FAIL: gcc.target/i386/pr50038.c scan-assembler-times movzbl 2 (found 3 times)
FAIL: gcc.target/i386/pr61403.c scan-assembler blend
FAIL: gcc.target/i386/pr70263-2.c scan-rtl-dump ira "Adding REG_EQUIV to insn [0-9]+ for source of insn [0-9]+"
FAIL: gcc.target/i386/pr71321.c scan-assembler-times lea.\\t\\\\(%[0-9a-z]+,%[0-9a-z]+,4 3 (found 1 times)
FAIL: gcc.target/i386/pr71321.c scan-assembler-times lea.\\t\\\\(%[0-9a-z]+,%[0-9a-z]+,8 1 (found 0 times)
FAIL: gcc.target/i386/pr79690.c scan-assembler mov[au]p.[ \\t][^,]+, %gs:
FAIL: gcc.target/i386/pr79723.c scan-assembler mov[au]p.[ \\t][^,]+, %gs:
FAIL: gcc.target/i386/pr82618.c scan-assembler \\\\mcmp
FAIL: gcc.target/i386/vect-unpack-1.c scan-assembler-times vpmovzxbw[ \\\\t]+[^\\n]*%zmm 2 (found 0 times)
FAIL: gcc.target/i386/vect-unpack-3.c scan-tree-dump vect "LOOP VECTORIZED"
=== gcc Summary ===
# of expected passes 134892
# of unexpected failures 95
# of unexpected successes 23
# of expected failures 379
# of unresolved testcases 1
# of unsupported tests 2341
/export/gnu/import/git/gcc-test-ia32/bld/gcc/xgcc version 8.0.0 20171031 (experimental) [trunk revision 254251] (GCC)
=== gfortran tests ===
Running target unix
=== gfortran Summary ===
# of expected passes 45848
# of expected failures 91
# of unsupported tests 179
/export/gnu/import/git/gcc-test-ia32/bld/gcc/gfortran version 8.0.0 20171031 (experimental) [trunk revision 254251] (GCC)
=== g++ tests ===
Running target unix
FAIL: g++.dg/template/nontype10.C -std=c++11 (test for excess errors)
FAIL: g++.dg/template/nontype10.C -std=c++14 (test for excess errors)
FAIL: g++.dg/template/nontype10.C -std=c++98 (test for excess errors)
FAIL: g++.dg/guality/pr55665.C -O2 line 23 p == 40
FAIL: c-c++-common/ubsan/ptr-overflow-sanitization-1.c -O0 scan-tree-dump-times optimized "__ubsan_handle_pointer_overflow" 17 (found 14 times)
FAIL: c-c++-common/ubsan/ptr-overflow-sanitization-1.c -O1 scan-tree-dump-times optimized "__ubsan_handle_pointer_overflow" 17 (found 14 times)
FAIL: c-c++-common/ubsan/ptr-overflow-sanitization-1.c -O2 scan-tree-dump-times optimized "__ubsan_handle_pointer_overflow" 17 (found 14 times)
FAIL: c-c++-common/ubsan/ptr-overflow-sanitization-1.c -O3 -g scan-tree-dump-times optimized "__ubsan_handle_pointer_overflow" 17 (found 14 times)
FAIL: c-c++-common/ubsan/ptr-overflow-sanitization-1.c -Os scan-tree-dump-times optimized "__ubsan_handle_pointer_overflow" 17 (found 14 times)
FAIL: g++.dg/vect/slp-pr56812.cc -std=c++11 scan-tree-dump-times slp1 "basic block vectorized" 1 (found 0 times)
FAIL: g++.dg/vect/slp-pr56812.cc -std=c++14 scan-tree-dump-times slp1 "basic block vectorized" 1 (found 0 times)
FAIL: g++.dg/vect/slp-pr56812.cc -std=c++98 scan-tree-dump-times slp1 "basic block vectorized" 1 (found 0 times)
=== g++ Summary ===
# of expected passes 118803
# of unexpected failures 12
# of expected failures 380
# of unsupported tests 4355
/export/gnu/import/git/gcc-test-ia32/bld/gcc/xg++ version 8.0.0 20171031 (experimental) [trunk revision 254251] (GCC)
=== objc tests ===
Running target unix
=== objc Summary ===
# of expected passes 2797
# of expected failures 6
# of unsupported tests 68
/export/gnu/import/git/gcc-test-ia32/bld/gcc/xgcc version 8.0.0 20171031 (experimental) [trunk revision 254251] (GCC)
=== libatomic tests ===
Running target unix
=== libatomic Summary ===
# of expected passes 44
# of unsupported tests 5
=== libgomp tests ===
Running target unix
=== libgomp Summary ===
# of expected passes 5305
# of unsupported tests 304
=== libitm tests ===
Running target unix
=== libitm Summary ===
# of expected passes 42
# of expected failures 3
# of unsupported tests 1
=== libstdc++ tests ===
Running target unix
=== libstdc++ Summary ===
# of expected passes 12651
# of expected failures 70
# of unsupported tests 244
Compiler version: 8.0.0 20171031 (experimental) [trunk revision 254251] (GCC)
Platform: i686-pc-linux-gnu
configure flags: --with-arch=core2 --with-cpu=slm --prefix=/usr/8.0.0 --enable-clocale=gnu --with-system-zlib --enable-shared --with-demangler-in-ld --enable-libmpx i686-linux --with-fpmath=sse