This is the mail archive of the
gcc-testresults@gcc.gnu.org
mailing list for the GCC project.
Results for 8.0.0 20171027 (experimental) [trunk revision 254138] (GCC) testsuite on sparc-sun-solaris2.11
- From: Rainer Orth <ro at CeBiTec dot Uni-Bielefeld dot DE>
- To: gcc-testresults at gcc dot gnu dot org
- Date: Sat, 28 Oct 2017 11:43:50 +0200 (MEST)
- Subject: Results for 8.0.0 20171027 (experimental) [trunk revision 254138] (GCC) testsuite on sparc-sun-solaris2.11
- Authentication-results: sourceware.org; auth=none
LAST_UPDATED: Fri Oct 27 09:52:23 UTC 2017 (revision 254138)
=== acats tests ===
FAIL: c34005a
=== acats Summary ===
# of expected passes 2319
# of unexpected failures 1
Native configuration is sparc-sun-solaris2.11
=== g++ tests ===
Running target unix
FAIL: c-c++-common/cilk-plus/CK/cilk-for-2.c -g -O2 (test for excess errors)
FAIL: c-c++-common/cilk-plus/CK/fib_no_sync.c -g -O2 (test for excess errors)
WARNING: c-c++-common/cilk-plus/CK/fib_no_sync.c -g -O2 compilation failed to produce executable
WARNING: program timed out.
FAIL: g++.dg/template/nontype10.C -std=c++11 (test for excess errors)
FAIL: g++.dg/template/nontype10.C -std=c++14 (test for excess errors)
FAIL: g++.dg/template/nontype10.C -std=c++98 (test for excess errors)
=== g++ Summary for unix ===
# of expected passes 108581
# of unexpected failures 5
# of expected failures 385
# of unsupported tests 4801
Running target unix/-m64
FAIL: c-c++-common/cilk-plus/CK/spawner_inline.c -O3 execution test
=== g++ Summary for unix/-m64 ===
# of expected passes 110476
# of unexpected failures 1
# of expected failures 385
# of unsupported tests 4769
=== g++ Summary ===
# of expected passes 219057
# of unexpected failures 6
# of expected failures 770
# of unsupported tests 9570
/var/gcc/regression/trunk/11-gcc-gas/build/gcc/testsuite/g++/../../xg++ version 8.0.0 20171027 (experimental) [trunk revision 254138] (GCC)
=== gcc tests ===
Running target unix
FAIL: gcc.c-torture/compile/920428-5.c -O1 (internal compiler error)
FAIL: gcc.c-torture/compile/920428-5.c -O1 (test for excess errors)
FAIL: gcc.c-torture/compile/920501-12.c -O2 -flto (internal compiler error)
FAIL: gcc.c-torture/compile/920501-12.c -O2 -flto (test for excess errors)
FAIL: gcc.dg/visibility-22.c execution test
FAIL: gcc.dg/plugin/must-tail-call-1.c -fplugin=./must_tail_call_plugin.so (test for excess errors)
FAIL: gcc.dg/simulate-thread/atomic-other-int.c -O2 -g thread simulation test
FAIL: gcc.dg/simulate-thread/atomic-other-int.c -O3 -g thread simulation test
FAIL: gcc.dg/simulate-thread/speculative-store-4.c -O0 -g thread simulation test
FAIL: gcc.dg/simulate-thread/speculative-store-4.c -O2 -g thread simulation test
FAIL: gcc.dg/simulate-thread/speculative-store-4.c -O3 -g thread simulation test
FAIL: gcc.dg/simulate-thread/speculative-store.c -O0 -g thread simulation test
FAIL: gcc.dg/torture/pr60092.c -O0 execution test
FAIL: gcc.dg/vect/bb-slp-1.c -flto -ffat-lto-objects scan-tree-dump-times slp1 "basic block vectorized" 1 (found 0 times)
FAIL: gcc.dg/vect/bb-slp-1.c scan-tree-dump-times slp1 "basic block vectorized" 1 (found 0 times)
FAIL: gcc.dg/vect/bb-slp-16.c -flto -ffat-lto-objects scan-tree-dump-times slp1 "basic block vectorized" 1 (found 0 times)
FAIL: gcc.dg/vect/bb-slp-16.c scan-tree-dump-times slp1 "basic block vectorized" 1 (found 0 times)
FAIL: gcc.dg/vect/bb-slp-2.c -flto -ffat-lto-objects scan-tree-dump-times slp1 "basic block vectorized" 1 (found 0 times)
FAIL: gcc.dg/vect/bb-slp-2.c scan-tree-dump-times slp1 "basic block vectorized" 1 (found 0 times)
FAIL: gcc.dg/vect/no-section-anchors-vect-69.c scan-tree-dump-times vect "vectorized 4 loops" 1 (found 0 times)
=== gcc Summary for unix ===
# of expected passes 101817
# of unexpected failures 20
# of expected failures 434
# of unsupported tests 2681
Running target unix/-m64
FAIL: gcc.dg/visibility-22.c execution test
FAIL: gcc.dg/plugin/must-tail-call-1.c -fplugin=./must_tail_call_plugin.so (test for excess errors)
FAIL: gcc.dg/torture/pr60092.c -O0 execution test
FAIL: gcc.dg/vect/bb-slp-1.c -flto -ffat-lto-objects scan-tree-dump-times slp1 "basic block vectorized" 1 (found 0 times)
FAIL: gcc.dg/vect/bb-slp-1.c scan-tree-dump-times slp1 "basic block vectorized" 1 (found 0 times)
FAIL: gcc.dg/vect/bb-slp-16.c -flto -ffat-lto-objects scan-tree-dump-times slp1 "basic block vectorized" 1 (found 0 times)
FAIL: gcc.dg/vect/bb-slp-16.c scan-tree-dump-times slp1 "basic block vectorized" 1 (found 0 times)
FAIL: gcc.dg/vect/bb-slp-2.c -flto -ffat-lto-objects scan-tree-dump-times slp1 "basic block vectorized" 1 (found 0 times)
FAIL: gcc.dg/vect/bb-slp-2.c scan-tree-dump-times slp1 "basic block vectorized" 1 (found 0 times)
FAIL: gcc.dg/vect/no-section-anchors-vect-69.c scan-tree-dump-times vect "vectorized 4 loops" 1 (found 0 times)
=== gcc Summary for unix/-m64 ===
# of expected passes 102883
# of unexpected failures 10
# of expected failures 422
# of unsupported tests 2471
=== gcc Summary ===
# of expected passes 204700
# of unexpected failures 30
# of expected failures 856
# of unsupported tests 5152
/var/gcc/regression/trunk/11-gcc-gas/build/gcc/xgcc version 8.0.0 20171027 (experimental) [trunk revision 254138] (GCC)
=== gfortran tests ===
Running target unix
FAIL: gfortran.dg/array_constructor_1.f90 -O3 -g (test for excess errors)
FAIL: gfortran.dg/array_constructor_1.f90 -O3 -g execution test
FAIL: gfortran.dg/array_constructor_19.f90 -O0 (test for excess errors)
FAIL: gfortran.dg/elemental_subroutine_3.f90 -O1 (test for excess errors)
FAIL: gfortran.dg/elemental_subroutine_3.f90 -O2 (test for excess errors)
FAIL: gfortran.dg/elemental_subroutine_3.f90 -O3 -fomit-frame-pointer -funroll-loops -fpeel-loops -ftracer -finline-functions (test for excess errors)
FAIL: gfortran.dg/elemental_subroutine_3.f90 -O3 -g (test for excess errors)
FAIL: gfortran.dg/elemental_subroutine_3.f90 -Os (test for excess errors)
=== gfortran Summary for unix ===
# of expected passes 45620
# of unexpected failures 8
# of expected failures 91
# of unsupported tests 257
Running target unix/-m64
FAIL: gfortran.dg/elemental_subroutine_3.f90 -O1 (test for excess errors)
FAIL: gfortran.dg/elemental_subroutine_3.f90 -O2 (test for excess errors)
FAIL: gfortran.dg/elemental_subroutine_3.f90 -O3 -fomit-frame-pointer -funroll-loops -fpeel-loops -ftracer -finline-functions (test for excess errors)
FAIL: gfortran.dg/elemental_subroutine_3.f90 -O3 -g (test for excess errors)
FAIL: gfortran.dg/elemental_subroutine_3.f90 -Os (test for excess errors)
=== gfortran Summary for unix/-m64 ===
# of expected passes 45870
# of unexpected failures 5
# of expected failures 91
# of unsupported tests 136
=== gfortran Summary ===
# of expected passes 91490
# of unexpected failures 13
# of expected failures 182
# of unsupported tests 393
/var/gcc/regression/trunk/11-gcc-gas/build/gcc/testsuite/gfortran/../../gfortran version 8.0.0 20171027 (experimental) [trunk revision 254138] (GCC)
=== gnat tests ===
Running target unix
WARNING: gnat.dg/lto21.adb compilation failed to produce executable
=== gnat Summary for unix ===
# of expected passes 2588
# of expected failures 24
# of unsupported tests 23
Running target unix/-m64
=== gnat Summary for unix/-m64 ===
# of expected passes 2589
# of expected failures 24
# of unsupported tests 23
=== gnat Summary ===
# of expected passes 5177
# of expected failures 48
# of unsupported tests 46
/var/gcc/regression/trunk/11-gcc-gas/build/gcc/gnatmake version 8.0.0 20171027 (experimental) [trunk revision 254138]
=== go tests ===
Running target unix
FAIL: ./index0-out.go execution, -O0 -g -fno-var-tracking-assignments
FAIL: go.test/test/chan/nonblock.go compilation, -O2 -g
FAIL: go.test/test/fixedbugs/issue4562.go execution, -O2 -g
FAIL: go.test/test/method5.go execution, -O2 -g
FAIL: go.test/test/nil.go execution, -O2 -g
=== go Summary for unix ===
# of expected passes 7356
# of unexpected failures 5
# of expected failures 1
# of untested testcases 12
# of unsupported tests 3
Running target unix/-m64
FAIL: ./index0-out.go execution, -O0 -g -fno-var-tracking-assignments
=== go Summary for unix/-m64 ===
# of expected passes 7241
# of unexpected failures 1
# of expected failures 1
# of untested testcases 11
# of unsupported tests 3
=== go Summary ===
# of expected passes 14597
# of unexpected failures 6
# of expected failures 2
# of untested testcases 23
# of unsupported tests 6
=== obj-c++ tests ===
Running target unix
=== obj-c++ Summary for unix ===
# of expected passes 1464
# of expected failures 2
# of unsupported tests 77
Running target unix/-m64
=== obj-c++ Summary for unix/-m64 ===
# of expected passes 1456
# of expected failures 10
# of unsupported tests 77
=== obj-c++ Summary ===
# of expected passes 2920
# of expected failures 12
# of unsupported tests 154
/var/gcc/regression/trunk/11-gcc-gas/build/gcc/testsuite/obj-c++/../../xg++ version 8.0.0 20171027 (experimental) [trunk revision 254138] (GCC)
=== objc tests ===
Running target unix
=== objc Summary for unix ===
# of expected passes 2803
# of unsupported tests 68
Running target unix/-m64
FAIL: objc.dg-struct-layout-encoding-1/t005_main.m (test for excess errors)
WARNING: objc.dg-struct-layout-encoding-1/t005_main.m compilation failed to produce executable
FAIL: objc.dg-struct-layout-encoding-1/t016_main.m (test for excess errors)
WARNING: objc.dg-struct-layout-encoding-1/t016_main.m compilation failed to produce executable
=== objc Summary for unix/-m64 ===
# of expected passes 2799
# of unexpected failures 2
# of unsupported tests 68
=== objc Summary ===
# of expected passes 5602
# of unexpected failures 2
# of unsupported tests 136
/var/gcc/regression/trunk/11-gcc-gas/build/gcc/xgcc version 8.0.0 20171027 (experimental) [trunk revision 254138] (GCC)
=== gotools tests ===
FAIL: TestAlwaysLinkSysoFiles
FAIL: TestCaseCollisions
FAIL: TestCgoHandlesWlORIGIN
FAIL: TestCgoShowsFullPathNames
FAIL: TestFFLAGS
FAIL: TestGOROOTSearchFailureReporting
FAIL: TestGenerateUsesBuildContext
FAIL: TestGoEnv
FAIL: TestGoGenerateEnv
FAIL: TestGoListHasAConsistentOrder
FAIL: TestGoTestWithPackageListedMultipleTimes
FAIL: TestImportLocal
FAIL: TestIssue7573
FAIL: TestLdBindNow
FAIL: TestMentionGOPATHInFirstGOPATHEntry
FAIL: TestMultipleGOPATHEntriesReportedSeparately
FAIL: TestSymlinkWarning
FAIL: go test cmd/go
FAIL: TestBreakpoint
FAIL: TestCgoCCodeSIGPROF
FAIL: TestCgoCallbackGC
FAIL: TestCgoCheckBytes
FAIL: TestCgoCrashHandler
FAIL: TestCgoExecSignalMask
FAIL: TestCgoExternalThreadPanic
FAIL: TestCgoExternalThreadSIGPROF
FAIL: TestCgoExternalThreadSignal
FAIL: TestCgoNumGoroutine
FAIL: TestCgoPanicDeadlock
FAIL: TestCgoSignalDeadlock
FAIL: TestCgoTraceback
FAIL: TestEnsureDropM
FAIL: TestSelectStackAdjust
FAIL: go test runtime
FAIL: go test misc/cgo/test
FAIL: TestCompileWithoutShared
FAIL: TestEarlySignalHandler
FAIL: TestInstall
FAIL: TestOsSignal
FAIL: TestPIE
FAIL: TestSIGPROF
FAIL: TestSigaltstack
FAIL: TestSignalForwarding
FAIL: TestSignalForwardingExternal
FAIL: go test misc/cgo/testcarchive
=== gotools Summary ===
# of expected passes 222
# of unexpected failures 45
# of untested testcases 128
=== libatomic tests ===
Running target unix
=== libatomic Summary for unix ===
# of expected passes 44
# of unsupported tests 5
Running target unix/-m64
=== libatomic Summary for unix/-m64 ===
# of expected passes 54
=== libatomic Summary ===
# of expected passes 98
# of unsupported tests 5
=== libffi tests ===
Running target unix
FAIL: libffi.complex/complex_double.c -W -Wall -Wno-psabi -O3 (test for excess errors)
WARNING: libffi.complex/complex_double.c -W -Wall -Wno-psabi -O3 compilation failed to produce executable
=== libffi Summary for unix ===
# of expected passes 2212
# of unexpected failures 1
Running target unix/-m64
=== libffi Summary for unix/-m64 ===
# of expected passes 2214
=== libffi Summary ===
# of expected passes 4426
# of unexpected failures 1
=== libgo tests ===
Running target unix
FAIL: runtime
FAIL: go/build
FAIL: net/http
FAIL: os/signal
=== libgo Summary for unix ===
# of expected passes 152
# of unexpected failures 4
Running target unix/-m64
FAIL: fmt
FAIL: go/build
=== libgo Summary for unix/-m64 ===
# of expected passes 154
# of unexpected failures 2
=== libgo Summary ===
# of expected passes 306
# of unexpected failures 6
=== libgomp tests ===
Running target unix
FAIL: libgomp.c/shared-1.c (test for excess errors)
WARNING: libgomp.c/shared-1.c compilation failed to produce executable
=== libgomp Summary for unix ===
# of expected passes 5201
# of unexpected failures 1
# of unsupported tests 355
Running target unix/-m64
=== libgomp Summary for unix/-m64 ===
# of expected passes 5203
# of unsupported tests 355
=== libgomp Summary ===
# of expected passes 10404
# of unexpected failures 1
# of unsupported tests 710
=== libitm tests ===
Running target unix
=== libitm Summary for unix ===
# of expected passes 42
# of expected failures 3
# of unsupported tests 1
Running target unix/-m64
=== libitm Summary for unix/-m64 ===
# of expected passes 42
# of expected failures 3
# of unsupported tests 1
=== libitm Summary ===
# of expected passes 84
# of expected failures 6
# of unsupported tests 2
=== libstdc++ tests ===
Running target unix
FAIL: libstdc++-abi/abi_check
FAIL: 23_containers/deque/allocator/swap.cc (test for excess errors)
WARNING: 23_containers/deque/allocator/swap.cc compilation failed to produce executable
FAIL: 23_containers/deque/debug/invalidation/2.cc (test for excess errors)
WARNING: 23_containers/deque/debug/invalidation/2.cc compilation failed to produce executable
FAIL: 23_containers/deque/modifiers/erase/2.cc (test for excess errors)
WARNING: 23_containers/deque/modifiers/erase/2.cc compilation failed to produce executable
FAIL: 23_containers/deque/requirements/explicit_instantiation/2.cc (test for excess errors)
FAIL: 23_containers/forward_list/modifiers/5.cc (test for excess errors)
WARNING: 23_containers/forward_list/modifiers/5.cc compilation failed to produce executable
FAIL: 23_containers/forward_list/requirements/exception/basic.cc (test for excess errors)
WARNING: 23_containers/forward_list/requirements/exception/basic.cc compilation failed to produce executable
FAIL: 23_containers/headers/tuple/std_c++0x_neg.cc (test for excess errors)
=== libstdc++ Summary for unix ===
# of expected passes 11057
# of unexpected failures 8
# of expected failures 70
# of unsupported tests 637
Running target unix/-m64
FAIL: libstdc++-abi/abi_check
=== libstdc++ Summary for unix/-m64 ===
# of expected passes 11069
# of unexpected failures 1
# of expected failures 70
# of unsupported tests 637
=== libstdc++ Summary ===
# of expected passes 22126
# of unexpected failures 9
# of expected failures 140
# of unsupported tests 1274
Compiler version: 8.0.0 20171027 (experimental) [trunk revision 254138] (GCC)
Platform: sparc-sun-solaris2.11
configure flags: --prefix=/vol/gcc --target=sparc-sun-solaris2.11 --enable-objc-gc --with-target-bdw-gc-include=/vol/gcc/include --with-target-bdw-gc-lib=/vol/gcc/lib,sparcv9=/vol/gcc/lib/sparcv9 --enable-libmudflap --with-as=/vol/gcc/bin/gas-2.29 --with-gnu-as --with-gmp-include=/vol/gcc/include --with-gmp-lib=/vol/gcc/lib --with-mpfr-include=/vol/gcc/include --with-mpfr-lib=/vol/gcc/lib --with-mpc-include=/vol/gcc/include --with-mpc-lib=/vol/gcc/lib --enable-languages=all,ada,obj-c++,go --with-isl-include=/vol/gcc/include --with-isl-lib=/vol/gcc/lib --build=sparc-sun-solaris2.11 --host=sparc-sun-solaris2.11
BOOT_CFLAGS=-g -O2