This is the mail archive of the
gcc-testresults@gcc.gnu.org
mailing list for the GCC project.
Results for 8.0.0 20171011 (experimental) [trunk revision 253653] (GCC) testsuite on x86_64-pc-linux-gnu
- From: "Andreas Tobler" <andreast at m91pl dot andreas dot nets>
- To: <gcc-testresults at gcc dot gnu dot org>
- Date: Thu, 12 Oct 2017 06:34:42 +0200
- Subject: Results for 8.0.0 20171011 (experimental) [trunk revision 253653] (GCC) testsuite on x86_64-pc-linux-gnu
- Authentication-results: sourceware.org; auth=none
LAST_UPDATED: Wed Oct 11 18:08:36 UTC 2017 (revision 253653)
Native configuration is x86_64-pc-linux-gnu
=== gcc tests ===
Running target unix
FAIL: gcc.dg/20050503-1.c scan-assembler-not call
XPASS: gcc.dg/pr78768.c -Wformat-overflow (test for warnings, line 12)
UNRESOLVED: gcc.dg/lto/chkp-ctor-merge c_lto_chkp-ctor-merge_0.o-c_lto_chkp-ctor-merge_0.o execute -O2 -flto -fcheck-pointer-bounds -mmpx -nodefaultlibs -lc
FAIL: gcc.dg/lto/chkp-ctor-merge c_lto_chkp-ctor-merge_0.o-c_lto_chkp-ctor-merge_0.o link, -O2 -flto -fcheck-pointer-bounds -mmpx -nodefaultlibs -lc (internal compiler error)
FAIL: gcc.dg/tree-prof/switch-case-2.c scan-rtl-dump-times expand ";; basic block[^\\\\n]*count 2000" 1
FAIL: gcc.dg/vect/pr65947-14.c -flto -ffat-lto-objects execution test
FAIL: gcc.dg/vect/pr65947-14.c execution test
FAIL: gcc.target/i386/pr70021.c scan-tree-dump-times vect "vectorized 1 loops" 2
=== gcc Summary for unix ===
# of expected passes 130511
# of unexpected failures 6
# of unexpected successes 1
# of expected failures 360
# of unresolved testcases 1
# of unsupported tests 1934
Running target unix/-m32
FAIL: gcc.dg/20050503-1.c scan-assembler-not call
XPASS: gcc.dg/pr78768.c -Wformat-overflow (test for warnings, line 12)
UNRESOLVED: gcc.dg/lto/chkp-ctor-merge c_lto_chkp-ctor-merge_0.o-c_lto_chkp-ctor-merge_0.o execute -O2 -flto -fcheck-pointer-bounds -mmpx -nodefaultlibs -lc
FAIL: gcc.dg/lto/chkp-ctor-merge c_lto_chkp-ctor-merge_0.o-c_lto_chkp-ctor-merge_0.o link, -O2 -flto -fcheck-pointer-bounds -mmpx -nodefaultlibs -lc (internal compiler error)
FAIL: gcc.dg/tree-prof/switch-case-2.c scan-rtl-dump-times expand ";; basic block[^\\\\n]*count 2000" 1
FAIL: c-c++-common/ubsan/ptr-overflow-sanitization-1.c -O0 scan-tree-dump-times optimized "__ubsan_handle_pointer_overflow" 17
FAIL: c-c++-common/ubsan/ptr-overflow-sanitization-1.c -O1 scan-tree-dump-times optimized "__ubsan_handle_pointer_overflow" 17
FAIL: c-c++-common/ubsan/ptr-overflow-sanitization-1.c -O2 scan-tree-dump-times optimized "__ubsan_handle_pointer_overflow" 17
FAIL: c-c++-common/ubsan/ptr-overflow-sanitization-1.c -O3 -g scan-tree-dump-times optimized "__ubsan_handle_pointer_overflow" 17
FAIL: c-c++-common/ubsan/ptr-overflow-sanitization-1.c -Os scan-tree-dump-times optimized "__ubsan_handle_pointer_overflow" 17
FAIL: gcc.dg/vect/pr65947-14.c -flto -ffat-lto-objects execution test
FAIL: gcc.dg/vect/pr65947-14.c execution test
FAIL: gcc.target/i386/pr70021.c scan-tree-dump-times vect "vectorized 1 loops" 2
FAIL: gcc.target/i386/pr71245-1.c scan-assembler-not (fistp|fild)
FAIL: gcc.target/i386/pr71245-2.c scan-assembler-not movlps
=== gcc Summary for unix/-m32 ===
# of expected passes 128837
# of unexpected failures 13
# of unexpected successes 1
# of expected failures 365
# of unresolved testcases 1
# of unsupported tests 2013
=== gcc Summary ===
# of expected passes 259348
# of unexpected failures 19
# of unexpected successes 2
# of expected failures 725
# of unresolved testcases 2
# of unsupported tests 3947
/export/devel/build/gcc/head/objdir/gcc/xgcc version 8.0.0 20171011 (experimental) [trunk revision 253653] (GCC)
=== gfortran tests ===
Running target unix
=== gfortran Summary for unix ===
# of expected passes 45825
# of expected failures 81
# of unsupported tests 71
Running target unix/-m32
=== gfortran Summary for unix/-m32 ===
# of expected passes 45606
# of expected failures 81
# of unsupported tests 176
=== gfortran Summary ===
# of expected passes 91431
# of expected failures 162
# of unsupported tests 247
/export/devel/build/gcc/head/objdir/gcc/gfortran version 8.0.0 20171011 (experimental) [trunk revision 253653] (GCC)
=== g++ tests ===
Running target unix
FAIL: c-c++-common/ubsan/attrib-5.c -O0 (test for warnings, line 7)
FAIL: c-c++-common/ubsan/attrib-5.c -O0 (test for excess errors)
FAIL: c-c++-common/ubsan/attrib-5.c -O1 (test for warnings, line 7)
FAIL: c-c++-common/ubsan/attrib-5.c -O1 (test for excess errors)
FAIL: c-c++-common/ubsan/attrib-5.c -O2 (test for warnings, line 7)
FAIL: c-c++-common/ubsan/attrib-5.c -O2 (test for excess errors)
FAIL: c-c++-common/ubsan/attrib-5.c -O2 -flto -fno-use-linker-plugin -flto-partition=none (test for warnings, line 7)
FAIL: c-c++-common/ubsan/attrib-5.c -O2 -flto -fno-use-linker-plugin -flto-partition=none (test for excess errors)
FAIL: c-c++-common/ubsan/attrib-5.c -O2 -flto -fuse-linker-plugin -fno-fat-lto-objects (test for warnings, line 7)
FAIL: c-c++-common/ubsan/attrib-5.c -O2 -flto -fuse-linker-plugin -fno-fat-lto-objects (test for excess errors)
FAIL: c-c++-common/ubsan/attrib-5.c -O3 -g (test for warnings, line 7)
FAIL: c-c++-common/ubsan/attrib-5.c -O3 -g (test for excess errors)
FAIL: c-c++-common/ubsan/attrib-5.c -Os (test for warnings, line 7)
FAIL: c-c++-common/ubsan/attrib-5.c -Os (test for excess errors)
=== g++ Summary for unix ===
# of expected passes 116916
# of unexpected failures 14
# of expected failures 380
# of unsupported tests 4335
Running target unix/-m32
FAIL: g++.dg/ext/attr-ifunc-1.C -std=gnu++11 execution test
FAIL: g++.dg/ext/attr-ifunc-1.C -std=gnu++14 execution test
FAIL: g++.dg/ext/attr-ifunc-1.C -std=gnu++98 execution test
FAIL: g++.dg/ext/attr-ifunc-2.C -std=gnu++11 execution test
FAIL: g++.dg/ext/attr-ifunc-2.C -std=gnu++14 execution test
FAIL: g++.dg/ext/attr-ifunc-2.C -std=gnu++98 execution test
FAIL: g++.dg/ext/attr-ifunc-3.C -std=gnu++11 execution test
FAIL: g++.dg/ext/attr-ifunc-3.C -std=gnu++14 execution test
FAIL: g++.dg/ext/attr-ifunc-3.C -std=gnu++98 execution test
FAIL: g++.dg/ext/attr-ifunc-4.C -std=gnu++11 execution test
FAIL: g++.dg/ext/attr-ifunc-4.C -std=gnu++14 execution test
FAIL: g++.dg/ext/attr-ifunc-4.C -std=gnu++98 execution test
FAIL: g++.dg/pr62079.C (internal compiler error)
FAIL: g++.dg/pr62079.C (test for excess errors)
FAIL: g++.dg/template/nontype10.C -std=c++11 (test for excess errors)
FAIL: g++.dg/template/nontype10.C -std=c++14 (test for excess errors)
FAIL: g++.dg/template/nontype10.C -std=c++98 (test for excess errors)
FAIL: c-c++-common/ubsan/attrib-5.c -O0 (test for warnings, line 7)
FAIL: c-c++-common/ubsan/attrib-5.c -O0 (test for excess errors)
FAIL: c-c++-common/ubsan/attrib-5.c -O1 (test for warnings, line 7)
FAIL: c-c++-common/ubsan/attrib-5.c -O1 (test for excess errors)
FAIL: c-c++-common/ubsan/attrib-5.c -O2 (test for warnings, line 7)
FAIL: c-c++-common/ubsan/attrib-5.c -O2 (test for excess errors)
FAIL: c-c++-common/ubsan/attrib-5.c -O2 -flto -fno-use-linker-plugin -flto-partition=none (test for warnings, line 7)
FAIL: c-c++-common/ubsan/attrib-5.c -O2 -flto -fno-use-linker-plugin -flto-partition=none (test for excess errors)
FAIL: c-c++-common/ubsan/attrib-5.c -O2 -flto -fuse-linker-plugin -fno-fat-lto-objects (test for warnings, line 7)
FAIL: c-c++-common/ubsan/attrib-5.c -O2 -flto -fuse-linker-plugin -fno-fat-lto-objects (test for excess errors)
FAIL: c-c++-common/ubsan/attrib-5.c -O3 -g (test for warnings, line 7)
FAIL: c-c++-common/ubsan/attrib-5.c -O3 -g (test for excess errors)
FAIL: c-c++-common/ubsan/attrib-5.c -Os (test for warnings, line 7)
FAIL: c-c++-common/ubsan/attrib-5.c -Os (test for excess errors)
FAIL: c-c++-common/ubsan/ptr-overflow-sanitization-1.c -O0 scan-tree-dump-times optimized "__ubsan_handle_pointer_overflow" 17
FAIL: c-c++-common/ubsan/ptr-overflow-sanitization-1.c -O1 scan-tree-dump-times optimized "__ubsan_handle_pointer_overflow" 17
FAIL: c-c++-common/ubsan/ptr-overflow-sanitization-1.c -O2 scan-tree-dump-times optimized "__ubsan_handle_pointer_overflow" 17
FAIL: c-c++-common/ubsan/ptr-overflow-sanitization-1.c -O3 -g scan-tree-dump-times optimized "__ubsan_handle_pointer_overflow" 17
FAIL: c-c++-common/ubsan/ptr-overflow-sanitization-1.c -Os scan-tree-dump-times optimized "__ubsan_handle_pointer_overflow" 17
=== g++ Summary for unix/-m32 ===
# of expected passes 115330
# of unexpected failures 36
# of expected failures 380
# of unsupported tests 4109
=== g++ Summary ===
# of expected passes 232246
# of unexpected failures 50
# of expected failures 760
# of unsupported tests 8444
/export/devel/build/gcc/head/objdir/gcc/xg++ version 8.0.0 20171011 (experimental) [trunk revision 253653] (GCC)
=== objc tests ===
Running target unix
=== objc Summary for unix ===
# of expected passes 2797
# of expected failures 6
# of unsupported tests 68
Running target unix/-m32
=== objc Summary for unix/-m32 ===
# of expected passes 2797
# of expected failures 6
# of unsupported tests 68
=== objc Summary ===
# of expected passes 5594
# of expected failures 12
# of unsupported tests 136
/export/devel/build/gcc/head/objdir/gcc/xgcc version 8.0.0 20171011 (experimental) [trunk revision 253653] (GCC)
=== libatomic tests ===
Running target unix/-m32
=== libatomic Summary for unix/-m32 ===
# of expected passes 44
# of unsupported tests 5
Running target unix
=== libatomic Summary for unix ===
# of expected passes 54
=== libatomic Summary ===
# of expected passes 98
# of unsupported tests 5
=== libgomp tests ===
Running target unix/-m32
=== libgomp Summary for unix/-m32 ===
# of expected passes 5235
# of unsupported tests 316
Running target unix
=== libgomp Summary for unix ===
# of expected passes 5235
# of unsupported tests 316
=== libgomp Summary ===
# of expected passes 10470
# of unsupported tests 632
=== libitm tests ===
Running target unix/-m32
=== libitm Summary for unix/-m32 ===
# of expected passes 42
# of expected failures 3
# of unsupported tests 1
Running target unix
=== libitm Summary for unix ===
# of expected passes 42
# of expected failures 3
# of unsupported tests 1
=== libitm Summary ===
# of expected passes 84
# of expected failures 6
# of unsupported tests 2
=== libstdc++ tests ===
Running target unix
=== libstdc++ Summary for unix ===
# of expected passes 11833
# of expected failures 70
# of unsupported tests 564
Running target unix/-m32
=== libstdc++ Summary for unix/-m32 ===
# of expected passes 11841
# of expected failures 70
# of unsupported tests 560
=== libstdc++ Summary ===
# of expected passes 23674
# of expected failures 140
# of unsupported tests 1124
Compiler version: 8.0.0 20171011 (experimental) [trunk revision 253653] (GCC)
Platform: x86_64-pc-linux-gnu
configure flags: --prefix=/export/devel/build/gcc/head/testbin