This is the mail archive of the
gcc-testresults@gcc.gnu.org
mailing list for the GCC project.
Results for 8.0.0 20170918 (experimental) [trunk revision 252928] (GCC) libstdc++ testsuite on x86_64-pc-linux-gnu
- From: Jonathan Wakely <jwakely dot gcc at gmail dot com>
- To: gcc-testresults at gcc dot gnu dot org
- Date: Tue, 19 Sep 2017 15:40:16 +0100
- Subject: Results for 8.0.0 20170918 (experimental) [trunk revision 252928] (GCC) libstdc++ testsuite on x86_64-pc-linux-gnu
- Authentication-results: sourceware.org; auth=none
Native configuration is x86_64-pc-linux-gnu
=== libstdc++ tests ===
Running target unix/-std=gnu++11
FAIL: 28_regex/algorithms/regex_match/awk/cstring_01.cc (test for excess errors)
UNRESOLVED: 28_regex/algorithms/regex_match/awk/cstring_01.cc
compilation failed to produce executable
FAIL: 28_regex/algorithms/regex_match/basic/empty_range.cc (test for
excess errors)
UNRESOLVED: 28_regex/algorithms/regex_match/basic/empty_range.cc
compilation failed to produce executable
FAIL: 28_regex/algorithms/regex_match/basic/string_01.cc (test for
excess errors)
UNRESOLVED: 28_regex/algorithms/regex_match/basic/string_01.cc
compilation failed to produce executable
FAIL: 28_regex/algorithms/regex_match/basic/string_range_00_03.cc
(test for excess errors)
UNRESOLVED: 28_regex/algorithms/regex_match/basic/string_range_00_03.cc
compilation failed to produce executable
FAIL: 28_regex/algorithms/regex_match/basic/string_range_01_03.cc
(test for excess errors)
UNRESOLVED: 28_regex/algorithms/regex_match/basic/string_range_01_03.cc
compilation failed to produce executable
FAIL: 28_regex/algorithms/regex_match/basic/string_range_02_03.cc
(test for excess errors)
UNRESOLVED: 28_regex/algorithms/regex_match/basic/string_range_02_03.cc
compilation failed to produce executable
FAIL: 28_regex/algorithms/regex_match/cstring_bracket_01.cc (test for
excess errors)
UNRESOLVED: 28_regex/algorithms/regex_match/cstring_bracket_01.cc
compilation failed to produce executable
FAIL: 28_regex/algorithms/regex_match/ecma/char/53622.cc (test for
excess errors)
UNRESOLVED: 28_regex/algorithms/regex_match/ecma/char/53622.cc
compilation failed to produce executable
FAIL: 28_regex/algorithms/regex_match/ecma/char/57173.cc (test for
excess errors)
UNRESOLVED: 28_regex/algorithms/regex_match/ecma/char/57173.cc
compilation failed to produce executable
FAIL: 28_regex/algorithms/regex_match/ecma/char/58576.cc (test for
excess errors)
UNRESOLVED: 28_regex/algorithms/regex_match/ecma/char/58576.cc
compilation failed to produce executable
FAIL: 28_regex/algorithms/regex_match/ecma/char/68863.cc (test for
excess errors)
UNRESOLVED: 28_regex/algorithms/regex_match/ecma/char/68863.cc
compilation failed to produce executable
FAIL: 28_regex/algorithms/regex_match/ecma/char/anymatcher.cc (test
for excess errors)
UNRESOLVED: 28_regex/algorithms/regex_match/ecma/char/anymatcher.cc
compilation failed to produce executable
FAIL: 28_regex/algorithms/regex_match/ecma/char/backref.cc (test for
excess errors)
UNRESOLVED: 28_regex/algorithms/regex_match/ecma/char/backref.cc
compilation failed to produce executable
FAIL: 28_regex/algorithms/regex_match/ecma/char/empty_range.cc (test
for excess errors)
UNRESOLVED: 28_regex/algorithms/regex_match/ecma/char/empty_range.cc
compilation failed to produce executable
FAIL: 28_regex/algorithms/regex_match/ecma/char/emptygroup.cc (test
for excess errors)
UNRESOLVED: 28_regex/algorithms/regex_match/ecma/char/emptygroup.cc
compilation failed to produce executable
FAIL: 28_regex/algorithms/regex_match/ecma/char/hex.cc (test for excess errors)
UNRESOLVED: 28_regex/algorithms/regex_match/ecma/char/hex.cc
compilation failed to produce executable
FAIL: 28_regex/algorithms/regex_match/ecma/char/quoted_char.cc (test
for excess errors)
UNRESOLVED: 28_regex/algorithms/regex_match/ecma/char/quoted_char.cc
compilation failed to produce executable
FAIL: 28_regex/algorithms/regex_match/ecma/char/ungreedy.cc (test for
excess errors)
UNRESOLVED: 28_regex/algorithms/regex_match/ecma/char/ungreedy.cc
compilation failed to produce executable
FAIL: 28_regex/algorithms/regex_match/ecma/wchar_t/63199.cc (test for
excess errors)
UNRESOLVED: 28_regex/algorithms/regex_match/ecma/wchar_t/63199.cc
compilation failed to produce executable
FAIL: 28_regex/algorithms/regex_match/ecma/wchar_t/anymatcher.cc (test
for excess errors)
UNRESOLVED: 28_regex/algorithms/regex_match/ecma/wchar_t/anymatcher.cc
compilation failed to produce executable
FAIL: 28_regex/algorithms/regex_match/ecma/wchar_t/cjk_match.cc (test
for excess errors)
UNRESOLVED: 28_regex/algorithms/regex_match/ecma/wchar_t/cjk_match.cc
compilation failed to produce executable
FAIL: 28_regex/algorithms/regex_match/ecma/wchar_t/hex.cc (test for
excess errors)
UNRESOLVED: 28_regex/algorithms/regex_match/ecma/wchar_t/hex.cc
compilation failed to produce executable
FAIL: 28_regex/algorithms/regex_match/extended/cstring_plus.cc (test
for excess errors)
UNRESOLVED: 28_regex/algorithms/regex_match/extended/cstring_plus.cc
compilation failed to produce executable
FAIL: 28_regex/algorithms/regex_match/extended/cstring_questionmark.cc
(test for excess errors)
UNRESOLVED: 28_regex/algorithms/regex_match/extended/cstring_questionmark.cc
compilation failed to produce executable
FAIL: 28_regex/algorithms/regex_match/extended/cstring_range.cc (test
for excess errors)
UNRESOLVED: 28_regex/algorithms/regex_match/extended/cstring_range.cc
compilation failed to produce executable
FAIL: 28_regex/algorithms/regex_match/extended/string_any.cc (test for
excess errors)
UNRESOLVED: 28_regex/algorithms/regex_match/extended/string_any.cc
compilation failed to produce executable
FAIL: 28_regex/algorithms/regex_match/extended/string_range_00_03.cc
(test for excess errors)
UNRESOLVED: 28_regex/algorithms/regex_match/extended/string_range_00_03.cc
compilation failed to produce executable
FAIL: 28_regex/algorithms/regex_match/extended/string_range_01_03.cc
(test for excess errors)
UNRESOLVED: 28_regex/algorithms/regex_match/extended/string_range_01_03.cc
compilation failed to produce executable
FAIL: 28_regex/algorithms/regex_match/extended/string_range_02_03.cc
(test for excess errors)
UNRESOLVED: 28_regex/algorithms/regex_match/extended/string_range_02_03.cc
compilation failed to produce executable
FAIL: 28_regex/algorithms/regex_match/extended/wstring_locale.cc (test
for excess errors)
UNRESOLVED: 28_regex/algorithms/regex_match/extended/wstring_locale.cc
compilation failed to produce executable
FAIL: 28_regex/algorithms/regex_replace/char/51711.cc (test for excess errors)
FAIL: 28_regex/algorithms/regex_replace/char/basic_replace.cc (test
for excess errors)
UNRESOLVED: 28_regex/algorithms/regex_replace/char/basic_replace.cc
compilation failed to produce executable
FAIL: 28_regex/algorithms/regex_replace/char/dr2213.cc (test for excess errors)
UNRESOLVED: 28_regex/algorithms/regex_replace/char/dr2213.cc
compilation failed to produce executable
FAIL: 28_regex/algorithms/regex_replace/wchar_t/51711.cc (test for
excess errors)
FAIL: 28_regex/algorithms/regex_search/61424.cc (test for excess errors)
UNRESOLVED: 28_regex/algorithms/regex_search/61424.cc compilation
failed to produce executable
FAIL: 28_regex/algorithms/regex_search/61720.cc (test for excess errors)
UNRESOLVED: 28_regex/algorithms/regex_search/61720.cc compilation
failed to produce executable
FAIL: 28_regex/algorithms/regex_search/basic/string_01.cc (test for
excess errors)
UNRESOLVED: 28_regex/algorithms/regex_search/basic/string_01.cc
compilation failed to produce executable
FAIL: 28_regex/algorithms/regex_search/ecma/assertion.cc (test for
excess errors)
UNRESOLVED: 28_regex/algorithms/regex_search/ecma/assertion.cc
compilation failed to produce executable
FAIL: 28_regex/algorithms/regex_search/ecma/flags.cc (test for excess errors)
UNRESOLVED: 28_regex/algorithms/regex_search/ecma/flags.cc compilation
failed to produce executable
FAIL: 28_regex/algorithms/regex_search/ecma/greedy.cc (test for excess errors)
UNRESOLVED: 28_regex/algorithms/regex_search/ecma/greedy.cc
compilation failed to produce executable
FAIL: 28_regex/algorithms/regex_search/ecma/string_01.cc (test for
excess errors)
UNRESOLVED: 28_regex/algorithms/regex_search/ecma/string_01.cc
compilation failed to produce executable
FAIL: 28_regex/basic_regex/imbue/string.cc (test for excess errors)
UNRESOLVED: 28_regex/basic_regex/imbue/string.cc compilation failed to
produce executable
FAIL: 28_regex/basic_regex/multiple_quantifiers.cc (test for excess errors)
UNRESOLVED: 28_regex/basic_regex/multiple_quantifiers.cc compilation
failed to produce executable
FAIL: 28_regex/init-list.cc (test for excess errors)
UNRESOLVED: 28_regex/init-list.cc compilation failed to produce executable
FAIL: 28_regex/iterators/regex_iterator/char/64140.cc (test for excess errors)
UNRESOLVED: 28_regex/iterators/regex_iterator/char/64140.cc
compilation failed to produce executable
FAIL: 28_regex/iterators/regex_iterator/char/string_01.cc (test for
excess errors)
UNRESOLVED: 28_regex/iterators/regex_iterator/char/string_01.cc
compilation failed to produce executable
FAIL: 28_regex/iterators/regex_iterator/char/string_position_01.cc
(test for excess errors)
UNRESOLVED: 28_regex/iterators/regex_iterator/char/string_position_01.cc
compilation failed to produce executable
FAIL: 28_regex/iterators/regex_iterator/wchar_t/string_01.cc (test for
excess errors)
UNRESOLVED: 28_regex/iterators/regex_iterator/wchar_t/string_01.cc
compilation failed to produce executable
FAIL: 28_regex/iterators/regex_iterator/wchar_t/string_02.cc (test for
excess errors)
UNRESOLVED: 28_regex/iterators/regex_iterator/wchar_t/string_02.cc
compilation failed to produce executable
FAIL: 28_regex/iterators/regex_token_iterator/64303.cc (test for excess errors)
UNRESOLVED: 28_regex/iterators/regex_token_iterator/64303.cc
compilation failed to produce executable
FAIL: 28_regex/iterators/regex_token_iterator/char/string_01.cc (test
for excess errors)
UNRESOLVED: 28_regex/iterators/regex_token_iterator/char/string_01.cc
compilation failed to produce executable
FAIL: 28_regex/iterators/regex_token_iterator/wchar_t/string_01.cc
(test for excess errors)
UNRESOLVED: 28_regex/iterators/regex_token_iterator/wchar_t/string_01.cc
compilation failed to produce executable
FAIL: 28_regex/iterators/regex_token_iterator/wchar_t/wstring_02.cc
(test for excess errors)
UNRESOLVED: 28_regex/iterators/regex_token_iterator/wchar_t/wstring_02.cc
compilation failed to produce executable
FAIL: 28_regex/match_results/format.cc (test for excess errors)
UNRESOLVED: 28_regex/match_results/format.cc compilation failed to
produce executable
FAIL: 28_regex/match_results/out_of_range_submatches.cc (test for excess errors)
UNRESOLVED: 28_regex/match_results/out_of_range_submatches.cc
compilation failed to produce executable
FAIL: 28_regex/match_results/swap.cc (test for excess errors)
UNRESOLVED: 28_regex/match_results/swap.cc compilation failed to
produce executable
FAIL: 28_regex/regression.cc (test for excess errors)
UNRESOLVED: 28_regex/regression.cc compilation failed to produce executable
FAIL: 28_regex/traits/char/icase.cc (test for excess errors)
UNRESOLVED: 28_regex/traits/char/icase.cc compilation failed to
produce executable
=== libstdc++ Summary for unix/-std=gnu++11 ===
# of expected passes 11713
# of unexpected failures 58
# of expected failures 70
# of unresolved testcases 56
# of unsupported tests 572
Running target unix/-std=gnu++11/-D_GLIBCXX_USE_CXX11_ABI=0
FAIL: 28_regex/algorithms/regex_match/awk/cstring_01.cc (test for excess errors)
UNRESOLVED: 28_regex/algorithms/regex_match/awk/cstring_01.cc
compilation failed to produce executable
FAIL: 28_regex/algorithms/regex_match/basic/empty_range.cc (test for
excess errors)
UNRESOLVED: 28_regex/algorithms/regex_match/basic/empty_range.cc
compilation failed to produce executable
FAIL: 28_regex/algorithms/regex_match/basic/string_01.cc (test for
excess errors)
UNRESOLVED: 28_regex/algorithms/regex_match/basic/string_01.cc
compilation failed to produce executable
FAIL: 28_regex/algorithms/regex_match/basic/string_range_00_03.cc
(test for excess errors)
UNRESOLVED: 28_regex/algorithms/regex_match/basic/string_range_00_03.cc
compilation failed to produce executable
FAIL: 28_regex/algorithms/regex_match/basic/string_range_01_03.cc
(test for excess errors)
UNRESOLVED: 28_regex/algorithms/regex_match/basic/string_range_01_03.cc
compilation failed to produce executable
FAIL: 28_regex/algorithms/regex_match/basic/string_range_02_03.cc
(test for excess errors)
UNRESOLVED: 28_regex/algorithms/regex_match/basic/string_range_02_03.cc
compilation failed to produce executable
FAIL: 28_regex/algorithms/regex_match/cstring_bracket_01.cc (test for
excess errors)
UNRESOLVED: 28_regex/algorithms/regex_match/cstring_bracket_01.cc
compilation failed to produce executable
FAIL: 28_regex/algorithms/regex_match/ecma/char/53622.cc (test for
excess errors)
UNRESOLVED: 28_regex/algorithms/regex_match/ecma/char/53622.cc
compilation failed to produce executable
FAIL: 28_regex/algorithms/regex_match/ecma/char/57173.cc (test for
excess errors)
UNRESOLVED: 28_regex/algorithms/regex_match/ecma/char/57173.cc
compilation failed to produce executable
FAIL: 28_regex/algorithms/regex_match/ecma/char/58576.cc (test for
excess errors)
UNRESOLVED: 28_regex/algorithms/regex_match/ecma/char/58576.cc
compilation failed to produce executable
FAIL: 28_regex/algorithms/regex_match/ecma/char/68863.cc (test for
excess errors)
UNRESOLVED: 28_regex/algorithms/regex_match/ecma/char/68863.cc
compilation failed to produce executable
FAIL: 28_regex/algorithms/regex_match/ecma/char/anymatcher.cc (test
for excess errors)
UNRESOLVED: 28_regex/algorithms/regex_match/ecma/char/anymatcher.cc
compilation failed to produce executable
FAIL: 28_regex/algorithms/regex_match/ecma/char/backref.cc (test for
excess errors)
UNRESOLVED: 28_regex/algorithms/regex_match/ecma/char/backref.cc
compilation failed to produce executable
FAIL: 28_regex/algorithms/regex_match/ecma/char/empty_range.cc (test
for excess errors)
UNRESOLVED: 28_regex/algorithms/regex_match/ecma/char/empty_range.cc
compilation failed to produce executable
FAIL: 28_regex/algorithms/regex_match/ecma/char/emptygroup.cc (test
for excess errors)
UNRESOLVED: 28_regex/algorithms/regex_match/ecma/char/emptygroup.cc
compilation failed to produce executable
FAIL: 28_regex/algorithms/regex_match/ecma/char/hex.cc (test for excess errors)
UNRESOLVED: 28_regex/algorithms/regex_match/ecma/char/hex.cc
compilation failed to produce executable
FAIL: 28_regex/algorithms/regex_match/ecma/char/quoted_char.cc (test
for excess errors)
UNRESOLVED: 28_regex/algorithms/regex_match/ecma/char/quoted_char.cc
compilation failed to produce executable
FAIL: 28_regex/algorithms/regex_match/ecma/char/ungreedy.cc (test for
excess errors)
UNRESOLVED: 28_regex/algorithms/regex_match/ecma/char/ungreedy.cc
compilation failed to produce executable
FAIL: 28_regex/algorithms/regex_match/ecma/wchar_t/63199.cc (test for
excess errors)
UNRESOLVED: 28_regex/algorithms/regex_match/ecma/wchar_t/63199.cc
compilation failed to produce executable
FAIL: 28_regex/algorithms/regex_match/ecma/wchar_t/anymatcher.cc (test
for excess errors)
UNRESOLVED: 28_regex/algorithms/regex_match/ecma/wchar_t/anymatcher.cc
compilation failed to produce executable
FAIL: 28_regex/algorithms/regex_match/ecma/wchar_t/cjk_match.cc (test
for excess errors)
UNRESOLVED: 28_regex/algorithms/regex_match/ecma/wchar_t/cjk_match.cc
compilation failed to produce executable
FAIL: 28_regex/algorithms/regex_match/ecma/wchar_t/hex.cc (test for
excess errors)
UNRESOLVED: 28_regex/algorithms/regex_match/ecma/wchar_t/hex.cc
compilation failed to produce executable
FAIL: 28_regex/algorithms/regex_match/extended/cstring_plus.cc (test
for excess errors)
UNRESOLVED: 28_regex/algorithms/regex_match/extended/cstring_plus.cc
compilation failed to produce executable
FAIL: 28_regex/algorithms/regex_match/extended/cstring_questionmark.cc
(test for excess errors)
UNRESOLVED: 28_regex/algorithms/regex_match/extended/cstring_questionmark.cc
compilation failed to produce executable
FAIL: 28_regex/algorithms/regex_match/extended/cstring_range.cc (test
for excess errors)
UNRESOLVED: 28_regex/algorithms/regex_match/extended/cstring_range.cc
compilation failed to produce executable
FAIL: 28_regex/algorithms/regex_match/extended/string_any.cc (test for
excess errors)
UNRESOLVED: 28_regex/algorithms/regex_match/extended/string_any.cc
compilation failed to produce executable
FAIL: 28_regex/algorithms/regex_match/extended/string_range_00_03.cc
(test for excess errors)
UNRESOLVED: 28_regex/algorithms/regex_match/extended/string_range_00_03.cc
compilation failed to produce executable
FAIL: 28_regex/algorithms/regex_match/extended/string_range_01_03.cc
(test for excess errors)
UNRESOLVED: 28_regex/algorithms/regex_match/extended/string_range_01_03.cc
compilation failed to produce executable
FAIL: 28_regex/algorithms/regex_match/extended/string_range_02_03.cc
(test for excess errors)
UNRESOLVED: 28_regex/algorithms/regex_match/extended/string_range_02_03.cc
compilation failed to produce executable
FAIL: 28_regex/algorithms/regex_match/extended/wstring_locale.cc (test
for excess errors)
UNRESOLVED: 28_regex/algorithms/regex_match/extended/wstring_locale.cc
compilation failed to produce executable
FAIL: 28_regex/algorithms/regex_replace/char/51711.cc (test for excess errors)
FAIL: 28_regex/algorithms/regex_replace/char/basic_replace.cc (test
for excess errors)
UNRESOLVED: 28_regex/algorithms/regex_replace/char/basic_replace.cc
compilation failed to produce executable
FAIL: 28_regex/algorithms/regex_replace/char/dr2213.cc (test for excess errors)
UNRESOLVED: 28_regex/algorithms/regex_replace/char/dr2213.cc
compilation failed to produce executable
FAIL: 28_regex/algorithms/regex_replace/wchar_t/51711.cc (test for
excess errors)
FAIL: 28_regex/algorithms/regex_search/61424.cc (test for excess errors)
UNRESOLVED: 28_regex/algorithms/regex_search/61424.cc compilation
failed to produce executable
FAIL: 28_regex/algorithms/regex_search/61720.cc (test for excess errors)
UNRESOLVED: 28_regex/algorithms/regex_search/61720.cc compilation
failed to produce executable
FAIL: 28_regex/algorithms/regex_search/basic/string_01.cc (test for
excess errors)
UNRESOLVED: 28_regex/algorithms/regex_search/basic/string_01.cc
compilation failed to produce executable
FAIL: 28_regex/algorithms/regex_search/ecma/assertion.cc (test for
excess errors)
UNRESOLVED: 28_regex/algorithms/regex_search/ecma/assertion.cc
compilation failed to produce executable
FAIL: 28_regex/algorithms/regex_search/ecma/flags.cc (test for excess errors)
UNRESOLVED: 28_regex/algorithms/regex_search/ecma/flags.cc compilation
failed to produce executable
FAIL: 28_regex/algorithms/regex_search/ecma/greedy.cc (test for excess errors)
UNRESOLVED: 28_regex/algorithms/regex_search/ecma/greedy.cc
compilation failed to produce executable
FAIL: 28_regex/algorithms/regex_search/ecma/string_01.cc (test for
excess errors)
UNRESOLVED: 28_regex/algorithms/regex_search/ecma/string_01.cc
compilation failed to produce executable
FAIL: 28_regex/basic_regex/imbue/string.cc (test for excess errors)
UNRESOLVED: 28_regex/basic_regex/imbue/string.cc compilation failed to
produce executable
FAIL: 28_regex/basic_regex/multiple_quantifiers.cc (test for excess errors)
UNRESOLVED: 28_regex/basic_regex/multiple_quantifiers.cc compilation
failed to produce executable
FAIL: 28_regex/init-list.cc (test for excess errors)
UNRESOLVED: 28_regex/init-list.cc compilation failed to produce executable
FAIL: 28_regex/iterators/regex_iterator/char/64140.cc (test for excess errors)
UNRESOLVED: 28_regex/iterators/regex_iterator/char/64140.cc
compilation failed to produce executable
FAIL: 28_regex/iterators/regex_iterator/char/string_01.cc (test for
excess errors)
UNRESOLVED: 28_regex/iterators/regex_iterator/char/string_01.cc
compilation failed to produce executable
FAIL: 28_regex/iterators/regex_iterator/char/string_position_01.cc
(test for excess errors)
UNRESOLVED: 28_regex/iterators/regex_iterator/char/string_position_01.cc
compilation failed to produce executable
FAIL: 28_regex/iterators/regex_iterator/wchar_t/string_01.cc (test for
excess errors)
UNRESOLVED: 28_regex/iterators/regex_iterator/wchar_t/string_01.cc
compilation failed to produce executable
FAIL: 28_regex/iterators/regex_iterator/wchar_t/string_02.cc (test for
excess errors)
UNRESOLVED: 28_regex/iterators/regex_iterator/wchar_t/string_02.cc
compilation failed to produce executable
FAIL: 28_regex/iterators/regex_token_iterator/64303.cc (test for excess errors)
UNRESOLVED: 28_regex/iterators/regex_token_iterator/64303.cc
compilation failed to produce executable
FAIL: 28_regex/iterators/regex_token_iterator/char/string_01.cc (test
for excess errors)
UNRESOLVED: 28_regex/iterators/regex_token_iterator/char/string_01.cc
compilation failed to produce executable
FAIL: 28_regex/iterators/regex_token_iterator/wchar_t/string_01.cc
(test for excess errors)
UNRESOLVED: 28_regex/iterators/regex_token_iterator/wchar_t/string_01.cc
compilation failed to produce executable
FAIL: 28_regex/iterators/regex_token_iterator/wchar_t/wstring_02.cc
(test for excess errors)
UNRESOLVED: 28_regex/iterators/regex_token_iterator/wchar_t/wstring_02.cc
compilation failed to produce executable
FAIL: 28_regex/match_results/format.cc (test for excess errors)
UNRESOLVED: 28_regex/match_results/format.cc compilation failed to
produce executable
FAIL: 28_regex/match_results/out_of_range_submatches.cc (test for excess errors)
UNRESOLVED: 28_regex/match_results/out_of_range_submatches.cc
compilation failed to produce executable
FAIL: 28_regex/match_results/swap.cc (test for excess errors)
UNRESOLVED: 28_regex/match_results/swap.cc compilation failed to
produce executable
FAIL: 28_regex/regression.cc (test for excess errors)
UNRESOLVED: 28_regex/regression.cc compilation failed to produce executable
FAIL: 28_regex/traits/char/icase.cc (test for excess errors)
UNRESOLVED: 28_regex/traits/char/icase.cc compilation failed to
produce executable
=== libstdc++ Summary for
unix/-std=gnu++11/-D_GLIBCXX_USE_CXX11_ABI=0 ===
# of expected passes 11680
# of unexpected failures 58
# of expected failures 70
# of unresolved testcases 56
# of unsupported tests 590
Running target unix/-std=gnu++11/-m32
FAIL: 28_regex/algorithms/regex_match/awk/cstring_01.cc (test for excess errors)
UNRESOLVED: 28_regex/algorithms/regex_match/awk/cstring_01.cc
compilation failed to produce executable
FAIL: 28_regex/algorithms/regex_match/basic/empty_range.cc (test for
excess errors)
UNRESOLVED: 28_regex/algorithms/regex_match/basic/empty_range.cc
compilation failed to produce executable
FAIL: 28_regex/algorithms/regex_match/basic/string_01.cc (test for
excess errors)
UNRESOLVED: 28_regex/algorithms/regex_match/basic/string_01.cc
compilation failed to produce executable
FAIL: 28_regex/algorithms/regex_match/basic/string_range_00_03.cc
(test for excess errors)
UNRESOLVED: 28_regex/algorithms/regex_match/basic/string_range_00_03.cc
compilation failed to produce executable
FAIL: 28_regex/algorithms/regex_match/basic/string_range_01_03.cc
(test for excess errors)
UNRESOLVED: 28_regex/algorithms/regex_match/basic/string_range_01_03.cc
compilation failed to produce executable
FAIL: 28_regex/algorithms/regex_match/basic/string_range_02_03.cc
(test for excess errors)
UNRESOLVED: 28_regex/algorithms/regex_match/basic/string_range_02_03.cc
compilation failed to produce executable
FAIL: 28_regex/algorithms/regex_match/cstring_bracket_01.cc (test for
excess errors)
UNRESOLVED: 28_regex/algorithms/regex_match/cstring_bracket_01.cc
compilation failed to produce executable
FAIL: 28_regex/algorithms/regex_match/ecma/char/53622.cc (test for
excess errors)
UNRESOLVED: 28_regex/algorithms/regex_match/ecma/char/53622.cc
compilation failed to produce executable
FAIL: 28_regex/algorithms/regex_match/ecma/char/57173.cc (test for
excess errors)
UNRESOLVED: 28_regex/algorithms/regex_match/ecma/char/57173.cc
compilation failed to produce executable
FAIL: 28_regex/algorithms/regex_match/ecma/char/58576.cc (test for
excess errors)
UNRESOLVED: 28_regex/algorithms/regex_match/ecma/char/58576.cc
compilation failed to produce executable
FAIL: 28_regex/algorithms/regex_match/ecma/char/68863.cc (test for
excess errors)
UNRESOLVED: 28_regex/algorithms/regex_match/ecma/char/68863.cc
compilation failed to produce executable
FAIL: 28_regex/algorithms/regex_match/ecma/char/anymatcher.cc (test
for excess errors)
UNRESOLVED: 28_regex/algorithms/regex_match/ecma/char/anymatcher.cc
compilation failed to produce executable
FAIL: 28_regex/algorithms/regex_match/ecma/char/backref.cc (test for
excess errors)
UNRESOLVED: 28_regex/algorithms/regex_match/ecma/char/backref.cc
compilation failed to produce executable
FAIL: 28_regex/algorithms/regex_match/ecma/char/empty_range.cc (test
for excess errors)
UNRESOLVED: 28_regex/algorithms/regex_match/ecma/char/empty_range.cc
compilation failed to produce executable
FAIL: 28_regex/algorithms/regex_match/ecma/char/emptygroup.cc (test
for excess errors)
UNRESOLVED: 28_regex/algorithms/regex_match/ecma/char/emptygroup.cc
compilation failed to produce executable
FAIL: 28_regex/algorithms/regex_match/ecma/char/hex.cc (test for excess errors)
UNRESOLVED: 28_regex/algorithms/regex_match/ecma/char/hex.cc
compilation failed to produce executable
FAIL: 28_regex/algorithms/regex_match/ecma/char/quoted_char.cc (test
for excess errors)
UNRESOLVED: 28_regex/algorithms/regex_match/ecma/char/quoted_char.cc
compilation failed to produce executable
FAIL: 28_regex/algorithms/regex_match/ecma/char/ungreedy.cc (test for
excess errors)
UNRESOLVED: 28_regex/algorithms/regex_match/ecma/char/ungreedy.cc
compilation failed to produce executable
FAIL: 28_regex/algorithms/regex_match/ecma/wchar_t/63199.cc (test for
excess errors)
UNRESOLVED: 28_regex/algorithms/regex_match/ecma/wchar_t/63199.cc
compilation failed to produce executable
FAIL: 28_regex/algorithms/regex_match/ecma/wchar_t/anymatcher.cc (test
for excess errors)
UNRESOLVED: 28_regex/algorithms/regex_match/ecma/wchar_t/anymatcher.cc
compilation failed to produce executable
FAIL: 28_regex/algorithms/regex_match/ecma/wchar_t/cjk_match.cc (test
for excess errors)
UNRESOLVED: 28_regex/algorithms/regex_match/ecma/wchar_t/cjk_match.cc
compilation failed to produce executable
FAIL: 28_regex/algorithms/regex_match/ecma/wchar_t/hex.cc (test for
excess errors)
UNRESOLVED: 28_regex/algorithms/regex_match/ecma/wchar_t/hex.cc
compilation failed to produce executable
FAIL: 28_regex/algorithms/regex_match/extended/cstring_plus.cc (test
for excess errors)
UNRESOLVED: 28_regex/algorithms/regex_match/extended/cstring_plus.cc
compilation failed to produce executable
FAIL: 28_regex/algorithms/regex_match/extended/cstring_questionmark.cc
(test for excess errors)
UNRESOLVED: 28_regex/algorithms/regex_match/extended/cstring_questionmark.cc
compilation failed to produce executable
FAIL: 28_regex/algorithms/regex_match/extended/cstring_range.cc (test
for excess errors)
UNRESOLVED: 28_regex/algorithms/regex_match/extended/cstring_range.cc
compilation failed to produce executable
FAIL: 28_regex/algorithms/regex_match/extended/string_any.cc (test for
excess errors)
UNRESOLVED: 28_regex/algorithms/regex_match/extended/string_any.cc
compilation failed to produce executable
FAIL: 28_regex/algorithms/regex_match/extended/string_range_00_03.cc
(test for excess errors)
UNRESOLVED: 28_regex/algorithms/regex_match/extended/string_range_00_03.cc
compilation failed to produce executable
FAIL: 28_regex/algorithms/regex_match/extended/string_range_01_03.cc
(test for excess errors)
UNRESOLVED: 28_regex/algorithms/regex_match/extended/string_range_01_03.cc
compilation failed to produce executable
FAIL: 28_regex/algorithms/regex_match/extended/string_range_02_03.cc
(test for excess errors)
UNRESOLVED: 28_regex/algorithms/regex_match/extended/string_range_02_03.cc
compilation failed to produce executable
FAIL: 28_regex/algorithms/regex_match/extended/wstring_locale.cc (test
for excess errors)
UNRESOLVED: 28_regex/algorithms/regex_match/extended/wstring_locale.cc
compilation failed to produce executable
FAIL: 28_regex/algorithms/regex_replace/char/51711.cc (test for excess errors)
FAIL: 28_regex/algorithms/regex_replace/char/basic_replace.cc (test
for excess errors)
UNRESOLVED: 28_regex/algorithms/regex_replace/char/basic_replace.cc
compilation failed to produce executable
FAIL: 28_regex/algorithms/regex_replace/char/dr2213.cc (test for excess errors)
UNRESOLVED: 28_regex/algorithms/regex_replace/char/dr2213.cc
compilation failed to produce executable
FAIL: 28_regex/algorithms/regex_replace/wchar_t/51711.cc (test for
excess errors)
FAIL: 28_regex/algorithms/regex_search/61424.cc (test for excess errors)
UNRESOLVED: 28_regex/algorithms/regex_search/61424.cc compilation
failed to produce executable
FAIL: 28_regex/algorithms/regex_search/61720.cc (test for excess errors)
UNRESOLVED: 28_regex/algorithms/regex_search/61720.cc compilation
failed to produce executable
FAIL: 28_regex/algorithms/regex_search/basic/string_01.cc (test for
excess errors)
UNRESOLVED: 28_regex/algorithms/regex_search/basic/string_01.cc
compilation failed to produce executable
FAIL: 28_regex/algorithms/regex_search/ecma/assertion.cc (test for
excess errors)
UNRESOLVED: 28_regex/algorithms/regex_search/ecma/assertion.cc
compilation failed to produce executable
FAIL: 28_regex/algorithms/regex_search/ecma/flags.cc (test for excess errors)
UNRESOLVED: 28_regex/algorithms/regex_search/ecma/flags.cc compilation
failed to produce executable
FAIL: 28_regex/algorithms/regex_search/ecma/greedy.cc (test for excess errors)
UNRESOLVED: 28_regex/algorithms/regex_search/ecma/greedy.cc
compilation failed to produce executable
FAIL: 28_regex/algorithms/regex_search/ecma/string_01.cc (test for
excess errors)
UNRESOLVED: 28_regex/algorithms/regex_search/ecma/string_01.cc
compilation failed to produce executable
FAIL: 28_regex/basic_regex/imbue/string.cc (test for excess errors)
UNRESOLVED: 28_regex/basic_regex/imbue/string.cc compilation failed to
produce executable
FAIL: 28_regex/basic_regex/multiple_quantifiers.cc (test for excess errors)
UNRESOLVED: 28_regex/basic_regex/multiple_quantifiers.cc compilation
failed to produce executable
FAIL: 28_regex/init-list.cc (test for excess errors)
UNRESOLVED: 28_regex/init-list.cc compilation failed to produce executable
FAIL: 28_regex/iterators/regex_iterator/char/64140.cc (test for excess errors)
UNRESOLVED: 28_regex/iterators/regex_iterator/char/64140.cc
compilation failed to produce executable
FAIL: 28_regex/iterators/regex_iterator/char/string_01.cc (test for
excess errors)
UNRESOLVED: 28_regex/iterators/regex_iterator/char/string_01.cc
compilation failed to produce executable
FAIL: 28_regex/iterators/regex_iterator/char/string_position_01.cc
(test for excess errors)
UNRESOLVED: 28_regex/iterators/regex_iterator/char/string_position_01.cc
compilation failed to produce executable
FAIL: 28_regex/iterators/regex_iterator/wchar_t/string_01.cc (test for
excess errors)
UNRESOLVED: 28_regex/iterators/regex_iterator/wchar_t/string_01.cc
compilation failed to produce executable
FAIL: 28_regex/iterators/regex_iterator/wchar_t/string_02.cc (test for
excess errors)
UNRESOLVED: 28_regex/iterators/regex_iterator/wchar_t/string_02.cc
compilation failed to produce executable
FAIL: 28_regex/iterators/regex_token_iterator/64303.cc (test for excess errors)
UNRESOLVED: 28_regex/iterators/regex_token_iterator/64303.cc
compilation failed to produce executable
FAIL: 28_regex/iterators/regex_token_iterator/char/string_01.cc (test
for excess errors)
UNRESOLVED: 28_regex/iterators/regex_token_iterator/char/string_01.cc
compilation failed to produce executable
FAIL: 28_regex/iterators/regex_token_iterator/wchar_t/string_01.cc
(test for excess errors)
UNRESOLVED: 28_regex/iterators/regex_token_iterator/wchar_t/string_01.cc
compilation failed to produce executable
FAIL: 28_regex/iterators/regex_token_iterator/wchar_t/wstring_02.cc
(test for excess errors)
UNRESOLVED: 28_regex/iterators/regex_token_iterator/wchar_t/wstring_02.cc
compilation failed to produce executable
FAIL: 28_regex/match_results/format.cc (test for excess errors)
UNRESOLVED: 28_regex/match_results/format.cc compilation failed to
produce executable
FAIL: 28_regex/match_results/out_of_range_submatches.cc (test for excess errors)
UNRESOLVED: 28_regex/match_results/out_of_range_submatches.cc
compilation failed to produce executable
FAIL: 28_regex/match_results/swap.cc (test for excess errors)
UNRESOLVED: 28_regex/match_results/swap.cc compilation failed to
produce executable
FAIL: 28_regex/regression.cc (test for excess errors)
UNRESOLVED: 28_regex/regression.cc compilation failed to produce executable
FAIL: 28_regex/traits/char/icase.cc (test for excess errors)
UNRESOLVED: 28_regex/traits/char/icase.cc compilation failed to
produce executable
=== libstdc++ Summary for unix/-std=gnu++11/-m32 ===
# of expected passes 11721
# of unexpected failures 58
# of expected failures 70
# of unresolved testcases 56
# of unsupported tests 568
Running target unix/-std=gnu++11/-m32/-D_GLIBCXX_USE_CXX11_ABI=0
FAIL: 28_regex/algorithms/regex_match/awk/cstring_01.cc (test for excess errors)
UNRESOLVED: 28_regex/algorithms/regex_match/awk/cstring_01.cc
compilation failed to produce executable
FAIL: 28_regex/algorithms/regex_match/basic/empty_range.cc (test for
excess errors)
UNRESOLVED: 28_regex/algorithms/regex_match/basic/empty_range.cc
compilation failed to produce executable
FAIL: 28_regex/algorithms/regex_match/basic/string_01.cc (test for
excess errors)
UNRESOLVED: 28_regex/algorithms/regex_match/basic/string_01.cc
compilation failed to produce executable
FAIL: 28_regex/algorithms/regex_match/basic/string_range_00_03.cc
(test for excess errors)
UNRESOLVED: 28_regex/algorithms/regex_match/basic/string_range_00_03.cc
compilation failed to produce executable
FAIL: 28_regex/algorithms/regex_match/basic/string_range_01_03.cc
(test for excess errors)
UNRESOLVED: 28_regex/algorithms/regex_match/basic/string_range_01_03.cc
compilation failed to produce executable
FAIL: 28_regex/algorithms/regex_match/basic/string_range_02_03.cc
(test for excess errors)
UNRESOLVED: 28_regex/algorithms/regex_match/basic/string_range_02_03.cc
compilation failed to produce executable
FAIL: 28_regex/algorithms/regex_match/cstring_bracket_01.cc (test for
excess errors)
UNRESOLVED: 28_regex/algorithms/regex_match/cstring_bracket_01.cc
compilation failed to produce executable
FAIL: 28_regex/algorithms/regex_match/ecma/char/53622.cc (test for
excess errors)
UNRESOLVED: 28_regex/algorithms/regex_match/ecma/char/53622.cc
compilation failed to produce executable
FAIL: 28_regex/algorithms/regex_match/ecma/char/57173.cc (test for
excess errors)
UNRESOLVED: 28_regex/algorithms/regex_match/ecma/char/57173.cc
compilation failed to produce executable
FAIL: 28_regex/algorithms/regex_match/ecma/char/58576.cc (test for
excess errors)
UNRESOLVED: 28_regex/algorithms/regex_match/ecma/char/58576.cc
compilation failed to produce executable
FAIL: 28_regex/algorithms/regex_match/ecma/char/68863.cc (test for
excess errors)
UNRESOLVED: 28_regex/algorithms/regex_match/ecma/char/68863.cc
compilation failed to produce executable
FAIL: 28_regex/algorithms/regex_match/ecma/char/anymatcher.cc (test
for excess errors)
UNRESOLVED: 28_regex/algorithms/regex_match/ecma/char/anymatcher.cc
compilation failed to produce executable
FAIL: 28_regex/algorithms/regex_match/ecma/char/backref.cc (test for
excess errors)
UNRESOLVED: 28_regex/algorithms/regex_match/ecma/char/backref.cc
compilation failed to produce executable
FAIL: 28_regex/algorithms/regex_match/ecma/char/empty_range.cc (test
for excess errors)
UNRESOLVED: 28_regex/algorithms/regex_match/ecma/char/empty_range.cc
compilation failed to produce executable
FAIL: 28_regex/algorithms/regex_match/ecma/char/emptygroup.cc (test
for excess errors)
UNRESOLVED: 28_regex/algorithms/regex_match/ecma/char/emptygroup.cc
compilation failed to produce executable
FAIL: 28_regex/algorithms/regex_match/ecma/char/hex.cc (test for excess errors)
UNRESOLVED: 28_regex/algorithms/regex_match/ecma/char/hex.cc
compilation failed to produce executable
FAIL: 28_regex/algorithms/regex_match/ecma/char/quoted_char.cc (test
for excess errors)
UNRESOLVED: 28_regex/algorithms/regex_match/ecma/char/quoted_char.cc
compilation failed to produce executable
FAIL: 28_regex/algorithms/regex_match/ecma/char/ungreedy.cc (test for
excess errors)
UNRESOLVED: 28_regex/algorithms/regex_match/ecma/char/ungreedy.cc
compilation failed to produce executable
FAIL: 28_regex/algorithms/regex_match/ecma/wchar_t/63199.cc (test for
excess errors)
UNRESOLVED: 28_regex/algorithms/regex_match/ecma/wchar_t/63199.cc
compilation failed to produce executable
FAIL: 28_regex/algorithms/regex_match/ecma/wchar_t/anymatcher.cc (test
for excess errors)
UNRESOLVED: 28_regex/algorithms/regex_match/ecma/wchar_t/anymatcher.cc
compilation failed to produce executable
FAIL: 28_regex/algorithms/regex_match/ecma/wchar_t/cjk_match.cc (test
for excess errors)
UNRESOLVED: 28_regex/algorithms/regex_match/ecma/wchar_t/cjk_match.cc
compilation failed to produce executable
FAIL: 28_regex/algorithms/regex_match/ecma/wchar_t/hex.cc (test for
excess errors)
UNRESOLVED: 28_regex/algorithms/regex_match/ecma/wchar_t/hex.cc
compilation failed to produce executable
FAIL: 28_regex/algorithms/regex_match/extended/cstring_plus.cc (test
for excess errors)
UNRESOLVED: 28_regex/algorithms/regex_match/extended/cstring_plus.cc
compilation failed to produce executable
FAIL: 28_regex/algorithms/regex_match/extended/cstring_questionmark.cc
(test for excess errors)
UNRESOLVED: 28_regex/algorithms/regex_match/extended/cstring_questionmark.cc
compilation failed to produce executable
FAIL: 28_regex/algorithms/regex_match/extended/cstring_range.cc (test
for excess errors)
UNRESOLVED: 28_regex/algorithms/regex_match/extended/cstring_range.cc
compilation failed to produce executable
FAIL: 28_regex/algorithms/regex_match/extended/string_any.cc (test for
excess errors)
UNRESOLVED: 28_regex/algorithms/regex_match/extended/string_any.cc
compilation failed to produce executable
FAIL: 28_regex/algorithms/regex_match/extended/string_range_00_03.cc
(test for excess errors)
UNRESOLVED: 28_regex/algorithms/regex_match/extended/string_range_00_03.cc
compilation failed to produce executable
FAIL: 28_regex/algorithms/regex_match/extended/string_range_01_03.cc
(test for excess errors)
UNRESOLVED: 28_regex/algorithms/regex_match/extended/string_range_01_03.cc
compilation failed to produce executable
FAIL: 28_regex/algorithms/regex_match/extended/string_range_02_03.cc
(test for excess errors)
UNRESOLVED: 28_regex/algorithms/regex_match/extended/string_range_02_03.cc
compilation failed to produce executable
FAIL: 28_regex/algorithms/regex_match/extended/wstring_locale.cc (test
for excess errors)
UNRESOLVED: 28_regex/algorithms/regex_match/extended/wstring_locale.cc
compilation failed to produce executable
FAIL: 28_regex/algorithms/regex_replace/char/51711.cc (test for excess errors)
FAIL: 28_regex/algorithms/regex_replace/char/basic_replace.cc (test
for excess errors)
UNRESOLVED: 28_regex/algorithms/regex_replace/char/basic_replace.cc
compilation failed to produce executable
FAIL: 28_regex/algorithms/regex_replace/char/dr2213.cc (test for excess errors)
UNRESOLVED: 28_regex/algorithms/regex_replace/char/dr2213.cc
compilation failed to produce executable
FAIL: 28_regex/algorithms/regex_replace/wchar_t/51711.cc (test for
excess errors)
FAIL: 28_regex/algorithms/regex_search/61424.cc (test for excess errors)
UNRESOLVED: 28_regex/algorithms/regex_search/61424.cc compilation
failed to produce executable
FAIL: 28_regex/algorithms/regex_search/61720.cc (test for excess errors)
UNRESOLVED: 28_regex/algorithms/regex_search/61720.cc compilation
failed to produce executable
FAIL: 28_regex/algorithms/regex_search/basic/string_01.cc (test for
excess errors)
UNRESOLVED: 28_regex/algorithms/regex_search/basic/string_01.cc
compilation failed to produce executable
FAIL: 28_regex/algorithms/regex_search/ecma/assertion.cc (test for
excess errors)
UNRESOLVED: 28_regex/algorithms/regex_search/ecma/assertion.cc
compilation failed to produce executable
FAIL: 28_regex/algorithms/regex_search/ecma/flags.cc (test for excess errors)
UNRESOLVED: 28_regex/algorithms/regex_search/ecma/flags.cc compilation
failed to produce executable
FAIL: 28_regex/algorithms/regex_search/ecma/greedy.cc (test for excess errors)
UNRESOLVED: 28_regex/algorithms/regex_search/ecma/greedy.cc
compilation failed to produce executable
FAIL: 28_regex/algorithms/regex_search/ecma/string_01.cc (test for
excess errors)
UNRESOLVED: 28_regex/algorithms/regex_search/ecma/string_01.cc
compilation failed to produce executable
FAIL: 28_regex/basic_regex/imbue/string.cc (test for excess errors)
UNRESOLVED: 28_regex/basic_regex/imbue/string.cc compilation failed to
produce executable
FAIL: 28_regex/basic_regex/multiple_quantifiers.cc (test for excess errors)
UNRESOLVED: 28_regex/basic_regex/multiple_quantifiers.cc compilation
failed to produce executable
FAIL: 28_regex/init-list.cc (test for excess errors)
UNRESOLVED: 28_regex/init-list.cc compilation failed to produce executable
FAIL: 28_regex/iterators/regex_iterator/char/64140.cc (test for excess errors)
UNRESOLVED: 28_regex/iterators/regex_iterator/char/64140.cc
compilation failed to produce executable
FAIL: 28_regex/iterators/regex_iterator/char/string_01.cc (test for
excess errors)
UNRESOLVED: 28_regex/iterators/regex_iterator/char/string_01.cc
compilation failed to produce executable
FAIL: 28_regex/iterators/regex_iterator/char/string_position_01.cc
(test for excess errors)
UNRESOLVED: 28_regex/iterators/regex_iterator/char/string_position_01.cc
compilation failed to produce executable
FAIL: 28_regex/iterators/regex_iterator/wchar_t/string_01.cc (test for
excess errors)
UNRESOLVED: 28_regex/iterators/regex_iterator/wchar_t/string_01.cc
compilation failed to produce executable
FAIL: 28_regex/iterators/regex_iterator/wchar_t/string_02.cc (test for
excess errors)
UNRESOLVED: 28_regex/iterators/regex_iterator/wchar_t/string_02.cc
compilation failed to produce executable
FAIL: 28_regex/iterators/regex_token_iterator/64303.cc (test for excess errors)
UNRESOLVED: 28_regex/iterators/regex_token_iterator/64303.cc
compilation failed to produce executable
FAIL: 28_regex/iterators/regex_token_iterator/char/string_01.cc (test
for excess errors)
UNRESOLVED: 28_regex/iterators/regex_token_iterator/char/string_01.cc
compilation failed to produce executable
FAIL: 28_regex/iterators/regex_token_iterator/wchar_t/string_01.cc
(test for excess errors)
UNRESOLVED: 28_regex/iterators/regex_token_iterator/wchar_t/string_01.cc
compilation failed to produce executable
FAIL: 28_regex/iterators/regex_token_iterator/wchar_t/wstring_02.cc
(test for excess errors)
UNRESOLVED: 28_regex/iterators/regex_token_iterator/wchar_t/wstring_02.cc
compilation failed to produce executable
FAIL: 28_regex/match_results/format.cc (test for excess errors)
UNRESOLVED: 28_regex/match_results/format.cc compilation failed to
produce executable
FAIL: 28_regex/match_results/out_of_range_submatches.cc (test for excess errors)
UNRESOLVED: 28_regex/match_results/out_of_range_submatches.cc
compilation failed to produce executable
FAIL: 28_regex/match_results/swap.cc (test for excess errors)
UNRESOLVED: 28_regex/match_results/swap.cc compilation failed to
produce executable
FAIL: 28_regex/regression.cc (test for excess errors)
UNRESOLVED: 28_regex/regression.cc compilation failed to produce executable
FAIL: 28_regex/traits/char/icase.cc (test for excess errors)
UNRESOLVED: 28_regex/traits/char/icase.cc compilation failed to
produce executable
=== libstdc++ Summary for
unix/-std=gnu++11/-m32/-D_GLIBCXX_USE_CXX11_ABI=0 ===
# of expected passes 11688
# of unexpected failures 58
# of expected failures 70
# of unresolved testcases 56
# of unsupported tests 586
Running target unix/-std=gnu++14
=== libstdc++ Summary for unix/-std=gnu++14 ===
# of expected passes 12432
# of expected failures 70
# of unsupported tests 251
Running target unix/-std=gnu++14/-D_GLIBCXX_USE_CXX11_ABI=0
=== libstdc++ Summary for
unix/-std=gnu++14/-D_GLIBCXX_USE_CXX11_ABI=0 ===
# of expected passes 12399
# of expected failures 70
# of unsupported tests 269
Running target unix/-std=gnu++14/-m32
=== libstdc++ Summary for unix/-std=gnu++14/-m32 ===
# of expected passes 12440
# of expected failures 70
# of unsupported tests 247
Running target unix/-std=gnu++14/-m32/-D_GLIBCXX_USE_CXX11_ABI=0
=== libstdc++ Summary for
unix/-std=gnu++14/-m32/-D_GLIBCXX_USE_CXX11_ABI=0 ===
# of expected passes 12407
# of expected failures 70
# of unsupported tests 265
Running target unix/-std=gnu++17
FAIL: 21_strings/basic_string/cons/char/moveable2.cc execution test
FAIL: 21_strings/basic_string/cons/wchar_t/moveable2.cc execution test
FAIL: 24_iterators/range_access_cpp17.cc (test for excess errors)
=== libstdc++ Summary for unix/-std=gnu++17 ===
# of expected passes 12384
# of unexpected failures 3
# of expected failures 71
# of unsupported tests 262
Running target unix/-std=gnu++17/-D_GLIBCXX_USE_CXX11_ABI=0
FAIL: 21_strings/basic_string/cons/char/moveable2.cc execution test
FAIL: 21_strings/basic_string/cons/wchar_t/moveable2.cc execution test
FAIL: 24_iterators/range_access_cpp17.cc (test for excess errors)
=== libstdc++ Summary for
unix/-std=gnu++17/-D_GLIBCXX_USE_CXX11_ABI=0 ===
# of expected passes 12351
# of unexpected failures 3
# of expected failures 71
# of unsupported tests 280
Running target unix/-std=gnu++17/-m32
FAIL: 21_strings/basic_string/cons/char/moveable2.cc execution test
FAIL: 21_strings/basic_string/cons/wchar_t/moveable2.cc execution test
FAIL: 24_iterators/range_access_cpp17.cc (test for excess errors)
=== libstdc++ Summary for unix/-std=gnu++17/-m32 ===
# of expected passes 12392
# of unexpected failures 3
# of expected failures 71
# of unsupported tests 258
Running target unix/-std=gnu++17/-m32/-D_GLIBCXX_USE_CXX11_ABI=0
FAIL: 21_strings/basic_string/cons/char/moveable2.cc execution test
FAIL: 21_strings/basic_string/cons/wchar_t/moveable2.cc execution test
FAIL: 24_iterators/range_access_cpp17.cc (test for excess errors)
=== libstdc++ Summary for
unix/-std=gnu++17/-m32/-D_GLIBCXX_USE_CXX11_ABI=0 ===
# of expected passes 12359
# of unexpected failures 3
# of expected failures 71
# of unsupported tests 276
Running target unix/-std=gnu++98
=== libstdc++ Summary for unix/-std=gnu++98 ===
# of expected passes 6647
# of expected failures 23
# of unsupported tests 3467
Running target unix/-std=gnu++98/-D_GLIBCXX_USE_CXX11_ABI=0
=== libstdc++ Summary for
unix/-std=gnu++98/-D_GLIBCXX_USE_CXX11_ABI=0 ===
# of expected passes 6647
# of expected failures 23
# of unsupported tests 3467
Running target unix/-std=gnu++98/-m32
=== libstdc++ Summary for unix/-std=gnu++98/-m32 ===
# of expected passes 6647
# of expected failures 23
# of unsupported tests 3467
Running target unix/-std=gnu++98/-m32/-D_GLIBCXX_USE_CXX11_ABI=0
=== libstdc++ Summary for
unix/-std=gnu++98/-m32/-D_GLIBCXX_USE_CXX11_ABI=0 ===
# of expected passes 6647
# of expected failures 23
# of unsupported tests 3467
=== libstdc++ Summary ===
# of expected passes 172554
# of unexpected failures 244
# of expected failures 936
# of unresolved testcases 224
# of unsupported tests 18292
gcc version 8.0.0 20170918 (experimental) [trunk revision 252928] (GCC)
Compiler version: 8.0.0 20170918 (experimental) [trunk revision
252928] (GCC) libstdc++
Platform: x86_64-pc-linux-gnu
configure flags: --enable-languages=c++ --disable-bootstrap
--disable-libcc1 --disable-libcilkrts --disable-libhsail-rt
--disable-libmpx --disable-liboffloadmic --disable-libvtv
--with-system-zlib --with-gnu-ld --with-gnu-as --without-isl