This is the mail archive of the
gcc-testresults@gcc.gnu.org
mailing list for the GCC project.
Results for 8.0.0 20170915 (experimental) [trunk revision 252799p14] (GCC) testsuite on x86_64-apple-darwin16.7.0
- From: dominiq at lps dot ens dot fr (Dominique Dhumieres)
- To: gcc-testresults at gcc dot gnu dot org
- Date: Sat, 16 Sep 2017 10:20:35 +0200
- Subject: Results for 8.0.0 20170915 (experimental) [trunk revision 252799p14] (GCC) testsuite on x86_64-apple-darwin16.7.0
- Authentication-results: sourceware.org; auth=none
LAST_UPDATED: Updated to revision 252799.
=== acats tests ===
=== acats Summary ===
# of expected passes 2320
# of unexpected failures 0
Native configuration is x86_64-apple-darwin16.7.0
=== g++ tests ===
Running target unix/-m32
FAIL: c-c++-common/asan/alloca_big_alignment.c -O2 -flto (test for excess errors)
FAIL: c-c++-common/asan/alloca_detect_custom_size.c -O2 -flto -flto-partition=none (test for excess errors)
FAIL: c-c++-common/asan/alloca_instruments_all_paddings.c -O2 -flto (test for excess errors)
FAIL: c-c++-common/asan/alloca_instruments_all_paddings.c -O2 -flto -flto-partition=none (test for excess errors)
FAIL: c-c++-common/asan/alloca_loop_unpoisoning.c -O2 -flto (test for excess errors)
FAIL: c-c++-common/asan/alloca_loop_unpoisoning.c -O2 -flto -flto-partition=none (test for excess errors)
FAIL: c-c++-common/asan/alloca_overflow_partial.c -O2 -flto -flto-partition=none (test for excess errors)
FAIL: c-c++-common/asan/alloca_overflow_right.c -O2 -flto (test for excess errors)
FAIL: c-c++-common/asan/alloca_overflow_right.c -O2 -flto -flto-partition=none (test for excess errors)
FAIL: c-c++-common/asan/alloca_safe_access.c -O2 -flto (test for excess errors)
FAIL: c-c++-common/asan/alloca_safe_access.c -O2 -flto -flto-partition=none (test for excess errors)
FAIL: c-c++-common/asan/alloca_underflow_left.c -O2 -flto (test for excess errors)
FAIL: c-c++-common/asan/alloca_underflow_left.c -O2 -flto -flto-partition=none (test for excess errors)
FAIL: c-c++-common/asan/bitfield-1.c -O2 -flto -flto-partition=none (test for excess errors)
FAIL: c-c++-common/asan/bitfield-2.c -O2 -flto (test for excess errors)
FAIL: c-c++-common/asan/bitfield-2.c -O2 -flto -flto-partition=none (test for excess errors)
FAIL: c-c++-common/asan/bitfield-3.c -O2 -flto (test for excess errors)
FAIL: c-c++-common/asan/bitfield-3.c -O2 -flto -flto-partition=none (test for excess errors)
FAIL: c-c++-common/asan/bitfield-4.c -O2 -flto (test for excess errors)
FAIL: c-c++-common/asan/bitfield-4.c -O2 -flto -flto-partition=none (test for excess errors)
FAIL: c-c++-common/asan/bitfield-5.c -O2 -flto -flto-partition=none (test for excess errors)
FAIL: c-c++-common/asan/global-overflow-1.c -O2 -flto -flto-partition=none (test for excess errors)
FAIL: c-c++-common/asan/heap-overflow-1.c -O2 -flto (test for excess errors)
FAIL: c-c++-common/asan/heap-overflow-1.c -O2 -flto -flto-partition=none (test for excess errors)
FAIL: c-c++-common/asan/misalign-1.c -O2 -flto (test for excess errors)
FAIL: c-c++-common/asan/misalign-1.c -O2 -flto output pattern test
FAIL: c-c++-common/asan/misalign-1.c -O2 -flto -flto-partition=none (test for excess errors)
FAIL: c-c++-common/asan/misalign-1.c -O2 -flto -flto-partition=none output pattern test
FAIL: c-c++-common/asan/misalign-2.c -O2 -flto (test for excess errors)
FAIL: c-c++-common/asan/misalign-2.c -O2 -flto output pattern test
FAIL: c-c++-common/asan/misalign-2.c -O2 -flto -flto-partition=none (test for excess errors)
FAIL: c-c++-common/asan/misalign-2.c -O2 -flto -flto-partition=none output pattern test
FAIL: c-c++-common/asan/pr64820.c -O2 -flto (test for excess errors)
FAIL: c-c++-common/asan/pr64820.c -O2 -flto -flto-partition=none (test for excess errors)
FAIL: c-c++-common/asan/pr71480.c -O2 -flto (test for excess errors)
FAIL: c-c++-common/asan/pr71480.c -O2 -flto -flto-partition=none (test for excess errors)
FAIL: c-c++-common/asan/pr79944.c -O2 -flto (test for excess errors)
FAIL: c-c++-common/asan/pr79944.c -O2 -flto -flto-partition=none (test for excess errors)
FAIL: c-c++-common/asan/stack-overflow-1.c -O2 -flto output pattern test
FAIL: c-c++-common/asan/stack-overflow-1.c -O2 -flto -flto-partition=none (test for excess errors)
FAIL: c-c++-common/asan/stack-overflow-1.c -O2 -flto -flto-partition=none output pattern test
FAIL: c-c++-common/asan/strncpy-overflow-1.c -O0 output pattern test
FAIL: c-c++-common/asan/strncpy-overflow-1.c -O1 output pattern test
FAIL: c-c++-common/asan/strncpy-overflow-1.c -O2 output pattern test
FAIL: c-c++-common/asan/strncpy-overflow-1.c -O2 -flto output pattern test
FAIL: c-c++-common/asan/strncpy-overflow-1.c -O2 -flto -flto-partition=none output pattern test
FAIL: c-c++-common/asan/strncpy-overflow-1.c -O3 -g output pattern test
FAIL: c-c++-common/asan/strncpy-overflow-1.c -Os output pattern test
FAIL: g++.dg/asan/deep-tail-call-1.C -O2 -flto (test for excess errors)
FAIL: g++.dg/asan/deep-tail-call-1.C -O2 -flto -flto-partition=none (test for excess errors)
FAIL: g++.dg/asan/function-argument-1.C -O2 -flto (test for excess errors)
FAIL: g++.dg/asan/function-argument-1.C -O2 -flto -flto-partition=none (test for excess errors)
FAIL: g++.dg/asan/pr77396-2.C -O2 -flto -flto-partition=none (test for excess errors)
FAIL: g++.dg/asan/use-after-scope-1.C -O2 -flto (test for excess errors)
FAIL: g++.dg/asan/use-after-scope-3.C -O2 -flto (test for excess errors)
FAIL: g++.dg/asan/use-after-scope-3.C -O2 -flto -flto-partition=none (test for excess errors)
WARNING: program timed out
WARNING: program timed out
UNRESOLVED: g++.dg/debug/dwarf2/inline-ns-2.C -std=gnu++11 scan-assembler-not DIE \\\\([^\\n\\r]*\\\\) DW_TAG_imported_module
UNRESOLVED: g++.dg/debug/dwarf2/inline-ns-2.C -std=gnu++11 scan-assembler-times DW_AT_export_symbols 2
FAIL: g++.dg/debug/dwarf2/inline-ns-2.C -std=gnu++11 (internal compiler error)
FAIL: g++.dg/debug/dwarf2/inline-ns-2.C -std=gnu++11 (test for excess errors)
UNRESOLVED: g++.dg/debug/dwarf2/inline-ns-2.C -std=gnu++14 scan-assembler-not DIE \\\\([^\\n\\r]*\\\\) DW_TAG_imported_module
UNRESOLVED: g++.dg/debug/dwarf2/inline-ns-2.C -std=gnu++14 scan-assembler-times DW_AT_export_symbols 2
FAIL: g++.dg/debug/dwarf2/inline-ns-2.C -std=gnu++14 (internal compiler error)
FAIL: g++.dg/debug/dwarf2/inline-ns-2.C -std=gnu++14 (test for excess errors)
UNRESOLVED: g++.dg/debug/dwarf2/inline-ns-2.C -std=gnu++98 scan-assembler-not DIE \\\\([^\\n\\r]*\\\\) DW_TAG_imported_module
UNRESOLVED: g++.dg/debug/dwarf2/inline-ns-2.C -std=gnu++98 scan-assembler-times DW_AT_export_symbols 2
FAIL: g++.dg/debug/dwarf2/inline-ns-2.C -std=gnu++98 (internal compiler error)
FAIL: g++.dg/debug/dwarf2/inline-ns-2.C -std=gnu++98 (test for excess errors)
FAIL: g++.dg/ipa/pr67056.C scan-ipa-dump cp "Speculative outer type:struct CompositeClass"
FAIL: g++.dg/pr62079.C (internal compiler error)
FAIL: g++.dg/pr62079.C (test for excess errors)
FAIL: g++.dg/pr71694.C -std=gnu++11 scan-assembler-not movl
FAIL: g++.dg/pr71694.C -std=gnu++14 scan-assembler-not movl
FAIL: g++.dg/pr71694.C -std=gnu++98 scan-assembler-not movl
FAIL: g++.dg/template/nontype10.C -std=c++11 (test for excess errors)
FAIL: g++.dg/template/nontype10.C -std=c++14 (test for excess errors)
FAIL: g++.dg/template/nontype10.C -std=c++98 (test for excess errors)
FAIL: g++.dg/gcov/pr16855.C -std=gnu++11 gcov: 2 failures in line counts, 0 in branch percentages, 0 in return percentages, 0 in intermediate format
FAIL: g++.dg/gcov/pr16855.C -std=gnu++11 line 21: is #####:should be 1
FAIL: g++.dg/gcov/pr16855.C -std=gnu++11 line 45: is #####:should be 1
FAIL: g++.dg/gcov/pr16855.C -std=gnu++14 gcov: 2 failures in line counts, 0 in branch percentages, 0 in return percentages, 0 in intermediate format
FAIL: g++.dg/gcov/pr16855.C -std=gnu++14 line 21: is #####:should be 1
FAIL: g++.dg/gcov/pr16855.C -std=gnu++14 line 45: is #####:should be 1
FAIL: g++.dg/gcov/pr16855.C -std=gnu++98 gcov: 2 failures in line counts, 0 in branch percentages, 0 in return percentages, 0 in intermediate format
FAIL: g++.dg/gcov/pr16855.C -std=gnu++98 line 21: is #####:should be 1
FAIL: g++.dg/gcov/pr16855.C -std=gnu++98 line 45: is #####:should be 1
UNRESOLVED: g++.dg/lto/20101010-4 cp_lto_20101010-4_0.o-cp_lto_20101010-4_0.o execute -std=c++0x -flto -g -r -nostdlib
FAIL: g++.dg/lto/20101010-4 cp_lto_20101010-4_0.o-cp_lto_20101010-4_0.o link, -std=c++0x -flto -g -r -nostdlib
UNRESOLVED: g++.dg/lto/20101015-2 cp_lto_20101015-2_0.o-cp_lto_20101015-2_0.o execute -g -flto
FAIL: g++.dg/lto/20101015-2 cp_lto_20101015-2_0.o-cp_lto_20101015-2_0.o link, -g -flto
UNRESOLVED: g++.dg/lto/pr42987 cp_lto_pr42987_0.o-cp_lto_pr42987_1.o execute -flto -flto-partition=none -g
UNRESOLVED: g++.dg/lto/pr42987 cp_lto_pr42987_0.o-cp_lto_pr42987_1.o execute -flto -g
FAIL: g++.dg/lto/pr42987 cp_lto_pr42987_0.o-cp_lto_pr42987_1.o link, -flto -flto-partition=none -g
FAIL: g++.dg/lto/pr42987 cp_lto_pr42987_0.o-cp_lto_pr42987_1.o link, -flto -g
UNRESOLVED: g++.dg/lto/pr48207 cp_lto_pr48207_0.o-cp_lto_pr48207_0.o execute -flto -g
FAIL: g++.dg/lto/pr48207 cp_lto_pr48207_0.o-cp_lto_pr48207_0.o link, -flto -g
UNRESOLVED: g++.dg/lto/pr65193 cp_lto_pr65193_0.o-cp_lto_pr65193_0.o execute -fPIC -r -nostdlib -flto -O2 -g
FAIL: g++.dg/lto/pr65193 cp_lto_pr65193_0.o-cp_lto_pr65193_0.o link, -fPIC -r -nostdlib -flto -O2 -g
UNRESOLVED: g++.dg/lto/pr65276 cp_lto_pr65276_0.o-cp_lto_pr65276_1.o execute -flto -O0 -std=c++11
FAIL: g++.dg/lto/pr65276 cp_lto_pr65276_0.o-cp_lto_pr65276_1.o link, -flto -O0 -std=c++11
UNRESOLVED: g++.dg/lto/pr65549 cp_lto_pr65549_0.o-cp_lto_pr65549_0.o execute -std=gnu++14 -flto -g -O2 -fno-inline -flto-partition=max
FAIL: g++.dg/lto/pr65549 cp_lto_pr65549_0.o-cp_lto_pr65549_0.o link, -std=gnu++14 -flto -g -O2 -fno-inline -flto-partition=max
WARNING: program timed out
WARNING: program timed out
FAIL: g++.dg/pch/pch.C -O2 -I. -Dwith_PCH (test for excess errors)
FAIL: g++.dg/pch/pch.C -O2 -g -I. -Dwith_PCH (test for excess errors)
FAIL: g++.dg/pch/pch.C -g -I. -Dwith_PCH (test for excess errors)
FAIL: g++.dg/pch/pch.C -O2 -g assembly comparison
FAIL: g++.dg/pch/pch.C -O2 assembly comparison
FAIL: g++.dg/pch/pch.C -g assembly comparison
WARNING: program timed out
WARNING: program timed out
WARNING: program timed out
FAIL: g++.dg/tls/pr77285-2.C -std=c++11 scan-assembler _ZTH4var1B3tag
FAIL: g++.dg/tls/pr77285-2.C -std=c++14 scan-assembler _ZTH4var1B3tag
FAIL: g++.dg/tree-prof/pr57451.C compilation, -fprofile-generate -D_PROFILE_GENERATE
UNRESOLVED: g++.dg/tree-prof/pr57451.C compilation, -fprofile-use -D_PROFILE_USE
UNRESOLVED: g++.dg/tree-prof/pr57451.C execution, -fprofile-generate -D_PROFILE_GENERATE
UNRESOLVED: g++.dg/tree-prof/pr57451.C execution, -fprofile-use -D_PROFILE_USE
FAIL: g++.dg/tree-prof/pr63581.C compilation, -fprofile-generate -D_PROFILE_GENERATE
UNRESOLVED: g++.dg/tree-prof/pr63581.C compilation, -fprofile-use -D_PROFILE_USE
UNRESOLVED: g++.dg/tree-prof/pr63581.C execution, -fprofile-generate -D_PROFILE_GENERATE
UNRESOLVED: g++.dg/tree-prof/pr63581.C execution, -fprofile-use -D_PROFILE_USE
FAIL: g++.dg/ubsan/pr60569.C -O3 -g (test for excess errors)
=== g++ Summary for unix/-m32 ===
# of expected passes 113278
# of unexpected failures 99
# of expected failures 383
# of unresolved testcases 20
# of unsupported tests 4637
Running target unix/-m64
FAIL: c-c++-common/asan/alloca_big_alignment.c -O2 -flto -flto-partition=none (test for excess errors)
FAIL: c-c++-common/asan/alloca_detect_custom_size.c -O2 -flto (test for excess errors)
FAIL: c-c++-common/asan/alloca_detect_custom_size.c -O2 -flto -flto-partition=none (test for excess errors)
FAIL: c-c++-common/asan/alloca_instruments_all_paddings.c -O2 -flto (test for excess errors)
FAIL: c-c++-common/asan/alloca_instruments_all_paddings.c -O2 -flto -flto-partition=none (test for excess errors)
FAIL: c-c++-common/asan/alloca_loop_unpoisoning.c -O2 -flto (test for excess errors)
FAIL: c-c++-common/asan/alloca_loop_unpoisoning.c -O2 -flto -flto-partition=none (test for excess errors)
FAIL: c-c++-common/asan/alloca_overflow_partial.c -O2 -flto (test for excess errors)
FAIL: c-c++-common/asan/alloca_overflow_partial.c -O2 -flto -flto-partition=none (test for excess errors)
FAIL: c-c++-common/asan/alloca_overflow_right.c -O2 -flto (test for excess errors)
FAIL: c-c++-common/asan/alloca_safe_access.c -O2 -flto (test for excess errors)
FAIL: c-c++-common/asan/alloca_underflow_left.c -O2 -flto -flto-partition=none (test for excess errors)
FAIL: c-c++-common/asan/bitfield-2.c -O2 -flto -flto-partition=none (test for excess errors)
FAIL: c-c++-common/asan/bitfield-3.c -O2 -flto -flto-partition=none (test for excess errors)
FAIL: c-c++-common/asan/bitfield-4.c -O2 -flto -flto-partition=none (test for excess errors)
FAIL: c-c++-common/asan/heap-overflow-1.c -O2 -flto (test for excess errors)
FAIL: c-c++-common/asan/heap-overflow-1.c -O2 -flto -flto-partition=none (test for excess errors)
FAIL: c-c++-common/asan/misalign-1.c -O2 -flto (test for excess errors)
FAIL: c-c++-common/asan/misalign-1.c -O2 -flto output pattern test
FAIL: c-c++-common/asan/misalign-1.c -O2 -flto -flto-partition=none (test for excess errors)
FAIL: c-c++-common/asan/misalign-1.c -O2 -flto -flto-partition=none output pattern test
FAIL: c-c++-common/asan/misalign-2.c -O2 -flto (test for excess errors)
FAIL: c-c++-common/asan/misalign-2.c -O2 -flto output pattern test
FAIL: c-c++-common/asan/misalign-2.c -O2 -flto -flto-partition=none (test for excess errors)
FAIL: c-c++-common/asan/misalign-2.c -O2 -flto -flto-partition=none output pattern test
FAIL: c-c++-common/asan/pr64820.c -O0 output pattern test
FAIL: c-c++-common/asan/pr64820.c -O1 output pattern test
FAIL: c-c++-common/asan/pr64820.c -O2 output pattern test
FAIL: c-c++-common/asan/pr64820.c -O2 -flto (test for excess errors)
FAIL: c-c++-common/asan/pr64820.c -O2 -flto output pattern test
FAIL: c-c++-common/asan/pr64820.c -O2 -flto -flto-partition=none (test for excess errors)
FAIL: c-c++-common/asan/pr64820.c -O2 -flto -flto-partition=none output pattern test
FAIL: c-c++-common/asan/pr64820.c -O3 -g output pattern test
FAIL: c-c++-common/asan/pr64820.c -Os output pattern test
FAIL: c-c++-common/asan/pr70712.c -O2 -flto (test for excess errors)
FAIL: c-c++-common/asan/pr71480.c -O2 -flto (test for excess errors)
FAIL: c-c++-common/asan/pr71480.c -O2 -flto -flto-partition=none (test for excess errors)
FAIL: c-c++-common/asan/pr79944.c -O2 -flto -flto-partition=none (test for excess errors)
FAIL: c-c++-common/asan/pr80308.c -O2 -flto (test for excess errors)
FAIL: c-c++-common/asan/pr80308.c -O2 -flto -flto-partition=none (test for excess errors)
FAIL: c-c++-common/asan/stack-overflow-1.c -O2 -flto output pattern test
FAIL: c-c++-common/asan/stack-overflow-1.c -O2 -flto -flto-partition=none output pattern test
FAIL: c-c++-common/asan/strncpy-overflow-1.c -O0 output pattern test
FAIL: c-c++-common/asan/strncpy-overflow-1.c -O1 output pattern test
FAIL: c-c++-common/asan/strncpy-overflow-1.c -O2 output pattern test
FAIL: c-c++-common/asan/strncpy-overflow-1.c -O2 -flto output pattern test
FAIL: c-c++-common/asan/strncpy-overflow-1.c -O2 -flto -flto-partition=none output pattern test
FAIL: c-c++-common/asan/strncpy-overflow-1.c -O3 -g output pattern test
FAIL: c-c++-common/asan/strncpy-overflow-1.c -Os output pattern test
FAIL: g++.dg/asan/deep-tail-call-1.C -O2 -flto (test for excess errors)
FAIL: g++.dg/asan/deep-tail-call-1.C -O2 -flto -flto-partition=none (test for excess errors)
FAIL: g++.dg/asan/function-argument-1.C -O2 -flto (test for excess errors)
FAIL: g++.dg/asan/function-argument-1.C -O2 -flto -flto-partition=none (test for excess errors)
FAIL: g++.dg/asan/function-argument-3.C -O2 -flto -flto-partition=none (test for excess errors)
FAIL: g++.dg/asan/pr77396-2.C -O2 -flto -flto-partition=none (test for excess errors)
FAIL: g++.dg/asan/use-after-scope-3.C -O2 -flto (test for excess errors)
FAIL: g++.dg/asan/use-after-scope-3.C -O2 -flto -flto-partition=none (test for excess errors)
WARNING: program timed out
WARNING: program timed out
UNRESOLVED: g++.dg/debug/dwarf2/inline-ns-2.C -std=gnu++11 scan-assembler-not DIE \\\\([^\\n\\r]*\\\\) DW_TAG_imported_module
UNRESOLVED: g++.dg/debug/dwarf2/inline-ns-2.C -std=gnu++11 scan-assembler-times DW_AT_export_symbols 2
FAIL: g++.dg/debug/dwarf2/inline-ns-2.C -std=gnu++11 (internal compiler error)
FAIL: g++.dg/debug/dwarf2/inline-ns-2.C -std=gnu++11 (test for excess errors)
UNRESOLVED: g++.dg/debug/dwarf2/inline-ns-2.C -std=gnu++14 scan-assembler-not DIE \\\\([^\\n\\r]*\\\\) DW_TAG_imported_module
UNRESOLVED: g++.dg/debug/dwarf2/inline-ns-2.C -std=gnu++14 scan-assembler-times DW_AT_export_symbols 2
FAIL: g++.dg/debug/dwarf2/inline-ns-2.C -std=gnu++14 (internal compiler error)
FAIL: g++.dg/debug/dwarf2/inline-ns-2.C -std=gnu++14 (test for excess errors)
UNRESOLVED: g++.dg/debug/dwarf2/inline-ns-2.C -std=gnu++98 scan-assembler-not DIE \\\\([^\\n\\r]*\\\\) DW_TAG_imported_module
UNRESOLVED: g++.dg/debug/dwarf2/inline-ns-2.C -std=gnu++98 scan-assembler-times DW_AT_export_symbols 2
FAIL: g++.dg/debug/dwarf2/inline-ns-2.C -std=gnu++98 (internal compiler error)
FAIL: g++.dg/debug/dwarf2/inline-ns-2.C -std=gnu++98 (test for excess errors)
FAIL: g++.dg/ipa/pr67056.C scan-ipa-dump cp "Speculative outer type:struct CompositeClass"
FAIL: g++.dg/opt/pr59470.C -std=gnu++11 execution test
FAIL: g++.dg/opt/pr59470.C -std=gnu++14 execution test
FAIL: g++.dg/opt/pr59470.C -std=gnu++98 execution test
FAIL: g++.dg/gcov/pr16855.C -std=gnu++11 gcov: 2 failures in line counts, 0 in branch percentages, 0 in return percentages, 0 in intermediate format
FAIL: g++.dg/gcov/pr16855.C -std=gnu++11 line 21: is #####:should be 1
FAIL: g++.dg/gcov/pr16855.C -std=gnu++11 line 45: is #####:should be 1
FAIL: g++.dg/gcov/pr16855.C -std=gnu++14 gcov: 2 failures in line counts, 0 in branch percentages, 0 in return percentages, 0 in intermediate format
FAIL: g++.dg/gcov/pr16855.C -std=gnu++14 line 21: is #####:should be 1
FAIL: g++.dg/gcov/pr16855.C -std=gnu++14 line 45: is #####:should be 1
FAIL: g++.dg/gcov/pr16855.C -std=gnu++98 gcov: 2 failures in line counts, 0 in branch percentages, 0 in return percentages, 0 in intermediate format
FAIL: g++.dg/gcov/pr16855.C -std=gnu++98 line 21: is #####:should be 1
FAIL: g++.dg/gcov/pr16855.C -std=gnu++98 line 45: is #####:should be 1
UNRESOLVED: g++.dg/lto/20101010-4 cp_lto_20101010-4_0.o-cp_lto_20101010-4_0.o execute -std=c++0x -flto -g -r -nostdlib
FAIL: g++.dg/lto/20101010-4 cp_lto_20101010-4_0.o-cp_lto_20101010-4_0.o link, -std=c++0x -flto -g -r -nostdlib
UNRESOLVED: g++.dg/lto/pr42987 cp_lto_pr42987_0.o-cp_lto_pr42987_1.o execute -flto -flto-partition=none -g
UNRESOLVED: g++.dg/lto/pr42987 cp_lto_pr42987_0.o-cp_lto_pr42987_1.o execute -flto -g
FAIL: g++.dg/lto/pr42987 cp_lto_pr42987_0.o-cp_lto_pr42987_1.o link, -flto -flto-partition=none -g
FAIL: g++.dg/lto/pr42987 cp_lto_pr42987_0.o-cp_lto_pr42987_1.o link, -flto -g
UNRESOLVED: g++.dg/lto/pr51572-2 cp_lto_pr51572-2_0.o-cp_lto_pr51572-2_0.o execute -g -flto
FAIL: g++.dg/lto/pr51572-2 cp_lto_pr51572-2_0.o-cp_lto_pr51572-2_0.o link, -g -flto
UNRESOLVED: g++.dg/lto/pr52605 cp_lto_pr52605_0.o-cp_lto_pr52605_0.o execute -flto -g
FAIL: g++.dg/lto/pr52605 cp_lto_pr52605_0.o-cp_lto_pr52605_0.o link, -flto -g
UNRESOLVED: g++.dg/lto/pr65193 cp_lto_pr65193_0.o-cp_lto_pr65193_0.o execute -fPIC -r -nostdlib -flto -O2 -g
FAIL: g++.dg/lto/pr65193 cp_lto_pr65193_0.o-cp_lto_pr65193_0.o link, -fPIC -r -nostdlib -flto -O2 -g
UNRESOLVED: g++.dg/lto/pr65276 cp_lto_pr65276_0.o-cp_lto_pr65276_1.o execute -flto -O0 -std=c++11
FAIL: g++.dg/lto/pr65276 cp_lto_pr65276_0.o-cp_lto_pr65276_1.o link, -flto -O0 -std=c++11
UNRESOLVED: g++.dg/lto/pr65549 cp_lto_pr65549_0.o-cp_lto_pr65549_0.o execute -std=gnu++14 -flto -g
UNRESOLVED: g++.dg/lto/pr65549 cp_lto_pr65549_0.o-cp_lto_pr65549_0.o execute -std=gnu++14 -flto -g -O2 -fno-inline -flto-partition=max
FAIL: g++.dg/lto/pr65549 cp_lto_pr65549_0.o-cp_lto_pr65549_0.o link, -std=gnu++14 -flto -g
FAIL: g++.dg/lto/pr65549 cp_lto_pr65549_0.o-cp_lto_pr65549_0.o link, -std=gnu++14 -flto -g -O2 -fno-inline -flto-partition=max
WARNING: program timed out
FAIL: g++.dg/tls/pr77285-2.C -std=c++11 scan-assembler _ZTH4var1B3tag
FAIL: g++.dg/tls/pr77285-2.C -std=c++14 scan-assembler _ZTH4var1B3tag
FAIL: g++.dg/tree-prof/pr57451.C compilation, -fprofile-generate -D_PROFILE_GENERATE
UNRESOLVED: g++.dg/tree-prof/pr57451.C compilation, -fprofile-use -D_PROFILE_USE
UNRESOLVED: g++.dg/tree-prof/pr57451.C execution, -fprofile-generate -D_PROFILE_GENERATE
UNRESOLVED: g++.dg/tree-prof/pr57451.C execution, -fprofile-use -D_PROFILE_USE
FAIL: g++.dg/tree-prof/pr63581.C compilation, -fprofile-generate -D_PROFILE_GENERATE
UNRESOLVED: g++.dg/tree-prof/pr63581.C compilation, -fprofile-use -D_PROFILE_USE
UNRESOLVED: g++.dg/tree-prof/pr63581.C execution, -fprofile-generate -D_PROFILE_GENERATE
UNRESOLVED: g++.dg/tree-prof/pr63581.C execution, -fprofile-use -D_PROFILE_USE
=== g++ Summary for unix/-m64 ===
# of expected passes 114710
# of unexpected failures 89
# of expected failures 383
# of unresolved testcases 21
# of unsupported tests 4838
=== g++ Summary ===
# of expected passes 227988
# of unexpected failures 188
# of expected failures 766
# of unresolved testcases 41
# of unsupported tests 9475
/opt/gcc/build_w/gcc/xg++ version 8.0.0 20170915 (experimental) [trunk revision 252799p14] (GCC)
=== gcc tests ===
Running target unix/-m32
FAIL: gcc.c-torture/compile/pr72802.c -O0 (test for excess errors)
FAIL: gcc.c-torture/compile/pr72802.c -O1 (test for excess errors)
FAIL: gcc.c-torture/compile/pr72802.c -O2 (test for excess errors)
FAIL: gcc.c-torture/compile/pr72802.c -O2 -flto (test for excess errors)
FAIL: gcc.c-torture/compile/pr72802.c -O2 -flto -flto-partition=none (test for excess errors)
FAIL: gcc.c-torture/compile/pr72802.c -O3 -fomit-frame-pointer -funroll-loops -fpeel-loops -ftracer -finline-functions (test for excess errors)
FAIL: gcc.c-torture/compile/pr72802.c -O3 -g (test for excess errors)
FAIL: gcc.c-torture/compile/pr72802.c -Os (test for excess errors)
FAIL: c-c++-common/asan/alloca_big_alignment.c -O2 -flto (test for excess errors)
FAIL: c-c++-common/asan/alloca_big_alignment.c -O2 -flto -flto-partition=none (test for excess errors)
FAIL: c-c++-common/asan/alloca_big_alignment.c -O2 -flto -flto-partition=none output pattern test
FAIL: c-c++-common/asan/alloca_detect_custom_size.c -O2 -flto (test for excess errors)
FAIL: c-c++-common/asan/alloca_detect_custom_size.c -O2 -flto output pattern test
FAIL: c-c++-common/asan/alloca_detect_custom_size.c -O2 -flto -flto-partition=none (test for excess errors)
FAIL: c-c++-common/asan/alloca_detect_custom_size.c -O2 -flto -flto-partition=none output pattern test
FAIL: c-c++-common/asan/alloca_instruments_all_paddings.c -O2 -flto (test for excess errors)
FAIL: c-c++-common/asan/alloca_instruments_all_paddings.c -O2 -flto -flto-partition=none (test for excess errors)
FAIL: c-c++-common/asan/alloca_loop_unpoisoning.c -O2 -flto (test for excess errors)
FAIL: c-c++-common/asan/alloca_loop_unpoisoning.c -O2 -flto -flto-partition=none (test for excess errors)
FAIL: c-c++-common/asan/alloca_overflow_partial.c -O2 -flto (test for excess errors)
FAIL: c-c++-common/asan/alloca_overflow_partial.c -O2 -flto -flto-partition=none (test for excess errors)
FAIL: c-c++-common/asan/alloca_overflow_partial.c -O2 -flto -flto-partition=none output pattern test
FAIL: c-c++-common/asan/alloca_overflow_right.c -O2 -flto (test for excess errors)
FAIL: c-c++-common/asan/alloca_overflow_right.c -O2 -flto -flto-partition=none (test for excess errors)
FAIL: c-c++-common/asan/alloca_overflow_right.c -O2 -flto -flto-partition=none output pattern test
FAIL: c-c++-common/asan/alloca_safe_access.c -O2 -flto -flto-partition=none (test for excess errors)
FAIL: c-c++-common/asan/alloca_underflow_left.c -O2 -flto (test for excess errors)
FAIL: c-c++-common/asan/alloca_underflow_left.c -O2 -flto -flto-partition=none (test for excess errors)
FAIL: c-c++-common/asan/alloca_underflow_left.c -O2 -flto -flto-partition=none output pattern test
FAIL: c-c++-common/asan/bitfield-1.c -O2 -flto (test for excess errors)
FAIL: c-c++-common/asan/bitfield-1.c -O2 -flto -flto-partition=none (test for excess errors)
FAIL: c-c++-common/asan/bitfield-5.c -O2 -flto -flto-partition=none (test for excess errors)
FAIL: c-c++-common/asan/global-overflow-1.c -O2 -flto -flto-partition=none (test for excess errors)
FAIL: c-c++-common/asan/heap-overflow-1.c -O2 -flto (test for excess errors)
FAIL: c-c++-common/asan/heap-overflow-1.c -O2 -flto -flto-partition=none (test for excess errors)
FAIL: c-c++-common/asan/misalign-1.c -O2 -flto (test for excess errors)
FAIL: c-c++-common/asan/misalign-1.c -O2 -flto output pattern test
FAIL: c-c++-common/asan/misalign-1.c -O2 -flto -flto-partition=none (test for excess errors)
FAIL: c-c++-common/asan/misalign-1.c -O2 -flto -flto-partition=none output pattern test
FAIL: c-c++-common/asan/misalign-2.c -O2 -flto (test for excess errors)
FAIL: c-c++-common/asan/misalign-2.c -O2 -flto output pattern test
FAIL: c-c++-common/asan/misalign-2.c -O2 -flto -flto-partition=none (test for excess errors)
FAIL: c-c++-common/asan/misalign-2.c -O2 -flto -flto-partition=none output pattern test
FAIL: c-c++-common/asan/pr63888.c -O2 -flto -flto-partition=none (test for excess errors)
FAIL: c-c++-common/asan/pr64820.c -O2 -flto (test for excess errors)
FAIL: c-c++-common/asan/pr71480.c -O2 -flto (test for excess errors)
FAIL: c-c++-common/asan/pr71480.c -O2 -flto -flto-partition=none (test for excess errors)
FAIL: c-c++-common/asan/pr79944.c -O2 -flto (test for excess errors)
FAIL: c-c++-common/asan/pr79944.c -O2 -flto -flto-partition=none (test for excess errors)
FAIL: c-c++-common/asan/pr80308.c -O2 -flto (test for excess errors)
FAIL: c-c++-common/asan/pr80308.c -O2 -flto -flto-partition=none (test for excess errors)
FAIL: c-c++-common/asan/stack-overflow-1.c -O2 -flto output pattern test
FAIL: c-c++-common/asan/stack-overflow-1.c -O2 -flto -flto-partition=none (test for excess errors)
FAIL: c-c++-common/asan/stack-overflow-1.c -O2 -flto -flto-partition=none output pattern test
FAIL: c-c++-common/asan/strncpy-overflow-1.c -O0 output pattern test
FAIL: c-c++-common/asan/strncpy-overflow-1.c -O1 output pattern test
FAIL: c-c++-common/asan/strncpy-overflow-1.c -O2 output pattern test
FAIL: c-c++-common/asan/strncpy-overflow-1.c -O2 -flto output pattern test
FAIL: c-c++-common/asan/strncpy-overflow-1.c -O2 -flto -flto-partition=none output pattern test
FAIL: c-c++-common/asan/strncpy-overflow-1.c -O3 -g output pattern test
FAIL: c-c++-common/asan/strncpy-overflow-1.c -Os output pattern test
FAIL: gcc.dg/asan/nosanitize-and-inline.c -O2 -flto (test for excess errors)
FAIL: gcc.dg/asan/nosanitize-and-inline.c -O2 -flto -flto-partition=none (test for excess errors)
FAIL: gcc.dg/asan/pr79196.c -O2 -flto -flto-partition=none (test for excess errors)
FAIL: gcc.dg/asan/pr81923.c -O0 (test for excess errors)
FAIL: gcc.dg/asan/pr81923.c -O1 (test for excess errors)
FAIL: gcc.dg/asan/pr81923.c -O2 (test for excess errors)
FAIL: gcc.dg/asan/pr81923.c -O2 -flto (test for excess errors)
FAIL: gcc.dg/asan/pr81923.c -O2 -flto -flto-partition=none (test for excess errors)
FAIL: gcc.dg/asan/pr81923.c -O3 -g (test for excess errors)
FAIL: gcc.dg/asan/pr81923.c -Os (test for excess errors)
FAIL: gcc.dg/asan/use-after-scope-11.c -O2 -flto (test for excess errors)
FAIL: gcc.dg/asan/use-after-scope-11.c -O2 -flto -flto-partition=none (test for excess errors)
FAIL: gcc.dg/asan/use-after-scope-2.c -O2 -flto (test for excess errors)
FAIL: gcc.dg/asan/use-after-scope-2.c -O2 -flto -flto-partition=none (test for excess errors)
FAIL: gcc.dg/asan/use-after-scope-4.c -O2 -flto (test for excess errors)
FAIL: gcc.dg/asan/use-after-scope-4.c -O2 -flto -flto-partition=none (test for excess errors)
FAIL: gcc.dg/asan/use-after-scope-switch-4.c -O2 -flto -flto-partition=none (test for excess errors)
FAIL: c-c++-common/cilk-plus/CK/cilk-for-2.c -O3 -flto -g (test for excess errors)
FAIL: c-c++-common/cilk-plus/CK/cilk-fors.c -O3 -flto -g (test for excess errors)
FAIL: c-c++-common/cilk-plus/CK/cilk_for_grain.c -O3 -flto -g (test for excess errors)
FAIL: c-c++-common/cilk-plus/CK/cilk_for_ptr_iter.c -O3 -flto -g (test for excess errors)
FAIL: c-c++-common/cilk-plus/CK/fib_init_expr_xy.c -O3 -flto -g (test for excess errors)
FAIL: c-c++-common/cilk-plus/CK/fib_no_return.c -O3 -flto -g (test for excess errors)
FAIL: c-c++-common/cilk-plus/CK/nested_cilk_for.c -O3 -flto -g (test for excess errors)
FAIL: c-c++-common/cilk-plus/CK/pr69826-1.c -O3 -flto -g (test for excess errors)
FAIL: c-c++-common/cilk-plus/CK/pr69826-2.c -O3 -flto -g (test for excess errors)
FAIL: c-c++-common/cilk-plus/CK/spawnee_inline.c -O3 -flto -g (test for excess errors)
FAIL: c-c++-common/cilk-plus/CK/spawner_inline.c -O3 -flto -g (test for excess errors)
FAIL: gcc.dg/debug/dwarf2/pr80263.c scan-assembler-not \\\\msizetype
FAIL: gcc.dg/debug/dwarf2/prod-options.c scan-assembler DW_AT_producer: "GNU C
FAIL: gcc.dg/framework-1.c (test for excess errors)
FAIL: gcc.dg/memcmp-1.c (test for excess errors)
UNRESOLVED: gcc.dg/memcmp-1.c compilation failed to produce executable
FAIL: gcc.dg/pie-7.c (test for excess errors)
UNRESOLVED: gcc.dg/pie-7.c compilation failed to produce executable
FAIL: gcc.dg/pr57438-2.c scan-assembler nop\\\\nLFE.*
FAIL: gcc.dg/stack-layout-dynamic-1.c (test for excess errors)
UNRESOLVED: gcc.dg/stack-layout-dynamic-1.c scan-assembler-not cfi_def_cfa_register
FAIL: gcc.dg/uninit-19.c (test for warnings, line 24)
FAIL: gcc.dg/uninit-19.c (test for excess errors)
FAIL: gcc.dg/torture/builtin-self.c -O0 scan-assembler-not \\tcall
FAIL: gcc.dg/torture/pr25967-2.c -O0 execution test
FAIL: gcc.dg/torture/pr25967-2.c -O1 execution test
FAIL: gcc.dg/torture/pr25967-2.c -O2 execution test
FAIL: gcc.dg/torture/pr25967-2.c -O2 -flto execution test
FAIL: gcc.dg/torture/pr25967-2.c -O2 -flto -flto-partition=none execution test
FAIL: gcc.dg/torture/pr25967-2.c -O3 -g execution test
FAIL: gcc.dg/torture/pr25967-2.c -Os execution test
FAIL: gcc.dg/torture/pr68264.c -O0 execution test
FAIL: gcc.dg/torture/pr68264.c -O1 execution test
FAIL: gcc.dg/torture/pr68264.c -O2 execution test
FAIL: gcc.dg/torture/pr68264.c -O2 -flto execution test
FAIL: gcc.dg/torture/pr68264.c -O2 -flto -flto-partition=none execution test
FAIL: gcc.dg/torture/pr68264.c -O3 -g execution test
FAIL: gcc.dg/torture/pr68264.c -Os execution test
FAIL: gcc.dg/tree-prof/section-attr-1.c scan-assembler .section[\\t ]*__TEXT,__text_cold.*[\\\\n\\\\r]+___cold_sect_of_foo:
FAIL: gcc.dg/tree-prof/section-attr-2.c scan-assembler .section[\\t ]*__TEXT,__text_cold.*[\\\\n\\\\r]+___cold_sect_of_foo:
FAIL: gcc.dg/tree-prof/section-attr-3.c scan-assembler .section[\\t ]*__TEXT,__text_cold.*[\\\\n\\\\r]+___cold_sect_of_foo:
FAIL: gcc.dg/tree-ssa/cswtch-4.c scan-tree-dump-times switchconv "= CSWTCH" 2
FAIL: gcc.dg/tree-ssa/cswtch-4.c scan-tree-dump-times switchconv "Switch converted" 2
FAIL: gcc.dg/tree-ssa/cswtch-5.c scan-tree-dump-times switchconv "= CSWTCH" 2
FAIL: gcc.dg/tree-ssa/cswtch-5.c scan-tree-dump-times switchconv "Switch converted" 2
FAIL: gcc.dg/vect/pr65947-14.c -flto -ffat-lto-objects execution test
FAIL: gcc.dg/vect/pr65947-14.c execution test
FAIL: gcc.dg/vect/slp-perm-9.c -flto -ffat-lto-objects scan-tree-dump-times vect "vectorized 1 loops" 1
FAIL: gcc.dg/vect/slp-perm-9.c scan-tree-dump-times vect "vectorized 1 loops" 1
FAIL: gcc.target/i386/align-limit.c scan-assembler .p2align 6,,1
FAIL: gcc.target/i386/darwin-fpmath.c scan-assembler addsd
XPASS: gcc.target/i386/fuse-caller-save-rec.c scan-assembler-not pop
XPASS: gcc.target/i386/fuse-caller-save-rec.c scan-assembler-not push
XPASS: gcc.target/i386/fuse-caller-save-rec.c scan-assembler-times addl\\t%[re]?dx, %[re]?ax 1
XPASS: gcc.target/i386/fuse-caller-save.c scan-assembler-not pop
XPASS: gcc.target/i386/fuse-caller-save.c scan-assembler-not push
XPASS: gcc.target/i386/fuse-caller-save.c scan-assembler-times addl\\t%[re]?d[ix], %[re]?ax 1
FAIL: gcc.target/i386/iinline-attr-2.c scan-assembler p2align
FAIL: gcc.target/i386/pr22076.c scan-assembler-times movq 3
FAIL: gcc.target/i386/pr24414.c (test for excess errors)
UNRESOLVED: gcc.target/i386/pr24414.c compilation failed to produce executable
FAIL: gcc.target/i386/pr39013-1.c scan-assembler bar@PLT
FAIL: gcc.target/i386/pr39013-1.c scan-assembler foo@PLT
FAIL: gcc.target/i386/pr39013-2.c scan-assembler bar@PLT
FAIL: gcc.target/i386/pr39013-2.c scan-assembler foo@PLT
FAIL: gcc.target/i386/pr59874-3.c scan-assembler popcntw
FAIL: gcc.target/i386/pr64317.c scan-assembler addl[ \\\\t]+[\$]_GLOBAL_OFFSET_TABLE_, %ebx
FAIL: gcc.target/i386/pr64317.c scan-assembler movl[ \\\\t]+c@GOTOFF[(]%ebx[)]
FAIL: gcc.target/i386/pr66334.c scan-assembler movl[ \\\\t].+, %ebx
FAIL: gcc.target/i386/pr66819-3.c scan-assembler-not call
FAIL: gcc.target/i386/pr66819-4.c scan-assembler-not call
FAIL: gcc.target/i386/pr70021.c scan-tree-dump-times vect "vectorized 1 loops" 2
FAIL: gcc.target/i386/pr71245-1.c scan-assembler-not (fistp|fild)
FAIL: gcc.target/i386/pr71245-2.c scan-assembler-not movlps
FAIL: gcc.target/i386/pr78035.c scan-assembler-times cmp 2
FAIL: gcc.target/i386/pr80569.c (test for excess errors)
FAIL: gcc.target/i386/pr81736-5.c scan-assembler-not %[re]bp
FAIL: gcc.target/i386/stack-prot-sym.c scan-assembler gs:my_guard
=== gcc Summary for unix/-m32 ===
# of expected passes 120153
# of unexpected failures 146
# of unexpected successes 6
# of expected failures 370
# of unresolved testcases 4
# of unsupported tests 3737
Running target unix/-m64
FAIL: c-c++-common/asan/alloca_big_alignment.c -O2 -flto -flto-partition=none (test for excess errors)
FAIL: c-c++-common/asan/alloca_detect_custom_size.c -O2 -flto (test for excess errors)
FAIL: c-c++-common/asan/alloca_detect_custom_size.c -O2 -flto output pattern test
FAIL: c-c++-common/asan/alloca_detect_custom_size.c -O2 -flto -flto-partition=none (test for excess errors)
FAIL: c-c++-common/asan/alloca_detect_custom_size.c -O2 -flto -flto-partition=none output pattern test
FAIL: c-c++-common/asan/alloca_instruments_all_paddings.c -O2 -flto (test for excess errors)
FAIL: c-c++-common/asan/alloca_instruments_all_paddings.c -O2 -flto -flto-partition=none (test for excess errors)
FAIL: c-c++-common/asan/alloca_loop_unpoisoning.c -O2 -flto (test for excess errors)
FAIL: c-c++-common/asan/alloca_loop_unpoisoning.c -O2 -flto -flto-partition=none (test for excess errors)
FAIL: c-c++-common/asan/alloca_overflow_partial.c -O2 -flto (test for excess errors)
FAIL: c-c++-common/asan/alloca_overflow_partial.c -O2 -flto output pattern test
FAIL: c-c++-common/asan/alloca_overflow_partial.c -O2 -flto -flto-partition=none (test for excess errors)
FAIL: c-c++-common/asan/alloca_overflow_partial.c -O2 -flto -flto-partition=none output pattern test
FAIL: c-c++-common/asan/alloca_overflow_right.c -O2 -flto (test for excess errors)
FAIL: c-c++-common/asan/alloca_overflow_right.c -O2 -flto output pattern test
FAIL: c-c++-common/asan/alloca_overflow_right.c -O2 -flto -flto-partition=none (test for excess errors)
FAIL: c-c++-common/asan/alloca_overflow_right.c -O2 -flto -flto-partition=none output pattern test
FAIL: c-c++-common/asan/alloca_safe_access.c -O2 -flto (test for excess errors)
FAIL: c-c++-common/asan/alloca_safe_access.c -O2 -flto -flto-partition=none (test for excess errors)
FAIL: c-c++-common/asan/alloca_underflow_left.c -O2 -flto (test for excess errors)
FAIL: c-c++-common/asan/alloca_underflow_left.c -O2 -flto output pattern test
FAIL: c-c++-common/asan/alloca_underflow_left.c -O2 -flto -flto-partition=none (test for excess errors)
FAIL: c-c++-common/asan/alloca_underflow_left.c -O2 -flto -flto-partition=none output pattern test
FAIL: c-c++-common/asan/bitfield-1.c -O2 -flto (test for excess errors)
FAIL: c-c++-common/asan/bitfield-1.c -O2 -flto -flto-partition=none (test for excess errors)
FAIL: c-c++-common/asan/heap-overflow-1.c -O2 -flto (test for excess errors)
FAIL: c-c++-common/asan/heap-overflow-1.c -O2 -flto -flto-partition=none (test for excess errors)
FAIL: c-c++-common/asan/misalign-1.c -O2 -flto (test for excess errors)
FAIL: c-c++-common/asan/misalign-1.c -O2 -flto output pattern test
FAIL: c-c++-common/asan/misalign-1.c -O2 -flto -flto-partition=none (test for excess errors)
FAIL: c-c++-common/asan/misalign-1.c -O2 -flto -flto-partition=none output pattern test
FAIL: c-c++-common/asan/misalign-2.c -O2 -flto (test for excess errors)
FAIL: c-c++-common/asan/misalign-2.c -O2 -flto output pattern test
FAIL: c-c++-common/asan/misalign-2.c -O2 -flto -flto-partition=none (test for excess errors)
FAIL: c-c++-common/asan/misalign-2.c -O2 -flto -flto-partition=none output pattern test
FAIL: c-c++-common/asan/pr64820.c -O0 output pattern test
FAIL: c-c++-common/asan/pr64820.c -O1 output pattern test
FAIL: c-c++-common/asan/pr64820.c -O2 output pattern test
FAIL: c-c++-common/asan/pr64820.c -O2 -flto (test for excess errors)
FAIL: c-c++-common/asan/pr64820.c -O2 -flto output pattern test
FAIL: c-c++-common/asan/pr64820.c -O2 -flto -flto-partition=none (test for excess errors)
FAIL: c-c++-common/asan/pr64820.c -O2 -flto -flto-partition=none output pattern test
FAIL: c-c++-common/asan/pr64820.c -O3 -g output pattern test
FAIL: c-c++-common/asan/pr64820.c -Os output pattern test
FAIL: c-c++-common/asan/pr70712.c -O2 -flto (test for excess errors)
FAIL: c-c++-common/asan/pr71480.c -O2 -flto (test for excess errors)
FAIL: c-c++-common/asan/pr79944.c -O2 -flto (test for excess errors)
FAIL: c-c++-common/asan/pr79944.c -O2 -flto -flto-partition=none (test for excess errors)
FAIL: c-c++-common/asan/pr80308.c -O2 -flto -flto-partition=none (test for excess errors)
FAIL: c-c++-common/asan/stack-overflow-1.c -O2 -flto output pattern test
FAIL: c-c++-common/asan/stack-overflow-1.c -O2 -flto -flto-partition=none output pattern test
FAIL: c-c++-common/asan/strncpy-overflow-1.c -O0 output pattern test
FAIL: c-c++-common/asan/strncpy-overflow-1.c -O1 output pattern test
FAIL: c-c++-common/asan/strncpy-overflow-1.c -O2 output pattern test
FAIL: c-c++-common/asan/strncpy-overflow-1.c -O2 -flto output pattern test
FAIL: c-c++-common/asan/strncpy-overflow-1.c -O2 -flto -flto-partition=none output pattern test
FAIL: c-c++-common/asan/strncpy-overflow-1.c -O3 -g output pattern test
FAIL: c-c++-common/asan/strncpy-overflow-1.c -Os output pattern test
FAIL: gcc.dg/asan/nosanitize-and-inline.c -O2 -flto (test for excess errors)
FAIL: gcc.dg/asan/nosanitize-and-inline.c -O2 -flto -flto-partition=none (test for excess errors)
FAIL: gcc.dg/asan/pr81923.c -O0 (test for excess errors)
FAIL: gcc.dg/asan/pr81923.c -O1 (test for excess errors)
FAIL: gcc.dg/asan/pr81923.c -O2 (test for excess errors)
FAIL: gcc.dg/asan/pr81923.c -O2 -flto (test for excess errors)
FAIL: gcc.dg/asan/pr81923.c -O2 -flto -flto-partition=none (test for excess errors)
FAIL: gcc.dg/asan/pr81923.c -O3 -g (test for excess errors)
FAIL: gcc.dg/asan/pr81923.c -Os (test for excess errors)
FAIL: gcc.dg/asan/use-after-scope-11.c -O2 -flto (test for excess errors)
FAIL: gcc.dg/asan/use-after-scope-11.c -O2 -flto -flto-partition=none (test for excess errors)
FAIL: gcc.dg/asan/use-after-scope-2.c -O2 -flto (test for excess errors)
FAIL: gcc.dg/asan/use-after-scope-2.c -O2 -flto -flto-partition=none (test for excess errors)
FAIL: gcc.dg/asan/use-after-scope-4.c -O2 -flto (test for excess errors)
FAIL: gcc.dg/asan/use-after-scope-4.c -O2 -flto -flto-partition=none (test for excess errors)
FAIL: c-c++-common/cilk-plus/CK/cilk-for-2.c -O3 -flto -g (test for excess errors)
FAIL: c-c++-common/cilk-plus/CK/cilk-fors.c -O3 -flto -g (test for excess errors)
FAIL: c-c++-common/cilk-plus/CK/cilk_for_grain.c -O3 -flto -g (test for excess errors)
FAIL: c-c++-common/cilk-plus/CK/cilk_for_ptr_iter.c -O3 -flto -g (test for excess errors)
FAIL: c-c++-common/cilk-plus/CK/fib_init_expr_xy.c -O3 -flto -g (test for excess errors)
FAIL: c-c++-common/cilk-plus/CK/fib_no_return.c -O3 -flto -g (test for excess errors)
FAIL: c-c++-common/cilk-plus/CK/fib_no_sync.c -O3 -flto -g (test for excess errors)
FAIL: c-c++-common/cilk-plus/CK/nested_cilk_for.c -O3 -flto -g (test for excess errors)
FAIL: c-c++-common/cilk-plus/CK/pr69826-1.c -O3 -flto -g (test for excess errors)
FAIL: c-c++-common/cilk-plus/CK/pr69826-2.c -O3 -flto -g (test for excess errors)
FAIL: c-c++-common/cilk-plus/CK/spawnee_inline.c -O3 -flto -g (test for excess errors)
FAIL: c-c++-common/cilk-plus/CK/spawner_inline.c -O3 -flto -g (test for excess errors)
FAIL: c-c++-common/cilk-plus/CK/spawning_arg.c -O3 -flto -g (test for excess errors)
FAIL: gcc.dg/debug/dwarf2/pr80263.c scan-assembler-not \\\\msizetype
FAIL: gcc.dg/debug/dwarf2/prod-options.c scan-assembler DW_AT_producer: "GNU C
FAIL: gcc.dg/framework-1.c (test for excess errors)
FAIL: gcc.dg/memcmp-1.c (test for excess errors)
UNRESOLVED: gcc.dg/memcmp-1.c compilation failed to produce executable
FAIL: gcc.dg/pie-7.c (test for excess errors)
UNRESOLVED: gcc.dg/pie-7.c compilation failed to produce executable
FAIL: gcc.dg/pr38616.c execution test
FAIL: gcc.dg/pr38902.c execution test
FAIL: gcc.dg/pr54921.c execution test
FAIL: gcc.dg/pr57438-2.c scan-assembler nop\\\\nLFE.*
FAIL: gcc.dg/ssp-1.c execution test
FAIL: gcc.dg/ssp-2.c execution test
FAIL: gcc.dg/stack-layout-dynamic-1.c (test for excess errors)
UNRESOLVED: gcc.dg/stack-layout-dynamic-1.c scan-assembler-not cfi_def_cfa_register
FAIL: gcc.dg/stackprotectexplicit1.c execution test
FAIL: gcc.dg/uninit-19.c (test for warnings, line 24)
FAIL: gcc.dg/uninit-19.c (test for excess errors)
FAIL: gcc.dg/pch/save-temps-1.c -O1 -I. -Dwith_PCH (test for excess errors)
FAIL: gcc.dg/pch/save-temps-1.c -O1 assembly comparison
WARNING: program timed out
FAIL: gcc.dg/rtl/x86_64/final.c (internal compiler error)
FAIL: gcc.dg/rtl/x86_64/final.c (test for excess errors)
UNRESOLVED: gcc.dg/rtl/x86_64/final.c scan-assembler .cfi_endproc
UNRESOLVED: gcc.dg/rtl/x86_64/final.c scan-assembler .cfi_startproc
UNRESOLVED: gcc.dg/rtl/x86_64/final.c scan-assembler ret
UNRESOLVED: gcc.dg/rtl/x86_64/final.c scan-assembler test_1:
FAIL: gcc.dg/torture/pr25967-1.c -O0 execution test
FAIL: gcc.dg/torture/pr25967-1.c -O1 execution test
FAIL: gcc.dg/torture/pr25967-1.c -O2 execution test
FAIL: gcc.dg/torture/pr25967-1.c -O2 -flto execution test
FAIL: gcc.dg/torture/pr25967-1.c -O2 -flto -flto-partition=none execution test
FAIL: gcc.dg/torture/pr25967-1.c -O3 -g execution test
FAIL: gcc.dg/torture/pr25967-1.c -Os execution test
FAIL: gcc.dg/torture/pr25967-2.c -O0 execution test
FAIL: gcc.dg/torture/pr25967-2.c -O1 execution test
FAIL: gcc.dg/torture/pr25967-2.c -O2 execution test
FAIL: gcc.dg/torture/pr25967-2.c -O2 -flto execution test
FAIL: gcc.dg/torture/pr25967-2.c -O2 -flto -flto-partition=none execution test
FAIL: gcc.dg/torture/pr25967-2.c -O3 -g execution test
FAIL: gcc.dg/torture/pr25967-2.c -Os execution test
FAIL: gcc.dg/torture/pr68037-1.c -O0 execution test
FAIL: gcc.dg/torture/pr68037-1.c -O1 execution test
FAIL: gcc.dg/torture/pr68037-1.c -O2 execution test
FAIL: gcc.dg/torture/pr68037-1.c -O2 -flto execution test
FAIL: gcc.dg/torture/pr68037-1.c -O2 -flto -flto-partition=none execution test
FAIL: gcc.dg/torture/pr68037-1.c -O3 -g execution test
FAIL: gcc.dg/torture/pr68037-1.c -Os execution test
FAIL: gcc.dg/torture/pr68037-2.c -O0 execution test
FAIL: gcc.dg/torture/pr68037-2.c -O1 execution test
FAIL: gcc.dg/torture/pr68037-2.c -O2 execution test
FAIL: gcc.dg/torture/pr68037-2.c -O2 -flto execution test
FAIL: gcc.dg/torture/pr68037-2.c -O2 -flto -flto-partition=none execution test
FAIL: gcc.dg/torture/pr68037-2.c -O3 -g execution test
FAIL: gcc.dg/torture/pr68037-2.c -Os execution test
FAIL: gcc.dg/torture/pr68037-3.c -O1 execution test
FAIL: gcc.dg/torture/pr68037-3.c -O2 execution test
FAIL: gcc.dg/torture/pr68037-3.c -O2 -flto execution test
FAIL: gcc.dg/torture/pr68037-3.c -O2 -flto -flto-partition=none execution test
FAIL: gcc.dg/torture/pr68037-3.c -O3 -g execution test
FAIL: gcc.dg/torture/pr68037-3.c -Os execution test
FAIL: gcc.dg/torture/pr68264.c -O0 execution test
FAIL: gcc.dg/torture/pr68264.c -O1 execution test
FAIL: gcc.dg/torture/pr68264.c -O2 execution test
FAIL: gcc.dg/torture/pr68264.c -O2 -flto execution test
FAIL: gcc.dg/torture/pr68264.c -O2 -flto -flto-partition=none execution test
FAIL: gcc.dg/torture/pr68264.c -O3 -g execution test
FAIL: gcc.dg/torture/pr68264.c -Os execution test
FAIL: gcc.dg/tree-prof/section-attr-1.c scan-assembler .section[\\t ]*__TEXT,__text_cold.*[\\\\n\\\\r]+___cold_sect_of_foo:
FAIL: gcc.dg/tree-prof/section-attr-2.c scan-assembler .section[\\t ]*__TEXT,__text_cold.*[\\\\n\\\\r]+___cold_sect_of_foo:
FAIL: gcc.dg/tree-prof/section-attr-3.c scan-assembler .section[\\t ]*__TEXT,__text_cold.*[\\\\n\\\\r]+___cold_sect_of_foo:
FAIL: gcc.dg/tree-ssa/cswtch-4.c scan-tree-dump-times switchconv "= CSWTCH" 2
FAIL: gcc.dg/tree-ssa/cswtch-4.c scan-tree-dump-times switchconv "Switch converted" 2
FAIL: gcc.dg/tree-ssa/cswtch-5.c scan-tree-dump-times switchconv "= CSWTCH" 2
FAIL: gcc.dg/tree-ssa/cswtch-5.c scan-tree-dump-times switchconv "Switch converted" 2
FAIL: gcc.dg/vect/pr65947-14.c -flto -ffat-lto-objects execution test
FAIL: gcc.dg/vect/pr65947-14.c execution test
FAIL: gcc.dg/vect/slp-perm-9.c -flto -ffat-lto-objects scan-tree-dump-times vect "vectorized 1 loops" 1
FAIL: gcc.dg/vect/slp-perm-9.c scan-tree-dump-times vect "vectorized 1 loops" 1
FAIL: gcc.target/i386/align-limit.c scan-assembler .p2align 6,,1
FAIL: gcc.target/i386/iinline-attr-2.c scan-assembler p2align
FAIL: gcc.target/i386/pr24414.c (test for excess errors)
UNRESOLVED: gcc.target/i386/pr24414.c compilation failed to produce executable
FAIL: gcc.target/i386/pr39013-1.c scan-assembler bar@PLT
FAIL: gcc.target/i386/pr39013-1.c scan-assembler foo@PLT
FAIL: gcc.target/i386/pr39013-2.c scan-assembler bar@PLT
FAIL: gcc.target/i386/pr39013-2.c scan-assembler foo@PLT
FAIL: gcc.target/i386/pr49866.c (test for excess errors)
FAIL: gcc.target/i386/pr59874-3.c scan-assembler popcntw
FAIL: gcc.target/i386/pr61599-1.c (test for excess errors)
UNRESOLVED: gcc.target/i386/pr61599-1.c compilation failed to produce executable
FAIL: gcc.target/i386/pr63538.c scan-assembler movabs
FAIL: gcc.target/i386/pr70021.c scan-tree-dump-times vect "vectorized 1 loops" 2
FAIL: gcc.target/i386/pr78035.c scan-assembler-times cmp 2
FAIL: gcc.target/i386/pr80569.c (test for excess errors)
FAIL: gcc.target/i386/stack-prot-sym.c scan-assembler gs:my_guard
=== gcc Summary for unix/-m64 ===
# of expected passes 121837
# of unexpected failures 172
# of expected failures 365
# of unresolved testcases 9
# of unsupported tests 3626
=== gcc Summary ===
# of expected passes 241990
# of unexpected failures 318
# of unexpected successes 6
# of expected failures 735
# of unresolved testcases 13
# of unsupported tests 7363
/opt/gcc/build_w/gcc/xgcc version 8.0.0 20170915 (experimental) [trunk revision 252799p14] (GCC)
=== gfortran tests ===
Running target unix/-m32
FAIL: gfortran.dg/assumed_rank_1.f90 -g0 -flto (test for excess errors)
FAIL: gfortran.dg/assumed_rank_2.f90 -g0 -flto (test for excess errors)
FAIL: gfortran.dg/assumed_rank_8.f90 -g0 -flto (test for excess errors)
FAIL: gfortran.dg/assumed_rank_9.f90 -g0 -flto (test for excess errors)
FAIL: gfortran.dg/elemental_subroutine_3.f90 -g0 -flto (test for excess errors)
FAIL: gfortran.dg/func_derived_1.f90 -g0 -flto (test for excess errors)
FAIL: gfortran.dg/matmul_3.f90 -g0 -flto (test for excess errors)
FAIL: gfortran.dg/matmul_6.f90 -g0 -flto (test for excess errors)
FAIL: gfortran.dg/pr46665.f90 -g0 -flto (test for excess errors)
FAIL: gfortran.dg/reshape-complex.f90 -g0 -flto (test for excess errors)
FAIL: gfortran.dg/save_6.f90 -O0 (test for excess errors)
FAIL: gfortran.dg/save_6.f90 -O1 (test for excess errors)
FAIL: gfortran.dg/save_6.f90 -O2 (test for excess errors)
FAIL: gfortran.dg/save_6.f90 -O3 -fomit-frame-pointer -funroll-loops -fpeel-loops -ftracer -finline-functions (test for excess errors)
FAIL: gfortran.dg/save_6.f90 -O3 -g (test for excess errors)
FAIL: gfortran.dg/save_6.f90 -Os (test for excess errors)
FAIL: gfortran.dg/save_6.f90 -g0 -flto (test for excess errors)
FAIL: gfortran.dg/shape_8.f90 -g0 -flto (test for excess errors)
FAIL: gfortran.dg/submodule_6.f08 -O3 -g (test for excess errors)
FAIL: gfortran.dg/zero_sized_1.f90 -g0 -flto (test for excess errors)
UNRESOLVED: gfortran.dg/lto/20091016-1 f_lto_20091016-1_0.o-f_lto_20091016-1_0.o execute -O -flto -g -fPIC -r -nostdlib
FAIL: gfortran.dg/lto/20091016-1 f_lto_20091016-1_0.o-f_lto_20091016-1_0.o link, -O -flto -g -fPIC -r -nostdlib
UNRESOLVED: gfortran.dg/lto/pr41521 f_lto_pr41521_0.o-f_lto_pr41521_1.o execute -g -O -flto -Wno-lto-type-mismatch
UNRESOLVED: gfortran.dg/lto/pr41521 f_lto_pr41521_0.o-f_lto_pr41521_1.o execute -g -flto -Wno-lto-type-mismatch
FAIL: gfortran.dg/lto/pr41521 f_lto_pr41521_0.o-f_lto_pr41521_1.o link, -g -O -flto -Wno-lto-type-mismatch
FAIL: gfortran.dg/lto/pr41521 f_lto_pr41521_0.o-f_lto_pr41521_1.o link, -g -flto -Wno-lto-type-mismatch
UNRESOLVED: gfortran.dg/lto/pr47839 f_lto_pr47839_0.o-f_lto_pr47839_1.o execute -g -flto
FAIL: gfortran.dg/lto/pr47839 f_lto_pr47839_0.o-f_lto_pr47839_1.o link, -g -flto
=== gfortran Summary for unix/-m32 ===
# of expected passes 50489
# of unexpected failures 24
# of expected failures 96
# of unresolved testcases 4
# of unsupported tests 197
Running target unix/-m64
FAIL: gfortran.dg/assumed_rank_1.f90 -g0 -flto (test for excess errors)
FAIL: gfortran.dg/assumed_rank_2.f90 -g0 -flto (test for excess errors)
FAIL: gfortran.dg/assumed_rank_8.f90 -g0 -flto (test for excess errors)
FAIL: gfortran.dg/assumed_rank_9.f90 -g0 -flto (test for excess errors)
FAIL: gfortran.dg/cshift_large_1.f90 -g0 -flto (test for excess errors)
FAIL: gfortran.dg/elemental_subroutine_3.f90 -g0 -flto (test for excess errors)
FAIL: gfortran.dg/eoshift_large_1.f90 -g0 -flto (test for excess errors)
FAIL: gfortran.dg/func_derived_1.f90 -g0 -flto (test for excess errors)
FAIL: gfortran.dg/matmul_3.f90 -g0 -flto (test for excess errors)
FAIL: gfortran.dg/matmul_6.f90 -g0 -flto (test for excess errors)
FAIL: gfortran.dg/pr46665.f90 -g0 -flto (test for excess errors)
FAIL: gfortran.dg/reshape-complex.f90 -g0 -flto (test for excess errors)
FAIL: gfortran.dg/save_6.f90 -O0 (test for excess errors)
FAIL: gfortran.dg/save_6.f90 -O1 (test for excess errors)
FAIL: gfortran.dg/save_6.f90 -O2 (test for excess errors)
FAIL: gfortran.dg/save_6.f90 -O3 -fomit-frame-pointer -funroll-loops -fpeel-loops -ftracer -finline-functions (test for excess errors)
FAIL: gfortran.dg/save_6.f90 -O3 -g (test for excess errors)
FAIL: gfortran.dg/save_6.f90 -Os (test for excess errors)
FAIL: gfortran.dg/save_6.f90 -g0 -flto (test for excess errors)
FAIL: gfortran.dg/shape_8.f90 -g0 -flto (test for excess errors)
FAIL: gfortran.dg/submodule_6.f08 -O3 -g (test for excess errors)
FAIL: gfortran.dg/zero_sized_1.f90 -g0 -flto (test for excess errors)
FAIL: gfortran.dg/graphite/pr14741.f90 -O scan-tree-dump graphite "tiled by"
UNRESOLVED: gfortran.dg/lto/20091016-1 f_lto_20091016-1_0.o-f_lto_20091016-1_0.o execute -O -flto -g -fPIC -r -nostdlib
UNRESOLVED: gfortran.dg/lto/20091016-1 f_lto_20091016-1_0.o-f_lto_20091016-1_0.o execute -flto -g -fPIC -r -nostdlib
FAIL: gfortran.dg/lto/20091016-1 f_lto_20091016-1_0.o-f_lto_20091016-1_0.o link, -O -flto -g -fPIC -r -nostdlib
FAIL: gfortran.dg/lto/20091016-1 f_lto_20091016-1_0.o-f_lto_20091016-1_0.o link, -flto -g -fPIC -r -nostdlib
UNRESOLVED: gfortran.dg/lto/pr41521 f_lto_pr41521_0.o-f_lto_pr41521_1.o execute -g -flto -Wno-lto-type-mismatch
FAIL: gfortran.dg/lto/pr41521 f_lto_pr41521_0.o-f_lto_pr41521_1.o link, -g -flto -Wno-lto-type-mismatch
UNRESOLVED: gfortran.dg/lto/pr47839 f_lto_pr47839_0.o-f_lto_pr47839_1.o execute -g -flto
FAIL: gfortran.dg/lto/pr47839 f_lto_pr47839_0.o-f_lto_pr47839_1.o link, -g -flto
=== gfortran Summary for unix/-m64 ===
# of expected passes 50739
# of unexpected failures 27
# of expected failures 96
# of unresolved testcases 4
# of unsupported tests 76
=== gfortran Summary ===
# of expected passes 101228
# of unexpected failures 51
# of expected failures 192
# of unresolved testcases 8
# of unsupported tests 273
/opt/gcc/build_w/gcc/gfortran version 8.0.0 20170915 (experimental) [trunk revision 252799p14] (GCC)
=== gnat tests ===
Running target unix/-m32
FAIL: gnat.dg/lto13.adb (test for excess errors)
=== gnat Summary for unix/-m32 ===
# of expected passes 2599
# of unexpected failures 1
# of expected failures 24
# of unsupported tests 7
Running target unix/-m64
=== gnat Summary for unix/-m64 ===
# of expected passes 2600
# of expected failures 24
# of unsupported tests 7
=== gnat Summary ===
# of expected passes 5199
# of unexpected failures 1
# of expected failures 48
# of unsupported tests 14
/opt/gcc/build_w/gcc/gnatmake version 8.0.0 20170915 (experimental) [trunk revision 252799p14]
=== obj-c++ tests ===
Running target unix/-m32
FAIL: obj-c++.dg/qual-types-1.mm -fgnu-runtime (test for excess errors)
FAIL: obj-c++.dg/cxx-ivars-3.mm -fnext-runtime (test for excess errors)
FAIL: obj-c++.dg/cxx-ivars-3.mm -fnext-runtime execution test
FAIL: obj-c++.dg/gnu-api-2-objc.mm -fnext-runtime execution test
FAIL: obj-c++.dg/objc-gc-3.mm -fnext-runtime (test for excess errors)
FAIL: obj-c++.dg/stubify-1.mm -fnext-runtime (test for excess errors)
FAIL: obj-c++.dg/stubify-2.mm -fnext-runtime scan-rtl-dump-not jump "symbol_ref.*"objc_msgSend""
FAIL: obj-c++.dg/plugin/diagnostic-test-expressions-1.mm -fplugin=./diagnostic_plugin_test_tree_expression_range.so (test for warnings, line 60)
FAIL: obj-c++.dg/plugin/diagnostic-test-expressions-1.mm -fplugin=./diagnostic_plugin_test_tree_expression_range.so expected multiline pattern lines 62-63 not found: " __emit_expression_range \\( 0, @selector\\(func0\\) \\);.*\\n \\^~~~~~~~~~~~~~~~\\n"
FAIL: obj-c++.dg/plugin/diagnostic-test-expressions-1.mm -fplugin=./diagnostic_plugin_test_tree_expression_range.so (test for excess errors)
=== obj-c++ Summary for unix/-m32 ===
# of expected passes 3123
# of unexpected failures 10
# of expected failures 2
# of unsupported tests 62
Running target unix/-m64
FAIL: obj-c++.dg/qual-types-1.mm -fgnu-runtime (test for excess errors)
FAIL: obj-c++.dg/cxx-ivars-3.mm -fnext-runtime (test for excess errors)
FAIL: obj-c++.dg/gnu-api-2-objc.mm -fnext-runtime execution test
FAIL: obj-c++.dg/isa-field-1.mm -fnext-runtime (test for excess errors)
FAIL: obj-c++.dg/objc-gc-3.mm -fnext-runtime (test for excess errors)
FAIL: obj-c++.dg/try-catch-2.mm -fnext-runtime execution test
FAIL: obj-c++.dg/try-catch-9.mm -fnext-runtime execution test
FAIL: obj-c++.dg/plugin/diagnostic-test-expressions-1.mm -fplugin=./diagnostic_plugin_test_tree_expression_range.so (test for warnings, line 60)
FAIL: obj-c++.dg/plugin/diagnostic-test-expressions-1.mm -fplugin=./diagnostic_plugin_test_tree_expression_range.so (test for warnings, line 68)
FAIL: obj-c++.dg/plugin/diagnostic-test-expressions-1.mm -fplugin=./diagnostic_plugin_test_tree_expression_range.so expected multiline pattern lines 62-63 not found: " __emit_expression_range \\( 0, @selector\\(func0\\) \\);.*\\n \\^~~~~~~~~~~~~~~~\\n"
FAIL: obj-c++.dg/plugin/diagnostic-test-expressions-1.mm -fplugin=./diagnostic_plugin_test_tree_expression_range.so expected multiline pattern lines 70-71 not found: " __emit_expression_range \\( 0, @protocol\\(prot\\) \\);.*\\n \\^~~~~~~~~~~~~~~\\n"
FAIL: obj-c++.dg/plugin/diagnostic-test-expressions-1.mm -fplugin=./diagnostic_plugin_test_tree_expression_range.so (test for excess errors)
=== obj-c++ Summary for unix/-m64 ===
# of expected passes 3062
# of unexpected failures 12
# of expected failures 19
# of unsupported tests 68
=== obj-c++ Summary ===
# of expected passes 6185
# of unexpected failures 22
# of expected failures 21
# of unsupported tests 130
/opt/gcc/build_w/gcc/xg++ version 8.0.0 20170915 (experimental) [trunk revision 252799p14] (GCC)
=== objc tests ===
Running target unix/-m32
FAIL: objc.dg/call-super-2.m -fnext-runtime (test for warnings, line 104)
FAIL: objc.dg/call-super-2.m -fnext-runtime (test for warnings, line 74)
FAIL: objc.dg/gnu-api-2-objc.m -fnext-runtime execution test
FAIL: objc.dg/ivar-scope-4.m -fnext-runtime execution test
FAIL: objc.dg/objc-gc-4.m -fnext-runtime (test for excess errors)
FAIL: objc.dg/plugin/diagnostic-test-expressions-1.m -fplugin=./diagnostic_plugin_test_tree_expression_range.so (test for warnings, line 60)
FAIL: objc.dg/plugin/diagnostic-test-expressions-1.m -fplugin=./diagnostic_plugin_test_tree_expression_range.so expected multiline pattern lines 62-63 not found: " __emit_expression_range \\( 0, @selector\\(func0\\) \\);.*\\n \\^~~~~~~~~~~~~~~~\\n"
FAIL: objc.dg/plugin/diagnostic-test-expressions-1.m -fplugin=./diagnostic_plugin_test_tree_expression_range.so (test for excess errors)
FAIL: objc.dg/torture/forward-1.m -O2 -fgnu-runtime (test for excess errors)
UNRESOLVED: objc.dg/torture/forward-1.m -O2 -fgnu-runtime compilation failed to produce executable
FAIL: objc.dg/torture/forward-1.m -O2 -fnext-runtime (test for excess errors)
UNRESOLVED: objc.dg/torture/forward-1.m -O2 -fnext-runtime compilation failed to produce executable
FAIL: objc.dg/torture/forward-1.m -O2 -flto -fgnu-runtime (test for excess errors)
UNRESOLVED: objc.dg/torture/forward-1.m -O2 -flto -fgnu-runtime compilation failed to produce executable
FAIL: objc.dg/torture/forward-1.m -O2 -flto -fnext-runtime (test for excess errors)
UNRESOLVED: objc.dg/torture/forward-1.m -O2 -flto -fnext-runtime compilation failed to produce executable
FAIL: objc.dg/torture/forward-1.m -O2 -flto -flto-partition=none -fgnu-runtime (test for excess errors)
UNRESOLVED: objc.dg/torture/forward-1.m -O2 -flto -flto-partition=none -fgnu-runtime compilation failed to produce executable
FAIL: objc.dg/torture/forward-1.m -O2 -flto -flto-partition=none -fnext-runtime (test for excess errors)
UNRESOLVED: objc.dg/torture/forward-1.m -O2 -flto -flto-partition=none -fnext-runtime compilation failed to produce executable
FAIL: objc.dg/torture/forward-1.m -O3 -fomit-frame-pointer -funroll-loops -fpeel-loops -ftracer -finline-functions -fgnu-runtime (test for excess errors)
UNRESOLVED: objc.dg/torture/forward-1.m -O3 -fomit-frame-pointer -funroll-loops -fpeel-loops -ftracer -finline-functions -fgnu-runtime compilation failed to produce executable
FAIL: objc.dg/torture/forward-1.m -O3 -fomit-frame-pointer -funroll-loops -fpeel-loops -ftracer -finline-functions -fnext-runtime (test for excess errors)
UNRESOLVED: objc.dg/torture/forward-1.m -O3 -fomit-frame-pointer -funroll-loops -fpeel-loops -ftracer -finline-functions -fnext-runtime compilation failed to produce executable
FAIL: objc.dg/torture/forward-1.m -O3 -g -fgnu-runtime (test for excess errors)
UNRESOLVED: objc.dg/torture/forward-1.m -O3 -g -fgnu-runtime compilation failed to produce executable
FAIL: objc.dg/torture/forward-1.m -O3 -g -fnext-runtime (test for excess errors)
UNRESOLVED: objc.dg/torture/forward-1.m -O3 -g -fnext-runtime compilation failed to produce executable
FAIL: objc/execute/cascading-1.m compilation, -O2 -fgnu-runtime
FAIL: objc/execute/cascading-1.m compilation, -O2 -fnext-runtime
FAIL: objc/execute/cascading-1.m compilation, -O3 -g -fgnu-runtime
FAIL: objc/execute/cascading-1.m compilation, -O3 -g -fnext-runtime
UNRESOLVED: objc/execute/cascading-1.m execution, -O2 -fgnu-runtime
UNRESOLVED: objc/execute/cascading-1.m execution, -O2 -fnext-runtime
UNRESOLVED: objc/execute/cascading-1.m execution, -O3 -g -fgnu-runtime
UNRESOLVED: objc/execute/cascading-1.m execution, -O3 -g -fnext-runtime
FAIL: objc/execute/class_self-1.m compilation, -O2 -fgnu-runtime
FAIL: objc/execute/class_self-1.m compilation, -O2 -fnext-runtime
FAIL: objc/execute/class_self-1.m compilation, -O3 -g -fgnu-runtime
FAIL: objc/execute/class_self-1.m compilation, -O3 -g -fnext-runtime
UNRESOLVED: objc/execute/class_self-1.m execution, -O2 -fgnu-runtime
UNRESOLVED: objc/execute/class_self-1.m execution, -O2 -fnext-runtime
UNRESOLVED: objc/execute/class_self-1.m execution, -O3 -g -fgnu-runtime
UNRESOLVED: objc/execute/class_self-1.m execution, -O3 -g -fnext-runtime
FAIL: objc/execute/class_self-2.m compilation, -O2 -fgnu-runtime
FAIL: objc/execute/class_self-2.m compilation, -O2 -fnext-runtime
FAIL: objc/execute/class_self-2.m compilation, -O3 -g -fgnu-runtime
FAIL: objc/execute/class_self-2.m compilation, -O3 -g -fnext-runtime
UNRESOLVED: objc/execute/class_self-2.m execution, -O2 -fgnu-runtime
UNRESOLVED: objc/execute/class_self-2.m execution, -O2 -fnext-runtime
UNRESOLVED: objc/execute/class_self-2.m execution, -O3 -g -fgnu-runtime
UNRESOLVED: objc/execute/class_self-2.m execution, -O3 -g -fnext-runtime
FAIL: objc/execute/function-message-1.m compilation, -O2 -fgnu-runtime
FAIL: objc/execute/function-message-1.m compilation, -O2 -fnext-runtime
FAIL: objc/execute/function-message-1.m compilation, -O3 -g -fgnu-runtime
FAIL: objc/execute/function-message-1.m compilation, -O3 -g -fnext-runtime
UNRESOLVED: objc/execute/function-message-1.m execution, -O2 -fgnu-runtime
UNRESOLVED: objc/execute/function-message-1.m execution, -O2 -fnext-runtime
UNRESOLVED: objc/execute/function-message-1.m execution, -O3 -g -fgnu-runtime
UNRESOLVED: objc/execute/function-message-1.m execution, -O3 -g -fnext-runtime
=== objc Summary for unix/-m32 ===
# of expected passes 5622
# of unexpected failures 34
# of expected failures 6
# of unresolved testcases 26
# of unsupported tests 81
Running target unix/-m64
FAIL: objc.dg/call-super-2.m -fnext-runtime (test for warnings, line 104)
FAIL: objc.dg/call-super-2.m -fnext-runtime (test for warnings, line 74)
FAIL: objc.dg/category-1.m -fnext-runtime execution test
FAIL: objc.dg/exceptions-2.m -fnext-runtime execution test
FAIL: objc.dg/gnu-api-2-objc.m -fnext-runtime execution test
FAIL: objc.dg/isa-field-1.m -fnext-runtime (test for excess errors)
FAIL: objc.dg/objc-gc-4.m -fnext-runtime (test for excess errors)
FAIL: objc.dg/super-class-3.m -fnext-runtime execution test
FAIL: objc.dg/plugin/diagnostic-test-expressions-1.m -fplugin=./diagnostic_plugin_test_tree_expression_range.so (test for warnings, line 60)
FAIL: objc.dg/plugin/diagnostic-test-expressions-1.m -fplugin=./diagnostic_plugin_test_tree_expression_range.so (test for warnings, line 68)
FAIL: objc.dg/plugin/diagnostic-test-expressions-1.m -fplugin=./diagnostic_plugin_test_tree_expression_range.so expected multiline pattern lines 62-63 not found: " __emit_expression_range \\( 0, @selector\\(func0\\) \\);.*\\n \\^~~~~~~~~~~~~~~~\\n"
FAIL: objc.dg/plugin/diagnostic-test-expressions-1.m -fplugin=./diagnostic_plugin_test_tree_expression_range.so expected multiline pattern lines 70-71 not found: " __emit_expression_range \\( 0, @protocol\\(prot\\) \\);.*\\n ~~~~~~~~~~~~~~~\\n"
FAIL: objc.dg/plugin/diagnostic-test-expressions-1.m -fplugin=./diagnostic_plugin_test_tree_expression_range.so (test for excess errors)
FAIL: objc.dg/torture/forward-1.m -O0 -fnext-runtime execution test
FAIL: objc.dg/torture/forward-1.m -O1 -fnext-runtime execution test
FAIL: objc.dg/torture/forward-1.m -O2 -fgnu-runtime (test for excess errors)
UNRESOLVED: objc.dg/torture/forward-1.m -O2 -fgnu-runtime compilation failed to produce executable
FAIL: objc.dg/torture/forward-1.m -O2 -fnext-runtime (test for excess errors)
UNRESOLVED: objc.dg/torture/forward-1.m -O2 -fnext-runtime compilation failed to produce executable
FAIL: objc.dg/torture/forward-1.m -O2 -flto -fgnu-runtime (test for excess errors)
UNRESOLVED: objc.dg/torture/forward-1.m -O2 -flto -fgnu-runtime compilation failed to produce executable
FAIL: objc.dg/torture/forward-1.m -O2 -flto -fnext-runtime (test for excess errors)
UNRESOLVED: objc.dg/torture/forward-1.m -O2 -flto -fnext-runtime compilation failed to produce executable
FAIL: objc.dg/torture/forward-1.m -O2 -flto -flto-partition=none -fgnu-runtime (test for excess errors)
UNRESOLVED: objc.dg/torture/forward-1.m -O2 -flto -flto-partition=none -fgnu-runtime compilation failed to produce executable
FAIL: objc.dg/torture/forward-1.m -O2 -flto -flto-partition=none -fnext-runtime (test for excess errors)
UNRESOLVED: objc.dg/torture/forward-1.m -O2 -flto -flto-partition=none -fnext-runtime compilation failed to produce executable
FAIL: objc.dg/torture/forward-1.m -O3 -fomit-frame-pointer -funroll-loops -fpeel-loops -ftracer -finline-functions -fgnu-runtime (test for excess errors)
UNRESOLVED: objc.dg/torture/forward-1.m -O3 -fomit-frame-pointer -funroll-loops -fpeel-loops -ftracer -finline-functions -fgnu-runtime compilation failed to produce executable
FAIL: objc.dg/torture/forward-1.m -O3 -fomit-frame-pointer -funroll-loops -fpeel-loops -ftracer -finline-functions -fnext-runtime (test for excess errors)
UNRESOLVED: objc.dg/torture/forward-1.m -O3 -fomit-frame-pointer -funroll-loops -fpeel-loops -ftracer -finline-functions -fnext-runtime compilation failed to produce executable
FAIL: objc.dg/torture/forward-1.m -O3 -g -fgnu-runtime (test for excess errors)
UNRESOLVED: objc.dg/torture/forward-1.m -O3 -g -fgnu-runtime compilation failed to produce executable
FAIL: objc.dg/torture/forward-1.m -O3 -g -fnext-runtime (test for excess errors)
UNRESOLVED: objc.dg/torture/forward-1.m -O3 -g -fnext-runtime compilation failed to produce executable
FAIL: objc.dg/torture/forward-1.m -Os -fnext-runtime execution test
FAIL: objc/execute/cascading-1.m compilation, -O2 -fgnu-runtime
FAIL: objc/execute/cascading-1.m compilation, -O2 -fnext-runtime
FAIL: objc/execute/cascading-1.m compilation, -O3 -g -fgnu-runtime
FAIL: objc/execute/cascading-1.m compilation, -O3 -g -fnext-runtime
UNRESOLVED: objc/execute/cascading-1.m execution, -O2 -fgnu-runtime
UNRESOLVED: objc/execute/cascading-1.m execution, -O2 -fnext-runtime
UNRESOLVED: objc/execute/cascading-1.m execution, -O3 -g -fgnu-runtime
UNRESOLVED: objc/execute/cascading-1.m execution, -O3 -g -fnext-runtime
FAIL: objc/execute/class_self-1.m compilation, -O2 -fgnu-runtime
FAIL: objc/execute/class_self-1.m compilation, -O2 -fnext-runtime
FAIL: objc/execute/class_self-1.m compilation, -O3 -g -fgnu-runtime
FAIL: objc/execute/class_self-1.m compilation, -O3 -g -fnext-runtime
UNRESOLVED: objc/execute/class_self-1.m execution, -O2 -fgnu-runtime
UNRESOLVED: objc/execute/class_self-1.m execution, -O2 -fnext-runtime
UNRESOLVED: objc/execute/class_self-1.m execution, -O3 -g -fgnu-runtime
UNRESOLVED: objc/execute/class_self-1.m execution, -O3 -g -fnext-runtime
FAIL: objc/execute/class_self-2.m compilation, -O2 -fgnu-runtime
FAIL: objc/execute/class_self-2.m compilation, -O2 -fnext-runtime
FAIL: objc/execute/class_self-2.m compilation, -O3 -g -fgnu-runtime
FAIL: objc/execute/class_self-2.m compilation, -O3 -g -fnext-runtime
UNRESOLVED: objc/execute/class_self-2.m execution, -O2 -fgnu-runtime
UNRESOLVED: objc/execute/class_self-2.m execution, -O2 -fnext-runtime
UNRESOLVED: objc/execute/class_self-2.m execution, -O3 -g -fgnu-runtime
UNRESOLVED: objc/execute/class_self-2.m execution, -O3 -g -fnext-runtime
FAIL: objc/execute/function-message-1.m compilation, -O2 -fgnu-runtime
FAIL: objc/execute/function-message-1.m compilation, -O2 -fnext-runtime
FAIL: objc/execute/function-message-1.m compilation, -O3 -g -fgnu-runtime
FAIL: objc/execute/function-message-1.m compilation, -O3 -g -fnext-runtime
UNRESOLVED: objc/execute/function-message-1.m execution, -O2 -fgnu-runtime
UNRESOLVED: objc/execute/function-message-1.m execution, -O2 -fnext-runtime
UNRESOLVED: objc/execute/function-message-1.m execution, -O3 -g -fgnu-runtime
UNRESOLVED: objc/execute/function-message-1.m execution, -O3 -g -fnext-runtime
=== objc Summary for unix/-m64 ===
# of expected passes 5480
# of unexpected failures 42
# of expected failures 6
# of unresolved testcases 26
# of unsupported tests 87
=== objc Summary ===
# of expected passes 11102
# of unexpected failures 76
# of expected failures 12
# of unresolved testcases 52
# of unsupported tests 168
/opt/gcc/build_w/gcc/xgcc version 8.0.0 20170915 (experimental) [trunk revision 252799p14] (GCC)
=== libatomic tests ===
Running target unix/-m32
=== libatomic Summary for unix/-m32 ===
# of expected passes 44
# of unsupported tests 5
Running target unix/-m64
=== libatomic Summary for unix/-m64 ===
# of expected passes 54
=== libatomic Summary ===
# of expected passes 98
# of unsupported tests 5
=== libgomp tests ===
Running target unix/-m32
FAIL: libgomp.c++/pr69393.C (test for excess errors)
=== libgomp Summary for unix/-m32 ===
# of expected passes 5722
# of unexpected failures 1
# of unsupported tests 392
Running target unix/-m64
FAIL: libgomp.c++/pr69393.C (test for excess errors)
=== libgomp Summary for unix/-m64 ===
# of expected passes 5722
# of unexpected failures 1
# of unsupported tests 392
=== libgomp Summary ===
# of expected passes 11444
# of unexpected failures 2
# of unsupported tests 784
=== libitm tests ===
Running target unix/-m32
=== libitm Summary for unix/-m32 ===
# of expected passes 40
# of expected failures 3
# of unsupported tests 2
Running target unix/-m64
=== libitm Summary for unix/-m64 ===
# of expected passes 40
# of expected failures 3
# of unsupported tests 2
=== libitm Summary ===
# of expected passes 80
# of expected failures 6
# of unsupported tests 4
=== libstdc++ tests ===
Running target unix/-m32
FAIL: 30_threads/thread/native_handle/typesizes.cc execution test
=== libstdc++ Summary for unix/-m32 ===
# of expected passes 10830
# of unexpected failures 1
# of expected failures 70
# of unsupported tests 665
Running target unix/-m64
FAIL: 30_threads/thread/native_handle/typesizes.cc execution test
=== libstdc++ Summary for unix/-m64 ===
# of expected passes 10828
# of unexpected failures 1
# of expected failures 70
# of unsupported tests 666
=== libstdc++ Summary ===
# of expected passes 21658
# of unexpected failures 2
# of expected failures 140
# of unsupported tests 1331
Compiler version: 8.0.0 20170915 (experimental) [trunk revision 252799p14] (GCC)
Platform: x86_64-apple-darwin16.7.0
configure flags: --prefix=/opt/gcc/gcc8w --enable-languages=c,c++,fortran,objc,obj-c++,ada,lto --with-gmp=/opt/mp-new --with-system-zlib --with-isl=/opt/mp-new --enable-lto --enable-plugin --with-arch=corei7 --with-cpu=corei7