This is the mail archive of the
gcc-testresults@gcc.gnu.org
mailing list for the GCC project.
Results for 6.4.1 20170911 [gcc-6-branch revision 251956] (GCC) testsuite on powerpc64-unknown-linux-gnu
- From: "Bill Seurer (POWER6)" <seurer at linux dot vnet dot ibm dot com>
- To: gcc-testresults at gcc dot gnu dot org
- Date: Mon, 11 Sep 2017 04:59:01 -0500
- Subject: Results for 6.4.1 20170911 [gcc-6-branch revision 251956] (GCC) testsuite on powerpc64-unknown-linux-gnu
- Authentication-results: sourceware.org; auth=none
Linux 2.6.32-696.10.1.el6.ppc64 ppc64
GNU C Library stable release version 2.12
GNU ld (GNU Binutils) 2.26.20160125
GNU assembler (GNU Binutils) 2.26.20160125
GNU Make 3.81
DejaGnu:
Expect version is 5.44.1.15
Tcl version is 8.5
Framework version is 1.4.4
64-bit
LAST_UPDATED: Mon Sep 11 05:01:28 UTC 2017 (revision 251956)
Native configuration is powerpc64-unknown-linux-gnu
=== gcc tests ===
Running target unix/-m32
FAIL: gcc.dg/tree-ssa/ivopts-lt-2.c scan-tree-dump-times ivopts "PHI" 1
FAIL: gcc.dg/tree-ssa/ivopts-lt-2.c scan-tree-dump-times ivopts "PHI <p_" 1
FAIL: gcc.dg/tree-ssa/ivopts-lt-2.c scan-tree-dump-times ivopts "p_[0-9]* <" 1
=== gcc Summary for unix/-m32 ===
Running target unix/-m64
=== gcc Summary ===
# of expected passes 5794
# of unexpected failures 3
# of expected failures 10
# of unsupported tests 67
/home/gccbuild/build/nightly/build-gcc-6/gcc/xgcc version 6.4.1 20170911 [gcc-6-branch revision 251956] (GCC)
=== gcc tests ===
Running target unix/-m32
FAIL: c-c++-common/asan/sanity-check-pure-c-1.c -O1 output pattern test, is =================================================================
FAIL: c-c++-common/asan/sanity-check-pure-c-1.c -O2 output pattern test, is =================================================================
FAIL: c-c++-common/asan/sanity-check-pure-c-1.c -O3 -g output pattern test, is =================================================================
FAIL: c-c++-common/asan/sanity-check-pure-c-1.c -Os output pattern test, is =================================================================
FAIL: c-c++-common/asan/sanity-check-pure-c-1.c -O2 -flto -fno-use-linker-plugin -flto-partition=none output pattern test, is =================================================================
FAIL: c-c++-common/asan/sanity-check-pure-c-1.c -O2 -flto -fuse-linker-plugin -fno-fat-lto-objects output pattern test, is =================================================================
FAIL: c-c++-common/asan/strncpy-overflow-1.c -O1 output pattern test, is =================================================================
FAIL: c-c++-common/asan/strncpy-overflow-1.c -O2 output pattern test, is =================================================================
FAIL: c-c++-common/asan/strncpy-overflow-1.c -O3 -g output pattern test, is =================================================================
FAIL: c-c++-common/asan/strncpy-overflow-1.c -Os output pattern test, is =================================================================
FAIL: c-c++-common/asan/strncpy-overflow-1.c -O2 -flto -fno-use-linker-plugin -flto-partition=none output pattern test, is =================================================================
FAIL: c-c++-common/asan/strncpy-overflow-1.c -O2 -flto -fuse-linker-plugin -fno-fat-lto-objects output pattern test, is =================================================================
FAIL: c-c++-common/asan/use-after-free-1.c -O1 output pattern test, is =================================================================
FAIL: c-c++-common/asan/use-after-free-1.c -O2 output pattern test, is =================================================================
FAIL: c-c++-common/asan/use-after-free-1.c -O3 -g output pattern test, is =================================================================
FAIL: c-c++-common/asan/use-after-free-1.c -Os output pattern test, is =================================================================
FAIL: c-c++-common/asan/use-after-free-1.c -O2 -flto -fno-use-linker-plugin -flto-partition=none output pattern test, is =================================================================
FAIL: c-c++-common/asan/use-after-free-1.c -O2 -flto -fuse-linker-plugin -fno-fat-lto-objects output pattern test, is =================================================================
FAIL: gcc.dg/ipa/iinline-attr.c scan-ipa-dump inline "hooray[^\\\\n]*inline copy in test"
FAIL: gcc.dg/vect/pr46032.c -flto -ffat-lto-objects scan-tree-dump-times vect "note: vectorized 1 loop" 1
=== gcc Summary for unix/-m32 ===
Running target unix/-m64
=== gcc Summary ===
# of expected passes 4781
# of unexpected failures 20
# of expected failures 11
# of unsupported tests 61
/home/gccbuild/build/nightly/build-gcc-6/gcc/xgcc version 6.4.1 20170911 [gcc-6-branch revision 251956] (GCC)
=== gcc tests ===
Running target unix/-m32
=== gcc Summary for unix/-m32 ===
Running target unix/-m64
=== gcc Summary ===
# of expected passes 5388
# of expected failures 20
# of unsupported tests 50
/home/gccbuild/build/nightly/build-gcc-6/gcc/xgcc version 6.4.1 20170911 [gcc-6-branch revision 251956] (GCC)
=== gcc tests ===
Running target unix/-m32
=== gcc Summary for unix/-m32 ===
Running target unix/-m64
=== gcc Summary ===
# of expected passes 8106
# of expected failures 18
# of unsupported tests 223
/home/gccbuild/build/nightly/build-gcc-6/gcc/xgcc version 6.4.1 20170911 [gcc-6-branch revision 251956] (GCC)
=== gcc tests ===
Running target unix/-m32
=== gcc Summary for unix/-m32 ===
Running target unix/-m64
=== gcc Summary ===
# of expected passes 5801
# of expected failures 24
# of unsupported tests 58
/home/gccbuild/build/nightly/build-gcc-6/gcc/xgcc version 6.4.1 20170911 [gcc-6-branch revision 251956] (GCC)
=== gcc tests ===
Running target unix/-m32
FAIL: c-c++-common/asan/heap-overflow-1.c -O1 output pattern test, is =================================================================
FAIL: c-c++-common/asan/heap-overflow-1.c -O2 output pattern test, is =================================================================
FAIL: c-c++-common/asan/heap-overflow-1.c -O3 -g output pattern test, is =================================================================
FAIL: c-c++-common/asan/heap-overflow-1.c -Os output pattern test, is =================================================================
FAIL: c-c++-common/asan/heap-overflow-1.c -O2 -flto -fno-use-linker-plugin -flto-partition=none output pattern test, is =================================================================
FAIL: c-c++-common/asan/heap-overflow-1.c -O2 -flto -fuse-linker-plugin -fno-fat-lto-objects output pattern test, is =================================================================
WARNING: profopt.exp does not support dg-error
FAIL: gcc.dg/vect/pr25413.c scan-tree-dump-times vect "vectorized 1 loops" 0
FAIL: gcc.dg/vect/pr25413.c scan-tree-dump-times vect "vector alignment may not be reachable" 1
FAIL: gcc.dg/vect/pr25413.c scan-tree-dump-times vect "not vectorized: unsupported unaligned store" 1
=== gcc Summary for unix/-m32 ===
Running target unix/-m64
=== gcc Summary ===
# of expected passes 6309
# of unexpected failures 9
# of expected failures 30
# of unsupported tests 125
/home/gccbuild/build/nightly/build-gcc-6/gcc/xgcc version 6.4.1 20170911 [gcc-6-branch revision 251956] (GCC)
=== gcc tests ===
Running target unix/-m32
FAIL: gcc.dg/sms-8.c scan-rtl-dump-times sms "SMS succeeded" 0
=== gcc Summary for unix/-m32 ===
Running target unix/-m64
=== gcc Summary ===
# of expected passes 4963
# of unexpected failures 1
# of expected failures 19
# of unsupported tests 71
/home/gccbuild/build/nightly/build-gcc-6/gcc/xgcc version 6.4.1 20170911 [gcc-6-branch revision 251956] (GCC)
=== gcc tests ===
Running target unix/-m32
FAIL: gcc.dg/vect/vect-31.c scan-tree-dump-times vect "vectorized 4 loops" 1
FAIL: gcc.dg/vect/pr62171.c -flto -ffat-lto-objects scan-tree-dump-not vect "versioned"
=== gcc Summary for unix/-m32 ===
Running target unix/-m64
=== gcc Summary ===
# of expected passes 5865
# of unexpected failures 2
# of expected failures 8
# of unsupported tests 182
/home/gccbuild/build/nightly/build-gcc-6/gcc/xgcc version 6.4.1 20170911 [gcc-6-branch revision 251956] (GCC)
=== gcc tests ===
Running target unix/-m32
=== gcc Summary for unix/-m32 ===
Running target unix/-m64
=== gcc Summary ===
# of expected passes 514
/home/gccbuild/build/nightly/build-gcc-6/gcc/xgcc version 6.4.1 20170911 [gcc-6-branch revision 251956] (GCC)
=== gcc tests ===
Running target unix/-m32
=== gcc Summary for unix/-m32 ===
Running target unix/-m64
=== gcc Summary ===
# of expected passes 602
/home/gccbuild/build/nightly/build-gcc-6/gcc/xgcc version 6.4.1 20170911 [gcc-6-branch revision 251956] (GCC)
=== gcc tests ===
Running target unix/-m32
FAIL: c-c++-common/asan/null-deref-1.c -O2 output pattern test, is ASAN:DEADLYSIGNAL
FAIL: c-c++-common/asan/null-deref-1.c -O3 -g output pattern test, is ASAN:DEADLYSIGNAL
FAIL: c-c++-common/asan/null-deref-1.c -O2 -flto -fno-use-linker-plugin -flto-partition=none output pattern test, is ASAN:DEADLYSIGNAL
FAIL: c-c++-common/asan/null-deref-1.c -O2 -flto -fuse-linker-plugin -fno-fat-lto-objects output pattern test, is ASAN:DEADLYSIGNAL
=== gcc Summary for unix/-m32 ===
Running target unix/-m64
=== gcc Summary ===
# of expected passes 5894
# of unexpected failures 4
# of expected failures 14
# of unsupported tests 186
/home/gccbuild/build/nightly/build-gcc-6/gcc/xgcc version 6.4.1 20170911 [gcc-6-branch revision 251956] (GCC)
=== gcc tests ===
Running target unix/-m32
=== gcc Summary for unix/-m32 ===
Running target unix/-m64
=== gcc Summary ===
# of expected passes 640
/home/gccbuild/build/nightly/build-gcc-6/gcc/xgcc version 6.4.1 20170911 [gcc-6-branch revision 251956] (GCC)
=== gcc tests ===
Running target unix/-m32
=== gcc Summary for unix/-m32 ===
Running target unix/-m64
=== gcc Summary ===
# of expected passes 634
/home/gccbuild/build/nightly/build-gcc-6/gcc/xgcc version 6.4.1 20170911 [gcc-6-branch revision 251956] (GCC)
=== gcc tests ===
Running target unix/-m32
=== gcc Summary for unix/-m32 ===
Running target unix/-m64
=== gcc Summary ===
# of expected passes 632
/home/gccbuild/build/nightly/build-gcc-6/gcc/xgcc version 6.4.1 20170911 [gcc-6-branch revision 251956] (GCC)
=== gcc tests ===
Running target unix/-m32
=== gcc Summary for unix/-m32 ===
Running target unix/-m64
=== gcc Summary ===
# of expected passes 590
# of unsupported tests 13
/home/gccbuild/build/nightly/build-gcc-6/gcc/xgcc version 6.4.1 20170911 [gcc-6-branch revision 251956] (GCC)
=== gcc tests ===
Running target unix/-m32
=== gcc Summary for unix/-m32 ===
Running target unix/-m64
=== gcc Summary ===
# of expected passes 400
# of unsupported tests 7
/home/gccbuild/build/nightly/build-gcc-6/gcc/xgcc version 6.4.1 20170911 [gcc-6-branch revision 251956] (GCC)
=== gcc tests ===
Running target unix/-m32
=== gcc Summary for unix/-m32 ===
Running target unix/-m64
=== gcc Summary ===
# of expected passes 589
# of unsupported tests 1
/home/gccbuild/build/nightly/build-gcc-6/gcc/xgcc version 6.4.1 20170911 [gcc-6-branch revision 251956] (GCC)
=== gcc tests ===
Running target unix/-m32
=== gcc Summary for unix/-m32 ===
Running target unix/-m64
=== gcc Summary ===
# of expected passes 530
/home/gccbuild/build/nightly/build-gcc-6/gcc/xgcc version 6.4.1 20170911 [gcc-6-branch revision 251956] (GCC)
=== gcc tests ===
Running target unix/-m32
=== gcc Summary for unix/-m32 ===
Running target unix/-m64
=== gcc Summary ===
# of expected passes 580
/home/gccbuild/build/nightly/build-gcc-6/gcc/xgcc version 6.4.1 20170911 [gcc-6-branch revision 251956] (GCC)
=== gcc tests ===
Running target unix/-m32
=== gcc Summary for unix/-m32 ===
Running target unix/-m64
=== gcc Summary ===
# of expected passes 610
/home/gccbuild/build/nightly/build-gcc-6/gcc/xgcc version 6.4.1 20170911 [gcc-6-branch revision 251956] (GCC)
=== gcc tests ===
Running target unix/-m32
=== gcc Summary for unix/-m32 ===
Running target unix/-m64
=== gcc Summary ===
# of expected passes 620
# of unsupported tests 8
/home/gccbuild/build/nightly/build-gcc-6/gcc/xgcc version 6.4.1 20170911 [gcc-6-branch revision 251956] (GCC)
=== gcc tests ===
Running target unix/-m32
=== gcc Summary for unix/-m32 ===
Running target unix/-m64
=== gcc Summary ===
# of expected passes 6120
# of expected failures 28
# of unsupported tests 175
/home/gccbuild/build/nightly/build-gcc-6/gcc/xgcc version 6.4.1 20170911 [gcc-6-branch revision 251956] (GCC)
=== gcc tests ===
Running target unix/-m32
=== gcc Summary for unix/-m32 ===
Running target unix/-m64
=== gcc Summary ===
# of expected passes 530
/home/gccbuild/build/nightly/build-gcc-6/gcc/xgcc version 6.4.1 20170911 [gcc-6-branch revision 251956] (GCC)
=== gcc tests ===
Running target unix/-m32
=== gcc Summary for unix/-m32 ===
Running target unix/-m64
FAIL: c-c++-common/asan/swapcontext-test-1.c -O0 execution test
FAIL: c-c++-common/asan/swapcontext-test-1.c -O1 execution test
FAIL: c-c++-common/asan/swapcontext-test-1.c -O2 execution test
FAIL: c-c++-common/asan/swapcontext-test-1.c -O3 -fomit-frame-pointer -funroll-loops -fpeel-loops -ftracer -finline-functions execution test
FAIL: c-c++-common/asan/swapcontext-test-1.c -O3 -g execution test
FAIL: c-c++-common/asan/swapcontext-test-1.c -Os execution test
FAIL: c-c++-common/asan/swapcontext-test-1.c -O2 -flto -fno-use-linker-plugin -flto-partition=none execution test
FAIL: c-c++-common/asan/swapcontext-test-1.c -O2 -flto -fuse-linker-plugin -fno-fat-lto-objects execution test
=== gcc Summary ===
# of expected passes 600
# of unexpected failures 8
# of unsupported tests 6
/home/gccbuild/build/nightly/build-gcc-6/gcc/xgcc version 6.4.1 20170911 [gcc-6-branch revision 251956] (GCC)
=== gcc tests ===
Running target unix/-m32
=== gcc Summary for unix/-m32 ===
Running target unix/-m64
=== gcc Summary ===
# of expected passes 561
# of unsupported tests 1
/home/gccbuild/build/nightly/build-gcc-6/gcc/xgcc version 6.4.1 20170911 [gcc-6-branch revision 251956] (GCC)
=== gcc tests ===
Running target unix/-m32
=== gcc Summary for unix/-m32 ===
Running target unix/-m64
=== gcc Summary ===
# of expected passes 493
# of expected failures 6
/home/gccbuild/build/nightly/build-gcc-6/gcc/xgcc version 6.4.1 20170911 [gcc-6-branch revision 251956] (GCC)
=== gcc tests ===
Running target unix/-m32
=== gcc Summary for unix/-m32 ===
Running target unix/-m64
=== gcc Summary ===
# of expected passes 502
/home/gccbuild/build/nightly/build-gcc-6/gcc/xgcc version 6.4.1 20170911 [gcc-6-branch revision 251956] (GCC)
=== gcc tests ===
Running target unix/-m32
=== gcc Summary for unix/-m32 ===
Running target unix/-m64
=== gcc Summary ===
# of expected passes 531
# of unsupported tests 18
/home/gccbuild/build/nightly/build-gcc-6/gcc/xgcc version 6.4.1 20170911 [gcc-6-branch revision 251956] (GCC)
=== gcc tests ===
Running target unix/-m32
=== gcc Summary for unix/-m32 ===
Running target unix/-m64
=== gcc Summary ===
# of expected passes 557
/home/gccbuild/build/nightly/build-gcc-6/gcc/xgcc version 6.4.1 20170911 [gcc-6-branch revision 251956] (GCC)
=== gcc tests ===
Running target unix/-m32
=== gcc Summary for unix/-m32 ===
Running target unix/-m64
=== gcc Summary ===
# of expected passes 507
/home/gccbuild/build/nightly/build-gcc-6/gcc/xgcc version 6.4.1 20170911 [gcc-6-branch revision 251956] (GCC)
=== gcc tests ===
Running target unix/-m32
=== gcc Summary for unix/-m32 ===
Running target unix/-m64
=== gcc Summary ===
# of expected passes 537
/home/gccbuild/build/nightly/build-gcc-6/gcc/xgcc version 6.4.1 20170911 [gcc-6-branch revision 251956] (GCC)
=== gcc tests ===
Running target unix/-m32
=== gcc Summary for unix/-m32 ===
Running target unix/-m64
=== gcc Summary ===
# of expected passes 788
/home/gccbuild/build/nightly/build-gcc-6/gcc/xgcc version 6.4.1 20170911 [gcc-6-branch revision 251956] (GCC)
=== gcc tests ===
Running target unix/-m32
XPASS: gcc.dg/tree-ssa/ssa-dom-cse-2.c scan-tree-dump optimized "return 28;"
FAIL: gcc.dg/vect/pr25413.c -flto -ffat-lto-objects scan-tree-dump-times vect "vectorized 1 loops" 0
FAIL: gcc.dg/vect/pr25413.c -flto -ffat-lto-objects scan-tree-dump-times vect "vector alignment may not be reachable" 1
FAIL: gcc.dg/vect/pr25413.c -flto -ffat-lto-objects scan-tree-dump-times vect "not vectorized: unsupported unaligned store" 1
=== gcc Summary for unix/-m32 ===
Running target unix/-m64
=== gcc Summary ===
# of expected passes 6826
# of unexpected failures 3
# of unexpected successes 1
# of expected failures 12
# of unsupported tests 69
/home/gccbuild/build/nightly/build-gcc-6/gcc/xgcc version 6.4.1 20170911 [gcc-6-branch revision 251956] (GCC)
=== gcc tests ===
Running target unix/-m32
=== gcc Summary for unix/-m32 ===
Running target unix/-m64
FAIL: c-c++-common/asan/null-deref-1.c -O2 output pattern test, is ASAN:DEADLYSIGNAL
FAIL: c-c++-common/asan/null-deref-1.c -O3 -g output pattern test, is ASAN:DEADLYSIGNAL
FAIL: c-c++-common/asan/null-deref-1.c -O2 -flto -fno-use-linker-plugin -flto-partition=none output pattern test, is ASAN:DEADLYSIGNAL
FAIL: c-c++-common/asan/null-deref-1.c -O2 -flto -fuse-linker-plugin -fno-fat-lto-objects output pattern test, is ASAN:DEADLYSIGNAL
=== gcc Summary ===
# of expected passes 544
# of unexpected failures 4
# of unsupported tests 12
/home/gccbuild/build/nightly/build-gcc-6/gcc/xgcc version 6.4.1 20170911 [gcc-6-branch revision 251956] (GCC)
=== gcc tests ===
Running target unix/-m32
=== gcc Summary for unix/-m32 ===
Running target unix/-m64
=== gcc Summary ===
# of expected passes 526
/home/gccbuild/build/nightly/build-gcc-6/gcc/xgcc version 6.4.1 20170911 [gcc-6-branch revision 251956] (GCC)
=== gcc tests ===
Running target unix/-m32
=== gcc Summary for unix/-m32 ===
Running target unix/-m64
=== gcc Summary ===
# of expected passes 545
# of unsupported tests 59
/home/gccbuild/build/nightly/build-gcc-6/gcc/xgcc version 6.4.1 20170911 [gcc-6-branch revision 251956] (GCC)
=== gcc tests ===
Running target unix/-m32
=== gcc Summary for unix/-m32 ===
Running target unix/-m64
=== gcc Summary ===
# of expected passes 452
/home/gccbuild/build/nightly/build-gcc-6/gcc/xgcc version 6.4.1 20170911 [gcc-6-branch revision 251956] (GCC)
=== gcc tests ===
Running target unix/-m32
=== gcc Summary for unix/-m32 ===
Running target unix/-m64
=== gcc Summary ===
# of expected passes 494
/home/gccbuild/build/nightly/build-gcc-6/gcc/xgcc version 6.4.1 20170911 [gcc-6-branch revision 251956] (GCC)
=== gcc tests ===
Running target unix/-m32
=== gcc Summary for unix/-m32 ===
Running target unix/-m64
=== gcc Summary ===
# of expected passes 410
/home/gccbuild/build/nightly/build-gcc-6/gcc/xgcc version 6.4.1 20170911 [gcc-6-branch revision 251956] (GCC)
=== gcc tests ===
Running target unix/-m32
=== gcc Summary for unix/-m32 ===
Running target unix/-m64
=== gcc Summary ===
# of expected passes 469
/home/gccbuild/build/nightly/build-gcc-6/gcc/xgcc version 6.4.1 20170911 [gcc-6-branch revision 251956] (GCC)
=== gcc tests ===
Running target unix/-m32
=== gcc Summary for unix/-m32 ===
Running target unix/-m64
=== gcc Summary ===
# of expected passes 375
/home/gccbuild/build/nightly/build-gcc-6/gcc/xgcc version 6.4.1 20170911 [gcc-6-branch revision 251956] (GCC)
=== gcc tests ===
Running target unix/-m32
=== gcc Summary for unix/-m32 ===
Running target unix/-m64
=== gcc Summary ===
# of expected passes 429
/home/gccbuild/build/nightly/build-gcc-6/gcc/xgcc version 6.4.1 20170911 [gcc-6-branch revision 251956] (GCC)
=== gcc tests ===
Running target unix/-m32
=== gcc Summary for unix/-m32 ===
Running target unix/-m64
=== gcc Summary ===
# of expected passes 450
/home/gccbuild/build/nightly/build-gcc-6/gcc/xgcc version 6.4.1 20170911 [gcc-6-branch revision 251956] (GCC)
=== gcc tests ===
Running target unix/-m32
FAIL: gcc.dg/vect/pr46032.c scan-tree-dump-times vect "note: vectorized 1 loop" 1
=== gcc Summary for unix/-m32 ===
Running target unix/-m64
=== gcc Summary ===
# of expected passes 6149
# of unexpected failures 1
# of expected failures 13
# of unsupported tests 136
/home/gccbuild/build/nightly/build-gcc-6/gcc/xgcc version 6.4.1 20170911 [gcc-6-branch revision 251956] (GCC)
=== gcc tests ===
Running target unix/-m32
=== gcc Summary for unix/-m32 ===
Running target unix/-m64
=== gcc Summary ===
# of expected passes 453
/home/gccbuild/build/nightly/build-gcc-6/gcc/xgcc version 6.4.1 20170911 [gcc-6-branch revision 251956] (GCC)
=== gcc tests ===
Running target unix/-m32
=== gcc Summary for unix/-m32 ===
Running target unix/-m64
=== gcc Summary ===
# of expected passes 492
# of unsupported tests 6
/home/gccbuild/build/nightly/build-gcc-6/gcc/xgcc version 6.4.1 20170911 [gcc-6-branch revision 251956] (GCC)
=== gcc tests ===
Running target unix/-m32
=== gcc Summary for unix/-m32 ===
Running target unix/-m64
=== gcc Summary ===
# of expected passes 383
# of unsupported tests 4
/home/gccbuild/build/nightly/build-gcc-6/gcc/xgcc version 6.4.1 20170911 [gcc-6-branch revision 251956] (GCC)
=== gcc tests ===
Running target unix/-m32
=== gcc Summary for unix/-m32 ===
Running target unix/-m64
=== gcc Summary ===
# of expected passes 571
# of unsupported tests 1
/home/gccbuild/build/nightly/build-gcc-6/gcc/xgcc version 6.4.1 20170911 [gcc-6-branch revision 251956] (GCC)
=== gcc tests ===
Running target unix/-m32
=== gcc Summary for unix/-m32 ===
Running target unix/-m64
=== gcc Summary ===
# of expected passes 392
/home/gccbuild/build/nightly/build-gcc-6/gcc/xgcc version 6.4.1 20170911 [gcc-6-branch revision 251956] (GCC)
=== gcc tests ===
Running target unix/-m32
=== gcc Summary for unix/-m32 ===
Running target unix/-m64
=== gcc Summary ===
# of expected passes 415
# of expected failures 6
/home/gccbuild/build/nightly/build-gcc-6/gcc/xgcc version 6.4.1 20170911 [gcc-6-branch revision 251956] (GCC)
=== gcc tests ===
Running target unix/-m32
=== gcc Summary for unix/-m32 ===
Running target unix/-m64
=== gcc Summary ===
# of expected passes 448
/home/gccbuild/build/nightly/build-gcc-6/gcc/xgcc version 6.4.1 20170911 [gcc-6-branch revision 251956] (GCC)
=== gcc tests ===
Running target unix/-m32
=== gcc Summary for unix/-m32 ===
Running target unix/-m64
=== gcc Summary ===
# of expected passes 428
# of unsupported tests 9
/home/gccbuild/build/nightly/build-gcc-6/gcc/xgcc version 6.4.1 20170911 [gcc-6-branch revision 251956] (GCC)
=== gcc tests ===
Running target unix/-m32
=== gcc Summary for unix/-m32 ===
Running target unix/-m64
=== gcc Summary ===
# of expected passes 334
/home/gccbuild/build/nightly/build-gcc-6/gcc/xgcc version 6.4.1 20170911 [gcc-6-branch revision 251956] (GCC)
=== gcc tests ===
Running target unix/-m32
=== gcc Summary for unix/-m32 ===
Running target unix/-m64
=== gcc Summary ===
# of expected passes 310
/home/gccbuild/build/nightly/build-gcc-6/gcc/xgcc version 6.4.1 20170911 [gcc-6-branch revision 251956] (GCC)
=== gcc tests ===
Running target unix/-m32
FAIL: gcc.dg/uninit-22.c (test for excess errors)
FAIL: gcc.dg/vect/pr62171.c scan-tree-dump-not vect "versioned"
FAIL: gcc.dg/vect/no-vfa-vect-depend-2.c scan-tree-dump-times vect "vectorized 1 loops" 1
FAIL: gcc.dg/vect/no-vfa-vect-depend-3.c scan-tree-dump-times vect "vectorized 1 loops" 4
FAIL: gcc.dg/vect/no-tree-sra-bb-slp-pr50730.c scan-tree-dump-times slp2 "basic block vectorized" 1
=== gcc Summary for unix/-m32 ===
Running target unix/-m64
=== gcc Summary ===
# of expected passes 6177
# of unexpected failures 5
# of expected failures 14
# of unsupported tests 107
/home/gccbuild/build/nightly/build-gcc-6/gcc/xgcc version 6.4.1 20170911 [gcc-6-branch revision 251956] (GCC)
=== gcc tests ===
Running target unix/-m32
=== gcc Summary for unix/-m32 ===
Running target unix/-m64
=== gcc Summary ===
# of expected passes 434
# of unsupported tests 1
/home/gccbuild/build/nightly/build-gcc-6/gcc/xgcc version 6.4.1 20170911 [gcc-6-branch revision 251956] (GCC)
=== gcc tests ===
Running target unix/-m32
=== gcc Summary for unix/-m32 ===
Running target unix/-m64
=== gcc Summary ===
# of expected passes 319
/home/gccbuild/build/nightly/build-gcc-6/gcc/xgcc version 6.4.1 20170911 [gcc-6-branch revision 251956] (GCC)
=== gcc tests ===
Running target unix/-m32
=== gcc Summary for unix/-m32 ===
Running target unix/-m64
=== gcc Summary ===
# of expected passes 410
# of unsupported tests 8
/home/gccbuild/build/nightly/build-gcc-6/gcc/xgcc version 6.4.1 20170911 [gcc-6-branch revision 251956] (GCC)
=== gcc tests ===
Running target unix/-m32
=== gcc Summary for unix/-m32 ===
Running target unix/-m64
=== gcc Summary ===
# of expected passes 5923
# of expected failures 3
# of unsupported tests 109
/home/gccbuild/build/nightly/build-gcc-6/gcc/xgcc version 6.4.1 20170911 [gcc-6-branch revision 251956] (GCC)
=== gcc tests ===
Running target unix/-m32
FAIL: gcc.dg/vect/bb-slp-pr65935.c scan-tree-dump-times slp1 "basic block vectorized" 1
FAIL: gcc.dg/vect/bb-slp-pr69907.c scan-tree-dump slp1 "BB vectorization with gaps at the end of a load is not supported"
=== gcc Summary for unix/-m32 ===
Running target unix/-m64
=== gcc Summary ===
# of expected passes 6542
# of unexpected failures 2
# of expected failures 19
# of unsupported tests 86
/home/gccbuild/build/nightly/build-gcc-6/gcc/xgcc version 6.4.1 20170911 [gcc-6-branch revision 251956] (GCC)
=== gcc tests ===
Running target unix/-m32
FAIL: gcc.dg/vect/costmodel/ppc/costmodel-vect-33.c scan-tree-dump-times vect "vectorization not profitable" 1
FAIL: gcc.dg/vect/vect-31.c -flto -ffat-lto-objects scan-tree-dump-times vect "vectorized 4 loops" 1
FAIL: gcc.dg/vect/bb-slp-pr65935.c -flto -ffat-lto-objects scan-tree-dump-times slp1 "basic block vectorized" 1
FAIL: gcc.dg/vect/bb-slp-pr69907.c -flto -ffat-lto-objects scan-tree-dump slp1 "BB vectorization with gaps at the end of a load is not supported"
XPASS: gcc.target/powerpc/20050830-1.c scan-assembler bdn
=== gcc Summary for unix/-m32 ===
Running target unix/-m64
=== gcc Summary ===
# of expected passes 5922
# of unexpected failures 4
# of unexpected successes 1
# of expected failures 9
# of unsupported tests 134
/home/gccbuild/build/nightly/build-gcc-6/gcc/xgcc version 6.4.1 20170911 [gcc-6-branch revision 251956] (GCC)
=== gcc tests ===
Running target unix/-m32
=== gcc Summary for unix/-m32 ===
Running target unix/-m64
=== gcc Summary ===
# of expected passes 7061
# of expected failures 9
# of unsupported tests 199
/home/gccbuild/build/nightly/build-gcc-6/gcc/xgcc version 6.4.1 20170911 [gcc-6-branch revision 251956] (GCC)
=== gcc tests ===
Running target unix/-m32
=== gcc Summary for unix/-m32 ===
Running target unix/-m64
=== gcc Summary ===
# of expected passes 8551
# of expected failures 13
# of unsupported tests 154
/home/gccbuild/build/nightly/build-gcc-6/gcc/xgcc version 6.4.1 20170911 [gcc-6-branch revision 251956] (GCC)
=== gfortran tests ===
Running target unix/-m32
XPASS: gfortran.dg/nint_2.f90 -O0 execution test
FAIL: gfortran.dg/ieee/large_2.f90 -O0 execution test
FAIL: gfortran.dg/ieee/large_2.f90 -O1 execution test
FAIL: gfortran.dg/ieee/large_2.f90 -O2 execution test
FAIL: gfortran.dg/ieee/large_2.f90 -O3 -fomit-frame-pointer -funroll-loops -fpeel-loops -ftracer -finline-functions execution test
FAIL: gfortran.dg/ieee/large_2.f90 -O3 -g execution test
FAIL: gfortran.dg/ieee/large_2.f90 -Os execution test
FAIL: gfortran.dg/vect/fast-math-pr37021.f90 -O scan-tree-dump vect "vectorized 2 loops"
FAIL: gfortran.dg/vect/pr52580.f -O scan-tree-dump-times vect "LOOP VECTORIZED" 1
FAIL: gfortran.dg/vect/pr62283-2.f -O scan-tree-dump slp2 "basic block vectorized"
FAIL: gfortran.dg/vect/vect-8.f90 -O scan-tree-dump-times vect "vectorized 20 loops" 1
FAIL: gfortran.dg/vect/vect-gems.f90 -O scan-tree-dump-times vect "vectorized 1 loops" 1
=== gfortran Summary for unix/-m32 ===
# of expected passes 4050
Running target unix/-m64
XPASS: gfortran.dg/nint_2.f90 -O0 execution test
FAIL: gfortran.dg/ieee/large_2.f90 -O0 execution test
FAIL: gfortran.dg/ieee/large_2.f90 -O1 execution test
FAIL: gfortran.dg/ieee/large_2.f90 -O2 execution test
FAIL: gfortran.dg/ieee/large_2.f90 -O3 -fomit-frame-pointer -funroll-loops -fpeel-loops -ftracer -finline-functions execution test
FAIL: gfortran.dg/ieee/large_2.f90 -O3 -g execution test
FAIL: gfortran.dg/ieee/large_2.f90 -Os execution test
FAIL: gfortran.dg/vect/fast-math-pr37021.f90 -O scan-tree-dump vect "vectorized 2 loops"
FAIL: gfortran.dg/vect/pr52580.f -O scan-tree-dump-times vect "LOOP VECTORIZED" 1
FAIL: gfortran.dg/vect/pr62283-2.f -O scan-tree-dump slp2 "basic block vectorized"
FAIL: gfortran.dg/vect/vect-8.f90 -O scan-tree-dump-times vect "vectorized 20 loops" 1
FAIL: gfortran.dg/vect/vect-gems.f90 -O scan-tree-dump-times vect "vectorized 1 loops" 1
=== gfortran Summary for unix/-m64 ===
# of expected passes 4050
=== gfortran Summary ===
# of expected passes 8100
/home/gccbuild/build/nightly/build-gcc-6/gcc/testsuite/gfortran/../../gfortran version 6.4.1 20170911 [gcc-6-branch revision 251956] (GCC)
=== go tests ===
Running target unix/-m32
FAIL: go.test/test/ken/cplx2.go execution, -O2 -g
=== go Summary for unix/-m32 ===
# of expected passes 6876
# of unexpected failures 1
# of expected failures 1
# of untested testcases 11
# of unsupported tests 3
Running target unix/-m64
FAIL: go.test/test/ken/cplx2.go execution, -O2 -g
=== go Summary for unix/-m64 ===
# of expected passes 6756
# of unexpected failures 1
# of expected failures 1
# of untested testcases 11
# of unsupported tests 3
=== go Summary ===
# of expected passes 13632
# of unexpected failures 2
# of expected failures 2
# of untested testcases 22
# of unsupported tests 6
/home/gccbuild/build/nightly/build-gcc-6/gcc/testsuite/go/../../gccgo version 6.4.1 20170911 [gcc-6-branch revision 251956] (GCC)
=== obj-c++ tests ===
Running target unix/-m32
=== obj-c++ Summary for unix/-m32 ===
# of expected passes 56
Running target unix/-m64
=== obj-c++ Summary for unix/-m64 ===
# of expected passes 56
=== obj-c++ Summary ===
# of expected passes 2900
# of expected failures 12
# of unsupported tests 154
/home/gccbuild/build/nightly/build-gcc-6/gcc/testsuite/obj-c++/../../xg++ version 6.4.1 20170911 [gcc-6-branch revision 251956] (GCC)
=== objc tests ===
Running target unix/-m32
=== objc Summary for unix/-m32 ===
# of expected passes 56
Running target unix/-m64
=== objc Summary for unix/-m64 ===
# of expected passes 56
=== objc Summary ===
# of expected passes 112
/home/gccbuild/build/nightly/build-gcc-6/gcc/xgcc version 6.4.1 20170911 [gcc-6-branch revision 251956] (GCC)
=== libatomic tests ===
Running target unix/-m32
=== libatomic Summary for unix/-m32 ===
# of expected passes 44
# of unsupported tests 5
Running target unix/-m64
=== libatomic Summary for unix/-m64 ===
# of expected passes 54
=== libatomic Summary ===
# of expected passes 98
# of unsupported tests 5
=== libffi tests ===
Running target unix/-m32
=== libffi Summary for unix/-m32 ===
# of expected passes 24
Running target unix/-m64
=== libffi Summary for unix/-m64 ===
# of expected passes 24
=== libffi Summary ===
# of expected passes 3868
# of unsupported tests 56
=== libgo tests ===
Running target unix
FAIL: time
=== libgo Summary for unix ===
# of expected passes 133
# of unexpected failures 1
Running target unix/-m32
FAIL: runtime
FAIL: time
FAIL: sync/atomic
=== libgo Summary for unix/-m32 ===
# of expected passes 131
# of unexpected failures 3
=== libgo Summary ===
# of expected passes 264
# of unexpected failures 4
/home/gccbuild/build/nightly/build-gcc-6/./gcc/gccgo version 6.4.1 20170911 [gcc-6-branch revision 251956] (GCC)
=== libgomp tests ===
Running target unix/-m32
FAIL: libgomp.oacc-c/../libgomp.oacc-c-c++-common/atomic_update-1.c -DACC_DEVICE_TYPE_host=1 -DACC_MEM_SHARED=1 -O2 execution test
FAIL: libgomp.oacc-c++/../libgomp.oacc-c-c++-common/atomic_update-1.c -DACC_DEVICE_TYPE_host=1 -DACC_MEM_SHARED=1 -O2 execution test
=== libgomp Summary for unix/-m32 ===
# of expected passes 787
# of unsupported tests 50
Running target unix/-m64
=== libgomp Summary ===
# of expected passes 5226
# of unexpected failures 2
# of unsupported tests 331
=== libitm tests ===
Running target unix/-m32
=== libitm Summary for unix/-m32 ===
# of expected passes 16
# of expected failures 1
# of unsupported tests 1
Running target unix/-m64
=== libitm Summary for unix/-m64 ===
# of expected passes 16
# of expected failures 1
# of unsupported tests 1
=== libitm Summary ===
# of expected passes 84
# of expected failures 6
# of unsupported tests 2
=== libstdc++ tests ===
Running target unix/-m32
=== libstdc++ Summary for unix/-m32 ===
# of unsupported tests 1
Running target unix/-m64
XPASS: 26_numerics/complex/13450.cc execution test
XPASS: 26_numerics/complex/pow.cc execution test
XPASS: 26_numerics/complex/value_operations/1.cc execution test
=== libstdc++ Summary for unix/-m64 ===
# of unsupported tests 1
=== libstdc++ Summary ===
# of unsupported tests 2
Compiler version: 6.4.1 20170911 [gcc-6-branch revision 251956] (GCC)
Platform: powerpc64-unknown-linux-gnu
configure flags: --prefix=/opt/gcc-nightly/6 --with-as=/home/gccbuild/binutils/install/binutils-2.26/bin/as --with-ld=/home/gccbuild/binutils/install/binutils-2.26/bin/ld --enable-languages=c,c++,fortran,objc,obj-c++,go --with-cpu=power7