This is the mail archive of the
gcc-testresults@gcc.gnu.org
mailing list for the GCC project.
Results for 7.2.1 20170911 [gcc-7-branch revision 251956] (GCC) testsuite on powerpc64-unknown-linux-gnu
- From: "Bill Seurer (POWER7)" <seurer at linux dot vnet dot ibm dot com>
- To: gcc-testresults at gcc dot gnu dot org
- Date: Mon, 11 Sep 2017 04:52:13 -0500
- Subject: Results for 7.2.1 20170911 [gcc-7-branch revision 251956] (GCC) testsuite on powerpc64-unknown-linux-gnu
- Authentication-results: sourceware.org; auth=none
Linux 2.6.32-696.10.1.el6.ppc64 ppc64
GNU C Library stable release version 2.12
GNU ld (GNU Binutils) 2.26.20160125
GNU assembler (GNU Binutils) 2.26.20160125
GNU Make 3.81
DejaGnu:
Expect version is 5.44.1.15
Tcl version is 8.5
Framework version is 1.4.4
64-bit
LAST_UPDATED: Mon Sep 11 04:53:41 UTC 2017 (revision 251956)
Native configuration is powerpc64-unknown-linux-gnu
=== g++ tests ===
Running target unix/-m32
=== g++ Summary for unix/-m32 ===
# of expected passes 722
# of unsupported tests 4
Running target unix/-m64
=== g++ Summary ===
# of expected passes 7003
# of expected failures 13
# of unsupported tests 509
/home/gccbuild/build/nightly/build-gcc-7/gcc/testsuite/g++10/../../xg++ version 7.2.1 20170911 [gcc-7-branch revision 251956] (GCC)
=== g++ tests ===
Running target unix/-m32
=== g++ Summary for unix/-m32 ===
# of expected passes 723
# of expected failures 3
Running target unix/-m64
=== g++ tests ===
Running target unix/-m32
=== g++ Summary for unix/-m32 ===
# of expected passes 1408
# of expected failures 9
# of unsupported tests 3
Running target unix/-m64
FAIL: g++.dg/tls/thread_local-order2.C -std=c++11 execution test
FAIL: g++.dg/tls/thread_local-order2.C -std=c++14 execution test
=== g++ Summary ===
# of expected passes 7534
# of unexpected failures 2
# of expected failures 27
# of unsupported tests 285
/home/gccbuild/build/nightly/build-gcc-7/gcc/testsuite/g++12/../../xg++ version 7.2.1 20170911 [gcc-7-branch revision 251956] (GCC)
=== g++ tests ===
Running target unix/-m32
=== g++ Summary for unix/-m32 ===
# of expected passes 786
# of expected failures 6
Running target unix/-m64
=== g++ Summary ===
# of expected passes 7000
# of expected failures 60
# of unsupported tests 384
/home/gccbuild/build/nightly/build-gcc-7/gcc/testsuite/g++13/../../xg++ version 7.2.1 20170911 [gcc-7-branch revision 251956] (GCC)
=== g++ tests ===
Running target unix/-m32
=== g++ Summary for unix/-m32 ===
# of expected passes 821
# of expected failures 6
Running target unix/-m64
=== g++ Summary ===
# of expected passes 6724
# of expected failures 60
# of unsupported tests 440
/home/gccbuild/build/nightly/build-gcc-7/gcc/testsuite/g++14/../../xg++ version 7.2.1 20170911 [gcc-7-branch revision 251956] (GCC)
=== g++ tests ===
Running target unix/-m32
=== g++ Summary for unix/-m32 ===
# of expected passes 821
# of expected failures 3
# of unsupported tests 3
Running target unix/-m64
=== g++ Summary ===
# of expected passes 7349
# of expected failures 81
# of unsupported tests 344
/home/gccbuild/build/nightly/build-gcc-7/gcc/testsuite/g++15/../../xg++ version 7.2.1 20170911 [gcc-7-branch revision 251956] (GCC)
=== g++ tests ===
Running target unix/-m32
=== g++ Summary for unix/-m32 ===
# of expected passes 716
# of expected failures 6
# of unsupported tests 18
Running target unix/-m64
=== g++ Summary ===
# of expected passes 7670
# of expected failures 32
# of unsupported tests 434
/home/gccbuild/build/nightly/build-gcc-7/gcc/testsuite/g++16/../../xg++ version 7.2.1 20170911 [gcc-7-branch revision 251956] (GCC)
=== g++ tests ===
Running target unix/-m32
=== g++ Summary for unix/-m32 ===
# of expected passes 756
# of expected failures 3
# of unsupported tests 3
Running target unix/-m64
=== g++ Summary ===
# of expected passes 6470
# of expected failures 27
# of unsupported tests 300
/home/gccbuild/build/nightly/build-gcc-7/gcc/testsuite/g++17/../../xg++ version 7.2.1 20170911 [gcc-7-branch revision 251956] (GCC)
=== g++ tests ===
Running target unix/-m32
=== g++ Summary for unix/-m32 ===
# of expected passes 594
Running target unix/-m64
=== g++ Summary ===
# of expected passes 6035
# of expected failures 53
# of unsupported tests 186
/home/gccbuild/build/nightly/build-gcc-7/gcc/testsuite/g++18/../../xg++ version 7.2.1 20170911 [gcc-7-branch revision 251956] (GCC)
=== g++ tests ===
Running target unix/-m32
=== g++ Summary for unix/-m32 ===
# of expected passes 943
Running target unix/-m64
=== g++ Summary ===
# of expected passes 7221
# of expected failures 5
# of unsupported tests 274
/home/gccbuild/build/nightly/build-gcc-7/gcc/testsuite/g++19/../../xg++ version 7.2.1 20170911 [gcc-7-branch revision 251956] (GCC)
=== g++ tests ===
Running target unix/-m32
FAIL: c-c++-common/asan/heap-overflow-1.c -O1 output pattern test, is =================================================================
FAIL: c-c++-common/asan/heap-overflow-1.c -O2 output pattern test, is =================================================================
FAIL: c-c++-common/asan/heap-overflow-1.c -O3 -g output pattern test, is =================================================================
FAIL: c-c++-common/asan/heap-overflow-1.c -Os output pattern test, is =================================================================
FAIL: c-c++-common/asan/heap-overflow-1.c -O2 -flto -fno-use-linker-plugin -flto-partition=none output pattern test, is =================================================================
FAIL: c-c++-common/asan/heap-overflow-1.c -O2 -flto -fuse-linker-plugin -fno-fat-lto-objects output pattern test, is =================================================================
=== g++ Summary for unix/-m32 ===
# of expected passes 912
# of expected failures 3
Running target unix/-m64
FAIL: c-c++-common/asan/swapcontext-test-1.c -O0 execution test
FAIL: c-c++-common/asan/swapcontext-test-1.c -O1 execution test
FAIL: c-c++-common/asan/swapcontext-test-1.c -O2 execution test
FAIL: c-c++-common/asan/swapcontext-test-1.c -O3 -fomit-frame-pointer -funroll-loops -fpeel-loops -ftracer -finline-functions execution test
FAIL: c-c++-common/asan/swapcontext-test-1.c -O3 -g execution test
FAIL: c-c++-common/asan/swapcontext-test-1.c -Os execution test
FAIL: c-c++-common/asan/swapcontext-test-1.c -O2 -flto -fno-use-linker-plugin -flto-partition=none execution test
FAIL: c-c++-common/asan/swapcontext-test-1.c -O2 -flto -fuse-linker-plugin -fno-fat-lto-objects execution test
=== g++ Summary ===
# of expected passes 7206
# of unexpected failures 14
# of expected failures 49
# of unsupported tests 413
/home/gccbuild/build/nightly/build-gcc-7/gcc/testsuite/g++1/../../xg++ version 7.2.1 20170911 [gcc-7-branch revision 251956] (GCC)
=== g++ tests ===
Running target unix/-m32
=== g++ Summary for unix/-m32 ===
# of expected passes 828
# of expected failures 4
# of unsupported tests 2
Running target unix/-m64
=== g++ Summary ===
# of expected passes 6764
# of expected failures 16
# of unsupported tests 321
/home/gccbuild/build/nightly/build-gcc-7/gcc/testsuite/g++20/../../xg++ version 7.2.1 20170911 [gcc-7-branch revision 251956] (GCC)
=== g++ tests ===
Running target unix/-m32
=== g++ Summary for unix/-m32 ===
# of expected passes 703
Running target unix/-m64
=== g++ Summary ===
# of expected passes 6750
# of expected failures 26
# of unsupported tests 274
/home/gccbuild/build/nightly/build-gcc-7/gcc/testsuite/g++21/../../xg++ version 7.2.1 20170911 [gcc-7-branch revision 251956] (GCC)
=== g++ tests ===
Running target unix/-m32
=== g++ Summary for unix/-m32 ===
# of expected passes 726
# of unsupported tests 12
Running target unix/-m64
=== g++ Summary ===
# of expected passes 6960
# of expected failures 30
# of unsupported tests 323
/home/gccbuild/build/nightly/build-gcc-7/gcc/testsuite/g++22/../../xg++ version 7.2.1 20170911 [gcc-7-branch revision 251956] (GCC)
=== g++ tests ===
Running target unix/-m32
=== g++ Summary for unix/-m32 ===
# of expected passes 579
# of expected failures 3
Running target unix/-m64
=== g++ Summary ===
# of expected passes 6941
# of expected failures 6
# of unsupported tests 266
/home/gccbuild/build/nightly/build-gcc-7/gcc/testsuite/g++23/../../xg++ version 7.2.1 20170911 [gcc-7-branch revision 251956] (GCC)
=== g++ tests ===
Running target unix/-m32
=== g++ Summary for unix/-m32 ===
# of expected passes 745
# of expected failures 3
# of unsupported tests 21
Running target unix/-m64
=== g++ Summary ===
# of expected passes 7134
# of expected failures 8
# of unsupported tests 303
/home/gccbuild/build/nightly/build-gcc-7/gcc/testsuite/g++24/../../xg++ version 7.2.1 20170911 [gcc-7-branch revision 251956] (GCC)
=== g++ tests ===
Running target unix/-m32
=== g++ Summary for unix/-m32 ===
# of expected passes 756
Running target unix/-m64
=== g++ Summary ===
# of expected passes 8930
# of expected failures 18
# of unsupported tests 365
/home/gccbuild/build/nightly/build-gcc-7/gcc/testsuite/g++2/../../xg++ version 7.2.1 20170911 [gcc-7-branch revision 251956] (GCC)
=== g++ tests ===
Running target unix/-m32
=== g++ Summary for unix/-m32 ===
# of expected passes 841
# of expected failures 3
Running target unix/-m64
=== g++ Summary ===
# of expected passes 9129
# of expected failures 16
# of unsupported tests 355
/home/gccbuild/build/nightly/build-gcc-7/gcc/testsuite/g++3/../../xg++ version 7.2.1 20170911 [gcc-7-branch revision 251956] (GCC)
=== g++ tests ===
Running target unix/-m32
=== g++ Summary for unix/-m32 ===
# of expected passes 683
Running target unix/-m64
=== g++ Summary ===
# of expected passes 7342
# of expected failures 15
# of unsupported tests 380
/home/gccbuild/build/nightly/build-gcc-7/gcc/testsuite/g++4/../../xg++ version 7.2.1 20170911 [gcc-7-branch revision 251956] (GCC)
=== g++ tests ===
Running target unix/-m32
=== g++ Summary for unix/-m32 ===
# of expected passes 741
# of unsupported tests 10
Running target unix/-m64
=== g++ Summary ===
# of expected passes 9006
# of expected failures 21
# of unsupported tests 360
/home/gccbuild/build/nightly/build-gcc-7/gcc/testsuite/g++5/../../xg++ version 7.2.1 20170911 [gcc-7-branch revision 251956] (GCC)
=== g++ tests ===
Running target unix/-m32
FAIL: c-c++-common/asan/sanity-check-pure-c-1.c -O1 output pattern test, is =================================================================
FAIL: c-c++-common/asan/sanity-check-pure-c-1.c -O2 output pattern test, is =================================================================
FAIL: c-c++-common/asan/sanity-check-pure-c-1.c -O3 -g output pattern test, is =================================================================
FAIL: c-c++-common/asan/sanity-check-pure-c-1.c -Os output pattern test, is =================================================================
FAIL: c-c++-common/asan/sanity-check-pure-c-1.c -O2 -flto -fno-use-linker-plugin -flto-partition=none output pattern test, is =================================================================
FAIL: c-c++-common/asan/sanity-check-pure-c-1.c -O2 -flto -fuse-linker-plugin -fno-fat-lto-objects output pattern test, is =================================================================
FAIL: g++.dg/tls/thread_local-order2.C -std=c++11 execution test
FAIL: g++.dg/tls/thread_local-order2.C -std=c++14 execution test
=== g++ Summary for unix/-m32 ===
# of expected passes 827
# of expected failures 3
Running target unix/-m64
=== g++ tests ===
Running target unix/-m32
FAIL: c-c++-common/asan/strncpy-overflow-1.c -O1 output pattern test, is =================================================================
FAIL: c-c++-common/asan/strncpy-overflow-1.c -O2 output pattern test, is =================================================================
FAIL: c-c++-common/asan/strncpy-overflow-1.c -O3 -g output pattern test, is =================================================================
FAIL: c-c++-common/asan/strncpy-overflow-1.c -Os output pattern test, is =================================================================
FAIL: c-c++-common/asan/strncpy-overflow-1.c -O2 -flto -fno-use-linker-plugin -flto-partition=none output pattern test, is =================================================================
FAIL: c-c++-common/asan/strncpy-overflow-1.c -O2 -flto -fuse-linker-plugin -fno-fat-lto-objects output pattern test, is =================================================================
FAIL: c-c++-common/asan/use-after-free-1.c -O1 output pattern test, is =================================================================
FAIL: c-c++-common/asan/use-after-free-1.c -O2 output pattern test, is =================================================================
FAIL: c-c++-common/asan/use-after-free-1.c -O3 -g output pattern test, is =================================================================
FAIL: c-c++-common/asan/use-after-free-1.c -Os output pattern test, is =================================================================
FAIL: c-c++-common/asan/use-after-free-1.c -O2 -flto -fno-use-linker-plugin -flto-partition=none output pattern test, is =================================================================
FAIL: c-c++-common/asan/use-after-free-1.c -O2 -flto -fuse-linker-plugin -fno-fat-lto-objects output pattern test, is =================================================================
=== g++ Summary for unix/-m32 ===
# of expected passes 711
Running target unix/-m64
=== g++ Summary ===
# of expected passes 7802
# of unexpected failures 12
# of expected failures 11
# of unsupported tests 370
/home/gccbuild/build/nightly/build-gcc-7/gcc/testsuite/g++7/../../xg++ version 7.2.1 20170911 [gcc-7-branch revision 251956] (GCC)
=== g++ tests ===
Running target unix/-m32
FAIL: g++.dg/asan/deep-stack-uaf-1.C -O0 output pattern test, is =================================================================
FAIL: g++.dg/asan/deep-stack-uaf-1.C -O1 output pattern test, is =================================================================
FAIL: g++.dg/asan/deep-stack-uaf-1.C -O2 output pattern test, is =================================================================
FAIL: g++.dg/asan/deep-stack-uaf-1.C -O3 -g output pattern test, is =================================================================
FAIL: g++.dg/asan/deep-stack-uaf-1.C -Os output pattern test, is =================================================================
=== g++ Summary for unix/-m32 ===
# of expected passes 844
# of unsupported tests 6
Running target unix/-m64
=== g++ Summary ===
# of expected passes 9517
# of unexpected failures 5
# of expected failures 34
# of unsupported tests 329
/home/gccbuild/build/nightly/build-gcc-7/gcc/testsuite/g++8/../../xg++ version 7.2.1 20170911 [gcc-7-branch revision 251956] (GCC)
=== g++ tests ===
Running target unix/-m32
=== g++ Summary for unix/-m32 ===
# of expected passes 1015
Running target unix/-m64
=== g++ Summary ===
# of expected passes 8904
# of expected failures 21
# of unsupported tests 372
/home/gccbuild/build/nightly/build-gcc-7/gcc/testsuite/g++9/../../xg++ version 7.2.1 20170911 [gcc-7-branch revision 251956] (GCC)
=== gcc tests ===
Running target unix/-m32
FAIL: gcc.dg/vect/vect-strided-a-u8-i2-gap.c scan-tree-dump-times vect "vectorized 1 loops" 1
FAIL: gcc.dg/vect/no-vfa-vect-depend-3.c scan-tree-dump-times vect "vectorized 1 loops" 4
=== gcc Summary for unix/-m32 ===
Running target unix/-m64
=== gcc Summary ===
# of expected passes 4550
# of unexpected failures 2
# of expected failures 7
# of unsupported tests 146
/home/gccbuild/build/nightly/build-gcc-7/gcc/xgcc version 7.2.1 20170911 [gcc-7-branch revision 251956] (GCC)
=== gcc tests ===
Running target unix/-m32
=== gcc Summary for unix/-m32 ===
Running target unix/-m64
=== gcc Summary ===
# of expected passes 5634
# of expected failures 22
# of unsupported tests 126
/home/gccbuild/build/nightly/build-gcc-7/gcc/xgcc version 7.2.1 20170911 [gcc-7-branch revision 251956] (GCC)
=== gcc tests ===
Running target unix/-m32
FAIL: gcc.dg/vect/bb-slp-pr65935.c -flto -ffat-lto-objects scan-tree-dump-times slp1 "basic block vectorized" 1
=== gcc Summary for unix/-m32 ===
Running target unix/-m64
=== gcc Summary ===
# of expected passes 6053
# of unexpected failures 1
# of expected failures 12
# of unsupported tests 120
/home/gccbuild/build/nightly/build-gcc-7/gcc/xgcc version 7.2.1 20170911 [gcc-7-branch revision 251956] (GCC)
=== gcc tests ===
Running target unix/-m32
=== gcc Summary for unix/-m32 ===
Running target unix/-m64
=== gcc Summary ===
# of expected passes 3978
# of expected failures 1
# of unsupported tests 141
/home/gccbuild/build/nightly/build-gcc-7/gcc/xgcc version 7.2.1 20170911 [gcc-7-branch revision 251956] (GCC)
=== gcc tests ===
Running target unix/-m32
FAIL: gcc.dg/vect/bb-slp-pr65935.c scan-tree-dump-times slp1 "basic block vectorized" 1
FAIL: gcc.dg/vect/bb-slp-subgroups-1.c scan-tree-dump-times slp2 "Basic block will be vectorized using SLP" 1
FAIL: gcc.dg/vect/bb-slp-subgroups-1.c scan-tree-dump-times slp2 "basic block vectorized" 1
FAIL: gcc.dg/vect/bb-slp-subgroups-2.c scan-tree-dump-times slp2 "Basic block will be vectorized using SLP" 1
FAIL: gcc.dg/vect/bb-slp-subgroups-2.c scan-tree-dump-times slp2 "basic block vectorized" 1
FAIL: gcc.dg/vect/bb-slp-subgroups-3.c scan-tree-dump-times slp2 "Basic block will be vectorized using SLP" 1
FAIL: gcc.dg/vect/bb-slp-subgroups-3.c scan-tree-dump-times slp2 "basic block vectorized" 1
FAIL: gcc.dg/vect/vect-strided-a-u8-i2-gap.c -flto -ffat-lto-objects scan-tree-dump-times vect "vectorized 1 loops" 1
=== gcc Summary for unix/-m32 ===
Running target unix/-m64
=== gcc Summary ===
# of expected passes 5472
# of unexpected failures 8
# of expected failures 10
# of unsupported tests 206
/home/gccbuild/build/nightly/build-gcc-7/gcc/xgcc version 7.2.1 20170911 [gcc-7-branch revision 251956] (GCC)
=== gcc tests ===
Running target unix/-m32
FAIL: c-c++-common/asan/heap-overflow-1.c -O1 output pattern test, is =================================================================
FAIL: c-c++-common/asan/heap-overflow-1.c -O2 output pattern test, is =================================================================
FAIL: c-c++-common/asan/heap-overflow-1.c -O3 -g output pattern test, is =================================================================
FAIL: c-c++-common/asan/heap-overflow-1.c -Os output pattern test, is =================================================================
FAIL: c-c++-common/asan/heap-overflow-1.c -O2 -flto -fno-use-linker-plugin -flto-partition=none output pattern test, is =================================================================
FAIL: c-c++-common/asan/heap-overflow-1.c -O2 -flto -fuse-linker-plugin -fno-fat-lto-objects output pattern test, is =================================================================
XPASS: gcc.dg/vect/vect-24.c -flto -ffat-lto-objects scan-tree-dump-times vect "vectorized 3 loops" 1
=== gcc Summary for unix/-m32 ===
Running target unix/-m64
=== gcc Summary ===
# of expected passes 4654
# of unexpected failures 6
# of unexpected successes 1
# of expected failures 3
# of unsupported tests 104
/home/gccbuild/build/nightly/build-gcc-7/gcc/xgcc version 7.2.1 20170911 [gcc-7-branch revision 251956] (GCC)
=== gcc tests ===
Running target unix/-m32
=== gcc Summary for unix/-m32 ===
Running target unix/-m64
=== gcc Summary ===
# of expected passes 4608
# of expected failures 14
# of unsupported tests 234
/home/gccbuild/build/nightly/build-gcc-7/gcc/xgcc version 7.2.1 20170911 [gcc-7-branch revision 251956] (GCC)
=== gcc tests ===
Running target unix/-m32
FAIL: gcc.dg/vect/pr46032.c scan-tree-dump-times vect "note: vectorized 1 loop" 1
FAIL: gcc.dg/vect/pr62171.c -flto -ffat-lto-objects scan-tree-dump-not vect "versioned"
FAIL: gcc.dg/vect/slp-43.c -flto -ffat-lto-objects scan-tree-dump-times vect "vectorized 1 loops" 2
=== gcc Summary for unix/-m32 ===
Running target unix/-m64
=== gcc Summary ===
# of expected passes 5529
# of unexpected failures 3
# of expected failures 14
# of unsupported tests 177
/home/gccbuild/build/nightly/build-gcc-7/gcc/xgcc version 7.2.1 20170911 [gcc-7-branch revision 251956] (GCC)
=== gcc tests ===
Running target unix/-m32
=== gcc Summary for unix/-m32 ===
Running target unix/-m64
=== gcc Summary ===
# of expected passes 4696
# of expected failures 32
# of unsupported tests 99
/home/gccbuild/build/nightly/build-gcc-7/gcc/xgcc version 7.2.1 20170911 [gcc-7-branch revision 251956] (GCC)
=== gcc tests ===
Running target unix/-m32
XPASS: gcc.dg/vect/vect-24.c scan-tree-dump-times vect "vectorized 3 loops" 1
FAIL: gcc.dg/vect/vect-117.c -flto -ffat-lto-objects scan-tree-dump-times vect "vectorized 1 loops" 1
=== gcc Summary for unix/-m32 ===
Running target unix/-m64
=== gcc Summary ===
# of expected passes 5564
# of unexpected failures 1
# of unexpected successes 1
# of expected failures 26
# of unsupported tests 66
/home/gccbuild/build/nightly/build-gcc-7/gcc/xgcc version 7.2.1 20170911 [gcc-7-branch revision 251956] (GCC)
=== gcc tests ===
Running target unix/-m32
=== gcc Summary for unix/-m32 ===
Running target unix/-m64
=== gcc Summary ===
# of expected passes 7866
# of expected failures 9
# of unsupported tests 118
/home/gccbuild/build/nightly/build-gcc-7/gcc/xgcc version 7.2.1 20170911 [gcc-7-branch revision 251956] (GCC)
=== gcc tests ===
Running target unix/-m32
FAIL: gcc.dg/torture/float32-basic.c -O0 execution test
FAIL: gcc.dg/torture/float32-basic.c -O1 execution test
FAIL: gcc.dg/torture/float32-basic.c -O2 execution test
FAIL: gcc.dg/torture/float32-basic.c -O3 -g execution test
FAIL: gcc.dg/torture/float32-basic.c -Os execution test
FAIL: gcc.dg/torture/float32-basic.c -O2 -flto -fno-use-linker-plugin -flto-partition=none execution test
FAIL: gcc.dg/torture/float32-basic.c -O2 -flto -fuse-linker-plugin -fno-fat-lto-objects execution test
FAIL: gcc.dg/vect/pr62171.c scan-tree-dump-not vect "versioned"
=== gcc Summary for unix/-m32 ===
Running target unix/-m64
=== gcc Summary ===
# of expected passes 4499
# of unexpected failures 8
# of expected failures 14
# of unsupported tests 132
/home/gccbuild/build/nightly/build-gcc-7/gcc/xgcc version 7.2.1 20170911 [gcc-7-branch revision 251956] (GCC)
=== gcc tests ===
Running target unix/-m32
FAIL: gcc.dg/vect/vect-31.c scan-tree-dump-times vect "vectorized 4 loops" 1
=== gcc Summary for unix/-m32 ===
Running target unix/-m64
=== gcc Summary ===
# of expected passes 4309
# of unexpected failures 1
# of expected failures 16
# of unsupported tests 161
/home/gccbuild/build/nightly/build-gcc-7/gcc/xgcc version 7.2.1 20170911 [gcc-7-branch revision 251956] (GCC)
=== gcc tests ===
Running target unix/-m32
FAIL: gcc.target/powerpc/vec-cmpne-long.c execution test
=== gcc Summary for unix/-m32 ===
Running target unix/-m64
=== gcc Summary ===
# of expected passes 760
# of unexpected failures 1
# of expected failures 1
# of unsupported tests 28
/home/gccbuild/build/nightly/build-gcc-7/gcc/xgcc version 7.2.1 20170911 [gcc-7-branch revision 251956] (GCC)
=== gcc tests ===
Running target unix/-m32
=== gcc Summary for unix/-m32 ===
Running target unix/-m64
=== gcc Summary ===
# of expected passes 458
# of unsupported tests 43
/home/gccbuild/build/nightly/build-gcc-7/gcc/xgcc version 7.2.1 20170911 [gcc-7-branch revision 251956] (GCC)
=== gcc tests ===
Running target unix/-m32
=== gcc Summary for unix/-m32 ===
Running target unix/-m64
=== gcc Summary ===
# of expected passes 297
# of unsupported tests 7
/home/gccbuild/build/nightly/build-gcc-7/gcc/xgcc version 7.2.1 20170911 [gcc-7-branch revision 251956] (GCC)
=== gcc tests ===
Running target unix/-m32
=== gcc Summary for unix/-m32 ===
Running target unix/-m64
=== gcc Summary ===
# of expected passes 6420
# of expected failures 4
# of unsupported tests 95
/home/gccbuild/build/nightly/build-gcc-7/gcc/xgcc version 7.2.1 20170911 [gcc-7-branch revision 251956] (GCC)
=== gcc tests ===
Running target unix/-m32
=== gcc Summary for unix/-m32 ===
Running target unix/-m64
=== gcc Summary ===
# of expected passes 5734
# of expected failures 19
# of unsupported tests 159
/home/gccbuild/build/nightly/build-gcc-7/gcc/xgcc version 7.2.1 20170911 [gcc-7-branch revision 251956] (GCC)
=== gcc tests ===
Running target unix/-m32
FAIL: gcc.dg/vect/bb-slp-subgroups-1.c -flto -ffat-lto-objects scan-tree-dump-times slp2 "Basic block will be vectorized using SLP" 1
FAIL: gcc.dg/vect/bb-slp-subgroups-1.c -flto -ffat-lto-objects scan-tree-dump-times slp2 "basic block vectorized" 1
FAIL: gcc.dg/vect/bb-slp-subgroups-2.c -flto -ffat-lto-objects scan-tree-dump-times slp2 "Basic block will be vectorized using SLP" 1
FAIL: gcc.dg/vect/bb-slp-subgroups-2.c -flto -ffat-lto-objects scan-tree-dump-times slp2 "basic block vectorized" 1
FAIL: gcc.dg/vect/bb-slp-subgroups-3.c -flto -ffat-lto-objects scan-tree-dump-times slp2 "Basic block will be vectorized using SLP" 1
FAIL: gcc.dg/vect/bb-slp-subgroups-3.c -flto -ffat-lto-objects scan-tree-dump-times slp2 "basic block vectorized" 1
=== gcc Summary for unix/-m32 ===
Running target unix/-m64
=== gcc Summary ===
# of expected passes 5110
# of unexpected failures 6
# of expected failures 15
# of unsupported tests 26
/home/gccbuild/build/nightly/build-gcc-7/gcc/xgcc version 7.2.1 20170911 [gcc-7-branch revision 251956] (GCC)
=== gcc tests ===
Running target unix/-m32
FAIL: gcc.dg/ipa/iinline-attr.c scan-ipa-dump inline "hooray[^\\\\n]*inline copy in test"
=== gcc Summary for unix/-m32 ===
Running target unix/-m64
=== gcc Summary ===
# of expected passes 4916
# of unexpected failures 1
# of expected failures 5
# of unsupported tests 86
/home/gccbuild/build/nightly/build-gcc-7/gcc/xgcc version 7.2.1 20170911 [gcc-7-branch revision 251956] (GCC)
=== gcc tests ===
Running target unix/-m32
FAIL: gcc.dg/vect/vect-117.c scan-tree-dump-times vect "vectorized 1 loops" 1
FAIL: gcc.dg/vect/pr25413.c -flto -ffat-lto-objects scan-tree-dump-times vect "vectorized 1 loops" 0
FAIL: gcc.dg/vect/pr25413.c -flto -ffat-lto-objects scan-tree-dump-times vect "vector alignment may not be reachable" 1
FAIL: gcc.dg/vect/pr25413.c -flto -ffat-lto-objects scan-tree-dump-times vect "not vectorized: unsupported unaligned store" 1
FAIL: gcc.dg/vect/no-vfa-vect-depend-2.c scan-tree-dump-times vect "vectorized 1 loops" 1
FAIL: gcc.dg/vect/no-tree-sra-bb-slp-pr50730.c scan-tree-dump-times slp2 "basic block vectorized" 1
=== gcc Summary for unix/-m32 ===
Running target unix/-m64
=== gcc Summary ===
# of expected passes 4746
# of unexpected failures 6
# of expected failures 17
# of unsupported tests 155
/home/gccbuild/build/nightly/build-gcc-7/gcc/xgcc version 7.2.1 20170911 [gcc-7-branch revision 251956] (GCC)
=== gcc tests ===
Running target unix/-m32
FAIL: c-c++-common/asan/sanity-check-pure-c-1.c -O1 output pattern test, is =================================================================
FAIL: c-c++-common/asan/sanity-check-pure-c-1.c -O2 output pattern test, is =================================================================
FAIL: c-c++-common/asan/sanity-check-pure-c-1.c -O3 -g output pattern test, is =================================================================
FAIL: c-c++-common/asan/sanity-check-pure-c-1.c -Os output pattern test, is =================================================================
FAIL: c-c++-common/asan/sanity-check-pure-c-1.c -O2 -flto -fno-use-linker-plugin -flto-partition=none output pattern test, is =================================================================
FAIL: c-c++-common/asan/sanity-check-pure-c-1.c -O2 -flto -fuse-linker-plugin -fno-fat-lto-objects output pattern test, is =================================================================
FAIL: c-c++-common/asan/strncpy-overflow-1.c -O1 output pattern test, is =================================================================
FAIL: c-c++-common/asan/strncpy-overflow-1.c -O2 output pattern test, is =================================================================
FAIL: c-c++-common/asan/strncpy-overflow-1.c -O3 -g output pattern test, is =================================================================
FAIL: c-c++-common/asan/strncpy-overflow-1.c -Os output pattern test, is =================================================================
FAIL: c-c++-common/asan/strncpy-overflow-1.c -O2 -flto -fno-use-linker-plugin -flto-partition=none output pattern test, is =================================================================
FAIL: c-c++-common/asan/strncpy-overflow-1.c -O2 -flto -fuse-linker-plugin -fno-fat-lto-objects output pattern test, is =================================================================
FAIL: c-c++-common/asan/use-after-free-1.c -O1 output pattern test, is =================================================================
FAIL: c-c++-common/asan/use-after-free-1.c -O2 output pattern test, is =================================================================
FAIL: c-c++-common/asan/use-after-free-1.c -O3 -g output pattern test, is =================================================================
FAIL: c-c++-common/asan/use-after-free-1.c -Os output pattern test, is =================================================================
FAIL: c-c++-common/asan/use-after-free-1.c -O2 -flto -fno-use-linker-plugin -flto-partition=none output pattern test, is =================================================================
FAIL: c-c++-common/asan/use-after-free-1.c -O2 -flto -fuse-linker-plugin -fno-fat-lto-objects output pattern test, is =================================================================
FAIL: gcc.dg/vect/slp-43.c scan-tree-dump-times vect "vectorized 1 loops" 2
=== gcc Summary for unix/-m32 ===
Running target unix/-m64
=== gcc Summary ===
# of expected passes 4557
# of unexpected failures 19
# of expected failures 13
# of unsupported tests 125
/home/gccbuild/build/nightly/build-gcc-7/gcc/xgcc version 7.2.1 20170911 [gcc-7-branch revision 251956] (GCC)
=== gcc tests ===
Running target unix/-m32
FAIL: gcc.dg/vect/pr46032.c -flto -ffat-lto-objects scan-tree-dump-times vect "note: vectorized 1 loop" 1
FAIL: gcc.dg/vect/vect-31.c -flto -ffat-lto-objects scan-tree-dump-times vect "vectorized 4 loops" 1
=== gcc Summary for unix/-m32 ===
Running target unix/-m64
=== gcc Summary ===
# of expected passes 4914
# of unexpected failures 2
# of expected failures 18
# of unsupported tests 79
/home/gccbuild/build/nightly/build-gcc-7/gcc/xgcc version 7.2.1 20170911 [gcc-7-branch revision 251956] (GCC)
=== gcc tests ===
Running target unix/-m32
=== gcc Summary for unix/-m32 ===
Running target unix/-m64
=== gcc Summary ===
# of expected passes 6671
# of expected failures 28
# of unsupported tests 110
/home/gccbuild/build/nightly/build-gcc-7/gcc/xgcc version 7.2.1 20170911 [gcc-7-branch revision 251956] (GCC)
=== gcc tests ===
Running target unix/-m32
FAIL: gcc.dg/vect/pr25413.c scan-tree-dump-times vect "vectorized 1 loops" 0
FAIL: gcc.dg/vect/pr25413.c scan-tree-dump-times vect "vector alignment may not be reachable" 1
FAIL: gcc.dg/vect/pr25413.c scan-tree-dump-times vect "not vectorized: unsupported unaligned store" 1
=== gcc Summary for unix/-m32 ===
Running target unix/-m64
=== gcc Summary ===
# of expected passes 6992
# of unexpected failures 3
# of expected failures 20
# of unsupported tests 69
/home/gccbuild/build/nightly/build-gcc-7/gcc/xgcc version 7.2.1 20170911 [gcc-7-branch revision 251956] (GCC)
=== gfortran tests ===
Running target unix/-m32
FAIL: gfortran.dg/vect/pr52580.f -O scan-tree-dump-times vect "LOOP VECTORIZED" 1
FAIL: gfortran.dg/vect/pr62283-2.f -O scan-tree-dump slp2 "basic block vectorized"
=== gfortran Summary for unix/-m32 ===
# of expected passes 360
Running target unix/-m64
=== gfortran Summary ===
# of expected passes 5742
# of unexpected failures 2
# of expected failures 28
# of unsupported tests 10
/home/gccbuild/build/nightly/build-gcc-7/gcc/testsuite/gfortran10/../../gfortran version 7.2.1 20170911 [gcc-7-branch revision 251956] (GCC)
=== gfortran tests ===
Running target unix/-m32
FAIL: gfortran.dg/vect/fast-math-pr37021.f90 -O scan-tree-dump vect "vectorized 2 loops"
=== gfortran Summary for unix/-m32 ===
# of expected passes 180
Running target unix/-m64
=== gfortran Summary ===
# of expected passes 5629
# of unexpected failures 1
# of expected failures 17
# of unsupported tests 18
/home/gccbuild/build/nightly/build-gcc-7/gcc/testsuite/gfortran11/../../gfortran version 7.2.1 20170911 [gcc-7-branch revision 251956] (GCC)
=== gfortran tests ===
Running target unix/-m32
=== gfortran Summary for unix/-m32 ===
# of expected passes 360
Running target unix/-m64
=== gfortran Summary ===
# of expected passes 4833
# of expected failures 4
# of unsupported tests 12
/home/gccbuild/build/nightly/build-gcc-7/gcc/testsuite/gfortran12/../../gfortran version 7.2.1 20170911 [gcc-7-branch revision 251956] (GCC)
=== gfortran tests ===
Running target unix/-m32
=== gfortran Summary for unix/-m32 ===
# of expected passes 360
Running target unix/-m64
=== gfortran Summary ===
# of expected passes 5144
# of expected failures 3
# of unsupported tests 16
/home/gccbuild/build/nightly/build-gcc-7/gcc/testsuite/gfortran13/../../gfortran version 7.2.1 20170911 [gcc-7-branch revision 251956] (GCC)
=== gfortran tests ===
Running target unix/-m32
=== gfortran Summary for unix/-m32 ===
Running target unix/-m64
=== gfortran Summary ===
# of expected passes 41
/home/gccbuild/build/nightly/build-gcc-7/gcc/testsuite/gfortran14/../../gfortran version 7.2.1 20170911 [gcc-7-branch revision 251956] (GCC)
=== gfortran tests ===
Running target unix/-m32
FAIL: gfortran.dg/ieee/large_2.f90 -O0 execution test
FAIL: gfortran.dg/ieee/large_2.f90 -O1 execution test
FAIL: gfortran.dg/ieee/large_2.f90 -O2 execution test
FAIL: gfortran.dg/ieee/large_2.f90 -O3 -fomit-frame-pointer -funroll-loops -fpeel-loops -ftracer -finline-functions execution test
FAIL: gfortran.dg/ieee/large_2.f90 -O3 -g execution test
FAIL: gfortran.dg/ieee/large_2.f90 -Os execution test
=== gfortran Summary for unix/-m32 ===
# of expected passes 180
Running target unix/-m64
=== gfortran Summary ===
# of expected passes 5457
# of unexpected failures 6
# of expected failures 10
# of unsupported tests 43
/home/gccbuild/build/nightly/build-gcc-7/gcc/testsuite/gfortran1/../../gfortran version 7.2.1 20170911 [gcc-7-branch revision 251956] (GCC)
=== gfortran tests ===
Running target unix/-m32
=== gfortran Summary for unix/-m32 ===
# of expected passes 216
Running target unix/-m64
=== gfortran Summary ===
# of expected passes 5626
# of expected failures 3
# of unsupported tests 13
/home/gccbuild/build/nightly/build-gcc-7/gcc/testsuite/gfortran2/../../gfortran version 7.2.1 20170911 [gcc-7-branch revision 251956] (GCC)
=== gfortran tests ===
Running target unix/-m32
=== gfortran Summary for unix/-m32 ===
# of expected passes 180
Running target unix/-m64
=== gfortran Summary ===
# of expected passes 5402
# of expected failures 15
# of unsupported tests 14
/home/gccbuild/build/nightly/build-gcc-7/gcc/testsuite/gfortran3/../../gfortran version 7.2.1 20170911 [gcc-7-branch revision 251956] (GCC)
=== gfortran tests ===
Running target unix/-m32
=== gfortran Summary for unix/-m32 ===
# of expected passes 360
Running target unix/-m64
=== gfortran Summary ===
# of expected passes 5446
# of expected failures 9
# of unsupported tests 41
/home/gccbuild/build/nightly/build-gcc-7/gcc/testsuite/gfortran4/../../gfortran version 7.2.1 20170911 [gcc-7-branch revision 251956] (GCC)
=== gfortran tests ===
Running target unix/-m32
=== gfortran Summary for unix/-m32 ===
# of expected passes 360
Running target unix/-m64
=== gfortran Summary ===
# of expected passes 5726
# of expected failures 5
# of unsupported tests 17
/home/gccbuild/build/nightly/build-gcc-7/gcc/testsuite/gfortran5/../../gfortran version 7.2.1 20170911 [gcc-7-branch revision 251956] (GCC)
=== gfortran tests ===
Running target unix/-m32
=== gfortran Summary for unix/-m32 ===
# of expected passes 360
Running target unix/-m64
=== gfortran Summary ===
# of expected passes 5513
# of expected failures 12
# of unsupported tests 15
/home/gccbuild/build/nightly/build-gcc-7/gcc/testsuite/gfortran6/../../gfortran version 7.2.1 20170911 [gcc-7-branch revision 251956] (GCC)
=== gfortran tests ===
Running target unix/-m32
FAIL: gfortran.dg/vect/vect-8.f90 -O scan-tree-dump-times vect "vectorized 21 loops" 1
FAIL: gfortran.dg/vect/vect-gems.f90 -O scan-tree-dump-times vect "vectorized 1 loops" 1
=== gfortran Summary for unix/-m32 ===
# of expected passes 180
Running target unix/-m64
=== gfortran Summary ===
# of expected passes 5400
# of unexpected failures 2
# of expected failures 34
# of unsupported tests 13
/home/gccbuild/build/nightly/build-gcc-7/gcc/testsuite/gfortran7/../../gfortran version 7.2.1 20170911 [gcc-7-branch revision 251956] (GCC)
=== gfortran tests ===
Running target unix/-m32
=== gfortran Summary for unix/-m32 ===
# of expected passes 234
Running target unix/-m64
=== gfortran Summary ===
# of expected passes 5007
# of expected failures 1
# of unsupported tests 24
/home/gccbuild/build/nightly/build-gcc-7/gcc/testsuite/gfortran8/../../gfortran version 7.2.1 20170911 [gcc-7-branch revision 251956] (GCC)
=== gfortran tests ===
Running target unix/-m32
=== gfortran Summary for unix/-m32 ===
# of expected passes 360
Running target unix/-m64
=== gfortran Summary ===
# of expected passes 5135
# of expected failures 9
# of unsupported tests 14
/home/gccbuild/build/nightly/build-gcc-7/gcc/testsuite/gfortran9/../../gfortran version 7.2.1 20170911 [gcc-7-branch revision 251956] (GCC)
=== gfortran tests ===
Running target unix/-m32
=== gfortran Summary for unix/-m32 ===
# of expected passes 360
Running target unix/-m64
=== gfortran Summary ===
# of expected passes 5564
# of expected failures 17
# of unsupported tests 33
/home/gccbuild/build/nightly/build-gcc-7/gcc/testsuite/gfortran/../../gfortran version 7.2.1 20170911 [gcc-7-branch revision 251956] (GCC)
=== g++ tests ===
Running target unix/-m32
=== g++ Summary for unix/-m32 ===
# of expected passes 1132
# of expected failures 6
# of unsupported tests 4
Running target unix/-m64
=== g++ Summary ===
# of expected passes 8979
# of expected failures 26
# of unsupported tests 322
/home/gccbuild/build/nightly/build-gcc-7/gcc/testsuite/g++/../../xg++ version 7.2.1 20170911 [gcc-7-branch revision 251956] (GCC)
=== go tests ===
Running target unix/-m32
FAIL: go.test/test/ken/cplx2.go execution, -O2 -g
=== go Summary for unix/-m32 ===
# of expected passes 6875
# of unexpected failures 1
# of expected failures 1
# of untested testcases 11
# of unsupported tests 3
Running target unix/-m64
FAIL: go.test/test/ken/cplx2.go execution, -O2 -g
=== go Summary for unix/-m64 ===
# of expected passes 6755
# of unexpected failures 1
# of expected failures 1
# of untested testcases 11
# of unsupported tests 3
=== go Summary ===
# of expected passes 13630
# of unexpected failures 2
# of expected failures 2
# of untested testcases 22
# of unsupported tests 6
/home/gccbuild/build/nightly/build-gcc-7/gcc/testsuite/go/../../gccgo version 7.2.1 20170911 [gcc-7-branch revision 251956] (GCC)
=== obj-c++ tests ===
Running target unix/-m32
=== obj-c++ Summary for unix/-m32 ===
# of expected passes 56
Running target unix/-m64
=== obj-c++ Summary for unix/-m64 ===
# of expected passes 56
=== obj-c++ Summary ===
# of expected passes 2910
# of expected failures 12
# of unsupported tests 154
/home/gccbuild/build/nightly/build-gcc-7/gcc/testsuite/obj-c++/../../xg++ version 7.2.1 20170911 [gcc-7-branch revision 251956] (GCC)
=== objc tests ===
Running target unix/-m32
=== objc Summary for unix/-m32 ===
# of expected passes 56
Running target unix/-m64
=== objc Summary for unix/-m64 ===
# of expected passes 56
=== objc Summary ===
# of expected passes 112
/home/gccbuild/build/nightly/build-gcc-7/gcc/xgcc version 7.2.1 20170911 [gcc-7-branch revision 251956] (GCC)
=== libatomic tests ===
Running target unix/-m32
=== libatomic Summary for unix/-m32 ===
# of expected passes 44
# of unsupported tests 5
Running target unix/-m64
=== libatomic Summary for unix/-m64 ===
# of expected passes 54
=== libatomic Summary ===
# of expected passes 98
# of unsupported tests 5
=== libffi tests ===
Running target unix/-m32
=== libffi Summary for unix/-m32 ===
# of expected passes 24
Running target unix/-m64
=== libffi Summary for unix/-m64 ===
# of expected passes 24
=== libffi Summary ===
# of expected passes 3868
# of unsupported tests 56
=== libgo tests ===
Running target unix
FAIL: internal/trace
=== libgo Summary for unix ===
# of expected passes 144
# of unexpected failures 1
Running target unix/-m32
FAIL: runtime
FAIL: internal/trace
FAIL: net/http
FAIL: runtime/internal/atomic
FAIL: sync/atomic
=== libgo Summary for unix/-m32 ===
# of expected passes 140
# of unexpected failures 5
=== libgo Summary ===
# of expected passes 284
# of unexpected failures 6
/home/gccbuild/build/nightly/build-gcc-7/./gcc/gccgo version 7.2.1 20170911 [gcc-7-branch revision 251956] (GCC)
=== libgomp tests ===
Running target unix/-m32
FAIL: libgomp.oacc-c/../libgomp.oacc-c-c++-common/atomic_update-1.c -DACC_DEVICE_TYPE_host=1 -DACC_MEM_SHARED=1 -O2 execution test
FAIL: libgomp.oacc-c++/../libgomp.oacc-c-c++-common/atomic_update-1.c -DACC_DEVICE_TYPE_host=1 -DACC_MEM_SHARED=1 -O2 execution test
=== libgomp Summary ===
# of expected passes 4774
# of unexpected failures 2
# of unsupported tests 373
=== libitm tests ===
Running target unix/-m32
=== libitm Summary for unix/-m32 ===
# of expected passes 16
# of expected failures 1
# of unsupported tests 1
Running target unix/-m64
=== libitm Summary for unix/-m64 ===
# of expected passes 16
# of expected failures 1
# of unsupported tests 1
=== libitm Summary ===
# of expected passes 84
# of expected failures 6
# of unsupported tests 2
=== libstdc++ tests ===
Running target unix/-m32
FAIL: libstdc++-abi/abi_check
=== libstdc++ Summary for unix/-m32 ===
# of unsupported tests 1
Running target unix/-m64
=== libstdc++ Summary for unix/-m64 ===
# of unsupported tests 1
=== libstdc++ Summary ===
# of unsupported tests 2
Compiler version: 7.2.1 20170911 [gcc-7-branch revision 251956] (GCC)
Platform: powerpc64-unknown-linux-gnu
configure flags: --prefix=/opt/gcc-nightly/7 --with-as=/home/gccbuild/binutils/install/binutils-2.26/bin/as --with-ld=/home/gccbuild/binutils/install/binutils-2.26/bin/ld --enable-languages=c,c++,fortran,objc,obj-c++,go --with-cpu=power7