This is the mail archive of the
gcc-testresults@gcc.gnu.org
mailing list for the GCC project.
Results for 7.2.1 20170910 [gcc-7-branch revision 251952] (GCC) testsuite on powerpc64-unknown-linux-gnu
- From: "Bill Seurer (POWER7)" <seurer at linux dot vnet dot ibm dot com>
- To: gcc-testresults at gcc dot gnu dot org
- Date: Sun, 10 Sep 2017 23:34:11 -0500
- Subject: Results for 7.2.1 20170910 [gcc-7-branch revision 251952] (GCC) testsuite on powerpc64-unknown-linux-gnu
- Authentication-results: sourceware.org; auth=none
Linux 2.6.32-696.10.1.el6.ppc64 ppc64
GNU C Library stable release version 2.12
GNU ld (GNU Binutils) 2.26.20160125
GNU assembler (GNU Binutils) 2.26.20160125
GNU Make 3.81
DejaGnu:
Expect version is 5.44.1.15
Tcl version is 8.5
Framework version is 1.4.4
64-bit
LAST_UPDATED: Sun Sep 10 23:35:07 UTC 2017 (revision 251952)
Native configuration is powerpc64-unknown-linux-gnu
=== g++ tests ===
Running target unix/-m32
=== g++ Summary for unix/-m32 ===
# of expected passes 964
Running target unix/-m64
=== g++ Summary ===
# of expected passes 5447
# of expected failures 3
# of unsupported tests 302
/home/gccbuild/build/nightly/build-gcc-7/gcc/testsuite/g++10/../../xg++ version 7.2.1 20170910 [gcc-7-branch revision 251952] (GCC)
=== g++ tests ===
Running target unix/-m32
=== g++ Summary for unix/-m32 ===
# of expected passes 828
Running target unix/-m64
=== g++ Summary ===
# of expected passes 4720
# of expected failures 12
# of unsupported tests 385
/home/gccbuild/build/nightly/build-gcc-7/gcc/testsuite/g++11/../../xg++ version 7.2.1 20170910 [gcc-7-branch revision 251952] (GCC)
=== g++ tests ===
Running target unix/-m32
=== g++ Summary for unix/-m32 ===
# of expected passes 1010
# of expected failures 3
Running target unix/-m64
=== g++ Summary ===
# of expected passes 6095
# of expected failures 18
# of unsupported tests 291
/home/gccbuild/build/nightly/build-gcc-7/gcc/testsuite/g++12/../../xg++ version 7.2.1 20170910 [gcc-7-branch revision 251952] (GCC)
=== g++ tests ===
Running target unix/-m32
=== g++ Summary for unix/-m32 ===
# of expected passes 860
# of expected failures 3
# of unsupported tests 2
Running target unix/-m64
=== g++ Summary ===
# of expected passes 5555
# of expected failures 9
# of unsupported tests 470
/home/gccbuild/build/nightly/build-gcc-7/gcc/testsuite/g++13/../../xg++ version 7.2.1 20170910 [gcc-7-branch revision 251952] (GCC)
=== g++ tests ===
Running target unix/-m32
=== g++ Summary for unix/-m32 ===
# of expected passes 846
# of expected failures 6
# of unsupported tests 6
Running target unix/-m64
=== g++ Summary ===
# of expected passes 6610
# of expected failures 19
# of unsupported tests 299
/home/gccbuild/build/nightly/build-gcc-7/gcc/testsuite/g++14/../../xg++ version 7.2.1 20170910 [gcc-7-branch revision 251952] (GCC)
=== g++ tests ===
Running target unix/-m32
=== g++ Summary for unix/-m32 ===
# of expected passes 872
# of expected failures 3
Running target unix/-m64
=== g++ Summary ===
# of expected passes 5737
# of expected failures 36
# of unsupported tests 318
/home/gccbuild/build/nightly/build-gcc-7/gcc/testsuite/g++15/../../xg++ version 7.2.1 20170910 [gcc-7-branch revision 251952] (GCC)
=== g++ tests ===
Running target unix/-m32
FAIL: g++.dg/tls/thread_local-order2.C -std=c++11 execution test
FAIL: g++.dg/tls/thread_local-order2.C -std=c++14 execution test
=== g++ Summary for unix/-m32 ===
# of expected passes 853
# of expected failures 6
# of unsupported tests 2
Running target unix/-m64
=== g++ Summary ===
# of expected passes 4589
# of unexpected failures 2
# of expected failures 8
# of unsupported tests 380
/home/gccbuild/build/nightly/build-gcc-7/gcc/testsuite/g++16/../../xg++ version 7.2.1 20170910 [gcc-7-branch revision 251952] (GCC)
=== g++ tests ===
Running target unix/-m32
=== g++ Summary for unix/-m32 ===
# of expected passes 1064
# of expected failures 6
# of unsupported tests 4
Running target unix/-m64
=== g++ Summary ===
# of expected passes 6631
# of expected failures 12
# of unsupported tests 298
/home/gccbuild/build/nightly/build-gcc-7/gcc/testsuite/g++17/../../xg++ version 7.2.1 20170910 [gcc-7-branch revision 251952] (GCC)
=== g++ tests ===
Running target unix/-m32
=== g++ Summary for unix/-m32 ===
# of expected passes 784
# of expected failures 6
# of unsupported tests 8
Running target unix/-m64
=== g++ Summary ===
# of expected passes 5142
# of expected failures 74
# of unsupported tests 430
/home/gccbuild/build/nightly/build-gcc-7/gcc/testsuite/g++18/../../xg++ version 7.2.1 20170910 [gcc-7-branch revision 251952] (GCC)
=== g++ tests ===
Running target unix/-m32
=== g++ Summary for unix/-m32 ===
# of expected passes 1145
# of expected failures 6
Running target unix/-m64
=== g++ Summary ===
# of expected passes 6028
# of expected failures 21
# of unsupported tests 391
/home/gccbuild/build/nightly/build-gcc-7/gcc/testsuite/g++19/../../xg++ version 7.2.1 20170910 [gcc-7-branch revision 251952] (GCC)
=== g++ tests ===
Running target unix/-m32
=== g++ Summary for unix/-m32 ===
# of expected passes 1089
# of expected failures 3
Running target unix/-m64
=== g++ Summary ===
# of expected passes 8712
# of expected failures 17
# of unsupported tests 290
/home/gccbuild/build/nightly/build-gcc-7/gcc/testsuite/g++1/../../xg++ version 7.2.1 20170910 [gcc-7-branch revision 251952] (GCC)
=== g++ tests ===
Running target unix/-m32
=== g++ Summary for unix/-m32 ===
# of expected passes 727
# of expected failures 3
Running target unix/-m64
=== g++ Summary ===
# of expected passes 4898
# of expected failures 6
# of unsupported tests 390
/home/gccbuild/build/nightly/build-gcc-7/gcc/testsuite/g++20/../../xg++ version 7.2.1 20170910 [gcc-7-branch revision 251952] (GCC)
=== g++ tests ===
Running target unix/-m32
=== g++ Summary for unix/-m32 ===
# of expected passes 815
# of expected failures 4
Running target unix/-m64
FAIL: c-c++-common/asan/swapcontext-test-1.c -O0 execution test
FAIL: c-c++-common/asan/swapcontext-test-1.c -O1 execution test
FAIL: c-c++-common/asan/swapcontext-test-1.c -O2 execution test
FAIL: c-c++-common/asan/swapcontext-test-1.c -O3 -fomit-frame-pointer -funroll-loops -fpeel-loops -ftracer -finline-functions execution test
FAIL: c-c++-common/asan/swapcontext-test-1.c -O3 -g execution test
FAIL: c-c++-common/asan/swapcontext-test-1.c -Os execution test
FAIL: c-c++-common/asan/swapcontext-test-1.c -O2 -flto -fno-use-linker-plugin -flto-partition=none execution test
FAIL: c-c++-common/asan/swapcontext-test-1.c -O2 -flto -fuse-linker-plugin -fno-fat-lto-objects execution test
=== g++ Summary ===
# of expected passes 6101
# of unexpected failures 8
# of expected failures 28
# of unsupported tests 263
/home/gccbuild/build/nightly/build-gcc-7/gcc/testsuite/g++21/../../xg++ version 7.2.1 20170910 [gcc-7-branch revision 251952] (GCC)
=== g++ tests ===
Running target unix/-m32
=== g++ Summary for unix/-m32 ===
# of expected passes 846
Running target unix/-m64
=== g++ Summary ===
# of expected passes 5047
# of expected failures 6
# of unsupported tests 399
/home/gccbuild/build/nightly/build-gcc-7/gcc/testsuite/g++22/../../xg++ version 7.2.1 20170910 [gcc-7-branch revision 251952] (GCC)
=== g++ tests ===
Running target unix/-m32
=== g++ Summary for unix/-m32 ===
# of expected passes 924
# of unsupported tests 3
Running target unix/-m64
=== g++ Summary ===
# of expected passes 5990
# of expected failures 12
# of unsupported tests 359
/home/gccbuild/build/nightly/build-gcc-7/gcc/testsuite/g++2/../../xg++ version 7.2.1 20170910 [gcc-7-branch revision 251952] (GCC)
=== g++ tests ===
Running target unix/-m32
=== g++ Summary for unix/-m32 ===
# of expected passes 561
Running target unix/-m64
=== g++ Summary ===
# of expected passes 6710
# of expected failures 12
# of unsupported tests 155
/home/gccbuild/build/nightly/build-gcc-7/gcc/testsuite/g++3/../../xg++ version 7.2.1 20170910 [gcc-7-branch revision 251952] (GCC)
=== g++ tests ===
Running target unix/-m32
=== g++ Summary for unix/-m32 ===
# of expected passes 1147
# of expected failures 3
# of unsupported tests 6
Running target unix/-m64
=== g++ Summary ===
# of expected passes 5336
# of expected failures 9
# of unsupported tests 263
/home/gccbuild/build/nightly/build-gcc-7/gcc/testsuite/g++4/../../xg++ version 7.2.1 20170910 [gcc-7-branch revision 251952] (GCC)
=== g++ tests ===
Running target unix/-m32
=== g++ Summary for unix/-m32 ===
# of expected passes 1094
# of unsupported tests 13
Running target unix/-m64
=== g++ Summary ===
# of expected passes 5901
# of expected failures 16
# of unsupported tests 367
/home/gccbuild/build/nightly/build-gcc-7/gcc/testsuite/g++5/../../xg++ version 7.2.1 20170910 [gcc-7-branch revision 251952] (GCC)
=== g++ tests ===
Running target unix/-m32
=== g++ Summary for unix/-m32 ===
# of expected passes 970
Running target unix/-m64
=== g++ Summary ===
# of expected passes 6327
# of expected failures 30
# of unsupported tests 426
/home/gccbuild/build/nightly/build-gcc-7/gcc/testsuite/g++6/../../xg++ version 7.2.1 20170910 [gcc-7-branch revision 251952] (GCC)
=== g++ tests ===
Running target unix/-m32
=== g++ Summary for unix/-m32 ===
# of expected passes 774
# of unsupported tests 18
Running target unix/-m64
=== g++ Summary ===
# of expected passes 6410
# of expected failures 41
# of unsupported tests 448
/home/gccbuild/build/nightly/build-gcc-7/gcc/testsuite/g++7/../../xg++ version 7.2.1 20170910 [gcc-7-branch revision 251952] (GCC)
=== g++ tests ===
Running target unix/-m32
=== g++ Summary for unix/-m32 ===
# of expected passes 730
Running target unix/-m64
=== g++ Summary ===
# of expected passes 5240
# of unsupported tests 304
/home/gccbuild/build/nightly/build-gcc-7/gcc/testsuite/g++8/../../xg++ version 7.2.1 20170910 [gcc-7-branch revision 251952] (GCC)
=== g++ tests ===
Running target unix/-m32
=== g++ Summary for unix/-m32 ===
# of expected passes 645
# of expected failures 3
# of unsupported tests 18
Running target unix/-m64
=== g++ Summary ===
# of expected passes 5746
# of expected failures 25
# of unsupported tests 433
/home/gccbuild/build/nightly/build-gcc-7/gcc/testsuite/g++9/../../xg++ version 7.2.1 20170910 [gcc-7-branch revision 251952] (GCC)
=== gcc tests ===
Running target unix/-m32
=== gcc Summary ===
# of expected passes 4009
# of expected failures 9
# of unsupported tests 42
/home/gccbuild/build/nightly/build-gcc-7/gcc/xgcc version 7.2.1 20170910 [gcc-7-branch revision 251952] (GCC)
=== gcc tests ===
Running target unix/-m32
FAIL: c-c++-common/asan/heap-overflow-1.c -O1 output pattern test, is =================================================================
FAIL: c-c++-common/asan/heap-overflow-1.c -O2 output pattern test, is =================================================================
FAIL: c-c++-common/asan/heap-overflow-1.c -O3 -g output pattern test, is =================================================================
FAIL: c-c++-common/asan/heap-overflow-1.c -Os output pattern test, is =================================================================
FAIL: c-c++-common/asan/heap-overflow-1.c -O2 -flto -fno-use-linker-plugin -flto-partition=none output pattern test, is =================================================================
FAIL: c-c++-common/asan/heap-overflow-1.c -O2 -flto -fuse-linker-plugin -fno-fat-lto-objects output pattern test, is =================================================================
=== gcc Summary ===
# of expected passes 5277
# of unexpected failures 6
# of expected failures 6
# of unsupported tests 155
/home/gccbuild/build/nightly/build-gcc-7/gcc/xgcc version 7.2.1 20170910 [gcc-7-branch revision 251952] (GCC)
=== gcc tests ===
Running target unix/-m32
=== gcc Summary ===
# of expected passes 4990
# of expected failures 10
# of unsupported tests 41
/home/gccbuild/build/nightly/build-gcc-7/gcc/xgcc version 7.2.1 20170910 [gcc-7-branch revision 251952] (GCC)
=== gcc tests ===
Running target unix/-m32
=== gcc Summary ===
# of expected passes 3947
# of expected failures 6
# of unsupported tests 200
/home/gccbuild/build/nightly/build-gcc-7/gcc/xgcc version 7.2.1 20170910 [gcc-7-branch revision 251952] (GCC)
=== gcc tests ===
Running target unix/-m32
FAIL: gcc.dg/ipa/iinline-attr.c scan-ipa-dump inline "hooray[^\\\\n]*inline copy in test"
=== gcc Summary ===
# of expected passes 4063
# of unexpected failures 1
# of expected failures 8
# of unsupported tests 107
/home/gccbuild/build/nightly/build-gcc-7/gcc/xgcc version 7.2.1 20170910 [gcc-7-branch revision 251952] (GCC)
=== gcc tests ===
Running target unix/-m32
=== gcc Summary ===
# of expected passes 4098
# of expected failures 3
# of unsupported tests 31
/home/gccbuild/build/nightly/build-gcc-7/gcc/xgcc version 7.2.1 20170910 [gcc-7-branch revision 251952] (GCC)
=== gcc tests ===
Running target unix/-m32
=== gcc Summary ===
# of expected passes 3587
# of expected failures 16
# of unsupported tests 47
/home/gccbuild/build/nightly/build-gcc-7/gcc/xgcc version 7.2.1 20170910 [gcc-7-branch revision 251952] (GCC)
=== gcc tests ===
Running target unix/-m32
=== gcc Summary ===
# of expected passes 4480
# of expected failures 2
# of unsupported tests 79
/home/gccbuild/build/nightly/build-gcc-7/gcc/xgcc version 7.2.1 20170910 [gcc-7-branch revision 251952] (GCC)
=== gcc tests ===
Running target unix/-m32
=== gcc Summary ===
# of expected passes 3062
# of expected failures 3
# of unsupported tests 171
/home/gccbuild/build/nightly/build-gcc-7/gcc/xgcc version 7.2.1 20170910 [gcc-7-branch revision 251952] (GCC)
=== gcc tests ===
Running target unix/-m32
=== gcc Summary ===
# of expected passes 3871
# of expected failures 21
# of unsupported tests 58
/home/gccbuild/build/nightly/build-gcc-7/gcc/xgcc version 7.2.1 20170910 [gcc-7-branch revision 251952] (GCC)
=== gcc tests ===
Running target unix/-m32
FAIL: c-c++-common/asan/sanity-check-pure-c-1.c -O1 output pattern test, is =================================================================
FAIL: c-c++-common/asan/sanity-check-pure-c-1.c -O2 output pattern test, is =================================================================
FAIL: c-c++-common/asan/sanity-check-pure-c-1.c -O3 -g output pattern test, is =================================================================
FAIL: c-c++-common/asan/sanity-check-pure-c-1.c -Os output pattern test, is =================================================================
FAIL: c-c++-common/asan/sanity-check-pure-c-1.c -O2 -flto -fno-use-linker-plugin -flto-partition=none output pattern test, is =================================================================
FAIL: c-c++-common/asan/sanity-check-pure-c-1.c -O2 -flto -fuse-linker-plugin -fno-fat-lto-objects output pattern test, is =================================================================
FAIL: c-c++-common/asan/strncpy-overflow-1.c -O1 output pattern test, is =================================================================
FAIL: c-c++-common/asan/strncpy-overflow-1.c -O2 output pattern test, is =================================================================
FAIL: c-c++-common/asan/strncpy-overflow-1.c -O3 -g output pattern test, is =================================================================
FAIL: c-c++-common/asan/strncpy-overflow-1.c -Os output pattern test, is =================================================================
FAIL: c-c++-common/asan/strncpy-overflow-1.c -O2 -flto -fno-use-linker-plugin -flto-partition=none output pattern test, is =================================================================
FAIL: c-c++-common/asan/strncpy-overflow-1.c -O2 -flto -fuse-linker-plugin -fno-fat-lto-objects output pattern test, is =================================================================
FAIL: c-c++-common/asan/use-after-free-1.c -O1 output pattern test, is =================================================================
FAIL: c-c++-common/asan/use-after-free-1.c -O2 output pattern test, is =================================================================
FAIL: c-c++-common/asan/use-after-free-1.c -O3 -g output pattern test, is =================================================================
FAIL: c-c++-common/asan/use-after-free-1.c -Os output pattern test, is =================================================================
FAIL: c-c++-common/asan/use-after-free-1.c -O2 -flto -fno-use-linker-plugin -flto-partition=none output pattern test, is =================================================================
FAIL: c-c++-common/asan/use-after-free-1.c -O2 -flto -fuse-linker-plugin -fno-fat-lto-objects output pattern test, is =================================================================
=== gcc Summary ===
# of expected passes 7974
# of unexpected failures 18
# of expected failures 2
# of unsupported tests 118
/home/gccbuild/build/nightly/build-gcc-7/gcc/xgcc version 7.2.1 20170910 [gcc-7-branch revision 251952] (GCC)
=== gcc tests ===
Running target unix/-m32
=== gcc Summary ===
# of expected passes 4265
# of expected failures 3
# of unsupported tests 31
/home/gccbuild/build/nightly/build-gcc-7/gcc/xgcc version 7.2.1 20170910 [gcc-7-branch revision 251952] (GCC)
=== gcc tests ===
Running target unix/-m32
=== gcc Summary ===
# of expected passes 4011
# of expected failures 1
# of unsupported tests 245
/home/gccbuild/build/nightly/build-gcc-7/gcc/xgcc version 7.2.1 20170910 [gcc-7-branch revision 251952] (GCC)
=== gcc tests ===
Running target unix/-m32
=== gcc Summary ===
# of expected passes 6486
# of expected failures 16
# of unsupported tests 110
/home/gccbuild/build/nightly/build-gcc-7/gcc/xgcc version 7.2.1 20170910 [gcc-7-branch revision 251952] (GCC)
=== gcc tests ===
Running target unix/-m32
=== gcc Summary ===
# of expected passes 4644
# of expected failures 5
# of unsupported tests 118
/home/gccbuild/build/nightly/build-gcc-7/gcc/xgcc version 7.2.1 20170910 [gcc-7-branch revision 251952] (GCC)
=== gcc tests ===
Running target unix/-m32
=== gcc Summary ===
# of expected passes 4338
# of expected failures 5
# of unsupported tests 76
/home/gccbuild/build/nightly/build-gcc-7/gcc/xgcc version 7.2.1 20170910 [gcc-7-branch revision 251952] (GCC)
=== gcc tests ===
Running target unix/-m32
FAIL: gcc.dg/torture/float32-basic.c -O0 execution test
FAIL: gcc.dg/torture/float32-basic.c -O1 execution test
FAIL: gcc.dg/torture/float32-basic.c -O2 execution test
FAIL: gcc.dg/torture/float32-basic.c -O3 -g execution test
FAIL: gcc.dg/torture/float32-basic.c -Os execution test
FAIL: gcc.dg/torture/float32-basic.c -O2 -flto -fno-use-linker-plugin -flto-partition=none execution test
FAIL: gcc.dg/torture/float32-basic.c -O2 -flto -fuse-linker-plugin -fno-fat-lto-objects execution test
=== gcc Summary ===
# of expected passes 4150
# of unexpected failures 7
# of expected failures 4
# of unsupported tests 157
/home/gccbuild/build/nightly/build-gcc-7/gcc/xgcc version 7.2.1 20170910 [gcc-7-branch revision 251952] (GCC)
=== gcc tests ===
Running target unix/-m32
=== gcc Summary ===
# of expected passes 4473
# of expected failures 5
# of unsupported tests 35
/home/gccbuild/build/nightly/build-gcc-7/gcc/xgcc version 7.2.1 20170910 [gcc-7-branch revision 251952] (GCC)
=== gcc tests ===
Running target unix/-m32
=== gcc Summary ===
# of expected passes 4949
# of expected failures 28
# of unsupported tests 77
/home/gccbuild/build/nightly/build-gcc-7/gcc/xgcc version 7.2.1 20170910 [gcc-7-branch revision 251952] (GCC)
=== gcc tests ===
Running target unix/-m32
=== gcc Summary ===
# of expected passes 7188
# of expected failures 9
# of unsupported tests 87
/home/gccbuild/build/nightly/build-gcc-7/gcc/xgcc version 7.2.1 20170910 [gcc-7-branch revision 251952] (GCC)
=== gfortran tests ===
Running target unix/-m32
=== gfortran Summary for unix/-m32 ===
# of expected passes 180
Running target unix/-m64
=== gfortran Summary ===
# of expected passes 4175
# of expected failures 15
# of unsupported tests 31
/home/gccbuild/build/nightly/build-gcc-7/gcc/testsuite/gfortran10/../../gfortran version 7.2.1 20170910 [gcc-7-branch revision 251952] (GCC)
=== gfortran tests ===
Running target unix/-m32
=== gfortran Summary for unix/-m32 ===
# of expected passes 180
Running target unix/-m64
=== gfortran Summary ===
# of expected passes 3725
# of expected failures 9
# of unsupported tests 12
/home/gccbuild/build/nightly/build-gcc-7/gcc/testsuite/gfortran11/../../gfortran version 7.2.1 20170910 [gcc-7-branch revision 251952] (GCC)
=== gfortran tests ===
Running target unix/-m32
=== gfortran Summary for unix/-m32 ===
# of expected passes 360
Running target unix/-m64
=== gfortran Summary ===
# of expected passes 3441
# of expected failures 3
# of unsupported tests 2
/home/gccbuild/build/nightly/build-gcc-7/gcc/testsuite/gfortran12/../../gfortran version 7.2.1 20170910 [gcc-7-branch revision 251952] (GCC)
=== gfortran tests ===
Running target unix/-m32
=== gfortran Summary for unix/-m32 ===
# of expected passes 180
Running target unix/-m64
=== gfortran Summary ===
# of expected passes 4154
# of expected failures 5
# of unsupported tests 19
/home/gccbuild/build/nightly/build-gcc-7/gcc/testsuite/gfortran13/../../gfortran version 7.2.1 20170910 [gcc-7-branch revision 251952] (GCC)
=== gfortran tests ===
Running target unix/-m32
=== gfortran Summary for unix/-m32 ===
# of expected passes 216
Running target unix/-m64
=== gfortran Summary ===
# of expected passes 3941
# of expected failures 10
# of unsupported tests 20
/home/gccbuild/build/nightly/build-gcc-7/gcc/testsuite/gfortran14/../../gfortran version 7.2.1 20170910 [gcc-7-branch revision 251952] (GCC)
=== gfortran tests ===
Running target unix/-m32
=== gfortran Summary for unix/-m32 ===
# of expected passes 180
Running target unix/-m64
=== gfortran Summary ===
# of expected passes 4021
# of expected failures 7
# of unsupported tests 14
/home/gccbuild/build/nightly/build-gcc-7/gcc/testsuite/gfortran15/../../gfortran version 7.2.1 20170910 [gcc-7-branch revision 251952] (GCC)
=== gfortran tests ===
Running target unix/-m32
FAIL: gfortran.dg/vect/vect-8.f90 -O scan-tree-dump-times vect "vectorized 21 loops" 1
FAIL: gfortran.dg/vect/vect-gems.f90 -O scan-tree-dump-times vect "vectorized 1 loops" 1
=== gfortran Summary for unix/-m32 ===
# of expected passes 180
Running target unix/-m64
=== gfortran Summary ===
# of expected passes 3777
# of unexpected failures 2
# of expected failures 20
# of unsupported tests 5
/home/gccbuild/build/nightly/build-gcc-7/gcc/testsuite/gfortran16/../../gfortran version 7.2.1 20170910 [gcc-7-branch revision 251952] (GCC)
=== gfortran tests ===
Running target unix/-m32
=== gfortran Summary for unix/-m32 ===
# of expected passes 180
Running target unix/-m64
=== gfortran Summary ===
# of expected passes 4037
# of expected failures 9
# of unsupported tests 25
/home/gccbuild/build/nightly/build-gcc-7/gcc/testsuite/gfortran17/../../gfortran version 7.2.1 20170910 [gcc-7-branch revision 251952] (GCC)
=== gfortran tests ===
Running target unix/-m32
=== gfortran Summary for unix/-m32 ===
Running target unix/-m64
=== gfortran Summary ===
# of expected passes 174
# of unsupported tests 1
/home/gccbuild/build/nightly/build-gcc-7/gcc/testsuite/gfortran18/../../gfortran version 7.2.1 20170910 [gcc-7-branch revision 251952] (GCC)
=== gfortran tests ===
Running target unix/-m32
=== gfortran Summary for unix/-m32 ===
# of expected passes 180
Running target unix/-m64
=== gfortran Summary ===
# of expected passes 4287
# of expected failures 6
# of unsupported tests 2
/home/gccbuild/build/nightly/build-gcc-7/gcc/testsuite/gfortran1/../../gfortran version 7.2.1 20170910 [gcc-7-branch revision 251952] (GCC)
=== gfortran tests ===
Running target unix/-m32
=== gfortran Summary for unix/-m32 ===
# of expected passes 360
Running target unix/-m64
=== gfortran Summary ===
# of expected passes 4686
# of expected failures 6
# of unsupported tests 20
/home/gccbuild/build/nightly/build-gcc-7/gcc/testsuite/gfortran2/../../gfortran version 7.2.1 20170910 [gcc-7-branch revision 251952] (GCC)
=== gfortran tests ===
Running target unix/-m32
=== gfortran Summary for unix/-m32 ===
# of expected passes 360
Running target unix/-m64
=== gfortran Summary ===
# of expected passes 4142
# of expected failures 17
# of unsupported tests 19
/home/gccbuild/build/nightly/build-gcc-7/gcc/testsuite/gfortran3/../../gfortran version 7.2.1 20170910 [gcc-7-branch revision 251952] (GCC)
=== gfortran tests ===
Running target unix/-m32
FAIL: gfortran.dg/ieee/large_2.f90 -O0 execution test
FAIL: gfortran.dg/ieee/large_2.f90 -O1 execution test
FAIL: gfortran.dg/ieee/large_2.f90 -O2 execution test
FAIL: gfortran.dg/ieee/large_2.f90 -O3 -fomit-frame-pointer -funroll-loops -fpeel-loops -ftracer -finline-functions execution test
FAIL: gfortran.dg/ieee/large_2.f90 -O3 -g execution test
FAIL: gfortran.dg/ieee/large_2.f90 -Os execution test
=== gfortran Summary for unix/-m32 ===
# of expected passes 180
Running target unix/-m64
=== gfortran Summary ===
# of expected passes 4562
# of unexpected failures 6
# of expected failures 6
# of unsupported tests 15
/home/gccbuild/build/nightly/build-gcc-7/gcc/testsuite/gfortran4/../../gfortran version 7.2.1 20170910 [gcc-7-branch revision 251952] (GCC)
=== gfortran tests ===
Running target unix/-m32
FAIL: gfortran.dg/vect/pr52580.f -O scan-tree-dump-times vect "LOOP VECTORIZED" 1
FAIL: gfortran.dg/vect/pr62283-2.f -O scan-tree-dump slp2 "basic block vectorized"
=== gfortran Summary for unix/-m32 ===
# of expected passes 180
Running target unix/-m64
=== gfortran Summary ===
# of expected passes 4348
# of unexpected failures 2
# of expected failures 15
# of unsupported tests 25
/home/gccbuild/build/nightly/build-gcc-7/gcc/testsuite/gfortran5/../../gfortran version 7.2.1 20170910 [gcc-7-branch revision 251952] (GCC)
=== gfortran tests ===
Running target unix/-m32
FAIL: gfortran.dg/vect/fast-math-pr37021.f90 -O scan-tree-dump vect "vectorized 2 loops"
=== gfortran Summary for unix/-m32 ===
# of expected passes 180
Running target unix/-m64
=== gfortran Summary ===
# of expected passes 4678
# of unexpected failures 1
# of expected failures 4
# of unsupported tests 14
/home/gccbuild/build/nightly/build-gcc-7/gcc/testsuite/gfortran6/../../gfortran version 7.2.1 20170910 [gcc-7-branch revision 251952] (GCC)
=== gfortran tests ===
Running target unix/-m32
=== gfortran Summary for unix/-m32 ===
# of expected passes 180
Running target unix/-m64
=== gfortran Summary ===
# of expected passes 4241
# of expected failures 6
# of unsupported tests 16
/home/gccbuild/build/nightly/build-gcc-7/gcc/testsuite/gfortran7/../../gfortran version 7.2.1 20170910 [gcc-7-branch revision 251952] (GCC)
=== gfortran tests ===
Running target unix/-m32
=== gfortran Summary for unix/-m32 ===
# of expected passes 360
Running target unix/-m64
=== gfortran Summary ===
# of expected passes 3558
# of expected failures 3
# of unsupported tests 2
/home/gccbuild/build/nightly/build-gcc-7/gcc/testsuite/gfortran8/../../gfortran version 7.2.1 20170910 [gcc-7-branch revision 251952] (GCC)
=== gfortran tests ===
Running target unix/-m32
=== gfortran Summary for unix/-m32 ===
# of expected passes 180
Running target unix/-m64
=== gfortran Summary ===
# of expected passes 3320
# of expected failures 12
/home/gccbuild/build/nightly/build-gcc-7/gcc/testsuite/gfortran9/../../gfortran version 7.2.1 20170910 [gcc-7-branch revision 251952] (GCC)
=== gfortran tests ===
Running target unix/-m32
=== gfortran Summary for unix/-m32 ===
# of expected passes 234
Running target unix/-m64
=== gfortran Summary ===
# of expected passes 7041
# of expected failures 15
# of unsupported tests 41
/home/gccbuild/build/nightly/build-gcc-7/gcc/testsuite/gfortran/../../gfortran version 7.2.1 20170910 [gcc-7-branch revision 251952] (GCC)
=== g++ tests ===
Running target unix/-m32
FAIL: c-c++-common/asan/heap-overflow-1.c -O1 output pattern test, is =================================================================
FAIL: c-c++-common/asan/heap-overflow-1.c -O2 output pattern test, is =================================================================
FAIL: c-c++-common/asan/heap-overflow-1.c -O3 -g output pattern test, is =================================================================
FAIL: c-c++-common/asan/heap-overflow-1.c -Os output pattern test, is =================================================================
FAIL: c-c++-common/asan/heap-overflow-1.c -O2 -flto -fno-use-linker-plugin -flto-partition=none output pattern test, is =================================================================
FAIL: c-c++-common/asan/heap-overflow-1.c -O2 -flto -fuse-linker-plugin -fno-fat-lto-objects output pattern test, is =================================================================
FAIL: c-c++-common/asan/sanity-check-pure-c-1.c -O1 output pattern test, is =================================================================
FAIL: c-c++-common/asan/sanity-check-pure-c-1.c -O2 output pattern test, is =================================================================
FAIL: c-c++-common/asan/sanity-check-pure-c-1.c -O3 -g output pattern test, is =================================================================
FAIL: c-c++-common/asan/sanity-check-pure-c-1.c -Os output pattern test, is =================================================================
FAIL: c-c++-common/asan/sanity-check-pure-c-1.c -O2 -flto -fno-use-linker-plugin -flto-partition=none output pattern test, is =================================================================
FAIL: c-c++-common/asan/sanity-check-pure-c-1.c -O2 -flto -fuse-linker-plugin -fno-fat-lto-objects output pattern test, is =================================================================
FAIL: c-c++-common/asan/strncpy-overflow-1.c -O1 output pattern test, is =================================================================
FAIL: c-c++-common/asan/strncpy-overflow-1.c -O2 output pattern test, is =================================================================
FAIL: c-c++-common/asan/strncpy-overflow-1.c -O3 -g output pattern test, is =================================================================
FAIL: c-c++-common/asan/strncpy-overflow-1.c -Os output pattern test, is =================================================================
FAIL: c-c++-common/asan/strncpy-overflow-1.c -O2 -flto -fno-use-linker-plugin -flto-partition=none output pattern test, is =================================================================
FAIL: c-c++-common/asan/strncpy-overflow-1.c -O2 -flto -fuse-linker-plugin -fno-fat-lto-objects output pattern test, is =================================================================
FAIL: c-c++-common/asan/use-after-free-1.c -O1 output pattern test, is =================================================================
FAIL: c-c++-common/asan/use-after-free-1.c -O2 output pattern test, is =================================================================
FAIL: c-c++-common/asan/use-after-free-1.c -O3 -g output pattern test, is =================================================================
FAIL: c-c++-common/asan/use-after-free-1.c -Os output pattern test, is =================================================================
FAIL: c-c++-common/asan/use-after-free-1.c -O2 -flto -fno-use-linker-plugin -flto-partition=none output pattern test, is =================================================================
FAIL: c-c++-common/asan/use-after-free-1.c -O2 -flto -fuse-linker-plugin -fno-fat-lto-objects output pattern test, is =================================================================
FAIL: g++.dg/asan/deep-stack-uaf-1.C -O0 output pattern test, is =================================================================
FAIL: g++.dg/asan/deep-stack-uaf-1.C -O1 output pattern test, is =================================================================
FAIL: g++.dg/asan/deep-stack-uaf-1.C -O2 output pattern test, is =================================================================
FAIL: g++.dg/asan/deep-stack-uaf-1.C -O3 -g output pattern test, is =================================================================
FAIL: g++.dg/asan/deep-stack-uaf-1.C -Os output pattern test, is =================================================================
=== g++ Summary for unix/-m32 ===
# of expected passes 785
# of expected failures 6
# of unsupported tests 6
Running target unix/-m64
=== g++ Summary ===
# of expected passes 8525
# of unexpected failures 29
# of expected failures 6
# of unsupported tests 450
/home/gccbuild/build/nightly/build-gcc-7/gcc/testsuite/g++/../../xg++ version 7.2.1 20170910 [gcc-7-branch revision 251952] (GCC)
=== go tests ===
Running target unix/-m32
FAIL: go.test/test/ken/cplx2.go execution, -O2 -g
=== go Summary for unix/-m32 ===
# of expected passes 6875
# of unexpected failures 1
# of expected failures 1
# of untested testcases 11
# of unsupported tests 3
Running target unix/-m64
FAIL: go.test/test/ken/cplx2.go execution, -O2 -g
=== go Summary for unix/-m64 ===
# of expected passes 6755
# of unexpected failures 1
# of expected failures 1
# of untested testcases 11
# of unsupported tests 3
=== go Summary ===
# of expected passes 13630
# of unexpected failures 2
# of expected failures 2
# of untested testcases 22
# of unsupported tests 6
/home/gccbuild/build/nightly/build-gcc-7/gcc/testsuite/go/../../gccgo version 7.2.1 20170910 [gcc-7-branch revision 251952] (GCC)
=== obj-c++ tests ===
Running target unix/-m32
=== obj-c++ Summary for unix/-m32 ===
# of expected passes 56
Running target unix/-m64
=== obj-c++ Summary for unix/-m64 ===
# of expected passes 56
=== obj-c++ Summary ===
# of expected passes 2910
# of expected failures 12
# of unsupported tests 154
/home/gccbuild/build/nightly/build-gcc-7/gcc/testsuite/obj-c++/../../xg++ version 7.2.1 20170910 [gcc-7-branch revision 251952] (GCC)
=== objc tests ===
Running target unix/-m32
=== objc Summary for unix/-m32 ===
# of expected passes 56
Running target unix/-m64
=== objc Summary for unix/-m64 ===
# of expected passes 56
=== objc Summary ===
# of expected passes 112
/home/gccbuild/build/nightly/build-gcc-7/gcc/xgcc version 7.2.1 20170910 [gcc-7-branch revision 251952] (GCC)
=== libatomic tests ===
Running target unix/-m32
=== libatomic Summary for unix/-m32 ===
# of expected passes 44
# of unsupported tests 5
Running target unix/-m64
=== libatomic Summary for unix/-m64 ===
# of expected passes 54
=== libatomic Summary ===
# of expected passes 98
# of unsupported tests 5
=== libffi tests ===
Running target unix/-m32
=== libffi Summary for unix/-m32 ===
# of expected passes 24
Running target unix/-m64
=== libffi Summary for unix/-m64 ===
# of expected passes 24
=== libffi Summary ===
# of expected passes 3868
# of unsupported tests 56
FAIL: internal/trace
=== libgomp tests ===
Running target unix/-m32
FAIL: libgomp.oacc-c/../libgomp.oacc-c-c++-common/atomic_update-1.c -DACC_DEVICE_TYPE_host=1 -DACC_MEM_SHARED=1 -O2 execution test
=== libgomp Summary ===
# of expected passes 3938
# of unexpected failures 1
# of unsupported tests 233
=== libitm tests ===
Running target unix/-m32
=== libitm Summary for unix/-m32 ===
# of expected passes 16
# of expected failures 1
# of unsupported tests 1
Running target unix/-m64
=== libitm Summary for unix/-m64 ===
# of expected passes 16
# of expected failures 1
# of unsupported tests 1
=== libitm Summary ===
# of expected passes 84
# of expected failures 6
# of unsupported tests 2
=== libstdc++ tests ===
Running target unix/-m32
FAIL: libstdc++-abi/abi_check
=== libstdc++ Summary for unix/-m32 ===
# of unsupported tests 1
Running target unix/-m64
=== libstdc++ Summary for unix/-m64 ===
# of unsupported tests 1
=== libstdc++ Summary ===
# of unsupported tests 2
Compiler version: 7.2.1 20170910 [gcc-7-branch revision 251952] (GCC)
Platform: powerpc64-unknown-linux-gnu
configure flags: --prefix=/opt/gcc-nightly/7 --with-as=/home/gccbuild/binutils/install/binutils-2.26/bin/as --with-ld=/home/gccbuild/binutils/install/binutils-2.26/bin/ld --enable-languages=c,c++,fortran,objc,obj-c++,go --with-cpu=power7