This is the mail archive of the
gcc-testresults@gcc.gnu.org
mailing list for the GCC project.
Results for 7.2.1 20170910 [gcc-7-branch revision 251945] (GCC) testsuite on powerpc64-unknown-linux-gnu
- From: "Bill Seurer (POWER7)" <seurer at linux dot vnet dot ibm dot com>
- To: gcc-testresults at gcc dot gnu dot org
- Date: Sun, 10 Sep 2017 03:27:44 -0500
- Subject: Results for 7.2.1 20170910 [gcc-7-branch revision 251945] (GCC) testsuite on powerpc64-unknown-linux-gnu
- Authentication-results: sourceware.org; auth=none
Linux 2.6.32-696.10.1.el6.ppc64 ppc64
GNU C Library stable release version 2.12
GNU ld (GNU Binutils) 2.26.20160125
GNU assembler (GNU Binutils) 2.26.20160125
GNU Make 3.81
DejaGnu:
Expect version is 5.44.1.15
Tcl version is 8.5
Framework version is 1.4.4
64-bit
LAST_UPDATED: Sun Sep 10 03:27:39 UTC 2017 (revision 251945)
Native configuration is powerpc64-unknown-linux-gnu
=== g++ tests ===
Running target unix/-m32
=== g++ Summary ===
# of expected passes 6375
# of expected failures 6
# of unsupported tests 363
/home/gccbuild/build/nightly/build-gcc-7/gcc/testsuite/g++10/../../xg++ version 7.2.1 20170910 [gcc-7-branch revision 251945] (GCC)
=== g++ tests ===
Running target unix/-m32
=== g++ Summary ===
# of expected passes 7015
# of expected failures 8
# of unsupported tests 298
/home/gccbuild/build/nightly/build-gcc-7/gcc/testsuite/g++11/../../xg++ version 7.2.1 20170910 [gcc-7-branch revision 251945] (GCC)
=== g++ tests ===
Running target unix/-m32
=== g++ Summary ===
# of expected passes 6028
# of expected failures 30
# of unsupported tests 340
/home/gccbuild/build/nightly/build-gcc-7/gcc/testsuite/g++12/../../xg++ version 7.2.1 20170910 [gcc-7-branch revision 251945] (GCC)
=== g++ tests ===
Running target unix/-m32
=== g++ Summary ===
# of expected passes 6325
# of expected failures 15
# of unsupported tests 125
/home/gccbuild/build/nightly/build-gcc-7/gcc/testsuite/g++13/../../xg++ version 7.2.1 20170910 [gcc-7-branch revision 251945] (GCC)
=== g++ tests ===
Running target unix/-m32
=== g++ Summary ===
# of expected passes 4041
# of expected failures 16
# of unsupported tests 58
/home/gccbuild/build/nightly/build-gcc-7/gcc/testsuite/g++14/../../xg++ version 7.2.1 20170910 [gcc-7-branch revision 251945] (GCC)
=== g++ tests ===
Running target unix/-m32
=== g++ Summary ===
# of expected passes 958
# of unsupported tests 44
/home/gccbuild/build/nightly/build-gcc-7/gcc/testsuite/g++15/../../xg++ version 7.2.1 20170910 [gcc-7-branch revision 251945] (GCC)
=== g++ tests ===
Running target unix/-m32
=== g++ Summary ===
# of expected passes 1075
# of unsupported tests 2
/home/gccbuild/build/nightly/build-gcc-7/gcc/testsuite/g++16/../../xg++ version 7.2.1 20170910 [gcc-7-branch revision 251945] (GCC)
=== g++ tests ===
Running target unix/-m32
=== g++ Summary ===
# of expected passes 867
# of expected failures 3
# of unsupported tests 6
/home/gccbuild/build/nightly/build-gcc-7/gcc/testsuite/g++17/../../xg++ version 7.2.1 20170910 [gcc-7-branch revision 251945] (GCC)
=== g++ tests ===
Running target unix/-m32
=== g++ Summary ===
# of expected passes 1186
# of unsupported tests 15
/home/gccbuild/build/nightly/build-gcc-7/gcc/testsuite/g++18/../../xg++ version 7.2.1 20170910 [gcc-7-branch revision 251945] (GCC)
=== g++ tests ===
Running target unix/-m32
=== g++ Summary ===
# of expected passes 1085
# of unsupported tests 39
/home/gccbuild/build/nightly/build-gcc-7/gcc/testsuite/g++19/../../xg++ version 7.2.1 20170910 [gcc-7-branch revision 251945] (GCC)
=== g++ tests ===
Running target unix/-m32
=== g++ Summary ===
# of expected passes 6254
# of expected failures 12
# of unsupported tests 295
/home/gccbuild/build/nightly/build-gcc-7/gcc/testsuite/g++1/../../xg++ version 7.2.1 20170910 [gcc-7-branch revision 251945] (GCC)
=== g++ tests ===
Running target unix/-m32
=== g++ Summary ===
# of expected passes 865
# of unsupported tests 8
/home/gccbuild/build/nightly/build-gcc-7/gcc/testsuite/g++20/../../xg++ version 7.2.1 20170910 [gcc-7-branch revision 251945] (GCC)
=== g++ tests ===
Running target unix/-m32
=== g++ Summary ===
# of expected passes 5343
# of expected failures 9
# of unsupported tests 257
/home/gccbuild/build/nightly/build-gcc-7/gcc/testsuite/g++2/../../xg++ version 7.2.1 20170910 [gcc-7-branch revision 251945] (GCC)
=== g++ tests ===
Running target unix/-m32
=== g++ Summary ===
# of expected passes 8452
# of expected failures 48
# of unsupported tests 360
/home/gccbuild/build/nightly/build-gcc-7/gcc/testsuite/g++3/../../xg++ version 7.2.1 20170910 [gcc-7-branch revision 251945] (GCC)
=== g++ tests ===
Running target unix/-m32
FAIL: g++.dg/tls/thread_local-order2.C -std=c++11 execution test
FAIL: g++.dg/tls/thread_local-order2.C -std=c++14 execution test
=== g++ Summary ===
# of expected passes 7555
# of unexpected failures 2
# of expected failures 11
# of unsupported tests 309
/home/gccbuild/build/nightly/build-gcc-7/gcc/testsuite/g++4/../../xg++ version 7.2.1 20170910 [gcc-7-branch revision 251945] (GCC)
=== g++ tests ===
Running target unix/-m32
=== g++ Summary ===
# of expected passes 7878
# of expected failures 58
# of unsupported tests 289
/home/gccbuild/build/nightly/build-gcc-7/gcc/testsuite/g++5/../../xg++ version 7.2.1 20170910 [gcc-7-branch revision 251945] (GCC)
=== g++ tests ===
Running target unix/-m32
=== g++ Summary ===
# of expected passes 6714
# of expected failures 29
# of unsupported tests 338
/home/gccbuild/build/nightly/build-gcc-7/gcc/testsuite/g++6/../../xg++ version 7.2.1 20170910 [gcc-7-branch revision 251945] (GCC)
=== g++ tests ===
Running target unix/-m32
=== g++ Summary ===
# of expected passes 5800
# of expected failures 8
# of unsupported tests 357
/home/gccbuild/build/nightly/build-gcc-7/gcc/testsuite/g++7/../../xg++ version 7.2.1 20170910 [gcc-7-branch revision 251945] (GCC)
=== g++ tests ===
Running target unix/-m32
=== g++ Summary ===
# of expected passes 7865
# of expected failures 57
# of unsupported tests 391
/home/gccbuild/build/nightly/build-gcc-7/gcc/testsuite/g++8/../../xg++ version 7.2.1 20170910 [gcc-7-branch revision 251945] (GCC)
=== g++ tests ===
Running target unix/-m32
=== g++ Summary ===
# of expected passes 6305
# of expected failures 30
# of unsupported tests 348
/home/gccbuild/build/nightly/build-gcc-7/gcc/testsuite/g++9/../../xg++ version 7.2.1 20170910 [gcc-7-branch revision 251945] (GCC)
=== gcc tests ===
Running target unix/-m32
=== gcc Summary for unix/-m32 ===
Running target unix/-m64
=== gcc Summary ===
# of expected passes 3959
# of expected failures 5
# of unsupported tests 171
/home/gccbuild/build/nightly/build-gcc-7/gcc/xgcc version 7.2.1 20170910 [gcc-7-branch revision 251945] (GCC)
=== gcc tests ===
Running target unix/-m32
=== gcc Summary for unix/-m32 ===
Running target unix/-m64
=== gcc Summary ===
# of expected passes 5068
# of expected failures 24
# of unsupported tests 42
/home/gccbuild/build/nightly/build-gcc-7/gcc/xgcc version 7.2.1 20170910 [gcc-7-branch revision 251945] (GCC)
=== gcc tests ===
Running target unix/-m32
FAIL: gcc.dg/vect/vect-31.c -flto -ffat-lto-objects scan-tree-dump-times vect "vectorized 4 loops" 1
=== gcc Summary ===
# of expected passes 3069
# of unexpected failures 1
# of expected failures 4
# of unsupported tests 107
/home/gccbuild/build/nightly/build-gcc-7/gcc/xgcc version 7.2.1 20170910 [gcc-7-branch revision 251945] (GCC)
=== gcc tests ===
Running target unix/-m32
=== gcc Summary for unix/-m32 ===
Running target unix/-m64
=== gcc Summary ===
# of expected passes 4435
# of unsupported tests 42
/home/gccbuild/build/nightly/build-gcc-7/gcc/xgcc version 7.2.1 20170910 [gcc-7-branch revision 251945] (GCC)
=== gcc tests ===
Running target unix/-m32
FAIL: gcc.dg/ipa/iinline-attr.c scan-ipa-dump inline "hooray[^\\\\n]*inline copy in test"
FAIL: gcc.dg/vect/pr25413.c scan-tree-dump-times vect "vectorized 1 loops" 0
FAIL: gcc.dg/vect/pr25413.c scan-tree-dump-times vect "vector alignment may not be reachable" 1
FAIL: gcc.dg/vect/pr25413.c scan-tree-dump-times vect "not vectorized: unsupported unaligned store" 1
FAIL: gcc.dg/vect/pr62171.c scan-tree-dump-not vect "versioned"
FAIL: gcc.dg/vect/no-tree-sra-bb-slp-pr50730.c scan-tree-dump-times slp2 "basic block vectorized" 1
=== gcc Summary for unix/-m32 ===
Running target unix/-m64
=== gcc Summary ===
# of expected passes 3320
# of unexpected failures 6
# of expected failures 12
# of unsupported tests 63
/home/gccbuild/build/nightly/build-gcc-7/gcc/xgcc version 7.2.1 20170910 [gcc-7-branch revision 251945] (GCC)
=== gcc tests ===
Running target unix/-m32
=== gcc Summary for unix/-m32 ===
Running target unix/-m64
=== gcc Summary ===
# of expected passes 3488
# of expected failures 3
# of unsupported tests 107
/home/gccbuild/build/nightly/build-gcc-7/gcc/xgcc version 7.2.1 20170910 [gcc-7-branch revision 251945] (GCC)
=== gcc tests ===
Running target unix/-m32
FAIL: gcc.dg/vect/slp-43.c scan-tree-dump-times vect "vectorized 1 loops" 2
XPASS: gcc.dg/vect/vect-24.c -flto -ffat-lto-objects scan-tree-dump-times vect "vectorized 3 loops" 1
FAIL: gcc.dg/vect/vect-strided-a-u8-i2-gap.c -flto -ffat-lto-objects scan-tree-dump-times vect "vectorized 1 loops" 1
=== gcc Summary for unix/-m32 ===
Running target unix/-m64
=== gcc Summary ===
# of expected passes 3175
# of unexpected failures 2
# of unexpected successes 1
# of expected failures 2
# of unsupported tests 113
/home/gccbuild/build/nightly/build-gcc-7/gcc/xgcc version 7.2.1 20170910 [gcc-7-branch revision 251945] (GCC)
=== gcc tests ===
Running target unix/-m32
=== gcc Summary for unix/-m32 ===
Running target unix/-m64
=== gcc Summary ===
# of expected passes 4639
# of expected failures 20
# of unsupported tests 37
/home/gccbuild/build/nightly/build-gcc-7/gcc/xgcc version 7.2.1 20170910 [gcc-7-branch revision 251945] (GCC)
=== gcc tests ===
Running target unix/-m32
=== gcc Summary for unix/-m32 ===
Running target unix/-m64
=== gcc Summary ===
# of expected passes 3135
# of expected failures 11
# of unsupported tests 50
/home/gccbuild/build/nightly/build-gcc-7/gcc/xgcc version 7.2.1 20170910 [gcc-7-branch revision 251945] (GCC)
=== gcc tests ===
Running target unix/-m32
FAIL: gcc.dg/vect/no-vfa-vect-depend-2.c scan-tree-dump-times vect "vectorized 1 loops" 1
=== gcc Summary ===
# of expected passes 1624
# of unexpected failures 1
# of expected failures 17
# of unsupported tests 32
/home/gccbuild/build/nightly/build-gcc-7/gcc/xgcc version 7.2.1 20170910 [gcc-7-branch revision 251945] (GCC)
=== gcc tests ===
Running target unix/-m32
=== gcc Summary for unix/-m32 ===
Running target unix/-m64
=== gcc Summary ===
# of expected passes 4322
# of expected failures 5
# of unsupported tests 80
/home/gccbuild/build/nightly/build-gcc-7/gcc/xgcc version 7.2.1 20170910 [gcc-7-branch revision 251945] (GCC)
=== gcc tests ===
Running target unix/-m32
XPASS: gcc.dg/vect/vect-24.c scan-tree-dump-times vect "vectorized 3 loops" 1
FAIL: gcc.dg/vect/vect-strided-a-u8-i2-gap.c scan-tree-dump-times vect "vectorized 1 loops" 1
=== gcc Summary for unix/-m32 ===
Running target unix/-m64
=== gcc Summary ===
# of expected passes 2213
# of unexpected failures 1
# of unexpected successes 1
# of expected failures 6
# of unsupported tests 39
/home/gccbuild/build/nightly/build-gcc-7/gcc/xgcc version 7.2.1 20170910 [gcc-7-branch revision 251945] (GCC)
=== gcc tests ===
Running target unix/-m32
FAIL: gcc.dg/vect/bb-slp-subgroups-1.c -flto -ffat-lto-objects scan-tree-dump-times slp2 "Basic block will be vectorized using SLP" 1
FAIL: gcc.dg/vect/bb-slp-subgroups-1.c -flto -ffat-lto-objects scan-tree-dump-times slp2 "basic block vectorized" 1
FAIL: gcc.dg/vect/bb-slp-subgroups-2.c -flto -ffat-lto-objects scan-tree-dump-times slp2 "Basic block will be vectorized using SLP" 1
FAIL: gcc.dg/vect/bb-slp-subgroups-2.c -flto -ffat-lto-objects scan-tree-dump-times slp2 "basic block vectorized" 1
FAIL: gcc.dg/vect/bb-slp-subgroups-3.c -flto -ffat-lto-objects scan-tree-dump-times slp2 "Basic block will be vectorized using SLP" 1
FAIL: gcc.dg/vect/bb-slp-subgroups-3.c -flto -ffat-lto-objects scan-tree-dump-times slp2 "basic block vectorized" 1
=== gcc Summary ===
# of expected passes 1241
# of unexpected failures 6
# of expected failures 3
# of unsupported tests 11
/home/gccbuild/build/nightly/build-gcc-7/gcc/xgcc version 7.2.1 20170910 [gcc-7-branch revision 251945] (GCC)
=== gcc tests ===
Running target unix/-m32
=== gcc Summary for unix/-m32 ===
Running target unix/-m64
=== gcc Summary ===
# of expected passes 1115
# of expected failures 15
# of unsupported tests 75
/home/gccbuild/build/nightly/build-gcc-7/gcc/xgcc version 7.2.1 20170910 [gcc-7-branch revision 251945] (GCC)
=== gcc tests ===
Running target unix/-m32
=== gcc Summary for unix/-m32 ===
Running target unix/-m64
=== gcc Summary ===
# of expected passes 1114
# of expected failures 9
# of unsupported tests 31
/home/gccbuild/build/nightly/build-gcc-7/gcc/xgcc version 7.2.1 20170910 [gcc-7-branch revision 251945] (GCC)
=== gcc tests ===
Running target unix/-m32
=== gcc Summary ===
# of expected passes 1945
# of expected failures 3
# of unsupported tests 81
/home/gccbuild/build/nightly/build-gcc-7/gcc/xgcc version 7.2.1 20170910 [gcc-7-branch revision 251945] (GCC)
=== gcc tests ===
Running target unix/-m32
=== gcc Summary for unix/-m32 ===
Running target unix/-m64
=== gcc Summary ===
# of expected passes 1456
# of unsupported tests 45
/home/gccbuild/build/nightly/build-gcc-7/gcc/xgcc version 7.2.1 20170910 [gcc-7-branch revision 251945] (GCC)
=== gcc tests ===
Running target unix/-m32
FAIL: gcc.dg/vect/vect-117.c -flto -ffat-lto-objects scan-tree-dump-times vect "vectorized 1 loops" 1
=== gcc Summary ===
# of expected passes 1744
# of unexpected failures 1
# of expected failures 13
# of unsupported tests 13
/home/gccbuild/build/nightly/build-gcc-7/gcc/xgcc version 7.2.1 20170910 [gcc-7-branch revision 251945] (GCC)
=== gcc tests ===
Running target unix/-m32
FAIL: gcc.target/powerpc/vec-cmpne-long.c execution test
=== gcc Summary for unix/-m32 ===
Running target unix/-m64
=== gcc Summary ===
# of expected passes 1010
# of unexpected failures 1
# of expected failures 5
# of unsupported tests 29
/home/gccbuild/build/nightly/build-gcc-7/gcc/xgcc version 7.2.1 20170910 [gcc-7-branch revision 251945] (GCC)
=== gcc tests ===
Running target unix/-m32
FAIL: gcc.dg/vect/bb-slp-pr65935.c scan-tree-dump-times slp1 "basic block vectorized" 1
FAIL: gcc.dg/vect/bb-slp-subgroups-1.c scan-tree-dump-times slp2 "Basic block will be vectorized using SLP" 1
FAIL: gcc.dg/vect/bb-slp-subgroups-1.c scan-tree-dump-times slp2 "basic block vectorized" 1
FAIL: gcc.dg/vect/bb-slp-subgroups-2.c scan-tree-dump-times slp2 "Basic block will be vectorized using SLP" 1
FAIL: gcc.dg/vect/bb-slp-subgroups-2.c scan-tree-dump-times slp2 "basic block vectorized" 1
FAIL: gcc.dg/vect/bb-slp-subgroups-3.c scan-tree-dump-times slp2 "Basic block will be vectorized using SLP" 1
FAIL: gcc.dg/vect/bb-slp-subgroups-3.c scan-tree-dump-times slp2 "basic block vectorized" 1
=== gcc Summary for unix/-m32 ===
Running target unix/-m64
=== gcc Summary ===
# of expected passes 1150
# of unexpected failures 7
# of expected failures 21
# of unsupported tests 105
/home/gccbuild/build/nightly/build-gcc-7/gcc/xgcc version 7.2.1 20170910 [gcc-7-branch revision 251945] (GCC)
=== gcc tests ===
Running target unix/-m32
=== gcc Summary for unix/-m32 ===
Running target unix/-m64
=== gcc Summary ===
# of expected passes 1011
# of expected failures 22
# of unsupported tests 88
/home/gccbuild/build/nightly/build-gcc-7/gcc/xgcc version 7.2.1 20170910 [gcc-7-branch revision 251945] (GCC)
=== gcc tests ===
Running target unix/-m32
=== gcc Summary for unix/-m32 ===
Running target unix/-m64
=== gcc Summary ===
# of expected passes 4012
# of expected failures 14
# of unsupported tests 166
/home/gccbuild/build/nightly/build-gcc-7/gcc/xgcc version 7.2.1 20170910 [gcc-7-branch revision 251945] (GCC)
=== gcc tests ===
Running target unix/-m32
FAIL: gcc.dg/vect/no-vfa-vect-depend-3.c scan-tree-dump-times vect "vectorized 1 loops" 4
=== gcc Summary ===
# of expected passes 916
# of unexpected failures 1
# of unsupported tests 14
/home/gccbuild/build/nightly/build-gcc-7/gcc/xgcc version 7.2.1 20170910 [gcc-7-branch revision 251945] (GCC)
=== gcc tests ===
Running target unix/-m32
=== gcc Summary for unix/-m32 ===
Running target unix/-m64
=== gcc Summary ===
# of expected passes 1810
# of expected failures 1
# of unsupported tests 21
/home/gccbuild/build/nightly/build-gcc-7/gcc/xgcc version 7.2.1 20170910 [gcc-7-branch revision 251945] (GCC)
=== gcc tests ===
Running target unix/-m32
=== gcc Summary for unix/-m32 ===
Running target unix/-m64
=== gcc Summary ===
# of expected passes 1524
# of expected failures 2
# of unsupported tests 29
/home/gccbuild/build/nightly/build-gcc-7/gcc/xgcc version 7.2.1 20170910 [gcc-7-branch revision 251945] (GCC)
=== gcc tests ===
Running target unix/-m32
FAIL: gcc.dg/vect/slp-43.c -flto -ffat-lto-objects scan-tree-dump-times vect "vectorized 1 loops" 2
=== gcc Summary ===
# of expected passes 1339
# of unexpected failures 1
# of expected failures 3
# of unsupported tests 117
/home/gccbuild/build/nightly/build-gcc-7/gcc/xgcc version 7.2.1 20170910 [gcc-7-branch revision 251945] (GCC)
=== gcc tests ===
Running target unix/-m32
FAIL: gcc.dg/vect/vect-117.c scan-tree-dump-times vect "vectorized 1 loops" 1
FAIL: gcc.dg/vect/pr46032.c -flto -ffat-lto-objects scan-tree-dump-times vect "note: vectorized 1 loop" 1
=== gcc Summary ===
# of expected passes 1054
# of unexpected failures 2
# of expected failures 4
# of unsupported tests 33
/home/gccbuild/build/nightly/build-gcc-7/gcc/xgcc version 7.2.1 20170910 [gcc-7-branch revision 251945] (GCC)
=== gcc tests ===
Running target unix/-m32
=== gcc Summary ===
# of expected passes 998
# of expected failures 2
# of unsupported tests 42
/home/gccbuild/build/nightly/build-gcc-7/gcc/xgcc version 7.2.1 20170910 [gcc-7-branch revision 251945] (GCC)
=== gcc tests ===
Running target unix/-m32
FAIL: gcc.dg/vect/pr46032.c scan-tree-dump-times vect "note: vectorized 1 loop" 1
FAIL: gcc.dg/vect/vect-31.c scan-tree-dump-times vect "vectorized 4 loops" 1
=== gcc Summary for unix/-m32 ===
Running target unix/-m64
=== gcc Summary ===
# of expected passes 1415
# of unexpected failures 2
# of expected failures 10
# of unsupported tests 54
/home/gccbuild/build/nightly/build-gcc-7/gcc/xgcc version 7.2.1 20170910 [gcc-7-branch revision 251945] (GCC)
=== gcc tests ===
Running target unix/-m32
=== gcc Summary for unix/-m32 ===
Running target unix/-m64
=== gcc Summary ===
# of expected passes 994
# of expected failures 2
# of unsupported tests 29
/home/gccbuild/build/nightly/build-gcc-7/gcc/xgcc version 7.2.1 20170910 [gcc-7-branch revision 251945] (GCC)
=== gcc tests ===
Running target unix/-m32
=== gcc Summary for unix/-m32 ===
Running target unix/-m64
=== gcc Summary ===
# of expected passes 932
# of expected failures 6
# of unsupported tests 12
/home/gccbuild/build/nightly/build-gcc-7/gcc/xgcc version 7.2.1 20170910 [gcc-7-branch revision 251945] (GCC)
=== gcc tests ===
Running target unix/-m32
FAIL: gcc.dg/vect/pr25413.c -flto -ffat-lto-objects scan-tree-dump-times vect "vectorized 1 loops" 0
FAIL: gcc.dg/vect/pr25413.c -flto -ffat-lto-objects scan-tree-dump-times vect "vector alignment may not be reachable" 1
FAIL: gcc.dg/vect/pr25413.c -flto -ffat-lto-objects scan-tree-dump-times vect "not vectorized: unsupported unaligned store" 1
FAIL: gcc.dg/vect/bb-slp-pr65935.c -flto -ffat-lto-objects scan-tree-dump-times slp1 "basic block vectorized" 1
=== gcc Summary for unix/-m32 ===
Running target unix/-m64
=== gcc Summary ===
# of expected passes 1418
# of unexpected failures 4
# of expected failures 4
# of unsupported tests 80
/home/gccbuild/build/nightly/build-gcc-7/gcc/xgcc version 7.2.1 20170910 [gcc-7-branch revision 251945] (GCC)
=== gcc tests ===
Running target unix/-m32
=== gcc Summary ===
# of expected passes 3806
# of expected failures 2
# of unsupported tests 113
/home/gccbuild/build/nightly/build-gcc-7/gcc/xgcc version 7.2.1 20170910 [gcc-7-branch revision 251945] (GCC)
=== gcc tests ===
Running target unix/-m32
=== gcc Summary for unix/-m32 ===
Running target unix/-m64
=== gcc Summary ===
# of expected passes 690
# of unsupported tests 66
/home/gccbuild/build/nightly/build-gcc-7/gcc/xgcc version 7.2.1 20170910 [gcc-7-branch revision 251945] (GCC)
=== gcc tests ===
Running target unix/-m32
=== gcc Summary for unix/-m32 ===
Running target unix/-m64
=== gcc Summary ===
# of expected passes 615
# of expected failures 1
# of unsupported tests 62
/home/gccbuild/build/nightly/build-gcc-7/gcc/xgcc version 7.2.1 20170910 [gcc-7-branch revision 251945] (GCC)
=== gcc tests ===
Running target unix/-m32
FAIL: c-c++-common/asan/sanity-check-pure-c-1.c -O1 output pattern test, is =================================================================
FAIL: c-c++-common/asan/sanity-check-pure-c-1.c -O2 output pattern test, is =================================================================
FAIL: c-c++-common/asan/sanity-check-pure-c-1.c -O3 -g output pattern test, is =================================================================
FAIL: c-c++-common/asan/sanity-check-pure-c-1.c -Os output pattern test, is =================================================================
FAIL: c-c++-common/asan/sanity-check-pure-c-1.c -O2 -flto -fno-use-linker-plugin -flto-partition=none output pattern test, is =================================================================
FAIL: c-c++-common/asan/sanity-check-pure-c-1.c -O2 -flto -fuse-linker-plugin -fno-fat-lto-objects output pattern test, is =================================================================
FAIL: c-c++-common/asan/strncpy-overflow-1.c -O1 output pattern test, is =================================================================
FAIL: c-c++-common/asan/strncpy-overflow-1.c -O2 output pattern test, is =================================================================
FAIL: c-c++-common/asan/strncpy-overflow-1.c -O3 -g output pattern test, is =================================================================
FAIL: c-c++-common/asan/strncpy-overflow-1.c -Os output pattern test, is =================================================================
FAIL: c-c++-common/asan/strncpy-overflow-1.c -O2 -flto -fno-use-linker-plugin -flto-partition=none output pattern test, is =================================================================
FAIL: c-c++-common/asan/strncpy-overflow-1.c -O2 -flto -fuse-linker-plugin -fno-fat-lto-objects output pattern test, is =================================================================
FAIL: c-c++-common/asan/use-after-free-1.c -O1 output pattern test, is =================================================================
FAIL: c-c++-common/asan/use-after-free-1.c -O2 output pattern test, is =================================================================
FAIL: c-c++-common/asan/use-after-free-1.c -O3 -g output pattern test, is =================================================================
FAIL: c-c++-common/asan/use-after-free-1.c -Os output pattern test, is =================================================================
FAIL: c-c++-common/asan/use-after-free-1.c -O2 -flto -fno-use-linker-plugin -flto-partition=none output pattern test, is =================================================================
FAIL: c-c++-common/asan/use-after-free-1.c -O2 -flto -fuse-linker-plugin -fno-fat-lto-objects output pattern test, is =================================================================
=== gcc Summary for unix/-m32 ===
Running target unix/-m64
=== gcc Summary ===
# of expected passes 5315
# of unexpected failures 18
# of expected failures 22
# of unsupported tests 69
/home/gccbuild/build/nightly/build-gcc-7/gcc/xgcc version 7.2.1 20170910 [gcc-7-branch revision 251945] (GCC)
=== gcc tests ===
Running target unix/-m32
=== gcc Summary for unix/-m32 ===
Running target unix/-m64
=== gcc Summary ===
# of expected passes 3932
# of expected failures 2
# of unsupported tests 82
/home/gccbuild/build/nightly/build-gcc-7/gcc/xgcc version 7.2.1 20170910 [gcc-7-branch revision 251945] (GCC)
=== gcc tests ===
Running target unix/-m32
FAIL: gcc.dg/torture/float32-basic.c -O0 execution test
FAIL: gcc.dg/torture/float32-basic.c -O1 execution test
FAIL: gcc.dg/torture/float32-basic.c -O2 execution test
FAIL: gcc.dg/torture/float32-basic.c -O3 -g execution test
FAIL: gcc.dg/torture/float32-basic.c -Os execution test
FAIL: gcc.dg/torture/float32-basic.c -O2 -flto -fno-use-linker-plugin -flto-partition=none execution test
FAIL: gcc.dg/torture/float32-basic.c -O2 -flto -fuse-linker-plugin -fno-fat-lto-objects execution test
=== gcc Summary for unix/-m32 ===
Running target unix/-m64
=== gcc Summary ===
# of expected passes 4258
# of unexpected failures 7
# of expected failures 8
# of unsupported tests 136
/home/gccbuild/build/nightly/build-gcc-7/gcc/xgcc version 7.2.1 20170910 [gcc-7-branch revision 251945] (GCC)
=== gcc tests ===
Running target unix/-m32
FAIL: c-c++-common/asan/heap-overflow-1.c -O1 output pattern test, is =================================================================
FAIL: c-c++-common/asan/heap-overflow-1.c -O2 output pattern test, is =================================================================
FAIL: c-c++-common/asan/heap-overflow-1.c -O3 -g output pattern test, is =================================================================
FAIL: c-c++-common/asan/heap-overflow-1.c -Os output pattern test, is =================================================================
FAIL: c-c++-common/asan/heap-overflow-1.c -O2 -flto -fno-use-linker-plugin -flto-partition=none output pattern test, is =================================================================
FAIL: c-c++-common/asan/heap-overflow-1.c -O2 -flto -fuse-linker-plugin -fno-fat-lto-objects output pattern test, is =================================================================
=== gcc Summary for unix/-m32 ===
Running target unix/-m64
=== gcc Summary ===
# of expected passes 3677
# of unexpected failures 6
# of expected failures 17
# of unsupported tests 104
/home/gccbuild/build/nightly/build-gcc-7/gcc/xgcc version 7.2.1 20170910 [gcc-7-branch revision 251945] (GCC)
=== gcc tests ===
Running target unix/-m32
FAIL: gcc.dg/vect/pr62171.c -flto -ffat-lto-objects scan-tree-dump-not vect "versioned"
=== gcc Summary ===
# of expected passes 5714
# of unexpected failures 1
# of expected failures 11
# of unsupported tests 54
/home/gccbuild/build/nightly/build-gcc-7/gcc/xgcc version 7.2.1 20170910 [gcc-7-branch revision 251945] (GCC)
=== gcc tests ===
Running target unix/-m32
=== gcc Summary for unix/-m32 ===
Running target unix/-m64
=== gcc Summary ===
# of expected passes 3289
# of expected failures 3
# of unsupported tests 53
/home/gccbuild/build/nightly/build-gcc-7/gcc/xgcc version 7.2.1 20170910 [gcc-7-branch revision 251945] (GCC)
=== gcc tests ===
Running target unix/-m32
=== gcc Summary ===
# of expected passes 8207
# of expected failures 6
# of unsupported tests 44
/home/gccbuild/build/nightly/build-gcc-7/gcc/xgcc version 7.2.1 20170910 [gcc-7-branch revision 251945] (GCC)
=== gfortran tests ===
Running target unix/-m32
FAIL: gfortran.dg/ieee/large_2.f90 -O0 execution test
FAIL: gfortran.dg/ieee/large_2.f90 -O1 execution test
FAIL: gfortran.dg/ieee/large_2.f90 -O2 execution test
FAIL: gfortran.dg/ieee/large_2.f90 -O3 -fomit-frame-pointer -funroll-loops -fpeel-loops -ftracer -finline-functions execution test
FAIL: gfortran.dg/ieee/large_2.f90 -O3 -g execution test
FAIL: gfortran.dg/ieee/large_2.f90 -Os execution test
FAIL: gfortran.dg/vect/fast-math-pr37021.f90 -O scan-tree-dump vect "vectorized 2 loops"
FAIL: gfortran.dg/vect/pr52580.f -O scan-tree-dump-times vect "LOOP VECTORIZED" 1
FAIL: gfortran.dg/vect/pr62283-2.f -O scan-tree-dump slp2 "basic block vectorized"
FAIL: gfortran.dg/vect/vect-8.f90 -O scan-tree-dump-times vect "vectorized 21 loops" 1
FAIL: gfortran.dg/vect/vect-gems.f90 -O scan-tree-dump-times vect "vectorized 1 loops" 1
=== gfortran Summary for unix/-m32 ===
# of expected passes 4050
Running target unix/-m64
FAIL: gfortran.dg/ieee/large_2.f90 -O0 execution test
FAIL: gfortran.dg/ieee/large_2.f90 -O1 execution test
FAIL: gfortran.dg/ieee/large_2.f90 -O2 execution test
FAIL: gfortran.dg/ieee/large_2.f90 -O3 -fomit-frame-pointer -funroll-loops -fpeel-loops -ftracer -finline-functions execution test
FAIL: gfortran.dg/ieee/large_2.f90 -O3 -g execution test
FAIL: gfortran.dg/ieee/large_2.f90 -Os execution test
FAIL: gfortran.dg/vect/fast-math-pr37021.f90 -O scan-tree-dump vect "vectorized 2 loops"
FAIL: gfortran.dg/vect/pr52580.f -O scan-tree-dump-times vect "LOOP VECTORIZED" 1
FAIL: gfortran.dg/vect/pr62283-2.f -O scan-tree-dump slp2 "basic block vectorized"
FAIL: gfortran.dg/vect/vect-8.f90 -O scan-tree-dump-times vect "vectorized 21 loops" 1
FAIL: gfortran.dg/vect/vect-gems.f90 -O scan-tree-dump-times vect "vectorized 1 loops" 1
=== gfortran Summary for unix/-m64 ===
# of expected passes 4050
=== gfortran Summary ===
# of expected passes 8100
/home/gccbuild/build/nightly/build-gcc-7/gcc/testsuite/gfortran/../../gfortran version 7.2.1 20170910 [gcc-7-branch revision 251945] (GCC)
=== g++ tests ===
Running target unix/-m32
FAIL: c-c++-common/asan/heap-overflow-1.c -O1 output pattern test, is =================================================================
FAIL: c-c++-common/asan/heap-overflow-1.c -O2 output pattern test, is =================================================================
FAIL: c-c++-common/asan/heap-overflow-1.c -O3 -g output pattern test, is =================================================================
FAIL: c-c++-common/asan/heap-overflow-1.c -Os output pattern test, is =================================================================
FAIL: c-c++-common/asan/heap-overflow-1.c -O2 -flto -fno-use-linker-plugin -flto-partition=none output pattern test, is =================================================================
FAIL: c-c++-common/asan/heap-overflow-1.c -O2 -flto -fuse-linker-plugin -fno-fat-lto-objects output pattern test, is =================================================================
FAIL: c-c++-common/asan/sanity-check-pure-c-1.c -O1 output pattern test, is =================================================================
FAIL: c-c++-common/asan/sanity-check-pure-c-1.c -O2 output pattern test, is =================================================================
FAIL: c-c++-common/asan/sanity-check-pure-c-1.c -O3 -g output pattern test, is =================================================================
FAIL: c-c++-common/asan/sanity-check-pure-c-1.c -Os output pattern test, is =================================================================
FAIL: c-c++-common/asan/sanity-check-pure-c-1.c -O2 -flto -fno-use-linker-plugin -flto-partition=none output pattern test, is =================================================================
FAIL: c-c++-common/asan/sanity-check-pure-c-1.c -O2 -flto -fuse-linker-plugin -fno-fat-lto-objects output pattern test, is =================================================================
FAIL: c-c++-common/asan/strncpy-overflow-1.c -O1 output pattern test, is =================================================================
FAIL: c-c++-common/asan/strncpy-overflow-1.c -O2 output pattern test, is =================================================================
FAIL: c-c++-common/asan/strncpy-overflow-1.c -O3 -g output pattern test, is =================================================================
FAIL: c-c++-common/asan/strncpy-overflow-1.c -Os output pattern test, is =================================================================
FAIL: c-c++-common/asan/strncpy-overflow-1.c -O2 -flto -fno-use-linker-plugin -flto-partition=none output pattern test, is =================================================================
FAIL: c-c++-common/asan/strncpy-overflow-1.c -O2 -flto -fuse-linker-plugin -fno-fat-lto-objects output pattern test, is =================================================================
FAIL: c-c++-common/asan/use-after-free-1.c -O1 output pattern test, is =================================================================
FAIL: c-c++-common/asan/use-after-free-1.c -O2 output pattern test, is =================================================================
FAIL: c-c++-common/asan/use-after-free-1.c -O3 -g output pattern test, is =================================================================
FAIL: c-c++-common/asan/use-after-free-1.c -Os output pattern test, is =================================================================
FAIL: c-c++-common/asan/use-after-free-1.c -O2 -flto -fno-use-linker-plugin -flto-partition=none output pattern test, is =================================================================
FAIL: c-c++-common/asan/use-after-free-1.c -O2 -flto -fuse-linker-plugin -fno-fat-lto-objects output pattern test, is =================================================================
FAIL: g++.dg/asan/deep-stack-uaf-1.C -O0 output pattern test, is =================================================================
FAIL: g++.dg/asan/deep-stack-uaf-1.C -O1 output pattern test, is =================================================================
FAIL: g++.dg/asan/deep-stack-uaf-1.C -O2 output pattern test, is =================================================================
FAIL: g++.dg/asan/deep-stack-uaf-1.C -O3 -g output pattern test, is =================================================================
FAIL: g++.dg/asan/deep-stack-uaf-1.C -Os output pattern test, is =================================================================
=== g++ Summary ===
# of expected passes 8585
# of unexpected failures 29
# of expected failures 22
# of unsupported tests 440
/home/gccbuild/build/nightly/build-gcc-7/gcc/testsuite/g++/../../xg++ version 7.2.1 20170910 [gcc-7-branch revision 251945] (GCC)
=== go tests ===
Running target unix/-m32
FAIL: go.test/test/ken/cplx2.go execution, -O2 -g
=== go Summary for unix/-m32 ===
# of expected passes 6875
# of unexpected failures 1
# of expected failures 1
# of untested testcases 11
# of unsupported tests 3
Running target unix/-m64
FAIL: go.test/test/ken/cplx2.go execution, -O2 -g
=== go Summary for unix/-m64 ===
# of expected passes 6755
# of unexpected failures 1
# of expected failures 1
# of untested testcases 11
# of unsupported tests 3
=== go Summary ===
# of expected passes 13630
# of unexpected failures 2
# of expected failures 2
# of untested testcases 22
# of unsupported tests 6
/home/gccbuild/build/nightly/build-gcc-7/gcc/testsuite/go/../../gccgo version 7.2.1 20170910 [gcc-7-branch revision 251945] (GCC)
=== obj-c++ tests ===
Running target unix/-m32
=== obj-c++ Summary for unix/-m32 ===
# of expected passes 56
Running target unix/-m64
=== obj-c++ Summary for unix/-m64 ===
# of expected passes 56
=== obj-c++ Summary ===
# of expected passes 2910
# of expected failures 12
# of unsupported tests 154
/home/gccbuild/build/nightly/build-gcc-7/gcc/testsuite/obj-c++/../../xg++ version 7.2.1 20170910 [gcc-7-branch revision 251945] (GCC)
=== objc tests ===
Running target unix/-m32
=== objc Summary for unix/-m32 ===
# of expected passes 56
Running target unix/-m64
=== objc Summary for unix/-m64 ===
# of expected passes 56
=== objc Summary ===
# of expected passes 112
/home/gccbuild/build/nightly/build-gcc-7/gcc/xgcc version 7.2.1 20170910 [gcc-7-branch revision 251945] (GCC)
=== libatomic tests ===
Running target unix/-m32
=== libatomic Summary for unix/-m32 ===
# of expected passes 44
# of unsupported tests 5
Running target unix/-m64
=== libatomic Summary for unix/-m64 ===
# of expected passes 54
=== libatomic Summary ===
# of expected passes 98
# of unsupported tests 5
=== libffi tests ===
Running target unix/-m32
=== libffi Summary for unix/-m32 ===
# of expected passes 24
Running target unix/-m64
=== libffi Summary for unix/-m64 ===
# of expected passes 24
=== libffi Summary ===
# of expected passes 3868
# of unsupported tests 56
=== libgo tests ===
Running target unix
FAIL: internal/trace
=== libgo Summary for unix ===
# of expected passes 144
# of unexpected failures 1
Running target unix/-m32
FAIL: runtime
FAIL: internal/trace
FAIL: net/http
FAIL: runtime/internal/atomic
FAIL: sync/atomic
=== libgo Summary for unix/-m32 ===
# of expected passes 140
# of unexpected failures 5
=== libgo Summary ===
# of expected passes 284
# of unexpected failures 6
/home/gccbuild/build/nightly/build-gcc-7/./gcc/gccgo version 7.2.1 20170910 [gcc-7-branch revision 251945] (GCC)
=== libgomp tests ===
Running target unix/-m32
FAIL: libgomp.oacc-c/../libgomp.oacc-c-c++-common/atomic_update-1.c -DACC_DEVICE_TYPE_host=1 -DACC_MEM_SHARED=1 -O2 execution test
FAIL: libgomp.oacc-c++/../libgomp.oacc-c-c++-common/atomic_update-1.c -DACC_DEVICE_TYPE_host=1 -DACC_MEM_SHARED=1 -O2 execution test
=== libgomp Summary ===
# of expected passes 4219
# of unexpected failures 2
# of unsupported tests 329
=== libitm tests ===
Running target unix/-m32
=== libitm Summary for unix/-m32 ===
# of expected passes 16
# of expected failures 1
# of unsupported tests 1
Running target unix/-m64
=== libitm Summary for unix/-m64 ===
# of expected passes 16
# of expected failures 1
# of unsupported tests 1
=== libitm Summary ===
# of expected passes 84
# of expected failures 6
# of unsupported tests 2
=== libstdc++ tests ===
Running target unix/-m32
FAIL: libstdc++-abi/abi_check
=== libstdc++ Summary for unix/-m32 ===
# of unsupported tests 1
Running target unix/-m64
=== libstdc++ Summary for unix/-m64 ===
# of unsupported tests 1
=== libstdc++ Summary ===
# of unsupported tests 2
Compiler version: 7.2.1 20170910 [gcc-7-branch revision 251945] (GCC)
Platform: powerpc64-unknown-linux-gnu
configure flags: --prefix=/opt/gcc-nightly/7 --with-as=/home/gccbuild/binutils/install/binutils-2.26/bin/as --with-ld=/home/gccbuild/binutils/install/binutils-2.26/bin/ld --enable-languages=c,c++,fortran,objc,obj-c++,go --with-cpu=power7