This is the mail archive of the
gcc-testresults@gcc.gnu.org
mailing list for the GCC project.
Results for 8.0.0 20170823 (experimental) [trunk revision 251314] (GCC) testsuite on x86_64-pc-linux-gnu
- From: "Andreas Tobler" <andreast at m91pl dot andreas dot nets>
- To: <gcc-testresults at gcc dot gnu dot org>
- Date: Thu, 24 Aug 2017 06:52:53 +0200
- Subject: Results for 8.0.0 20170823 (experimental) [trunk revision 251314] (GCC) testsuite on x86_64-pc-linux-gnu
- Authentication-results: sourceware.org; auth=none
LAST_UPDATED: Wed Aug 23 18:56:07 UTC 2017 (revision 251314)
Native configuration is x86_64-pc-linux-gnu
=== gcc tests ===
Running target unix
FAIL: gcc.dg/20050503-1.c scan-assembler-not call
XPASS: gcc.dg/pr78768.c -Wformat-overflow (test for warnings, line 12)
FAIL: gcc.dg/vect/pr65947-14.c -flto -ffat-lto-objects execution test
FAIL: gcc.dg/vect/pr65947-14.c execution test
FAIL: gcc.target/i386/pr59501-3a.c scan-assembler-not and[^\\n\\r]*sp
FAIL: gcc.target/i386/pr70021.c scan-tree-dump-times vect "vectorized 1 loops" 2
=== gcc Summary for unix ===
# of expected passes 129746
# of unexpected failures 5
# of unexpected successes 1
# of expected failures 358
# of unsupported tests 1930
Running target unix/-m32
FAIL: gcc.dg/20050503-1.c scan-assembler-not call
FAIL: gcc.dg/Wtraditional-conversion-2.c (test for warnings, line 54)
FAIL: gcc.dg/Wtraditional-conversion-2.c (test for warnings, line 55)
FAIL: gcc.dg/Wtraditional-conversion-2.c (test for excess errors)
XPASS: gcc.dg/pr78768.c -Wformat-overflow (test for warnings, line 12)
FAIL: gcc.dg/vect/pr65947-14.c -flto -ffat-lto-objects execution test
FAIL: gcc.dg/vect/pr65947-14.c execution test
FAIL: gcc.target/i386/pr70021.c scan-tree-dump-times vect "vectorized 1 loops" 2
=== gcc Summary for unix/-m32 ===
# of expected passes 128106
# of unexpected failures 7
# of unexpected successes 1
# of expected failures 362
# of unsupported tests 1997
=== gcc Summary ===
# of expected passes 257852
# of unexpected failures 12
# of unexpected successes 2
# of expected failures 720
# of unsupported tests 3927
/export/devel/build/gcc/head/objdir/gcc/xgcc version 8.0.0 20170823 (experimental) [trunk revision 251314] (GCC)
=== gfortran tests ===
Running target unix
=== gfortran Summary for unix ===
# of expected passes 45387
# of expected failures 82
# of unsupported tests 71
Running target unix/-m32
FAIL: gfortran.dg/alloc_comp_auto_array_2.f90 -O3 -fomit-frame-pointer -funroll-loops -fpeel-loops -ftracer -finline-functions (test for excess errors)
FAIL: gfortran.dg/alloc_comp_auto_array_2.f90 -O3 -g (test for excess errors)
=== gfortran Summary for unix/-m32 ===
# of expected passes 45166
# of unexpected failures 2
# of expected failures 82
# of unsupported tests 176
=== gfortran Summary ===
# of expected passes 90553
# of unexpected failures 2
# of expected failures 164
# of unsupported tests 247
/export/devel/build/gcc/head/objdir/gcc/gfortran version 8.0.0 20170823 (experimental) [trunk revision 251314] (GCC)
=== g++ tests ===
Running target unix
=== g++ Summary for unix ===
# of expected passes 116159
# of expected failures 374
# of unsupported tests 4233
Running target unix/-m32
FAIL: g++.dg/pr62079.C (internal compiler error)
FAIL: g++.dg/pr62079.C (test for excess errors)
FAIL: g++.dg/template/nontype10.C -std=c++11 (test for excess errors)
FAIL: g++.dg/template/nontype10.C -std=c++14 (test for excess errors)
FAIL: g++.dg/template/nontype10.C -std=c++98 (test for excess errors)
=== g++ Summary for unix/-m32 ===
# of expected passes 114590
# of unexpected failures 5
# of expected failures 374
# of unsupported tests 4007
=== g++ Summary ===
# of expected passes 230749
# of unexpected failures 5
# of expected failures 748
# of unsupported tests 8240
/export/devel/build/gcc/head/objdir/gcc/xg++ version 8.0.0 20170823 (experimental) [trunk revision 251314] (GCC)
=== objc tests ===
Running target unix
=== objc Summary for unix ===
# of expected passes 2797
# of expected failures 6
# of unsupported tests 68
Running target unix/-m32
=== objc Summary for unix/-m32 ===
# of expected passes 2797
# of expected failures 6
# of unsupported tests 68
=== objc Summary ===
# of expected passes 5594
# of expected failures 12
# of unsupported tests 136
/export/devel/build/gcc/head/objdir/gcc/xgcc version 8.0.0 20170823 (experimental) [trunk revision 251314] (GCC)
=== libatomic tests ===
Running target unix/-m32
=== libatomic Summary for unix/-m32 ===
# of expected passes 44
# of unsupported tests 5
Running target unix
=== libatomic Summary for unix ===
# of expected passes 54
=== libatomic Summary ===
# of expected passes 98
# of unsupported tests 5
=== libgomp tests ===
Running target unix/-m32
=== libgomp Summary for unix/-m32 ===
# of expected passes 5230
# of unsupported tests 316
Running target unix
=== libgomp Summary for unix ===
# of expected passes 5230
# of unsupported tests 316
=== libgomp Summary ===
# of expected passes 10460
# of unsupported tests 632
=== libitm tests ===
Running target unix/-m32
=== libitm Summary for unix/-m32 ===
# of expected passes 42
# of expected failures 3
# of unsupported tests 1
Running target unix
=== libitm Summary for unix ===
# of expected passes 42
# of expected failures 3
# of unsupported tests 1
=== libitm Summary ===
# of expected passes 84
# of expected failures 6
# of unsupported tests 2
=== libstdc++ tests ===
Running target unix
=== libstdc++ Summary for unix ===
# of expected passes 11793
# of expected failures 70
# of unsupported tests 565
Running target unix/-m32
=== libstdc++ Summary for unix/-m32 ===
# of expected passes 11801
# of expected failures 70
# of unsupported tests 561
=== libstdc++ Summary ===
# of expected passes 23594
# of expected failures 140
# of unsupported tests 1126
Compiler version: 8.0.0 20170823 (experimental) [trunk revision 251314] (GCC)
Platform: x86_64-pc-linux-gnu
configure flags: --prefix=/export/devel/build/gcc/head/testbin