This is the mail archive of the
gcc-testresults@gcc.gnu.org
mailing list for the GCC project.
Results for 8.0.0 20170823 (experimental) [master revision 8f29ae8:26b1fae:e6011f4fbda782e7df16b780023dd9906136ebbf] (Cavium Inc. (Build 95)) testsuite on aarch64-unknown-linux-gnu
- From: jenkins@localhost.localdomain
- To: gcc-testresults at gcc dot gnu dot org
- Date: Wed, 23 Aug 2017 14:02:46 -0700
- Subject: Results for 8.0.0 20170823 (experimental) [master revision 8f29ae8:26b1fae:e6011f4fbda782e7df16b780023dd9906136ebbf] (Cavium Inc. (Build 95)) testsuite on aarch64-unknown-linux-gnu
- Authentication-results: sourceware.org; auth=none
LAST_UPDATED: Wed Aug 23 14:23:13 UTC 2017 (revision 8f29ae8:26b1fae:e6011f4fbda782e7df16b780023dd9906136ebbf)
Native configuration is aarch64-unknown-linux-gnu
=== libatomic tests ===
Running target unix//-mcpu=thunderx2t99
=== libatomic Summary for unix//-mcpu=thunderx2t99 ===
# of expected passes 54
Running target unix//-mcpu=thunderx
=== libatomic Summary for unix//-mcpu=thunderx ===
# of expected passes 54
Running target unix/
=== libatomic Summary for unix/ ===
# of expected passes 54
=== libatomic Summary ===
# of expected passes 162
=== libffi tests ===
Running target unix//-mcpu=thunderx2t99
=== libffi Summary for unix//-mcpu=thunderx2t99 ===
# of expected passes 24
Running target unix//-mcpu=thunderx
=== libffi Summary for unix//-mcpu=thunderx ===
# of expected passes 24
Running target unix/
=== libffi Summary for unix/ ===
# of expected passes 24
=== libffi Summary ===
# of expected passes 6642
=== libgo tests ===
Running target unix
FAIL: net/http
=== libgo Summary ===
# of expected passes 145
# of unexpected failures 1
/home/jenkins/workspace/BuildThunderX_native_gcc_upstream_CENTOS/objdir/./gcc/gccgo version 8.0.0 20170823 (experimental) [master revision 8f29ae8:26b1fae:e6011f4fbda782e7df16b780023dd9906136ebbf] (Cavium Inc. (Build 95))
=== libgomp tests ===
Running target unix//-mcpu=thunderx2t99
FAIL: libgomp.c/appendix-a/a.16.1.c execution test
FAIL: libgomp.c/atomic-1.c execution test
FAIL: libgomp.c/atomic-10.c execution test
FAIL: libgomp.c/atomic-11.c execution test
FAIL: libgomp.c/atomic-12.c execution test
FAIL: libgomp.c/atomic-14.c execution test
FAIL: libgomp.c/atomic-15.c execution test
FAIL: libgomp.c/atomic-16.c execution test
FAIL: libgomp.c/atomic-17.c execution test
FAIL: libgomp.c/atomic-18.c execution test
FAIL: libgomp.c/atomic-2.c execution test
FAIL: libgomp.c/atomic-3.c execution test
FAIL: libgomp.c/atomic-6.c execution test
FAIL: libgomp.c/autopar-1.c execution test
FAIL: libgomp.c/autopar-2.c execution test
FAIL: libgomp.c/autopar-3.c execution test
FAIL: libgomp.c/autopar-4.c execution test
FAIL: libgomp.c/autopar-5.c execution test
FAIL: libgomp.c/autopar-6.c execution test
FAIL: libgomp.c/autopar-7.c execution test
FAIL: libgomp.c/autopar-8.c execution test
FAIL: libgomp.c/copyin-1.c execution test
FAIL: libgomp.c/copyin-2.c execution test
FAIL: libgomp.c/copyin-3.c execution test
FAIL: libgomp.c/examples-4/declare_target-4.c execution test
FAIL: libgomp.c/examples-4/teams-2.c execution test
FAIL: libgomp.c/examples-4/teams-3.c execution test
FAIL: libgomp.c/examples-4/teams-4.c execution test
FAIL: libgomp.c/nestedfn-1.c execution test
FAIL: libgomp.c/omp_orphan.c execution test
FAIL: libgomp.c/omp_reduction.c execution test
FAIL: libgomp.c/pr64824.c execution test
FAIL: libgomp.c/pr64868.c execution test
FAIL: libgomp.c/pr69389.c execution test
FAIL: libgomp.c/target-1.c execution test
FAIL: libgomp.c/target-2.c execution test
FAIL: libgomp.c++/atomic-10.C execution test
FAIL: libgomp.c++/atomic-11.C execution test
FAIL: libgomp.c++/atomic-12.C execution test
FAIL: libgomp.c++/atomic-13.C execution test
FAIL: libgomp.c++/atomic-14.C execution test
FAIL: libgomp.c++/atomic-15.C execution test
FAIL: libgomp.c++/atomic-16.C execution test
FAIL: libgomp.c++/atomic-2.C execution test
FAIL: libgomp.c++/atomic-4.C execution test
FAIL: libgomp.c++/atomic-8.C execution test
FAIL: libgomp.c++/atomic-9.C execution test
FAIL: libgomp.c++/copyin-1.C execution test
FAIL: libgomp.c++/copyin-2.C execution test
FAIL: libgomp.c++/pr64824.C execution test
FAIL: libgomp.c++/pr64868.C execution test
FAIL: libgomp.c++/pr69389.C execution test
FAIL: libgomp.c++/target-1.C execution test
FAIL: libgomp.c++/target-2.C execution test
FAIL: libgomp.c++/target-3.C execution test
FAIL: libgomp.fortran/allocatable1.f90 -O0 execution test
FAIL: libgomp.fortran/allocatable1.f90 -O1 execution test
FAIL: libgomp.fortran/allocatable1.f90 -O2 execution test
FAIL: libgomp.fortran/allocatable1.f90 -O3 -fomit-frame-pointer -funroll-loops -fpeel-loops -ftracer -finline-functions execution test
FAIL: libgomp.fortran/allocatable1.f90 -O3 -g execution test
FAIL: libgomp.fortran/allocatable1.f90 -Os execution test
FAIL: libgomp.fortran/allocatable2.f90 -O0 execution test
FAIL: libgomp.fortran/allocatable2.f90 -O1 execution test
FAIL: libgomp.fortran/allocatable2.f90 -O2 execution test
FAIL: libgomp.fortran/allocatable2.f90 -O3 -fomit-frame-pointer -funroll-loops -fpeel-loops -ftracer -finline-functions execution test
FAIL: libgomp.fortran/allocatable2.f90 -O3 -g execution test
FAIL: libgomp.fortran/allocatable2.f90 -Os execution test
FAIL: libgomp.fortran/allocatable3.f90 -O0 execution test
FAIL: libgomp.fortran/allocatable3.f90 -O1 execution test
FAIL: libgomp.fortran/allocatable3.f90 -O2 execution test
FAIL: libgomp.fortran/allocatable3.f90 -O3 -fomit-frame-pointer -funroll-loops -fpeel-loops -ftracer -finline-functions execution test
FAIL: libgomp.fortran/allocatable3.f90 -O3 -g execution test
FAIL: libgomp.fortran/allocatable3.f90 -Os execution test
FAIL: libgomp.fortran/allocatable7.f90 -O0 execution test
FAIL: libgomp.fortran/allocatable7.f90 -O1 execution test
FAIL: libgomp.fortran/allocatable7.f90 -O2 execution test
FAIL: libgomp.fortran/allocatable7.f90 -O3 -fomit-frame-pointer -funroll-loops -fpeel-loops -ftracer -finline-functions execution test
FAIL: libgomp.fortran/allocatable7.f90 -O3 -g execution test
FAIL: libgomp.fortran/allocatable7.f90 -Os execution test
FAIL: libgomp.fortran/allocatable8.f90 -O0 execution test
FAIL: libgomp.fortran/allocatable8.f90 -O1 execution test
FAIL: libgomp.fortran/allocatable8.f90 -O2 execution test
FAIL: libgomp.fortran/allocatable8.f90 -O3 -fomit-frame-pointer -funroll-loops -fpeel-loops -ftracer -finline-functions execution test
FAIL: libgomp.fortran/allocatable8.f90 -O3 -g execution test
FAIL: libgomp.fortran/allocatable8.f90 -Os execution test
FAIL: libgomp.fortran/appendix-a/a.16.1.f90 -O0 execution test
FAIL: libgomp.fortran/appendix-a/a.16.1.f90 -O1 execution test
FAIL: libgomp.fortran/appendix-a/a.16.1.f90 -O2 execution test
FAIL: libgomp.fortran/appendix-a/a.16.1.f90 -O3 -fomit-frame-pointer -funroll-loops -fpeel-loops -ftracer -finline-functions execution test
FAIL: libgomp.fortran/appendix-a/a.16.1.f90 -O3 -g execution test
FAIL: libgomp.fortran/appendix-a/a.16.1.f90 -Os execution test
FAIL: libgomp.fortran/appendix-a/a.31.4.f90 -O0 execution test
FAIL: libgomp.fortran/appendix-a/a.31.4.f90 -O1 execution test
FAIL: libgomp.fortran/appendix-a/a.31.4.f90 -O2 execution test
FAIL: libgomp.fortran/appendix-a/a.31.4.f90 -O3 -fomit-frame-pointer -funroll-loops -fpeel-loops -ftracer -finline-functions execution test
FAIL: libgomp.fortran/appendix-a/a.31.4.f90 -O3 -g execution test
FAIL: libgomp.fortran/appendix-a/a.31.4.f90 -Os execution test
FAIL: libgomp.fortran/appendix-a/a.31.5.f90 -O0 execution test
FAIL: libgomp.fortran/appendix-a/a.31.5.f90 -O1 execution test
FAIL: libgomp.fortran/appendix-a/a.31.5.f90 -O2 execution test
FAIL: libgomp.fortran/appendix-a/a.31.5.f90 -O3 -fomit-frame-pointer -funroll-loops -fpeel-loops -ftracer -finline-functions execution test
FAIL: libgomp.fortran/appendix-a/a.31.5.f90 -O3 -g execution test
FAIL: libgomp.fortran/appendix-a/a.31.5.f90 -Os execution test
FAIL: libgomp.fortran/character1.f90 -O0 execution test
FAIL: libgomp.fortran/character1.f90 -O1 execution test
FAIL: libgomp.fortran/character1.f90 -O2 execution test
FAIL: libgomp.fortran/character1.f90 -O3 -fomit-frame-pointer -funroll-loops -fpeel-loops -ftracer -finline-functions execution test
FAIL: libgomp.fortran/character1.f90 -O3 -g execution test
FAIL: libgomp.fortran/character1.f90 -Os execution test
FAIL: libgomp.fortran/character2.f90 -O0 execution test
FAIL: libgomp.fortran/character2.f90 -O1 execution test
FAIL: libgomp.fortran/character2.f90 -O2 execution test
FAIL: libgomp.fortran/character2.f90 -O3 -fomit-frame-pointer -funroll-loops -fpeel-loops -ftracer -finline-functions execution test
FAIL: libgomp.fortran/character2.f90 -O3 -g execution test
FAIL: libgomp.fortran/character2.f90 -Os execution test
FAIL: libgomp.fortran/collapse1.f90 -O0 execution test
FAIL: libgomp.fortran/collapse1.f90 -O1 execution test
FAIL: libgomp.fortran/collapse1.f90 -O2 execution test
FAIL: libgomp.fortran/collapse1.f90 -O3 -fomit-frame-pointer -funroll-loops -fpeel-loops -ftracer -finline-functions execution test
FAIL: libgomp.fortran/collapse1.f90 -O3 -g execution test
FAIL: libgomp.fortran/collapse1.f90 -Os execution test
FAIL: libgomp.fortran/collapse2.f90 -O0 execution test
FAIL: libgomp.fortran/collapse2.f90 -O1 execution test
FAIL: libgomp.fortran/collapse2.f90 -O2 execution test
FAIL: libgomp.fortran/collapse2.f90 -O3 -fomit-frame-pointer -funroll-loops -fpeel-loops -ftracer -finline-functions execution test
FAIL: libgomp.fortran/collapse2.f90 -O3 -g execution test
FAIL: libgomp.fortran/collapse2.f90 -Os execution test
FAIL: libgomp.fortran/collapse3.f90 -O0 execution test
FAIL: libgomp.fortran/collapse3.f90 -O1 execution test
FAIL: libgomp.fortran/collapse3.f90 -O2 execution test
FAIL: libgomp.fortran/collapse3.f90 -O3 -fomit-frame-pointer -funroll-loops -fpeel-loops -ftracer -finline-functions execution test
FAIL: libgomp.fortran/collapse3.f90 -O3 -g execution test
FAIL: libgomp.fortran/collapse3.f90 -Os execution test
FAIL: libgomp.fortran/crayptr1.f90 -O0 execution test
FAIL: libgomp.fortran/crayptr1.f90 -O1 execution test
FAIL: libgomp.fortran/crayptr1.f90 -O2 execution test
FAIL: libgomp.fortran/crayptr1.f90 -O3 -fomit-frame-pointer -funroll-loops -fpeel-loops -ftracer -finline-functions execution test
FAIL: libgomp.fortran/crayptr1.f90 -O3 -g execution test
FAIL: libgomp.fortran/crayptr1.f90 -Os execution test
FAIL: libgomp.fortran/crayptr2.f90 -O0 execution test
FAIL: libgomp.fortran/crayptr2.f90 -O1 execution test
FAIL: libgomp.fortran/crayptr2.f90 -O2 execution test
FAIL: libgomp.fortran/crayptr2.f90 -O3 -fomit-frame-pointer -funroll-loops -fpeel-loops -ftracer -finline-functions execution test
FAIL: libgomp.fortran/crayptr2.f90 -O3 -g execution test
FAIL: libgomp.fortran/crayptr2.f90 -Os execution test
FAIL: libgomp.fortran/crayptr3.f90 -O0 execution test
FAIL: libgomp.fortran/crayptr3.f90 -O1 execution test
FAIL: libgomp.fortran/crayptr3.f90 -O2 execution test
FAIL: libgomp.fortran/crayptr3.f90 -O3 -fomit-frame-pointer -funroll-loops -fpeel-loops -ftracer -finline-functions execution test
FAIL: libgomp.fortran/crayptr3.f90 -O3 -g execution test
FAIL: libgomp.fortran/crayptr3.f90 -Os execution test
FAIL: libgomp.fortran/examples-4/declare_target-4.f90 -O0 execution test
FAIL: libgomp.fortran/examples-4/declare_target-4.f90 -O1 execution test
FAIL: libgomp.fortran/examples-4/declare_target-4.f90 -O2 execution test
FAIL: libgomp.fortran/examples-4/declare_target-4.f90 -O3 -fomit-frame-pointer -funroll-loops -fpeel-loops -ftracer -finline-functions execution test
FAIL: libgomp.fortran/examples-4/declare_target-4.f90 -O3 -g execution test
FAIL: libgomp.fortran/examples-4/declare_target-4.f90 -Os execution test
FAIL: libgomp.fortran/examples-4/target_data-3.f90 -O0 execution test
FAIL: libgomp.fortran/examples-4/target_data-3.f90 -O1 execution test
FAIL: libgomp.fortran/examples-4/target_data-3.f90 -O2 execution test
FAIL: libgomp.fortran/examples-4/target_data-3.f90 -O3 -fomit-frame-pointer -funroll-loops -fpeel-loops -ftracer -finline-functions execution test
FAIL: libgomp.fortran/examples-4/target_data-3.f90 -O3 -g execution test
FAIL: libgomp.fortran/examples-4/target_data-3.f90 -Os execution test
FAIL: libgomp.fortran/examples-4/teams-2.f90 -O0 execution test
FAIL: libgomp.fortran/examples-4/teams-2.f90 -O1 execution test
FAIL: libgomp.fortran/examples-4/teams-2.f90 -O2 execution test
FAIL: libgomp.fortran/examples-4/teams-2.f90 -O3 -fomit-frame-pointer -funroll-loops -fpeel-loops -ftracer -finline-functions execution test
FAIL: libgomp.fortran/examples-4/teams-2.f90 -O3 -g execution test
FAIL: libgomp.fortran/examples-4/teams-2.f90 -Os execution test
FAIL: libgomp.fortran/examples-4/teams-3.f90 -O0 execution test
FAIL: libgomp.fortran/examples-4/teams-3.f90 -O1 execution test
FAIL: libgomp.fortran/examples-4/teams-3.f90 -O2 execution test
FAIL: libgomp.fortran/examples-4/teams-3.f90 -O3 -fomit-frame-pointer -funroll-loops -fpeel-loops -ftracer -finline-functions execution test
FAIL: libgomp.fortran/examples-4/teams-3.f90 -O3 -g execution test
FAIL: libgomp.fortran/examples-4/teams-3.f90 -Os execution test
FAIL: libgomp.fortran/examples-4/teams-4.f90 -O0 execution test
FAIL: libgomp.fortran/examples-4/teams-4.f90 -O1 execution test
FAIL: libgomp.fortran/examples-4/teams-4.f90 -O2 execution test
FAIL: libgomp.fortran/examples-4/teams-4.f90 -O3 -fomit-frame-pointer -funroll-loops -fpeel-loops -ftracer -finline-functions execution test
FAIL: libgomp.fortran/examples-4/teams-4.f90 -O3 -g execution test
FAIL: libgomp.fortran/examples-4/teams-4.f90 -Os execution test
FAIL: libgomp.fortran/jacobi.f -O0 execution test
FAIL: libgomp.fortran/jacobi.f -O1 execution test
FAIL: libgomp.fortran/jacobi.f -O2 execution test
FAIL: libgomp.fortran/jacobi.f -O3 -fomit-frame-pointer -funroll-loops -fpeel-loops -ftracer -finline-functions execution test
FAIL: libgomp.fortran/jacobi.f -O3 -g execution test
FAIL: libgomp.fortran/jacobi.f -Os execution test
FAIL: libgomp.fortran/lib1.f90 -O0 execution test
FAIL: libgomp.fortran/lib1.f90 -O1 execution test
FAIL: libgomp.fortran/lib1.f90 -O2 execution test
FAIL: libgomp.fortran/lib1.f90 -O3 -fomit-frame-pointer -funroll-loops -fpeel-loops -ftracer -finline-functions execution test
FAIL: libgomp.fortran/lib1.f90 -O3 -g execution test
FAIL: libgomp.fortran/lib1.f90 -Os execution test
FAIL: libgomp.fortran/lib2.f -O0 execution test
FAIL: libgomp.fortran/lib2.f -O1 execution test
FAIL: libgomp.fortran/lib2.f -O2 execution test
FAIL: libgomp.fortran/lib2.f -O3 -fomit-frame-pointer -funroll-loops -fpeel-loops -ftracer -finline-functions execution test
FAIL: libgomp.fortran/lib2.f -O3 -g execution test
FAIL: libgomp.fortran/lib2.f -Os execution test
FAIL: libgomp.fortran/lib3.f -O0 execution test
FAIL: libgomp.fortran/lib3.f -O1 execution test
FAIL: libgomp.fortran/lib3.f -O2 execution test
FAIL: libgomp.fortran/lib3.f -O3 -fomit-frame-pointer -funroll-loops -fpeel-loops -ftracer -finline-functions execution test
FAIL: libgomp.fortran/lib3.f -O3 -g execution test
FAIL: libgomp.fortran/lib3.f -Os execution test
FAIL: libgomp.fortran/lock-1.f90 -O0 execution test
FAIL: libgomp.fortran/lock-1.f90 -O1 execution test
FAIL: libgomp.fortran/lock-1.f90 -O2 execution test
FAIL: libgomp.fortran/lock-1.f90 -O3 -fomit-frame-pointer -funroll-loops -fpeel-loops -ftracer -finline-functions execution test
FAIL: libgomp.fortran/lock-1.f90 -O3 -g execution test
FAIL: libgomp.fortran/lock-1.f90 -Os execution test
FAIL: libgomp.fortran/lock-2.f90 -O0 execution test
FAIL: libgomp.fortran/lock-2.f90 -O1 execution test
FAIL: libgomp.fortran/lock-2.f90 -O2 execution test
FAIL: libgomp.fortran/lock-2.f90 -O3 -fomit-frame-pointer -funroll-loops -fpeel-loops -ftracer -finline-functions execution test
FAIL: libgomp.fortran/lock-2.f90 -O3 -g execution test
FAIL: libgomp.fortran/lock-2.f90 -Os execution test
FAIL: libgomp.fortran/nestedfn1.f90 -O0 execution test
FAIL: libgomp.fortran/nestedfn1.f90 -O1 execution test
FAIL: libgomp.fortran/nestedfn1.f90 -O2 execution test
FAIL: libgomp.fortran/nestedfn1.f90 -O3 -fomit-frame-pointer -funroll-loops -fpeel-loops -ftracer -finline-functions execution test
FAIL: libgomp.fortran/nestedfn1.f90 -O3 -g execution test
FAIL: libgomp.fortran/nestedfn1.f90 -Os execution test
FAIL: libgomp.fortran/omp_atomic1.f90 -O0 execution test
FAIL: libgomp.fortran/omp_atomic1.f90 -O1 execution test
FAIL: libgomp.fortran/omp_atomic1.f90 -O2 execution test
FAIL: libgomp.fortran/omp_atomic1.f90 -O3 -fomit-frame-pointer -funroll-loops -fpeel-loops -ftracer -finline-functions execution test
FAIL: libgomp.fortran/omp_atomic1.f90 -O3 -g execution test
FAIL: libgomp.fortran/omp_atomic1.f90 -Os execution test
FAIL: libgomp.fortran/omp_atomic2.f90 -O0 execution test
FAIL: libgomp.fortran/omp_atomic2.f90 -O1 execution test
FAIL: libgomp.fortran/omp_atomic2.f90 -O2 execution test
FAIL: libgomp.fortran/omp_atomic2.f90 -O3 -fomit-frame-pointer -funroll-loops -fpeel-loops -ftracer -finline-functions execution test
FAIL: libgomp.fortran/omp_atomic2.f90 -O3 -g execution test
FAIL: libgomp.fortran/omp_atomic2.f90 -Os execution test
FAIL: libgomp.fortran/omp_atomic3.f90 -O0 execution test
FAIL: libgomp.fortran/omp_atomic3.f90 -O1 execution test
FAIL: libgomp.fortran/omp_atomic3.f90 -O2 execution test
FAIL: libgomp.fortran/omp_atomic3.f90 -O3 -fomit-frame-pointer -funroll-loops -fpeel-loops -ftracer -finline-functions execution test
FAIL: libgomp.fortran/omp_atomic3.f90 -O3 -g execution test
FAIL: libgomp.fortran/omp_atomic3.f90 -Os execution test
FAIL: libgomp.fortran/omp_atomic4.f90 -O0 execution test
FAIL: libgomp.fortran/omp_atomic4.f90 -O1 execution test
FAIL: libgomp.fortran/omp_atomic4.f90 -O2 execution test
FAIL: libgomp.fortran/omp_atomic4.f90 -O3 -fomit-frame-pointer -funroll-loops -fpeel-loops -ftracer -finline-functions execution test
FAIL: libgomp.fortran/omp_atomic4.f90 -O3 -g execution test
FAIL: libgomp.fortran/omp_atomic4.f90 -Os execution test
FAIL: libgomp.fortran/omp_atomic5.f90 -O0 execution test
FAIL: libgomp.fortran/omp_atomic5.f90 -O1 execution test
FAIL: libgomp.fortran/omp_atomic5.f90 -O2 execution test
FAIL: libgomp.fortran/omp_atomic5.f90 -O3 -fomit-frame-pointer -funroll-loops -fpeel-loops -ftracer -finline-functions execution test
FAIL: libgomp.fortran/omp_atomic5.f90 -O3 -g execution test
FAIL: libgomp.fortran/omp_atomic5.f90 -Os execution test
FAIL: libgomp.fortran/omp_orphan.f -O execution test
FAIL: libgomp.fortran/omp_parse1.f90 -O0 execution test
FAIL: libgomp.fortran/omp_parse1.f90 -O1 execution test
FAIL: libgomp.fortran/omp_parse1.f90 -O2 execution test
FAIL: libgomp.fortran/omp_parse1.f90 -O3 -fomit-frame-pointer -funroll-loops -fpeel-loops -ftracer -finline-functions execution test
FAIL: libgomp.fortran/omp_parse1.f90 -O3 -g execution test
FAIL: libgomp.fortran/omp_parse1.f90 -Os execution test
FAIL: libgomp.fortran/omp_parse2.f90 -O0 execution test
FAIL: libgomp.fortran/omp_parse2.f90 -O1 execution test
FAIL: libgomp.fortran/omp_parse2.f90 -O2 execution test
FAIL: libgomp.fortran/omp_parse2.f90 -O3 -fomit-frame-pointer -funroll-loops -fpeel-loops -ftracer -finline-functions execution test
FAIL: libgomp.fortran/omp_parse2.f90 -O3 -g execution test
FAIL: libgomp.fortran/omp_parse2.f90 -Os execution test
FAIL: libgomp.fortran/omp_parse3.f90 -O0 execution test
FAIL: libgomp.fortran/omp_parse3.f90 -O1 execution test
FAIL: libgomp.fortran/omp_parse3.f90 -O2 execution test
FAIL: libgomp.fortran/omp_parse3.f90 -O3 -fomit-frame-pointer -funroll-loops -fpeel-loops -ftracer -finline-functions execution test
FAIL: libgomp.fortran/omp_parse3.f90 -O3 -g execution test
FAIL: libgomp.fortran/omp_parse3.f90 -Os execution test
FAIL: libgomp.fortran/omp_reduction.f -O execution test
FAIL: libgomp.fortran/pr27916-1.f90 -O0 execution test
FAIL: libgomp.fortran/pr27916-1.f90 -O1 execution test
FAIL: libgomp.fortran/pr27916-1.f90 -O2 execution test
FAIL: libgomp.fortran/pr27916-1.f90 -O3 -fomit-frame-pointer -funroll-loops -fpeel-loops -ftracer -finline-functions execution test
FAIL: libgomp.fortran/pr27916-1.f90 -O3 -g execution test
FAIL: libgomp.fortran/pr27916-1.f90 -Os execution test
FAIL: libgomp.fortran/pr27916-2.f90 -O0 execution test
FAIL: libgomp.fortran/pr27916-2.f90 -O1 execution test
FAIL: libgomp.fortran/pr27916-2.f90 -O2 execution test
FAIL: libgomp.fortran/pr27916-2.f90 -O3 -fomit-frame-pointer -funroll-loops -fpeel-loops -ftracer -finline-functions execution test
FAIL: libgomp.fortran/pr27916-2.f90 -O3 -g execution test
FAIL: libgomp.fortran/pr27916-2.f90 -Os execution test
FAIL: libgomp.fortran/pr34020.f90 -O0 execution test
FAIL: libgomp.fortran/pr34020.f90 -O1 execution test
FAIL: libgomp.fortran/pr34020.f90 -O2 execution test
FAIL: libgomp.fortran/pr34020.f90 -O3 -fomit-frame-pointer -funroll-loops -fpeel-loops -ftracer -finline-functions execution test
FAIL: libgomp.fortran/pr34020.f90 -O3 -g execution test
FAIL: libgomp.fortran/pr34020.f90 -Os execution test
FAIL: libgomp.fortran/reference2.f90 -O0 execution test
FAIL: libgomp.fortran/reference2.f90 -O1 execution test
FAIL: libgomp.fortran/reference2.f90 -O2 execution test
FAIL: libgomp.fortran/reference2.f90 -O3 -fomit-frame-pointer -funroll-loops -fpeel-loops -ftracer -finline-functions execution test
FAIL: libgomp.fortran/reference2.f90 -O3 -g execution test
FAIL: libgomp.fortran/reference2.f90 -Os execution test
FAIL: libgomp.fortran/retval1.f90 -O0 execution test
FAIL: libgomp.fortran/retval1.f90 -O1 execution test
FAIL: libgomp.fortran/retval1.f90 -O2 execution test
FAIL: libgomp.fortran/retval1.f90 -O3 -fomit-frame-pointer -funroll-loops -fpeel-loops -ftracer -finline-functions execution test
FAIL: libgomp.fortran/retval1.f90 -O3 -g execution test
FAIL: libgomp.fortran/retval1.f90 -Os execution test
FAIL: libgomp.fortran/retval2.f90 -O0 execution test
FAIL: libgomp.fortran/retval2.f90 -O1 execution test
FAIL: libgomp.fortran/retval2.f90 -O2 execution test
FAIL: libgomp.fortran/retval2.f90 -O3 -fomit-frame-pointer -funroll-loops -fpeel-loops -ftracer -finline-functions execution test
FAIL: libgomp.fortran/retval2.f90 -O3 -g execution test
FAIL: libgomp.fortran/retval2.f90 -Os execution test
FAIL: libgomp.fortran/sharing1.f90 -O0 execution test
FAIL: libgomp.fortran/sharing1.f90 -O1 execution test
FAIL: libgomp.fortran/sharing1.f90 -O2 execution test
FAIL: libgomp.fortran/sharing1.f90 -O3 -fomit-frame-pointer -funroll-loops -fpeel-loops -ftracer -finline-functions execution test
FAIL: libgomp.fortran/sharing1.f90 -O3 -g execution test
FAIL: libgomp.fortran/sharing1.f90 -Os execution test
FAIL: libgomp.fortran/sharing2.f90 -O0 execution test
FAIL: libgomp.fortran/sharing2.f90 -O1 execution test
FAIL: libgomp.fortran/sharing2.f90 -O2 execution test
FAIL: libgomp.fortran/sharing2.f90 -O3 -fomit-frame-pointer -funroll-loops -fpeel-loops -ftracer -finline-functions execution test
FAIL: libgomp.fortran/sharing2.f90 -O3 -g execution test
FAIL: libgomp.fortran/sharing2.f90 -Os execution test
FAIL: libgomp.fortran/simd7.f90 -O0 execution test
FAIL: libgomp.fortran/simd7.f90 -O1 execution test
FAIL: libgomp.fortran/simd7.f90 -O2 execution test
FAIL: libgomp.fortran/simd7.f90 -O3 -fomit-frame-pointer -funroll-loops -fpeel-loops -ftracer -finline-functions execution test
FAIL: libgomp.fortran/simd7.f90 -O3 -g execution test
FAIL: libgomp.fortran/simd7.f90 -Os execution test
FAIL: libgomp.fortran/target4.f90 -O0 execution test
FAIL: libgomp.fortran/target4.f90 -O1 execution test
FAIL: libgomp.fortran/target4.f90 -O2 execution test
FAIL: libgomp.fortran/target4.f90 -O3 -fomit-frame-pointer -funroll-loops -fpeel-loops -ftracer -finline-functions execution test
FAIL: libgomp.fortran/target4.f90 -O3 -g execution test
FAIL: libgomp.fortran/target4.f90 -Os execution test
FAIL: libgomp.fortran/threadprivate1.f90 -O0 execution test
FAIL: libgomp.fortran/threadprivate1.f90 -O1 execution test
FAIL: libgomp.fortran/threadprivate1.f90 -O2 execution test
FAIL: libgomp.fortran/threadprivate1.f90 -O3 -fomit-frame-pointer -funroll-loops -fpeel-loops -ftracer -finline-functions execution test
FAIL: libgomp.fortran/threadprivate1.f90 -O3 -g execution test
FAIL: libgomp.fortran/threadprivate1.f90 -Os execution test
FAIL: libgomp.fortran/threadprivate2.f90 -O0 execution test
FAIL: libgomp.fortran/threadprivate2.f90 -O1 execution test
FAIL: libgomp.fortran/threadprivate2.f90 -O2 execution test
FAIL: libgomp.fortran/threadprivate2.f90 -O3 -fomit-frame-pointer -funroll-loops -fpeel-loops -ftracer -finline-functions execution test
FAIL: libgomp.fortran/threadprivate2.f90 -O3 -g execution test
FAIL: libgomp.fortran/threadprivate2.f90 -Os execution test
FAIL: libgomp.fortran/threadprivate3.f90 -O0 execution test
FAIL: libgomp.fortran/threadprivate3.f90 -O1 execution test
FAIL: libgomp.fortran/threadprivate3.f90 -O2 execution test
FAIL: libgomp.fortran/threadprivate3.f90 -O3 -fomit-frame-pointer -funroll-loops -fpeel-loops -ftracer -finline-functions execution test
FAIL: libgomp.fortran/threadprivate3.f90 -O3 -g execution test
FAIL: libgomp.fortran/threadprivate3.f90 -Os execution test
FAIL: libgomp.fortran/threadprivate4.f90 -O0 execution test
FAIL: libgomp.fortran/threadprivate4.f90 -O1 execution test
FAIL: libgomp.fortran/threadprivate4.f90 -O2 execution test
FAIL: libgomp.fortran/threadprivate4.f90 -O3 -fomit-frame-pointer -funroll-loops -fpeel-loops -ftracer -finline-functions execution test
FAIL: libgomp.fortran/threadprivate4.f90 -O3 -g execution test
FAIL: libgomp.fortran/threadprivate4.f90 -Os execution test
FAIL: libgomp.fortran/vla1.f90 -O0 execution test
FAIL: libgomp.fortran/vla1.f90 -O1 execution test
FAIL: libgomp.fortran/vla1.f90 -O2 execution test
FAIL: libgomp.fortran/vla1.f90 -O3 -fomit-frame-pointer -funroll-loops -fpeel-loops -ftracer -finline-functions execution test
FAIL: libgomp.fortran/vla1.f90 -O3 -g execution test
FAIL: libgomp.fortran/vla1.f90 -Os execution test
FAIL: libgomp.fortran/vla2.f90 -O0 execution test
FAIL: libgomp.fortran/vla2.f90 -O1 execution test
FAIL: libgomp.fortran/vla2.f90 -O2 execution test
FAIL: libgomp.fortran/vla2.f90 -O3 -fomit-frame-pointer -funroll-loops -fpeel-loops -ftracer -finline-functions execution test
FAIL: libgomp.fortran/vla2.f90 -O3 -g execution test
FAIL: libgomp.fortran/vla2.f90 -Os execution test
FAIL: libgomp.fortran/vla3.f90 -O0 execution test
FAIL: libgomp.fortran/vla3.f90 -O1 execution test
FAIL: libgomp.fortran/vla3.f90 -O2 execution test
FAIL: libgomp.fortran/vla3.f90 -O3 -fomit-frame-pointer -funroll-loops -fpeel-loops -ftracer -finline-functions execution test
FAIL: libgomp.fortran/vla3.f90 -O3 -g execution test
FAIL: libgomp.fortran/vla3.f90 -Os execution test
FAIL: libgomp.fortran/vla4.f90 -O0 execution test
FAIL: libgomp.fortran/vla4.f90 -O1 execution test
FAIL: libgomp.fortran/vla4.f90 -O2 execution test
FAIL: libgomp.fortran/vla4.f90 -O3 -fomit-frame-pointer -funroll-loops -fpeel-loops -ftracer -finline-functions execution test
FAIL: libgomp.fortran/vla4.f90 -O3 -g execution test
FAIL: libgomp.fortran/vla4.f90 -Os execution test
FAIL: libgomp.fortran/vla5.f90 -O0 execution test
FAIL: libgomp.fortran/vla5.f90 -O1 execution test
FAIL: libgomp.fortran/vla5.f90 -O2 execution test
FAIL: libgomp.fortran/vla5.f90 -O3 -fomit-frame-pointer -funroll-loops -fpeel-loops -ftracer -finline-functions execution test
FAIL: libgomp.fortran/vla5.f90 -O3 -g execution test
FAIL: libgomp.fortran/vla5.f90 -Os execution test
FAIL: libgomp.fortran/vla6.f90 -O0 execution test
FAIL: libgomp.fortran/vla6.f90 -O1 execution test
FAIL: libgomp.fortran/vla6.f90 -O2 execution test
FAIL: libgomp.fortran/vla6.f90 -O3 -fomit-frame-pointer -funroll-loops -fpeel-loops -ftracer -finline-functions execution test
FAIL: libgomp.fortran/vla6.f90 -O3 -g execution test
FAIL: libgomp.fortran/vla6.f90 -Os execution test
FAIL: libgomp.fortran/vla7.f90 -O0 execution test
FAIL: libgomp.fortran/vla7.f90 -O1 execution test
FAIL: libgomp.fortran/vla7.f90 -O2 execution test
FAIL: libgomp.fortran/vla7.f90 -O3 -fomit-frame-pointer -funroll-loops -fpeel-loops -ftracer -finline-functions execution test
FAIL: libgomp.fortran/vla7.f90 -O3 -g execution test
FAIL: libgomp.fortran/vla7.f90 -Os execution test
FAIL: libgomp.fortran/vla8.f90 -O0 execution test
FAIL: libgomp.fortran/vla8.f90 -O1 execution test
FAIL: libgomp.fortran/vla8.f90 -O2 execution test
FAIL: libgomp.fortran/vla8.f90 -O3 -fomit-frame-pointer -funroll-loops -fpeel-loops -ftracer -finline-functions execution test
FAIL: libgomp.fortran/vla8.f90 -O3 -g execution test
FAIL: libgomp.fortran/vla8.f90 -Os execution test
FAIL: libgomp.oacc-c/../libgomp.oacc-c-c++-common/atomic_capture-1.c -DACC_DEVICE_TYPE_host=1 -DACC_MEM_SHARED=1 -O2 execution test
FAIL: libgomp.oacc-c/../libgomp.oacc-c-c++-common/atomic_update-1.c -DACC_DEVICE_TYPE_host=1 -DACC_MEM_SHARED=1 -O2 execution test
FAIL: libgomp.oacc-c/../libgomp.oacc-c-c++-common/par-reduction-1.c -DACC_DEVICE_TYPE_host=1 -DACC_MEM_SHARED=1 -O2 execution test
FAIL: libgomp.oacc-c/../libgomp.oacc-c-c++-common/par-reduction-2.c -DACC_DEVICE_TYPE_host=1 -DACC_MEM_SHARED=1 -O2 execution test
FAIL: libgomp.oacc-c++/../libgomp.oacc-c-c++-common/atomic_capture-1.c -DACC_DEVICE_TYPE_host=1 -DACC_MEM_SHARED=1 -O2 execution test
FAIL: libgomp.oacc-c++/../libgomp.oacc-c-c++-common/atomic_update-1.c -DACC_DEVICE_TYPE_host=1 -DACC_MEM_SHARED=1 -O2 execution test
FAIL: libgomp.oacc-c++/../libgomp.oacc-c-c++-common/par-reduction-1.c -DACC_DEVICE_TYPE_host=1 -DACC_MEM_SHARED=1 -O2 execution test
FAIL: libgomp.oacc-c++/../libgomp.oacc-c-c++-common/par-reduction-2.c -DACC_DEVICE_TYPE_host=1 -DACC_MEM_SHARED=1 -O2 execution test
FAIL: libgomp.oacc-fortran/atomic_capture-1.f90 -DACC_DEVICE_TYPE_host=1 -DACC_MEM_SHARED=1 -O0 execution test
FAIL: libgomp.oacc-fortran/atomic_capture-1.f90 -DACC_DEVICE_TYPE_host=1 -DACC_MEM_SHARED=1 -O1 execution test
FAIL: libgomp.oacc-fortran/atomic_capture-1.f90 -DACC_DEVICE_TYPE_host=1 -DACC_MEM_SHARED=1 -O2 execution test
FAIL: libgomp.oacc-fortran/atomic_capture-1.f90 -DACC_DEVICE_TYPE_host=1 -DACC_MEM_SHARED=1 -O3 -fomit-frame-pointer -funroll-loops -fpeel-loops -ftracer -finline-functions execution test
FAIL: libgomp.oacc-fortran/atomic_capture-1.f90 -DACC_DEVICE_TYPE_host=1 -DACC_MEM_SHARED=1 -O3 -g execution test
FAIL: libgomp.oacc-fortran/atomic_capture-1.f90 -DACC_DEVICE_TYPE_host=1 -DACC_MEM_SHARED=1 -Os execution test
FAIL: libgomp.oacc-fortran/atomic_update-1.f90 -DACC_DEVICE_TYPE_host=1 -DACC_MEM_SHARED=1 -O0 execution test
FAIL: libgomp.oacc-fortran/atomic_update-1.f90 -DACC_DEVICE_TYPE_host=1 -DACC_MEM_SHARED=1 -O1 execution test
FAIL: libgomp.oacc-fortran/atomic_update-1.f90 -DACC_DEVICE_TYPE_host=1 -DACC_MEM_SHARED=1 -O2 execution test
FAIL: libgomp.oacc-fortran/atomic_update-1.f90 -DACC_DEVICE_TYPE_host=1 -DACC_MEM_SHARED=1 -O3 -fomit-frame-pointer -funroll-loops -fpeel-loops -ftracer -finline-functions execution test
FAIL: libgomp.oacc-fortran/atomic_update-1.f90 -DACC_DEVICE_TYPE_host=1 -DACC_MEM_SHARED=1 -O3 -g execution test
FAIL: libgomp.oacc-fortran/atomic_update-1.f90 -DACC_DEVICE_TYPE_host=1 -DACC_MEM_SHARED=1 -Os execution test
FAIL: libgomp.oacc-fortran/par-reduction-2-1.f -DACC_DEVICE_TYPE_host=1 -DACC_MEM_SHARED=1 -O0 execution test
FAIL: libgomp.oacc-fortran/par-reduction-2-1.f -DACC_DEVICE_TYPE_host=1 -DACC_MEM_SHARED=1 -O1 execution test
FAIL: libgomp.oacc-fortran/par-reduction-2-1.f -DACC_DEVICE_TYPE_host=1 -DACC_MEM_SHARED=1 -O2 execution test
FAIL: libgomp.oacc-fortran/par-reduction-2-1.f -DACC_DEVICE_TYPE_host=1 -DACC_MEM_SHARED=1 -O3 -fomit-frame-pointer -funroll-loops -fpeel-loops -ftracer -finline-functions execution test
FAIL: libgomp.oacc-fortran/par-reduction-2-1.f -DACC_DEVICE_TYPE_host=1 -DACC_MEM_SHARED=1 -O3 -g execution test
FAIL: libgomp.oacc-fortran/par-reduction-2-1.f -DACC_DEVICE_TYPE_host=1 -DACC_MEM_SHARED=1 -Os execution test
FAIL: libgomp.oacc-fortran/par-reduction-2-2.f -DACC_DEVICE_TYPE_host=1 -DACC_MEM_SHARED=1 -O0 execution test
FAIL: libgomp.oacc-fortran/par-reduction-2-2.f -DACC_DEVICE_TYPE_host=1 -DACC_MEM_SHARED=1 -O1 execution test
FAIL: libgomp.oacc-fortran/par-reduction-2-2.f -DACC_DEVICE_TYPE_host=1 -DACC_MEM_SHARED=1 -O2 execution test
FAIL: libgomp.oacc-fortran/par-reduction-2-2.f -DACC_DEVICE_TYPE_host=1 -DACC_MEM_SHARED=1 -O3 -fomit-frame-pointer -funroll-loops -fpeel-loops -ftracer -finline-functions execution test
FAIL: libgomp.oacc-fortran/par-reduction-2-2.f -DACC_DEVICE_TYPE_host=1 -DACC_MEM_SHARED=1 -O3 -g execution test
FAIL: libgomp.oacc-fortran/par-reduction-2-2.f -DACC_DEVICE_TYPE_host=1 -DACC_MEM_SHARED=1 -Os execution test
=== libgomp Summary for unix//-mcpu=thunderx2t99 ===
# of expected passes 835
# of unexpected failures 24
# of unsupported tests 50
Running target unix//-mcpu=thunderx
=== libgomp Summary for unix//-mcpu=thunderx ===
# of expected passes 859
# of unsupported tests 50
Running target unix/
=== libgomp Summary for unix/ ===
# of expected passes 859
# of unsupported tests 50
=== libgomp Summary ===
# of expected passes 14887
# of unexpected failures 437
# of unsupported tests 1131
=== libitm tests ===
Running target unix//-mcpu=thunderx2t99
=== libitm Summary for unix//-mcpu=thunderx2t99 ===
# of expected passes 16
# of expected failures 1
# of unsupported tests 1
Running target unix//-mcpu=thunderx
=== libitm Summary for unix//-mcpu=thunderx ===
# of expected passes 16
# of expected failures 1
# of unsupported tests 1
Running target unix/
=== libitm Summary for unix/ ===
# of expected passes 16
# of expected failures 1
# of unsupported tests 1
=== libitm Summary ===
# of expected passes 126
# of expected failures 9
# of unsupported tests 3
=== libstdc++ tests ===
Running target unix/
=== libstdc++ Summary for unix/ ===
# of expected passes 112
# of unsupported tests 8
Running target unix//-mcpu=thunderx
=== libstdc++ Summary for unix//-mcpu=thunderx ===
# of expected passes 112
# of unsupported tests 8
Running target unix//-mcpu=thunderx2t99
FAIL: 20_util/enable_shared_from_this/members/assign.cc execution test
FAIL: 20_util/enable_shared_from_this/members/const.cc execution test
FAIL: 20_util/enable_shared_from_this/members/reinit.cc execution test
FAIL: 20_util/enable_shared_from_this/members/unique_ptr.cc execution test
FAIL: 20_util/shared_ptr/cons/weak_ptr.cc execution test
FAIL: 20_util/shared_ptr/creation/36949.cc execution test
FAIL: 20_util/shared_ptr/thread/default_weaktoshared.cc execution test
FAIL: experimental/memory/shared_ptr/cons/enable_shared_from_this.cc execution test
FAIL: experimental/memory/shared_ptr/cons/unique_ptr_ctor.cc execution test
FAIL: experimental/memory/shared_ptr/cons/weak_ptr_ctor.cc execution test
FAIL: ext/shared_ptr/1.cc execution test
FAIL: tr1/2_general_utilities/enable_shared_from_this/shared.cc execution test
FAIL: tr1/2_general_utilities/enable_shared_from_this/still_shared.cc execution test
FAIL: tr1/2_general_utilities/shared_ptr/cons/weak_ptr.cc execution test
FAIL: tr1/2_general_utilities/shared_ptr/thread/default_weaktoshared.cc execution test
=== libstdc++ Summary for unix//-mcpu=thunderx2t99 ===
# of expected passes 112
# of unsupported tests 8
=== libstdc++ Summary ===
# of expected passes 336
# of unsupported tests 24
=== gcc tests ===
Running target unix/
XPASS: gcc.dg/pr78768.c -Wformat-overflow (test for warnings, line 12)
XPASS: gcc.dg/guality/example.c -O0 execution test
XPASS: gcc.dg/guality/example.c -O1 execution test
XPASS: gcc.dg/guality/example.c -O2 execution test
XPASS: gcc.dg/guality/example.c -O2 -flto -fno-use-linker-plugin -flto-partition=none execution test
XPASS: gcc.dg/guality/example.c -O3 -g execution test
XPASS: gcc.dg/guality/example.c -Os execution test
XPASS: gcc.dg/guality/guality.c -O0 execution test
XPASS: gcc.dg/guality/guality.c -O1 execution test
XPASS: gcc.dg/guality/guality.c -O2 execution test
XPASS: gcc.dg/guality/guality.c -O2 -flto -fno-use-linker-plugin -flto-partition=none execution test
XPASS: gcc.dg/guality/guality.c -O2 -flto -fuse-linker-plugin -fno-fat-lto-objects execution test
XPASS: gcc.dg/guality/guality.c -O3 -g execution test
XPASS: gcc.dg/guality/guality.c -Os execution test
XPASS: gcc.dg/guality/inline-params-2.c -O2 -flto -fuse-linker-plugin -fno-fat-lto-objects execution test
XPASS: gcc.dg/guality/inline-params.c -O2 execution test
XPASS: gcc.dg/guality/inline-params.c -O2 -flto -fno-use-linker-plugin -flto-partition=none execution test
XPASS: gcc.dg/guality/inline-params.c -O2 -flto -fuse-linker-plugin -fno-fat-lto-objects execution test
XPASS: gcc.dg/guality/inline-params.c -O3 -g execution test
XPASS: gcc.dg/guality/inline-params.c -Os execution test
FAIL: gcc.dg/guality/nrv-1.c -O2 -flto -fuse-linker-plugin -fno-fat-lto-objects line 20 a2.i[0] == 42
FAIL: gcc.dg/guality/pr36728-1.c -O2 line 16 y == 2
FAIL: gcc.dg/guality/pr36728-1.c -O2 line 18 *x == (char) 25
FAIL: gcc.dg/guality/pr36728-1.c -O2 -flto -fno-use-linker-plugin -flto-partition=none line 16 y == 2
FAIL: gcc.dg/guality/pr36728-1.c -O2 -flto -fno-use-linker-plugin -flto-partition=none line 18 *x == (char) 25
FAIL: gcc.dg/guality/pr36728-1.c -O2 -flto -fuse-linker-plugin -fno-fat-lto-objects line 16 y == 2
FAIL: gcc.dg/guality/pr36728-1.c -O3 -g line 16 y == 2
FAIL: gcc.dg/guality/pr36728-1.c -O3 -g line 18 *x == (char) 25
FAIL: gcc.dg/guality/pr36728-2.c -O2 line 16 y == 2
FAIL: gcc.dg/guality/pr36728-2.c -O2 line 18 y == 2
FAIL: gcc.dg/guality/pr36728-2.c -O2 -flto -fno-use-linker-plugin -flto-partition=none line 16 y == 2
FAIL: gcc.dg/guality/pr36728-2.c -O2 -flto -fno-use-linker-plugin -flto-partition=none line 18 y == 2
FAIL: gcc.dg/guality/pr36728-2.c -O2 -flto -fuse-linker-plugin -fno-fat-lto-objects line 16 arg1 == 1
FAIL: gcc.dg/guality/pr36728-2.c -O2 -flto -fuse-linker-plugin -fno-fat-lto-objects line 16 arg2 == 2
FAIL: gcc.dg/guality/pr36728-2.c -O2 -flto -fuse-linker-plugin -fno-fat-lto-objects line 16 arg3 == 3
FAIL: gcc.dg/guality/pr36728-2.c -O2 -flto -fuse-linker-plugin -fno-fat-lto-objects line 16 arg4 == 4
FAIL: gcc.dg/guality/pr36728-2.c -O2 -flto -fuse-linker-plugin -fno-fat-lto-objects line 16 arg5 == 5
FAIL: gcc.dg/guality/pr36728-2.c -O2 -flto -fuse-linker-plugin -fno-fat-lto-objects line 16 arg6 == 6
FAIL: gcc.dg/guality/pr36728-2.c -O2 -flto -fuse-linker-plugin -fno-fat-lto-objects line 16 arg7 == 30
FAIL: gcc.dg/guality/pr36728-2.c -O2 -flto -fuse-linker-plugin -fno-fat-lto-objects line 16 y == 2
FAIL: gcc.dg/guality/pr36728-2.c -O2 -flto -fuse-linker-plugin -fno-fat-lto-objects line 18 arg1 == 1
FAIL: gcc.dg/guality/pr36728-2.c -O2 -flto -fuse-linker-plugin -fno-fat-lto-objects line 18 arg2 == 2
FAIL: gcc.dg/guality/pr36728-2.c -O2 -flto -fuse-linker-plugin -fno-fat-lto-objects line 18 arg3 == 3
FAIL: gcc.dg/guality/pr36728-2.c -O2 -flto -fuse-linker-plugin -fno-fat-lto-objects line 18 arg4 == 4
FAIL: gcc.dg/guality/pr36728-2.c -O2 -flto -fuse-linker-plugin -fno-fat-lto-objects line 18 arg5 == 5
FAIL: gcc.dg/guality/pr36728-2.c -O2 -flto -fuse-linker-plugin -fno-fat-lto-objects line 18 arg6 == 6
FAIL: gcc.dg/guality/pr36728-2.c -O2 -flto -fuse-linker-plugin -fno-fat-lto-objects line 18 arg7 == 30
FAIL: gcc.dg/guality/pr36728-2.c -O3 -g line 16 arg1 == 1
FAIL: gcc.dg/guality/pr36728-2.c -O3 -g line 16 arg2 == 2
FAIL: gcc.dg/guality/pr36728-2.c -O3 -g line 16 arg3 == 3
FAIL: gcc.dg/guality/pr36728-2.c -O3 -g line 16 arg4 == 4
FAIL: gcc.dg/guality/pr36728-2.c -O3 -g line 16 arg5 == 5
FAIL: gcc.dg/guality/pr36728-2.c -O3 -g line 16 arg6 == 6
FAIL: gcc.dg/guality/pr36728-2.c -O3 -g line 16 arg7 == 30
FAIL: gcc.dg/guality/pr36728-2.c -O3 -g line 16 y == 2
FAIL: gcc.dg/guality/pr36728-2.c -O3 -g line 18 arg1 == 1
FAIL: gcc.dg/guality/pr36728-2.c -O3 -g line 18 arg2 == 2
FAIL: gcc.dg/guality/pr36728-2.c -O3 -g line 18 arg3 == 3
FAIL: gcc.dg/guality/pr36728-2.c -O3 -g line 18 arg4 == 4
FAIL: gcc.dg/guality/pr36728-2.c -O3 -g line 18 arg5 == 5
FAIL: gcc.dg/guality/pr36728-2.c -O3 -g line 18 arg6 == 6
FAIL: gcc.dg/guality/pr36728-2.c -O3 -g line 18 arg7 == 30
FAIL: gcc.dg/guality/pr36728-2.c -O3 -g line 18 y == 2
FAIL: gcc.dg/guality/pr36728-2.c -Os line 18 y == 2
XPASS: gcc.dg/guality/pr41353-1.c -O0 line 28 j == 28 + 37
FAIL: gcc.dg/guality/pr41447-1.c -O2 execution test
FAIL: gcc.dg/guality/pr41447-1.c -O2 -flto -fno-use-linker-plugin -flto-partition=none execution test
FAIL: gcc.dg/guality/pr41447-1.c -O3 -g execution test
FAIL: gcc.dg/guality/pr41447-1.c -Os execution test
FAIL: gcc.dg/guality/pr41616-1.c -O2 -flto -fuse-linker-plugin -fno-fat-lto-objects execution test
FAIL: gcc.dg/guality/pr41616-1.c -O3 -g execution test
FAIL: gcc.dg/guality/pr45882.c -O2 -flto -fuse-linker-plugin -fno-fat-lto-objects line 16 d == 112
FAIL: gcc.dg/guality/pr45882.c -O2 -flto -fuse-linker-plugin -fno-fat-lto-objects line 16 e == 142
FAIL: gcc.dg/guality/pr54200.c -O1 line 20 z == 3
FAIL: gcc.dg/guality/pr54200.c -O2 line 20 z == 3
FAIL: gcc.dg/guality/pr54200.c -O2 -flto -fno-use-linker-plugin -flto-partition=none line 20 z == 3
FAIL: gcc.dg/guality/pr54200.c -O3 -g line 20 z == 3
FAIL: gcc.dg/guality/pr54200.c -Os line 20 z == 3
FAIL: gcc.dg/guality/pr54519-1.c -O2 -flto -fno-use-linker-plugin -flto-partition=none line 20 y == 25
FAIL: gcc.dg/guality/pr54519-1.c -O2 -flto -fno-use-linker-plugin -flto-partition=none line 20 z == 6
FAIL: gcc.dg/guality/pr54519-1.c -O2 -flto -fno-use-linker-plugin -flto-partition=none line 23 y == 117
FAIL: gcc.dg/guality/pr54519-1.c -O2 -flto -fno-use-linker-plugin -flto-partition=none line 23 z == 8
FAIL: gcc.dg/guality/pr54519-2.c -O2 -flto -fno-use-linker-plugin -flto-partition=none line 17 y == 25
FAIL: gcc.dg/guality/pr54519-2.c -O2 -flto -fuse-linker-plugin -fno-fat-lto-objects line 17 y == 25
FAIL: gcc.dg/guality/pr54519-3.c -O2 -flto -fno-use-linker-plugin -flto-partition=none line 20 y == 25
FAIL: gcc.dg/guality/pr54519-3.c -O2 -flto -fno-use-linker-plugin -flto-partition=none line 20 z == 6
FAIL: gcc.dg/guality/pr54519-3.c -O2 -flto -fno-use-linker-plugin -flto-partition=none line 23 y == 117
FAIL: gcc.dg/guality/pr54519-3.c -O2 -flto -fno-use-linker-plugin -flto-partition=none line 23 z == 8
FAIL: gcc.dg/guality/pr54519-3.c -O2 -flto -fuse-linker-plugin -fno-fat-lto-objects line 20 y == 25
FAIL: gcc.dg/guality/pr54519-3.c -O2 -flto -fuse-linker-plugin -fno-fat-lto-objects line 20 z == 6
FAIL: gcc.dg/guality/pr54519-3.c -O2 -flto -fuse-linker-plugin -fno-fat-lto-objects line 23 y == 117
FAIL: gcc.dg/guality/pr54519-3.c -O2 -flto -fuse-linker-plugin -fno-fat-lto-objects line 23 z == 8
FAIL: gcc.dg/guality/pr54519-4.c -O2 -flto -fno-use-linker-plugin -flto-partition=none line 17 y == 25
FAIL: gcc.dg/guality/pr54519-4.c -O2 -flto -fuse-linker-plugin -fno-fat-lto-objects line 17 y == 25
FAIL: gcc.dg/guality/pr54519-5.c -O2 -flto -fno-use-linker-plugin -flto-partition=none line 17 y == 25
FAIL: gcc.dg/guality/pr54519-5.c -O2 -flto -fuse-linker-plugin -fno-fat-lto-objects line 17 y == 25
FAIL: gcc.dg/guality/pr54693-2.c -Os line 21 z == 30 - 3 * i
FAIL: gcc.dg/guality/pr54693.c -Os line 22 i == c - 48
FAIL: gcc.dg/guality/pr58791-2.c -O2 -flto -fno-use-linker-plugin -flto-partition=none line pr58791-2.c:27 d & 1 == 1
FAIL: gcc.dg/guality/pr68860-1.c -O2 -flto -fno-use-linker-plugin -flto-partition=none line 14 arg1 == 1
FAIL: gcc.dg/guality/pr68860-1.c -O2 -flto -fno-use-linker-plugin -flto-partition=none line 14 arg2 == 2
FAIL: gcc.dg/guality/pr68860-1.c -O2 -flto -fno-use-linker-plugin -flto-partition=none line 14 arg3 == 3
FAIL: gcc.dg/guality/pr68860-1.c -O2 -flto -fno-use-linker-plugin -flto-partition=none line 14 arg4 == 4
FAIL: gcc.dg/guality/pr68860-1.c -O2 -flto -fno-use-linker-plugin -flto-partition=none line 14 arg5 == 5
FAIL: gcc.dg/guality/pr68860-1.c -O2 -flto -fno-use-linker-plugin -flto-partition=none line 14 arg6 == 6
FAIL: gcc.dg/guality/pr68860-1.c -O2 -flto -fno-use-linker-plugin -flto-partition=none line 16 arg1 == 1
FAIL: gcc.dg/guality/pr68860-1.c -O2 -flto -fno-use-linker-plugin -flto-partition=none line 16 arg2 == 2
FAIL: gcc.dg/guality/pr68860-1.c -O2 -flto -fno-use-linker-plugin -flto-partition=none line 16 arg3 == 3
FAIL: gcc.dg/guality/pr68860-1.c -O2 -flto -fno-use-linker-plugin -flto-partition=none line 16 arg4 == 4
FAIL: gcc.dg/guality/pr68860-1.c -O2 -flto -fno-use-linker-plugin -flto-partition=none line 16 arg5 == 5
FAIL: gcc.dg/guality/pr68860-1.c -O2 -flto -fno-use-linker-plugin -flto-partition=none line 16 arg6 == 6
FAIL: gcc.dg/guality/pr68860-1.c -O2 -flto -fuse-linker-plugin -fno-fat-lto-objects line 14 arg1 == 1
FAIL: gcc.dg/guality/pr68860-1.c -O2 -flto -fuse-linker-plugin -fno-fat-lto-objects line 14 arg2 == 2
FAIL: gcc.dg/guality/pr68860-1.c -O2 -flto -fuse-linker-plugin -fno-fat-lto-objects line 14 arg3 == 3
FAIL: gcc.dg/guality/pr68860-1.c -O2 -flto -fuse-linker-plugin -fno-fat-lto-objects line 14 arg4 == 4
FAIL: gcc.dg/guality/pr68860-1.c -O2 -flto -fuse-linker-plugin -fno-fat-lto-objects line 14 arg5 == 5
FAIL: gcc.dg/guality/pr68860-1.c -O2 -flto -fuse-linker-plugin -fno-fat-lto-objects line 14 arg6 == 6
FAIL: gcc.dg/guality/pr68860-1.c -O2 -flto -fuse-linker-plugin -fno-fat-lto-objects line 16 arg1 == 1
FAIL: gcc.dg/guality/pr68860-1.c -O2 -flto -fuse-linker-plugin -fno-fat-lto-objects line 16 arg2 == 2
FAIL: gcc.dg/guality/pr68860-1.c -O2 -flto -fuse-linker-plugin -fno-fat-lto-objects line 16 arg3 == 3
FAIL: gcc.dg/guality/pr68860-1.c -O2 -flto -fuse-linker-plugin -fno-fat-lto-objects line 16 arg4 == 4
FAIL: gcc.dg/guality/pr68860-1.c -O2 -flto -fuse-linker-plugin -fno-fat-lto-objects line 16 arg5 == 5
FAIL: gcc.dg/guality/pr68860-1.c -O2 -flto -fuse-linker-plugin -fno-fat-lto-objects line 16 arg6 == 6
FAIL: gcc.dg/guality/vla-1.c -O1 line 17 sizeof (a) == 6
FAIL: gcc.dg/guality/vla-1.c -O2 line 17 sizeof (a) == 6
FAIL: gcc.dg/guality/vla-1.c -O2 -flto -fno-use-linker-plugin -flto-partition=none line 17 sizeof (a) == 6
FAIL: gcc.dg/guality/vla-1.c -O2 -flto -fno-use-linker-plugin -flto-partition=none line 24 sizeof (a) == 17 * sizeof (short)
FAIL: gcc.dg/guality/vla-1.c -O2 -flto -fuse-linker-plugin -fno-fat-lto-objects line 17 sizeof (a) == 6
FAIL: gcc.dg/guality/vla-1.c -O2 -flto -fuse-linker-plugin -fno-fat-lto-objects line 24 sizeof (a) == 17 * sizeof (short)
FAIL: gcc.dg/guality/vla-1.c -O3 -g line 17 sizeof (a) == 6
FAIL: gcc.dg/guality/vla-1.c -Os line 17 sizeof (a) == 6
FAIL: gcc.dg/vect/pr65947-14.c -flto -ffat-lto-objects execution test
FAIL: gcc.dg/vect/pr65947-14.c execution test
FAIL: gcc.dg/vect/pr65947-9.c -flto -ffat-lto-objects scan-tree-dump vect "loop size is greater than data size"
FAIL: gcc.dg/vect/pr65947-9.c scan-tree-dump vect "loop size is greater than data size"
FAIL: gcc.dg/vect/slp-perm-9.c -flto -ffat-lto-objects scan-tree-dump-times vect "vectorized 1 loops" 1
FAIL: gcc.dg/vect/slp-perm-9.c scan-tree-dump-times vect "vectorized 1 loops" 1
XPASS: gcc.dg/vect/vect-95.c -flto -ffat-lto-objects scan-tree-dump-times vect "Alignment of access forced using peeling" 0
XPASS: gcc.dg/vect/vect-95.c scan-tree-dump-times vect "Alignment of access forced using peeling" 0
FAIL: gcc.target/aarch64/pr62178.c scan-assembler ld1r\\\\t{v[0-9]+.
FAIL: gcc.target/aarch64/pr70398.c (test for excess errors)
UNRESOLVED: gcc.target/aarch64/pr70398.c compilation failed to produce executable
FAIL: gcc.target/aarch64/vect-abs-compile.c scan-assembler abs\\\\tv[0-9]+.16b
FAIL: gcc.target/aarch64/vect-abs-compile.c scan-assembler abs\\\\tv[0-9]+.8h
=== gcc Summary for unix/ ===
Running target unix//-mcpu=thunderx
XPASS: gcc.dg/pr78768.c -Wformat-overflow (test for warnings, line 12)
XPASS: gcc.dg/guality/example.c -O0 execution test
XPASS: gcc.dg/guality/example.c -O1 execution test
XPASS: gcc.dg/guality/example.c -O3 -g execution test
XPASS: gcc.dg/guality/guality.c -O0 execution test
XPASS: gcc.dg/guality/guality.c -O1 execution test
XPASS: gcc.dg/guality/guality.c -O2 execution test
XPASS: gcc.dg/guality/guality.c -O2 -flto -fno-use-linker-plugin -flto-partition=none execution test
XPASS: gcc.dg/guality/guality.c -O2 -flto -fuse-linker-plugin -fno-fat-lto-objects execution test
XPASS: gcc.dg/guality/guality.c -O3 -g execution test
XPASS: gcc.dg/guality/guality.c -Os execution test
XPASS: gcc.dg/guality/inline-params-2.c -O2 -flto -fuse-linker-plugin -fno-fat-lto-objects execution test
XPASS: gcc.dg/guality/inline-params.c -O2 execution test
XPASS: gcc.dg/guality/inline-params.c -O2 -flto -fno-use-linker-plugin -flto-partition=none execution test
XPASS: gcc.dg/guality/inline-params.c -O2 -flto -fuse-linker-plugin -fno-fat-lto-objects execution test
XPASS: gcc.dg/guality/inline-params.c -O3 -g execution test
XPASS: gcc.dg/guality/inline-params.c -Os execution test
FAIL: gcc.dg/guality/nrv-1.c -O2 -flto -fuse-linker-plugin -fno-fat-lto-objects line 20 a2.i[0] == 42
FAIL: gcc.dg/guality/pr36728-2.c -O2 -flto -fuse-linker-plugin -fno-fat-lto-objects line 16 arg1 == 1
FAIL: gcc.dg/guality/pr36728-2.c -O2 -flto -fuse-linker-plugin -fno-fat-lto-objects line 16 arg2 == 2
FAIL: gcc.dg/guality/pr36728-2.c -O2 -flto -fuse-linker-plugin -fno-fat-lto-objects line 16 arg3 == 3
FAIL: gcc.dg/guality/pr36728-2.c -O2 -flto -fuse-linker-plugin -fno-fat-lto-objects line 16 arg4 == 4
FAIL: gcc.dg/guality/pr36728-2.c -O2 -flto -fuse-linker-plugin -fno-fat-lto-objects line 16 arg5 == 5
FAIL: gcc.dg/guality/pr36728-2.c -O2 -flto -fuse-linker-plugin -fno-fat-lto-objects line 16 arg6 == 6
FAIL: gcc.dg/guality/pr36728-2.c -O2 -flto -fuse-linker-plugin -fno-fat-lto-objects line 16 arg7 == 30
FAIL: gcc.dg/guality/pr36728-2.c -O2 -flto -fuse-linker-plugin -fno-fat-lto-objects line 16 y == 2
FAIL: gcc.dg/guality/pr36728-2.c -O2 -flto -fuse-linker-plugin -fno-fat-lto-objects line 18 arg1 == 1
FAIL: gcc.dg/guality/pr36728-2.c -O2 -flto -fuse-linker-plugin -fno-fat-lto-objects line 18 arg2 == 2
FAIL: gcc.dg/guality/pr36728-2.c -O2 -flto -fuse-linker-plugin -fno-fat-lto-objects line 18 arg3 == 3
FAIL: gcc.dg/guality/pr36728-2.c -O2 -flto -fuse-linker-plugin -fno-fat-lto-objects line 18 arg4 == 4
FAIL: gcc.dg/guality/pr36728-2.c -O2 -flto -fuse-linker-plugin -fno-fat-lto-objects line 18 arg5 == 5
FAIL: gcc.dg/guality/pr36728-2.c -O2 -flto -fuse-linker-plugin -fno-fat-lto-objects line 18 arg6 == 6
FAIL: gcc.dg/guality/pr36728-2.c -O2 -flto -fuse-linker-plugin -fno-fat-lto-objects line 18 arg7 == 30
FAIL: gcc.dg/guality/pr36728-2.c -O3 -g line 16 arg1 == 1
FAIL: gcc.dg/guality/pr36728-2.c -O3 -g line 16 arg2 == 2
FAIL: gcc.dg/guality/pr36728-2.c -O3 -g line 16 arg3 == 3
FAIL: gcc.dg/guality/pr36728-2.c -O3 -g line 16 arg4 == 4
FAIL: gcc.dg/guality/pr36728-2.c -O3 -g line 16 arg5 == 5
FAIL: gcc.dg/guality/pr36728-2.c -O3 -g line 16 arg6 == 6
FAIL: gcc.dg/guality/pr36728-2.c -O3 -g line 16 arg7 == 30
FAIL: gcc.dg/guality/pr36728-2.c -O3 -g line 18 arg1 == 1
FAIL: gcc.dg/guality/pr36728-2.c -O3 -g line 18 arg2 == 2
FAIL: gcc.dg/guality/pr36728-2.c -O3 -g line 18 arg3 == 3
FAIL: gcc.dg/guality/pr36728-2.c -O3 -g line 18 arg4 == 4
FAIL: gcc.dg/guality/pr36728-2.c -O3 -g line 18 arg5 == 5
FAIL: gcc.dg/guality/pr36728-2.c -O3 -g line 18 arg6 == 6
FAIL: gcc.dg/guality/pr36728-2.c -O3 -g line 18 arg7 == 30
XPASS: gcc.dg/guality/pr41353-1.c -O0 line 28 j == 28 + 37
FAIL: gcc.dg/guality/pr41447-1.c -O2 execution test
FAIL: gcc.dg/guality/pr41447-1.c -O2 -flto -fno-use-linker-plugin -flto-partition=none execution test
FAIL: gcc.dg/guality/pr41447-1.c -O3 -g execution test
FAIL: gcc.dg/guality/pr41447-1.c -Os execution test
FAIL: gcc.dg/guality/pr41616-1.c -O2 -flto -fuse-linker-plugin -fno-fat-lto-objects execution test
FAIL: gcc.dg/guality/pr41616-1.c -O3 -g execution test
FAIL: gcc.dg/guality/pr45882.c -O2 -flto -fuse-linker-plugin -fno-fat-lto-objects line 16 d == 112
FAIL: gcc.dg/guality/pr45882.c -O2 -flto -fuse-linker-plugin -fno-fat-lto-objects line 16 e == 142
FAIL: gcc.dg/guality/pr54200.c -O1 line 20 z == 3
FAIL: gcc.dg/guality/pr54200.c -O2 line 20 z == 3
FAIL: gcc.dg/guality/pr54200.c -O2 -flto -fno-use-linker-plugin -flto-partition=none line 20 z == 3
FAIL: gcc.dg/guality/pr54200.c -O3 -g line 20 z == 3
FAIL: gcc.dg/guality/pr54200.c -Os line 20 z == 3
FAIL: gcc.dg/guality/pr54519-1.c -O2 -flto -fno-use-linker-plugin -flto-partition=none line 20 y == 25
FAIL: gcc.dg/guality/pr54519-1.c -O2 -flto -fno-use-linker-plugin -flto-partition=none line 20 z == 6
FAIL: gcc.dg/guality/pr54519-1.c -O2 -flto -fno-use-linker-plugin -flto-partition=none line 23 y == 117
FAIL: gcc.dg/guality/pr54519-1.c -O2 -flto -fno-use-linker-plugin -flto-partition=none line 23 z == 8
FAIL: gcc.dg/guality/pr54519-2.c -O2 line 17 y == 25
FAIL: gcc.dg/guality/pr54519-2.c -O2 -flto -fno-use-linker-plugin -flto-partition=none line 17 y == 25
FAIL: gcc.dg/guality/pr54519-2.c -O2 -flto -fuse-linker-plugin -fno-fat-lto-objects line 17 y == 25
FAIL: gcc.dg/guality/pr54519-3.c -O2 -flto -fno-use-linker-plugin -flto-partition=none line 20 y == 25
FAIL: gcc.dg/guality/pr54519-3.c -O2 -flto -fno-use-linker-plugin -flto-partition=none line 20 z == 6
FAIL: gcc.dg/guality/pr54519-3.c -O2 -flto -fno-use-linker-plugin -flto-partition=none line 23 y == 117
FAIL: gcc.dg/guality/pr54519-3.c -O2 -flto -fno-use-linker-plugin -flto-partition=none line 23 z == 8
FAIL: gcc.dg/guality/pr54519-3.c -O2 -flto -fuse-linker-plugin -fno-fat-lto-objects line 20 y == 25
FAIL: gcc.dg/guality/pr54519-3.c -O2 -flto -fuse-linker-plugin -fno-fat-lto-objects line 20 z == 6
FAIL: gcc.dg/guality/pr54519-3.c -O2 -flto -fuse-linker-plugin -fno-fat-lto-objects line 23 y == 117
FAIL: gcc.dg/guality/pr54519-3.c -O2 -flto -fuse-linker-plugin -fno-fat-lto-objects line 23 z == 8
FAIL: gcc.dg/guality/pr54519-4.c -O2 -flto -fno-use-linker-plugin -flto-partition=none line 17 y == 25
FAIL: gcc.dg/guality/pr54519-4.c -O2 -flto -fuse-linker-plugin -fno-fat-lto-objects line 17 y == 25
FAIL: gcc.dg/guality/pr54519-5.c -O2 -flto -fno-use-linker-plugin -flto-partition=none line 17 y == 25
FAIL: gcc.dg/guality/pr54519-5.c -O2 -flto -fuse-linker-plugin -fno-fat-lto-objects line 17 y == 25
FAIL: gcc.dg/guality/pr54693-2.c -Os line 21 z == 30 - 3 * i
FAIL: gcc.dg/guality/pr54693.c -Os line 22 i == c - 48
FAIL: gcc.dg/guality/pr58791-2.c -O2 -flto -fno-use-linker-plugin -flto-partition=none line pr58791-2.c:27 d & 1 == 1
FAIL: gcc.dg/guality/pr68860-1.c -O2 -flto -fno-use-linker-plugin -flto-partition=none line 14 arg1 == 1
FAIL: gcc.dg/guality/pr68860-1.c -O2 -flto -fno-use-linker-plugin -flto-partition=none line 14 arg2 == 2
FAIL: gcc.dg/guality/pr68860-1.c -O2 -flto -fno-use-linker-plugin -flto-partition=none line 14 arg3 == 3
FAIL: gcc.dg/guality/pr68860-1.c -O2 -flto -fno-use-linker-plugin -flto-partition=none line 14 arg4 == 4
FAIL: gcc.dg/guality/pr68860-1.c -O2 -flto -fno-use-linker-plugin -flto-partition=none line 14 arg5 == 5
FAIL: gcc.dg/guality/pr68860-1.c -O2 -flto -fno-use-linker-plugin -flto-partition=none line 14 arg6 == 6
FAIL: gcc.dg/guality/pr68860-1.c -O2 -flto -fno-use-linker-plugin -flto-partition=none line 16 arg1 == 1
FAIL: gcc.dg/guality/pr68860-1.c -O2 -flto -fno-use-linker-plugin -flto-partition=none line 16 arg2 == 2
FAIL: gcc.dg/guality/pr68860-1.c -O2 -flto -fno-use-linker-plugin -flto-partition=none line 16 arg3 == 3
FAIL: gcc.dg/guality/pr68860-1.c -O2 -flto -fno-use-linker-plugin -flto-partition=none line 16 arg4 == 4
FAIL: gcc.dg/guality/pr68860-1.c -O2 -flto -fno-use-linker-plugin -flto-partition=none line 16 arg5 == 5
FAIL: gcc.dg/guality/pr68860-1.c -O2 -flto -fno-use-linker-plugin -flto-partition=none line 16 arg6 == 6
FAIL: gcc.dg/guality/pr68860-1.c -O2 -flto -fuse-linker-plugin -fno-fat-lto-objects line 14 arg1 == 1
FAIL: gcc.dg/guality/pr68860-1.c -O2 -flto -fuse-linker-plugin -fno-fat-lto-objects line 14 arg2 == 2
FAIL: gcc.dg/guality/pr68860-1.c -O2 -flto -fuse-linker-plugin -fno-fat-lto-objects line 14 arg3 == 3
FAIL: gcc.dg/guality/pr68860-1.c -O2 -flto -fuse-linker-plugin -fno-fat-lto-objects line 14 arg4 == 4
FAIL: gcc.dg/guality/pr68860-1.c -O2 -flto -fuse-linker-plugin -fno-fat-lto-objects line 14 arg5 == 5
FAIL: gcc.dg/guality/pr68860-1.c -O2 -flto -fuse-linker-plugin -fno-fat-lto-objects line 14 arg6 == 6
FAIL: gcc.dg/guality/pr68860-1.c -O2 -flto -fuse-linker-plugin -fno-fat-lto-objects line 16 arg1 == 1
FAIL: gcc.dg/guality/pr68860-1.c -O2 -flto -fuse-linker-plugin -fno-fat-lto-objects line 16 arg2 == 2
FAIL: gcc.dg/guality/pr68860-1.c -O2 -flto -fuse-linker-plugin -fno-fat-lto-objects line 16 arg3 == 3
FAIL: gcc.dg/guality/pr68860-1.c -O2 -flto -fuse-linker-plugin -fno-fat-lto-objects line 16 arg4 == 4
FAIL: gcc.dg/guality/pr68860-1.c -O2 -flto -fuse-linker-plugin -fno-fat-lto-objects line 16 arg5 == 5
FAIL: gcc.dg/guality/pr68860-1.c -O2 -flto -fuse-linker-plugin -fno-fat-lto-objects line 16 arg6 == 6
FAIL: gcc.dg/guality/vla-1.c -O1 line 17 sizeof (a) == 6
FAIL: gcc.dg/guality/vla-1.c -O2 line 17 sizeof (a) == 6
FAIL: gcc.dg/guality/vla-1.c -O2 -flto -fno-use-linker-plugin -flto-partition=none line 17 sizeof (a) == 6
FAIL: gcc.dg/guality/vla-1.c -O2 -flto -fno-use-linker-plugin -flto-partition=none line 24 sizeof (a) == 17 * sizeof (short)
FAIL: gcc.dg/guality/vla-1.c -O2 -flto -fuse-linker-plugin -fno-fat-lto-objects line 17 sizeof (a) == 6
FAIL: gcc.dg/guality/vla-1.c -O2 -flto -fuse-linker-plugin -fno-fat-lto-objects line 24 sizeof (a) == 17 * sizeof (short)
FAIL: gcc.dg/guality/vla-1.c -O3 -g line 17 sizeof (a) == 6
FAIL: gcc.dg/guality/vla-1.c -Os line 17 sizeof (a) == 6
FAIL: gcc.dg/torture/float16-tg-2.c -O0 (internal compiler error)
FAIL: gcc.dg/torture/float16-tg-2.c -O0 (test for excess errors)
UNRESOLVED: gcc.dg/torture/float16-tg-2.c -O0 compilation failed to produce executable
FAIL: gcc.dg/torture/float16-tg-2.c -O1 (internal compiler error)
FAIL: gcc.dg/torture/float16-tg-2.c -O1 (test for excess errors)
UNRESOLVED: gcc.dg/torture/float16-tg-2.c -O1 compilation failed to produce executable
FAIL: gcc.dg/torture/float16-tg-2.c -O2 (internal compiler error)
FAIL: gcc.dg/torture/float16-tg-2.c -O2 (test for excess errors)
UNRESOLVED: gcc.dg/torture/float16-tg-2.c -O2 compilation failed to produce executable
FAIL: gcc.dg/torture/float16-tg-2.c -O2 -flto -fno-use-linker-plugin -flto-partition=none (internal compiler error)
FAIL: gcc.dg/torture/float16-tg-2.c -O2 -flto -fno-use-linker-plugin -flto-partition=none (test for excess errors)
UNRESOLVED: gcc.dg/torture/float16-tg-2.c -O2 -flto -fno-use-linker-plugin -flto-partition=none compilation failed to produce executable
FAIL: gcc.dg/torture/float16-tg-2.c -O2 -flto -fuse-linker-plugin -fno-fat-lto-objects (internal compiler error)
FAIL: gcc.dg/torture/float16-tg-2.c -O2 -flto -fuse-linker-plugin -fno-fat-lto-objects (test for excess errors)
UNRESOLVED: gcc.dg/torture/float16-tg-2.c -O2 -flto -fuse-linker-plugin -fno-fat-lto-objects compilation failed to produce executable
FAIL: gcc.dg/torture/float16-tg-2.c -O3 -g (internal compiler error)
FAIL: gcc.dg/torture/float16-tg-2.c -O3 -g (test for excess errors)
UNRESOLVED: gcc.dg/torture/float16-tg-2.c -O3 -g compilation failed to produce executable
FAIL: gcc.dg/torture/float16-tg-2.c -Os (internal compiler error)
FAIL: gcc.dg/torture/float16-tg-2.c -Os (test for excess errors)
UNRESOLVED: gcc.dg/torture/float16-tg-2.c -Os compilation failed to produce executable
FAIL: gcc.dg/vect/pr65947-14.c -flto -ffat-lto-objects execution test
FAIL: gcc.dg/vect/pr65947-14.c execution test
FAIL: gcc.dg/vect/pr65947-9.c -flto -ffat-lto-objects scan-tree-dump vect "loop size is greater than data size"
FAIL: gcc.dg/vect/pr65947-9.c scan-tree-dump vect "loop size is greater than data size"
FAIL: gcc.dg/vect/slp-perm-9.c -flto -ffat-lto-objects scan-tree-dump-times vect "vectorized 1 loops" 1
FAIL: gcc.dg/vect/slp-perm-9.c scan-tree-dump-times vect "vectorized 1 loops" 1
FAIL: gcc.target/aarch64/fuse_adrp_add_1.c scan-assembler adrp\\tx.*, fixed_regs\\n\\tadd\\tx.*, x.*fixed_regs
FAIL: gcc.target/aarch64/ldp_stp_1.c scan-assembler-times stp\\tw[0-9]+, w[0-9] 7
FAIL: gcc.target/aarch64/mult-synth_1.c scan-assembler-times mul\\tw[0-9]+, w[0-9]+, w[0-9]+ 1
FAIL: gcc.target/aarch64/mult-synth_2.c scan-assembler-times mul\\tw[0-9]+, w[0-9]+, w[0-9]+ 1
FAIL: gcc.target/aarch64/mult-synth_3.c scan-assembler-times mul\\tw[0-9]+, w[0-9]+, w[0-9]+ 1
FAIL: gcc.target/aarch64/pr62178.c scan-assembler ld1r\\\\t{v[0-9]+.
FAIL: gcc.target/aarch64/pr70398.c (test for excess errors)
UNRESOLVED: gcc.target/aarch64/pr70398.c compilation failed to produce executable
FAIL: gcc.target/aarch64/store-pair-1.c scan-assembler stp\\tw([0-9]+)|(zr), w[0-9]+
FAIL: gcc.target/aarch64/vect-abs-compile.c scan-assembler abs\\\\tv[0-9]+.16b
FAIL: gcc.target/aarch64/vect-abs-compile.c scan-assembler abs\\\\tv[0-9]+.8h
FAIL: gcc.target/aarch64/vect-add-sub-cond.c scan-assembler-not \\tld[^\\t]*\\t[wx]
FAIL: gcc.target/aarch64/vect-add-sub-cond.c scan-assembler-not \\tst[^\\t]*\\t[wx]
FAIL: gcc.target/aarch64/vect-compile.c scan-assembler-times addp 2
FAIL: gcc.target/aarch64/vect-compile.c scan-assembler-times addv 2
FAIL: gcc.target/aarch64/vect-faddv-compile.c scan-assembler-times faddp\\\\tv 2
=== gcc Summary for unix//-mcpu=thunderx ===
Running target unix//-mcpu=thunderx2t99
FAIL: gcc.dg/atomic/c11-atomic-exec-2.c -O0 execution test
FAIL: gcc.dg/atomic/c11-atomic-exec-2.c -O1 execution test
FAIL: gcc.dg/atomic/c11-atomic-exec-2.c -O2 execution test
FAIL: gcc.dg/atomic/c11-atomic-exec-2.c -O2 -flto -fno-use-linker-plugin -flto-partition=none execution test
FAIL: gcc.dg/atomic/c11-atomic-exec-2.c -O2 -flto -fuse-linker-plugin -fno-fat-lto-objects execution test
FAIL: gcc.dg/atomic/c11-atomic-exec-2.c -O3 -fomit-frame-pointer -funroll-loops -fpeel-loops -ftracer -finline-functions execution test
FAIL: gcc.dg/atomic/c11-atomic-exec-2.c -O3 -g execution test
FAIL: gcc.dg/atomic/c11-atomic-exec-2.c -Os execution test
FAIL: gcc.dg/atomic/c11-atomic-exec-3.c -O0 execution test
FAIL: gcc.dg/atomic/c11-atomic-exec-3.c -O1 execution test
FAIL: gcc.dg/atomic/c11-atomic-exec-3.c -O2 execution test
FAIL: gcc.dg/atomic/c11-atomic-exec-3.c -O2 -flto -fno-use-linker-plugin -flto-partition=none execution test
FAIL: gcc.dg/atomic/c11-atomic-exec-3.c -O2 -flto -fuse-linker-plugin -fno-fat-lto-objects execution test
FAIL: gcc.dg/atomic/c11-atomic-exec-3.c -O3 -fomit-frame-pointer -funroll-loops -fpeel-loops -ftracer -finline-functions execution test
FAIL: gcc.dg/atomic/c11-atomic-exec-3.c -O3 -g execution test
FAIL: gcc.dg/atomic/c11-atomic-exec-3.c -Os execution test
FAIL: gcc.dg/atomic/c11-atomic-exec-4.c -O0 execution test
FAIL: gcc.dg/atomic/c11-atomic-exec-4.c -O1 execution test
FAIL: gcc.dg/atomic/c11-atomic-exec-4.c -O2 execution test
FAIL: gcc.dg/atomic/c11-atomic-exec-4.c -O2 -flto -fno-use-linker-plugin -flto-partition=none execution test
FAIL: gcc.dg/atomic/c11-atomic-exec-4.c -O2 -flto -fuse-linker-plugin -fno-fat-lto-objects execution test
FAIL: gcc.dg/atomic/c11-atomic-exec-4.c -O3 -fomit-frame-pointer -funroll-loops -fpeel-loops -ftracer -finline-functions execution test
FAIL: gcc.dg/atomic/c11-atomic-exec-4.c -O3 -g execution test
FAIL: gcc.dg/atomic/c11-atomic-exec-4.c -Os execution test
FAIL: gcc.dg/atomic/c11-atomic-exec-5.c -O0 execution test
FAIL: gcc.dg/atomic/c11-atomic-exec-5.c -O1 execution test
FAIL: gcc.dg/atomic/c11-atomic-exec-5.c -O2 execution test
FAIL: gcc.dg/atomic/c11-atomic-exec-5.c -O2 -flto -fno-use-linker-plugin -flto-partition=none execution test
FAIL: gcc.dg/atomic/c11-atomic-exec-5.c -O2 -flto -fuse-linker-plugin -fno-fat-lto-objects execution test
FAIL: gcc.dg/atomic/c11-atomic-exec-5.c -O3 -fomit-frame-pointer -funroll-loops -fpeel-loops -ftracer -finline-functions execution test
FAIL: gcc.dg/atomic/c11-atomic-exec-5.c -O3 -g execution test
FAIL: gcc.dg/atomic/c11-atomic-exec-5.c -Os execution test
FAIL: gcc.dg/atomic/stdatomic-compare-exchange-1.c -O0 execution test
FAIL: gcc.dg/atomic/stdatomic-compare-exchange-1.c -O1 execution test
FAIL: gcc.dg/atomic/stdatomic-compare-exchange-1.c -O2 execution test
FAIL: gcc.dg/atomic/stdatomic-compare-exchange-1.c -O2 -flto -fno-use-linker-plugin -flto-partition=none execution test
FAIL: gcc.dg/atomic/stdatomic-compare-exchange-1.c -O2 -flto -fuse-linker-plugin -fno-fat-lto-objects execution test
FAIL: gcc.dg/atomic/stdatomic-compare-exchange-1.c -O3 -g execution test
FAIL: gcc.dg/atomic/stdatomic-compare-exchange-1.c -Os execution test
FAIL: gcc.dg/atomic/stdatomic-compare-exchange-2.c -O0 execution test
FAIL: gcc.dg/atomic/stdatomic-compare-exchange-2.c -O1 execution test
FAIL: gcc.dg/atomic/stdatomic-compare-exchange-2.c -O2 execution test
FAIL: gcc.dg/atomic/stdatomic-compare-exchange-2.c -O2 -flto -fno-use-linker-plugin -flto-partition=none execution test
FAIL: gcc.dg/atomic/stdatomic-compare-exchange-2.c -O2 -flto -fuse-linker-plugin -fno-fat-lto-objects execution test
FAIL: gcc.dg/atomic/stdatomic-compare-exchange-2.c -O3 -g execution test
FAIL: gcc.dg/atomic/stdatomic-compare-exchange-2.c -Os execution test
FAIL: gcc.dg/atomic/stdatomic-compare-exchange-3.c -O0 execution test
FAIL: gcc.dg/atomic/stdatomic-compare-exchange-3.c -O1 execution test
FAIL: gcc.dg/atomic/stdatomic-compare-exchange-3.c -O2 execution test
FAIL: gcc.dg/atomic/stdatomic-compare-exchange-3.c -O2 -flto -fno-use-linker-plugin -flto-partition=none execution test
FAIL: gcc.dg/atomic/stdatomic-compare-exchange-3.c -O2 -flto -fuse-linker-plugin -fno-fat-lto-objects execution test
FAIL: gcc.dg/atomic/stdatomic-compare-exchange-3.c -O3 -g execution test
FAIL: gcc.dg/atomic/stdatomic-compare-exchange-3.c -Os execution test
FAIL: gcc.dg/atomic/stdatomic-compare-exchange-4.c -O0 execution test
FAIL: gcc.dg/atomic/stdatomic-compare-exchange-4.c -O1 execution test
FAIL: gcc.dg/atomic/stdatomic-compare-exchange-4.c -O2 execution test
FAIL: gcc.dg/atomic/stdatomic-compare-exchange-4.c -O2 -flto -fno-use-linker-plugin -flto-partition=none execution test
FAIL: gcc.dg/atomic/stdatomic-compare-exchange-4.c -O2 -flto -fuse-linker-plugin -fno-fat-lto-objects execution test
FAIL: gcc.dg/atomic/stdatomic-compare-exchange-4.c -O3 -g execution test
FAIL: gcc.dg/atomic/stdatomic-compare-exchange-4.c -Os execution test
FAIL: gcc.dg/atomic/stdatomic-vm.c -O0 execution test
FAIL: gcc.dg/atomic/stdatomic-vm.c -O1 execution test
FAIL: gcc.dg/atomic/stdatomic-vm.c -O2 execution test
FAIL: gcc.dg/atomic/stdatomic-vm.c -O2 -flto -fno-use-linker-plugin -flto-partition=none execution test
FAIL: gcc.dg/atomic/stdatomic-vm.c -O2 -flto -fuse-linker-plugin -fno-fat-lto-objects execution test
FAIL: gcc.dg/atomic/stdatomic-vm.c -O3 -g execution test
FAIL: gcc.dg/atomic/stdatomic-vm.c -Os execution test
FAIL: gcc.dg/atomic-compare-exchange-1.c execution test
FAIL: gcc.dg/atomic-compare-exchange-2.c execution test
FAIL: gcc.dg/atomic-compare-exchange-3.c execution test
FAIL: gcc.dg/atomic-compare-exchange-4.c execution test
FAIL: gcc.dg/di-longlong64-sync-1.c execution test
FAIL: gcc.dg/di-sync-multithread.c execution test
FAIL: gcc.dg/ia64-sync-1.c execution test
FAIL: gcc.dg/ia64-sync-2.c execution test
FAIL: gcc.dg/ia64-sync-3.c execution test
XPASS: gcc.dg/pr78768.c -Wformat-overflow (test for warnings, line 12)
XPASS: gcc.dg/guality/example.c -O0 execution test
XPASS: gcc.dg/guality/example.c -O1 execution test
XPASS: gcc.dg/guality/example.c -O3 -g execution test
XPASS: gcc.dg/guality/guality.c -O0 execution test
XPASS: gcc.dg/guality/guality.c -O1 execution test
XPASS: gcc.dg/guality/guality.c -O2 execution test
XPASS: gcc.dg/guality/guality.c -O2 -flto -fno-use-linker-plugin -flto-partition=none execution test
XPASS: gcc.dg/guality/guality.c -O2 -flto -fuse-linker-plugin -fno-fat-lto-objects execution test
XPASS: gcc.dg/guality/guality.c -O3 -g execution test
XPASS: gcc.dg/guality/guality.c -Os execution test
XPASS: gcc.dg/guality/inline-params-2.c -O2 -flto -fuse-linker-plugin -fno-fat-lto-objects execution test
XPASS: gcc.dg/guality/inline-params.c -O2 execution test
XPASS: gcc.dg/guality/inline-params.c -O2 -flto -fno-use-linker-plugin -flto-partition=none execution test
XPASS: gcc.dg/guality/inline-params.c -O2 -flto -fuse-linker-plugin -fno-fat-lto-objects execution test
XPASS: gcc.dg/guality/inline-params.c -O3 -g execution test
XPASS: gcc.dg/guality/inline-params.c -Os execution test
FAIL: gcc.dg/guality/nrv-1.c -O2 -flto -fuse-linker-plugin -fno-fat-lto-objects line 20 a2.i[0] == 42
FAIL: gcc.dg/guality/pr36728-1.c -O2 line 18 y == 2
FAIL: gcc.dg/guality/pr36728-1.c -O2 -flto -fno-use-linker-plugin -flto-partition=none line 18 y == 2
FAIL: gcc.dg/guality/pr36728-1.c -O2 -flto -fuse-linker-plugin -fno-fat-lto-objects line 16 y == 2
FAIL: gcc.dg/guality/pr36728-1.c -O3 -g line 16 y == 2
FAIL: gcc.dg/guality/pr36728-1.c -O3 -g line 18 y == 2
FAIL: gcc.dg/guality/pr36728-2.c -O2 line 16 y == 2
FAIL: gcc.dg/guality/pr36728-2.c -O2 line 18 y == 2
FAIL: gcc.dg/guality/pr36728-2.c -O2 -flto -fno-use-linker-plugin -flto-partition=none line 16 y == 2
FAIL: gcc.dg/guality/pr36728-2.c -O2 -flto -fno-use-linker-plugin -flto-partition=none line 18 y == 2
FAIL: gcc.dg/guality/pr36728-2.c -O2 -flto -fuse-linker-plugin -fno-fat-lto-objects line 16 arg1 == 1
FAIL: gcc.dg/guality/pr36728-2.c -O2 -flto -fuse-linker-plugin -fno-fat-lto-objects line 16 arg2 == 2
FAIL: gcc.dg/guality/pr36728-2.c -O2 -flto -fuse-linker-plugin -fno-fat-lto-objects line 16 arg3 == 3
FAIL: gcc.dg/guality/pr36728-2.c -O2 -flto -fuse-linker-plugin -fno-fat-lto-objects line 16 arg4 == 4
FAIL: gcc.dg/guality/pr36728-2.c -O2 -flto -fuse-linker-plugin -fno-fat-lto-objects line 16 arg5 == 5
FAIL: gcc.dg/guality/pr36728-2.c -O2 -flto -fuse-linker-plugin -fno-fat-lto-objects line 16 arg6 == 6
FAIL: gcc.dg/guality/pr36728-2.c -O2 -flto -fuse-linker-plugin -fno-fat-lto-objects line 16 arg7 == 30
FAIL: gcc.dg/guality/pr36728-2.c -O2 -flto -fuse-linker-plugin -fno-fat-lto-objects line 16 y == 2
FAIL: gcc.dg/guality/pr36728-2.c -O2 -flto -fuse-linker-plugin -fno-fat-lto-objects line 18 arg1 == 1
FAIL: gcc.dg/guality/pr36728-2.c -O2 -flto -fuse-linker-plugin -fno-fat-lto-objects line 18 arg2 == 2
FAIL: gcc.dg/guality/pr36728-2.c -O2 -flto -fuse-linker-plugin -fno-fat-lto-objects line 18 arg3 == 3
FAIL: gcc.dg/guality/pr36728-2.c -O2 -flto -fuse-linker-plugin -fno-fat-lto-objects line 18 arg4 == 4
FAIL: gcc.dg/guality/pr36728-2.c -O2 -flto -fuse-linker-plugin -fno-fat-lto-objects line 18 arg5 == 5
FAIL: gcc.dg/guality/pr36728-2.c -O2 -flto -fuse-linker-plugin -fno-fat-lto-objects line 18 arg6 == 6
FAIL: gcc.dg/guality/pr36728-2.c -O2 -flto -fuse-linker-plugin -fno-fat-lto-objects line 18 arg7 == 30
FAIL: gcc.dg/guality/pr36728-2.c -O3 -g line 16 arg1 == 1
FAIL: gcc.dg/guality/pr36728-2.c -O3 -g line 16 arg2 == 2
FAIL: gcc.dg/guality/pr36728-2.c -O3 -g line 16 arg3 == 3
FAIL: gcc.dg/guality/pr36728-2.c -O3 -g line 16 arg4 == 4
FAIL: gcc.dg/guality/pr36728-2.c -O3 -g line 16 arg5 == 5
FAIL: gcc.dg/guality/pr36728-2.c -O3 -g line 16 arg6 == 6
FAIL: gcc.dg/guality/pr36728-2.c -O3 -g line 16 arg7 == 30
FAIL: gcc.dg/guality/pr36728-2.c -O3 -g line 16 y == 2
FAIL: gcc.dg/guality/pr36728-2.c -O3 -g line 18 arg1 == 1
FAIL: gcc.dg/guality/pr36728-2.c -O3 -g line 18 arg2 == 2
FAIL: gcc.dg/guality/pr36728-2.c -O3 -g line 18 arg3 == 3
FAIL: gcc.dg/guality/pr36728-2.c -O3 -g line 18 arg4 == 4
FAIL: gcc.dg/guality/pr36728-2.c -O3 -g line 18 arg5 == 5
FAIL: gcc.dg/guality/pr36728-2.c -O3 -g line 18 arg6 == 6
FAIL: gcc.dg/guality/pr36728-2.c -O3 -g line 18 arg7 == 30
FAIL: gcc.dg/guality/pr36728-2.c -O3 -g line 18 y == 2
FAIL: gcc.dg/guality/pr36728-2.c -Os line 18 y == 2
XPASS: gcc.dg/guality/pr41353-1.c -O0 line 28 j == 28 + 37
FAIL: gcc.dg/guality/pr41447-1.c -O2 execution test
FAIL: gcc.dg/guality/pr41447-1.c -O2 -flto -fno-use-linker-plugin -flto-partition=none execution test
FAIL: gcc.dg/guality/pr41447-1.c -O3 -g execution test
FAIL: gcc.dg/guality/pr41447-1.c -Os execution test
FAIL: gcc.dg/guality/pr41616-1.c -O2 -flto -fuse-linker-plugin -fno-fat-lto-objects execution test
FAIL: gcc.dg/guality/pr41616-1.c -O3 -g execution test
FAIL: gcc.dg/guality/pr45882.c -O2 -flto -fuse-linker-plugin -fno-fat-lto-objects line 16 d == 112
FAIL: gcc.dg/guality/pr45882.c -O2 -flto -fuse-linker-plugin -fno-fat-lto-objects line 16 e == 142
FAIL: gcc.dg/guality/pr54200.c -O1 line 20 z == 3
FAIL: gcc.dg/guality/pr54200.c -O2 line 20 z == 3
FAIL: gcc.dg/guality/pr54200.c -O2 -flto -fno-use-linker-plugin -flto-partition=none line 20 z == 3
FAIL: gcc.dg/guality/pr54200.c -O3 -g line 20 z == 3
FAIL: gcc.dg/guality/pr54200.c -Os line 20 z == 3
FAIL: gcc.dg/guality/pr54519-1.c -O2 -flto -fno-use-linker-plugin -flto-partition=none line 20 y == 25
FAIL: gcc.dg/guality/pr54519-1.c -O2 -flto -fno-use-linker-plugin -flto-partition=none line 20 z == 6
FAIL: gcc.dg/guality/pr54519-1.c -O2 -flto -fno-use-linker-plugin -flto-partition=none line 23 y == 117
FAIL: gcc.dg/guality/pr54519-1.c -O2 -flto -fno-use-linker-plugin -flto-partition=none line 23 z == 8
FAIL: gcc.dg/guality/pr54519-2.c -O2 -flto -fno-use-linker-plugin -flto-partition=none line 17 y == 25
FAIL: gcc.dg/guality/pr54519-2.c -O2 -flto -fuse-linker-plugin -fno-fat-lto-objects line 17 y == 25
FAIL: gcc.dg/guality/pr54519-3.c -O2 -flto -fno-use-linker-plugin -flto-partition=none line 20 y == 25
FAIL: gcc.dg/guality/pr54519-3.c -O2 -flto -fno-use-linker-plugin -flto-partition=none line 20 z == 6
FAIL: gcc.dg/guality/pr54519-3.c -O2 -flto -fno-use-linker-plugin -flto-partition=none line 23 y == 117
FAIL: gcc.dg/guality/pr54519-3.c -O2 -flto -fno-use-linker-plugin -flto-partition=none line 23 z == 8
FAIL: gcc.dg/guality/pr54519-3.c -O2 -flto -fuse-linker-plugin -fno-fat-lto-objects line 20 y == 25
FAIL: gcc.dg/guality/pr54519-3.c -O2 -flto -fuse-linker-plugin -fno-fat-lto-objects line 20 z == 6
FAIL: gcc.dg/guality/pr54519-3.c -O2 -flto -fuse-linker-plugin -fno-fat-lto-objects line 23 y == 117
FAIL: gcc.dg/guality/pr54519-3.c -O2 -flto -fuse-linker-plugin -fno-fat-lto-objects line 23 z == 8
FAIL: gcc.dg/guality/pr54519-4.c -O2 -flto -fno-use-linker-plugin -flto-partition=none line 17 y == 25
FAIL: gcc.dg/guality/pr54519-4.c -O2 -flto -fuse-linker-plugin -fno-fat-lto-objects line 17 y == 25
FAIL: gcc.dg/guality/pr54519-5.c -O2 -flto -fno-use-linker-plugin -flto-partition=none line 17 y == 25
FAIL: gcc.dg/guality/pr54519-5.c -O2 -flto -fuse-linker-plugin -fno-fat-lto-objects line 17 y == 25
FAIL: gcc.dg/guality/pr54693-2.c -Os line 21 z == 30 - 3 * i
FAIL: gcc.dg/guality/pr54693.c -Os line 22 i == c - 48
FAIL: gcc.dg/guality/pr58791-2.c -O2 -flto -fno-use-linker-plugin -flto-partition=none line pr58791-2.c:27 d & 1 == 1
FAIL: gcc.dg/guality/pr68860-1.c -O2 -flto -fno-use-linker-plugin -flto-partition=none line 14 arg1 == 1
FAIL: gcc.dg/guality/pr68860-1.c -O2 -flto -fno-use-linker-plugin -flto-partition=none line 14 arg2 == 2
FAIL: gcc.dg/guality/pr68860-1.c -O2 -flto -fno-use-linker-plugin -flto-partition=none line 14 arg3 == 3
FAIL: gcc.dg/guality/pr68860-1.c -O2 -flto -fno-use-linker-plugin -flto-partition=none line 14 arg4 == 4
FAIL: gcc.dg/guality/pr68860-1.c -O2 -flto -fno-use-linker-plugin -flto-partition=none line 14 arg5 == 5
FAIL: gcc.dg/guality/pr68860-1.c -O2 -flto -fno-use-linker-plugin -flto-partition=none line 14 arg6 == 6
FAIL: gcc.dg/guality/pr68860-1.c -O2 -flto -fno-use-linker-plugin -flto-partition=none line 16 arg1 == 1
FAIL: gcc.dg/guality/pr68860-1.c -O2 -flto -fno-use-linker-plugin -flto-partition=none line 16 arg2 == 2
FAIL: gcc.dg/guality/pr68860-1.c -O2 -flto -fno-use-linker-plugin -flto-partition=none line 16 arg3 == 3
FAIL: gcc.dg/guality/pr68860-1.c -O2 -flto -fno-use-linker-plugin -flto-partition=none line 16 arg4 == 4
FAIL: gcc.dg/guality/pr68860-1.c -O2 -flto -fno-use-linker-plugin -flto-partition=none line 16 arg5 == 5
FAIL: gcc.dg/guality/pr68860-1.c -O2 -flto -fno-use-linker-plugin -flto-partition=none line 16 arg6 == 6
FAIL: gcc.dg/guality/pr68860-1.c -O2 -flto -fuse-linker-plugin -fno-fat-lto-objects line 14 arg1 == 1
FAIL: gcc.dg/guality/pr68860-1.c -O2 -flto -fuse-linker-plugin -fno-fat-lto-objects line 14 arg2 == 2
FAIL: gcc.dg/guality/pr68860-1.c -O2 -flto -fuse-linker-plugin -fno-fat-lto-objects line 14 arg3 == 3
FAIL: gcc.dg/guality/pr68860-1.c -O2 -flto -fuse-linker-plugin -fno-fat-lto-objects line 14 arg4 == 4
FAIL: gcc.dg/guality/pr68860-1.c -O2 -flto -fuse-linker-plugin -fno-fat-lto-objects line 14 arg5 == 5
FAIL: gcc.dg/guality/pr68860-1.c -O2 -flto -fuse-linker-plugin -fno-fat-lto-objects line 14 arg6 == 6
FAIL: gcc.dg/guality/pr68860-1.c -O2 -flto -fuse-linker-plugin -fno-fat-lto-objects line 16 arg1 == 1
FAIL: gcc.dg/guality/pr68860-1.c -O2 -flto -fuse-linker-plugin -fno-fat-lto-objects line 16 arg2 == 2
FAIL: gcc.dg/guality/pr68860-1.c -O2 -flto -fuse-linker-plugin -fno-fat-lto-objects line 16 arg3 == 3
FAIL: gcc.dg/guality/pr68860-1.c -O2 -flto -fuse-linker-plugin -fno-fat-lto-objects line 16 arg4 == 4
FAIL: gcc.dg/guality/pr68860-1.c -O2 -flto -fuse-linker-plugin -fno-fat-lto-objects line 16 arg5 == 5
FAIL: gcc.dg/guality/pr68860-1.c -O2 -flto -fuse-linker-plugin -fno-fat-lto-objects line 16 arg6 == 6
FAIL: gcc.dg/guality/vla-1.c -O1 line 17 sizeof (a) == 6
FAIL: gcc.dg/guality/vla-1.c -O2 line 17 sizeof (a) == 6
FAIL: gcc.dg/guality/vla-1.c -O2 -flto -fno-use-linker-plugin -flto-partition=none line 17 sizeof (a) == 6
FAIL: gcc.dg/guality/vla-1.c -O2 -flto -fno-use-linker-plugin -flto-partition=none line 24 sizeof (a) == 17 * sizeof (short)
FAIL: gcc.dg/guality/vla-1.c -O2 -flto -fuse-linker-plugin -fno-fat-lto-objects line 17 sizeof (a) == 6
FAIL: gcc.dg/guality/vla-1.c -O2 -flto -fuse-linker-plugin -fno-fat-lto-objects line 24 sizeof (a) == 17 * sizeof (short)
FAIL: gcc.dg/guality/vla-1.c -O3 -g line 17 sizeof (a) == 6
FAIL: gcc.dg/guality/vla-1.c -Os line 17 sizeof (a) == 6
FAIL: gcc.dg/vect/pr65947-14.c -flto -ffat-lto-objects execution test
FAIL: gcc.dg/vect/pr65947-14.c execution test
FAIL: gcc.dg/vect/pr65947-9.c -flto -ffat-lto-objects scan-tree-dump vect "loop size is greater than data size"
FAIL: gcc.dg/vect/pr65947-9.c scan-tree-dump vect "loop size is greater than data size"
FAIL: gcc.dg/vect/slp-perm-9.c -flto -ffat-lto-objects scan-tree-dump-times vect "vectorized 1 loops" 1
FAIL: gcc.dg/vect/slp-perm-9.c scan-tree-dump-times vect "vectorized 1 loops" 1
XPASS: gcc.dg/vect/vect-95.c -flto -ffat-lto-objects scan-tree-dump-times vect "Alignment of access forced using peeling" 0
XPASS: gcc.dg/vect/vect-95.c scan-tree-dump-times vect "Alignment of access forced using peeling" 0
FAIL: gcc.target/aarch64/aes_1.c (test for excess errors)
FAIL: gcc.target/aarch64/atomic-comp-swap-release-acquire.c (test for excess errors)
FAIL: gcc.target/aarch64/atomic-inst-cas.c (test for excess errors)
FAIL: gcc.target/aarch64/atomic-inst-ldadd.c (test for excess errors)
FAIL: gcc.target/aarch64/atomic-inst-ldlogic.c (test for excess errors)
FAIL: gcc.target/aarch64/atomic-inst-swp.c (test for excess errors)
FAIL: gcc.target/aarch64/atomic-op-acq_rel.c (test for excess errors)
FAIL: gcc.target/aarch64/atomic-op-acquire.c (test for excess errors)
FAIL: gcc.target/aarch64/atomic-op-char.c (test for excess errors)
FAIL: gcc.target/aarch64/atomic-op-consume.c (test for excess errors)
FAIL: gcc.target/aarch64/atomic-op-imm.c (test for excess errors)
FAIL: gcc.target/aarch64/atomic-op-int.c (test for excess errors)
FAIL: gcc.target/aarch64/atomic-op-long.c (test for excess errors)
FAIL: gcc.target/aarch64/atomic-op-relaxed.c (test for excess errors)
FAIL: gcc.target/aarch64/atomic-op-release.c (test for excess errors)
FAIL: gcc.target/aarch64/atomic-op-seq_cst.c (test for excess errors)
FAIL: gcc.target/aarch64/atomic-op-short.c (test for excess errors)
FAIL: gcc.target/aarch64/extend.c scan-assembler ldr\\tw[0-9]+,.*sxtw #?2]
FAIL: gcc.target/aarch64/extend.c scan-assembler ldr\\tw[0-9]+,.*uxtw #?2]
FAIL: gcc.target/aarch64/fuse_adrp_add_1.c scan-assembler adrp\\tx.*, fixed_regs\\n\\tadd\\tx.*, x.*fixed_regs
FAIL: gcc.target/aarch64/index.c scan-assembler-not [us]bfiz\\t
XPASS: gcc.target/aarch64/ldp_vec_64_1.c scan-assembler ldp\\td[0-9]+, d[0-9]
FAIL: gcc.target/aarch64/mgeneral-regs_4.c (test for excess errors)
FAIL: gcc.target/aarch64/mult-synth_1.c scan-assembler-times mul\\tw[0-9]+, w[0-9]+, w[0-9]+ 1
FAIL: gcc.target/aarch64/mult-synth_2.c scan-assembler-times mul\\tw[0-9]+, w[0-9]+, w[0-9]+ 1
FAIL: gcc.target/aarch64/mult-synth_3.c scan-assembler-times mul\\tw[0-9]+, w[0-9]+, w[0-9]+ 1
FAIL: gcc.target/aarch64/mult-synth_4.c scan-assembler-times smull\\tx[0-9]+, w[0-9]+, w[0-9]+ 1
FAIL: gcc.target/aarch64/nofp_1.c (test for excess errors)
FAIL: gcc.target/aarch64/pmull_1.c (test for excess errors)
FAIL: gcc.target/aarch64/pr62178.c scan-assembler ld1r\\\\t{v[0-9]+.
FAIL: gcc.target/aarch64/pr69245_1.c (test for excess errors)
FAIL: gcc.target/aarch64/pr69245_2.c (test for excess errors)
FAIL: gcc.target/aarch64/pr70398.c (test for excess errors)
UNRESOLVED: gcc.target/aarch64/pr70398.c compilation failed to produce executable
FAIL: gcc.target/aarch64/pragma_cpp_predefs_1.c (test for excess errors)
FAIL: gcc.target/aarch64/sha1_1.c (test for excess errors)
FAIL: gcc.target/aarch64/sha256_1.c (test for excess errors)
FAIL: gcc.target/aarch64/sync-comp-swap.c (test for excess errors)
FAIL: gcc.target/aarch64/sync-op-acquire.c (test for excess errors)
FAIL: gcc.target/aarch64/sync-op-full.c (test for excess errors)
FAIL: gcc.target/aarch64/sync-op-release.c (test for excess errors)
FAIL: gcc.target/aarch64/target_attr_1.c (test for excess errors)
FAIL: gcc.target/aarch64/target_attr_10.c (test for excess errors)
FAIL: gcc.target/aarch64/target_attr_13.c (test for excess errors)
FAIL: gcc.target/aarch64/target_attr_15.c (test for excess errors)
FAIL: gcc.target/aarch64/target_attr_2.c (test for excess errors)
FAIL: gcc.target/aarch64/target_attr_3.c (test for excess errors)
FAIL: gcc.target/aarch64/target_attr_3.c scan-assembler-times between mem op and 1
FAIL: gcc.target/aarch64/target_attr_4.c (test for excess errors)
FAIL: gcc.target/aarch64/target_attr_7.c (test for excess errors)
FAIL: gcc.target/aarch64/target_attr_crypto_ice_1.c (test for excess errors)
FAIL: gcc.target/aarch64/target_attr_crypto_ice_2.c (test for excess errors)
FAIL: gcc.target/aarch64/thunderxnoloadpair.c scan-assembler-not ldp\\tw[0-9]+, w[0-9]
FAIL: gcc.target/aarch64/vect-abs-compile.c scan-assembler abs\\\\tv[0-9]+.16b
FAIL: gcc.target/aarch64/vect-abs-compile.c scan-assembler abs\\\\tv[0-9]+.8h
FAIL: gcc.target/aarch64/vect-add-sub-cond.c scan-assembler-not \\tld[^\\t]*\\t[wx]
FAIL: gcc.target/aarch64/vect-add-sub-cond.c scan-assembler-not \\tst[^\\t]*\\t[wx]
FAIL: gcc.target/aarch64/vect-compile.c scan-assembler-times addp 2
FAIL: gcc.target/aarch64/vect-vaddv.c execution test
FAIL: gcc.target/aarch64/acle/crc32b.c (test for excess errors)
FAIL: gcc.target/aarch64/acle/crc32cb.c (test for excess errors)
FAIL: gcc.target/aarch64/acle/crc32cd.c (test for excess errors)
FAIL: gcc.target/aarch64/acle/crc32ch.c (test for excess errors)
FAIL: gcc.target/aarch64/acle/crc32cw.c (test for excess errors)
FAIL: gcc.target/aarch64/acle/crc32d.c (test for excess errors)
FAIL: gcc.target/aarch64/acle/crc32h.c (test for excess errors)
FAIL: gcc.target/aarch64/acle/crc32w.c (test for excess errors)
FAIL: gcc.target/aarch64/advsimd-intrinsics/p64_p128.c -O0 (test for excess errors)
FAIL: gcc.target/aarch64/advsimd-intrinsics/p64_p128.c -O1 (test for excess errors)
FAIL: gcc.target/aarch64/advsimd-intrinsics/p64_p128.c -O2 (test for excess errors)
FAIL: gcc.target/aarch64/advsimd-intrinsics/p64_p128.c -O2 -flto -fno-use-linker-plugin -flto-partition=none (test for excess errors)
FAIL: gcc.target/aarch64/advsimd-intrinsics/p64_p128.c -O2 -flto -fuse-linker-plugin -fno-fat-lto-objects (test for excess errors)
FAIL: gcc.target/aarch64/advsimd-intrinsics/p64_p128.c -O3 -fomit-frame-pointer -funroll-loops -fpeel-loops -ftracer -finline-functions (test for excess errors)
FAIL: gcc.target/aarch64/advsimd-intrinsics/p64_p128.c -O3 -g (test for excess errors)
FAIL: gcc.target/aarch64/advsimd-intrinsics/p64_p128.c -Og -g (test for excess errors)
FAIL: gcc.target/aarch64/advsimd-intrinsics/p64_p128.c -Os (test for excess errors)
FAIL: gcc.target/aarch64/advsimd-intrinsics/vreinterpret_p128.c -O0 (test for excess errors)
FAIL: gcc.target/aarch64/advsimd-intrinsics/vreinterpret_p128.c -O1 (test for excess errors)
FAIL: gcc.target/aarch64/advsimd-intrinsics/vreinterpret_p128.c -O2 (test for excess errors)
FAIL: gcc.target/aarch64/advsimd-intrinsics/vreinterpret_p128.c -O2 -flto -fno-use-linker-plugin -flto-partition=none (test for excess errors)
FAIL: gcc.target/aarch64/advsimd-intrinsics/vreinterpret_p128.c -O2 -flto -fuse-linker-plugin -fno-fat-lto-objects (test for excess errors)
FAIL: gcc.target/aarch64/advsimd-intrinsics/vreinterpret_p128.c -O3 -g (test for excess errors)
FAIL: gcc.target/aarch64/advsimd-intrinsics/vreinterpret_p128.c -Og -g (test for excess errors)
FAIL: gcc.target/aarch64/advsimd-intrinsics/vreinterpret_p128.c -Os (test for excess errors)
FAIL: gcc.target/aarch64/advsimd-intrinsics/vreinterpret_p64.c -O0 (test for excess errors)
FAIL: gcc.target/aarch64/advsimd-intrinsics/vreinterpret_p64.c -O1 (test for excess errors)
FAIL: gcc.target/aarch64/advsimd-intrinsics/vreinterpret_p64.c -O2 (test for excess errors)
FAIL: gcc.target/aarch64/advsimd-intrinsics/vreinterpret_p64.c -O2 -flto -fno-use-linker-plugin -flto-partition=none (test for excess errors)
FAIL: gcc.target/aarch64/advsimd-intrinsics/vreinterpret_p64.c -O2 -flto -fuse-linker-plugin -fno-fat-lto-objects (test for excess errors)
FAIL: gcc.target/aarch64/advsimd-intrinsics/vreinterpret_p64.c -O3 -g (test for excess errors)
FAIL: gcc.target/aarch64/advsimd-intrinsics/vreinterpret_p64.c -Og -g (test for excess errors)
FAIL: gcc.target/aarch64/advsimd-intrinsics/vreinterpret_p64.c -Os (test for excess errors)
=== gcc Summary for unix//-mcpu=thunderx2t99 ===
=== gcc Summary ===
/home/jenkins/workspace/BuildThunderX_native_gcc_upstream_CENTOS/objdir/gcc/xgcc version 8.0.0 20170823 (experimental) [master revision 8f29ae8:26b1fae:e6011f4fbda782e7df16b780023dd9906136ebbf] (Cavium Inc. (Build 95))
=== gfortran tests ===
Running target unix/
FAIL: gfortran.dg/vect/vect-2.f90 -O scan-tree-dump-times vect "Alignment of access forced using peeling" 3
FAIL: gfortran.dg/vect/vect-2.f90 -O scan-tree-dump-times vect "Vectorizing an unaligned access" 2
FAIL: gfortran.dg/vect/vect-3.f90 -O scan-tree-dump-times vect "Alignment of access forced using peeling" 1
FAIL: gfortran.dg/vect/vect-3.f90 -O scan-tree-dump-times vect "Vectorizing an unaligned access" 1
FAIL: gfortran.dg/vect/vect-4.f90 -O scan-tree-dump-times vect "Alignment of access forced using peeling" 1
FAIL: gfortran.dg/vect/vect-4.f90 -O scan-tree-dump-times vect "Vectorizing an unaligned access" 1
FAIL: gfortran.dg/vect/vect-5.f90 -O scan-tree-dump-times vect "Alignment of access forced using peeling" 1
FAIL: gfortran.dg/vect/vect-5.f90 -O scan-tree-dump-times vect "Vectorizing an unaligned access" 1
=== gfortran Summary for unix/ ===
# of expected passes 3600
Running target unix//-mcpu=thunderx
=== gfortran Summary for unix//-mcpu=thunderx ===
# of expected passes 3600
Running target unix//-mcpu=thunderx2t99
FAIL: gfortran.dg/coarray/atomic_2.f90 -fcoarray=single -O2 -latomic execution test
FAIL: gfortran.dg/vect/vect-2.f90 -O scan-tree-dump-times vect "Alignment of access forced using peeling" 3
FAIL: gfortran.dg/vect/vect-2.f90 -O scan-tree-dump-times vect "Vectorizing an unaligned access" 2
FAIL: gfortran.dg/vect/vect-3.f90 -O scan-tree-dump-times vect "Alignment of access forced using peeling" 1
FAIL: gfortran.dg/vect/vect-3.f90 -O scan-tree-dump-times vect "Vectorizing an unaligned access" 1
FAIL: gfortran.dg/vect/vect-4.f90 -O scan-tree-dump-times vect "Alignment of access forced using peeling" 1
FAIL: gfortran.dg/vect/vect-4.f90 -O scan-tree-dump-times vect "Vectorizing an unaligned access" 1
FAIL: gfortran.dg/vect/vect-5.f90 -O scan-tree-dump-times vect "Alignment of access forced using peeling" 1
FAIL: gfortran.dg/vect/vect-5.f90 -O scan-tree-dump-times vect "Vectorizing an unaligned access" 1
=== gfortran Summary for unix//-mcpu=thunderx2t99 ===
# of expected passes 3600
=== gfortran Summary ===
# of expected passes 10800
/home/jenkins/workspace/BuildThunderX_native_gcc_upstream_CENTOS/objdir/gcc/testsuite/gfortran/../../gfortran version 8.0.0 20170823 (experimental) [master revision 8f29ae8:26b1fae:e6011f4fbda782e7df16b780023dd9906136ebbf] (Cavium Inc. (Build 95))
=== g++ tests ===
Running target unix/
FAIL: g++.dg/tls/thread_local-order2.C -std=c++11 execution test
FAIL: g++.dg/tls/thread_local-order2.C -std=c++14 execution test
FAIL: g++.dg/vect/slp-pr56812.cc -std=c++11 scan-tree-dump-times slp1 "basic block vectorized" 1
FAIL: g++.dg/vect/slp-pr56812.cc -std=c++14 scan-tree-dump-times slp1 "basic block vectorized" 1
FAIL: g++.dg/vect/slp-pr56812.cc -std=c++98 scan-tree-dump-times slp1 "basic block vectorized" 1
=== g++ Summary for unix/ ===
# of expected passes 20259
# of expected failures 63
# of unsupported tests 89
Running target unix//-mcpu=thunderx
FAIL: g++.dg/tls/thread_local-order2.C -std=c++11 execution test
FAIL: g++.dg/tls/thread_local-order2.C -std=c++14 execution test
FAIL: g++.dg/vect/slp-pr56812.cc -std=c++11 scan-tree-dump-times slp1 "basic block vectorized" 1
FAIL: g++.dg/vect/slp-pr56812.cc -std=c++14 scan-tree-dump-times slp1 "basic block vectorized" 1
FAIL: g++.dg/vect/slp-pr56812.cc -std=c++98 scan-tree-dump-times slp1 "basic block vectorized" 1
=== g++ Summary for unix//-mcpu=thunderx ===
# of expected passes 20259
# of expected failures 63
# of unsupported tests 89
Running target unix//-mcpu=thunderx2t99
FAIL: g++.dg/ext/sync-4.C -std=gnu++11 execution test
FAIL: g++.dg/ext/sync-4.C -std=gnu++14 execution test
FAIL: g++.dg/ext/sync-4.C -std=gnu++98 execution test
FAIL: g++.dg/tls/thread_local-order2.C -std=c++11 execution test
FAIL: g++.dg/tls/thread_local-order2.C -std=c++14 execution test
FAIL: g++.dg/vect/slp-pr56812.cc -std=c++11 scan-tree-dump-times slp1 "basic block vectorized" 1
FAIL: g++.dg/vect/slp-pr56812.cc -std=c++14 scan-tree-dump-times slp1 "basic block vectorized" 1
FAIL: g++.dg/vect/slp-pr56812.cc -std=c++98 scan-tree-dump-times slp1 "basic block vectorized" 1
=== g++ Summary for unix//-mcpu=thunderx2t99 ===
# of expected passes 20259
# of expected failures 63
# of unsupported tests 89
=== g++ Summary ===
# of expected passes 60777
# of expected failures 189
# of unsupported tests 267
/home/jenkins/workspace/BuildThunderX_native_gcc_upstream_CENTOS/objdir/gcc/testsuite/g++/../../xg++ version 8.0.0 20170823 (experimental) [master revision 8f29ae8:26b1fae:e6011f4fbda782e7df16b780023dd9906136ebbf] (Cavium Inc. (Build 95))
=== go tests ===
Running target unix/
FAIL: go.test/test/ken/cplx2.go execution, -O2 -g
=== go Summary for unix/ ===
# of expected passes 6757
# of unexpected failures 1
# of expected failures 1
# of untested testcases 10
# of unsupported tests 3
Running target unix//-mcpu=thunderx
FAIL: go.test/test/ken/cplx2.go execution, -O2 -g
=== go Summary for unix//-mcpu=thunderx ===
# of expected passes 6757
# of unexpected failures 1
# of expected failures 1
# of untested testcases 10
# of unsupported tests 3
Running target unix//-mcpu=thunderx2t99
FAIL: go.test/test/ken/cplx2.go execution, -O2 -g
=== go Summary for unix//-mcpu=thunderx2t99 ===
# of expected passes 6757
# of unexpected failures 1
# of expected failures 1
# of untested testcases 10
# of unsupported tests 3
=== go Summary ===
# of expected passes 20271
# of unexpected failures 3
# of expected failures 3
# of untested testcases 30
# of unsupported tests 9
/home/jenkins/workspace/BuildThunderX_native_gcc_upstream_CENTOS/objdir/gcc/testsuite/go/../../gccgo version 8.0.0 20170823 (experimental) [master revision 8f29ae8:26b1fae:e6011f4fbda782e7df16b780023dd9906136ebbf] (Cavium Inc. (Build 95))
=== gotools tests ===
=== gotools Summary ===
# of expected passes 349
# of untested testcases 123
/home/jenkins/workspace/BuildThunderX_native_gcc_upstream_CENTOS/objdir/./gcc/gccgo version 8.0.0 20170823 (experimental) [master revision 8f29ae8:26b1fae:e6011f4fbda782e7df16b780023dd9906136ebbf] (Cavium Inc. (Build 95))
Compiler version: 8.0.0 20170823 (experimental) [master revision 8f29ae8:26b1fae:e6011f4fbda782e7df16b780023dd9906136ebbf] (Cavium Inc. (Build 95))
Platform: aarch64-unknown-linux-gnu
configure flags: --prefix=/home/jenkins/workspace/BuildThunderX_native_gcc_upstream_CENTOS/objdir/../tools --enable-languages=c,c++,fortran,go --disable-werror --with-sysroot=/ --enable-plugins --enable-gnu-indirect-function --with-pkgversion='Cavium Inc. (Build 95)'