This is the mail archive of the
gcc-testresults@gcc.gnu.org
mailing list for the GCC project.
Results for 7.2.0 (genunix Tue Aug 22 16:45:21 GMT 2017) testsuite on sparc64-sun-solaris2.10
- From: Dennis Clarke <dclarke at blastwave dot org>
- To: gcc-testresults at gcc dot gnu dot org
- Date: Tue, 22 Aug 2017 22:05:24 -0400
- Subject: Results for 7.2.0 (genunix Tue Aug 22 16:45:21 GMT 2017) testsuite on sparc64-sun-solaris2.10
- Authentication-results: sourceware.org; auth=none
Solaris 10 sparc sun4u server thus :
d$ uname -a
SunOS dede 5.10 Generic_150400-50 sun4u sparc SUNW,SPARC-Enterprise
d$ psrinfo -pv
The physical processor has 4 virtual processors (0-3)
SPARC64-VII+ (portid 1024 impl 0x7 ver 0xc1 clock 2660 MHz)
d$ zonename
z_000
In this instance the ver of GNU make used was :
d$ /usr/local/bin/gmake --version
GNU Make 4.2.1
Built for sparc-sun-solaris2.10
Copyright (C) 1988-2016 Free Software Foundation, Inc.
License GPLv3+: GNU GPL version 3 or later
<http://gnu.org/licenses/gpl.html>
This is free software: you are free to change and redistribute it.
There is NO WARRANTY, to the extent permitted by law.
Not using gnu binutils at all. Just system as + ld with no "go" language
support at this time :
d $ pwd
/usr/local/build/gcc-7.2.0_SunOS5.10_sparc64vii+.006
LAST_UPDATED: Obtained from SVN: tags/gcc_7_2_0_release revision 251082
=== acats tests ===
=== acats Summary ===
# of expected passes 2320
# of unexpected failures 0
Native configuration is sparc64-sun-solaris2.10
=== gcc tests ===
Running target unix
XPASS: gcc.dg/pr78768.c -Wformat-overflow (test for warnings, line 11)
FAIL: gcc.dg/visibility-22.c execution test
FAIL: gcc.dg/visibility-d.c scan-not-hidden
FAIL: gcc.dg/visibility-d.c scan-not-hidden
FAIL: gcc.dg/visibility-d.c scan-not-hidden
FAIL: gcc.dg/visibility-d.c scan-not-hidden
FAIL: gcc.dg/visibility-d.c scan-not-hidden
FAIL: gcc.dg/visibility-d.c scan-not-hidden
FAIL: gcc.dg/visibility-d.c scan-not-hidden
FAIL: gcc.dg/visibility-d.c scan-not-hidden
FAIL: gcc.dg/visibility-d.c scan-not-hidden
FAIL: gcc.dg/visibility-d.c scan-not-hidden
FAIL: gcc.dg/visibility-d.c scan-not-hidden
FAIL: gcc.dg/visibility-d.c scan-not-hidden
FAIL: gcc.dg/visibility-d.c scan-not-hidden
FAIL: gcc.dg/visibility-d.c scan-not-hidden
FAIL: gcc.dg/visibility-d.c scan-not-hidden
FAIL: gcc.dg/visibility-d.c scan-not-hidden
FAIL: gcc.dg/visibility-d.c scan-not-hidden
FAIL: gcc.dg/visibility-d.c scan-not-hidden
FAIL: gcc.dg/visibility-d.c scan-not-hidden
FAIL: gcc.dg/visibility-d.c scan-not-hidden
FAIL: gcc.dg/visibility-d.c scan-not-hidden
FAIL: gcc.dg/visibility-d.c scan-not-hidden
FAIL: gcc.dg/visibility-d.c scan-not-hidden
FAIL: gcc.dg/visibility-d.c scan-not-hidden
FAIL: gcc.dg/visibility-d.c scan-not-hidden
FAIL: gcc.dg/visibility-d.c scan-not-hidden
FAIL: gcc.dg/visibility-d.c scan-not-hidden
FAIL: gcc.dg/visibility-d.c scan-not-hidden
FAIL: gcc.dg/visibility-d.c scan-not-hidden
FAIL: gcc.dg/visibility-d.c scan-not-hidden
=== gcc Summary ===
# of expected passes 100170
# of unexpected failures 31
# of unexpected successes 1
# of expected failures 388
# of unsupported tests 2420
/usr/local/build/gcc-7.2.0_SunOS5.10_sparc64vii+.006/gcc/xgcc version
7.2.0 (genunix Tue Aug 22 16:45:21 GMT 2017)
=== gfortran tests ===
Running target unix
=== gfortran Summary ===
# of expected passes 45004
# of expected failures 96
# of unsupported tests 134
/usr/local/build/gcc-7.2.0_SunOS5.10_sparc64vii+.006/gcc/testsuite/gfortran/../../gfortran
version 7.2.0 (genunix Tue Aug 22 16:45:21 GMT 2017)
=== g++ tests ===
Running target unix
FAIL: g++.dg/ext/visibility/fvisibility-inlines-hidden-2.C -std=gnu++11
scan-not-hidden
FAIL: g++.dg/ext/visibility/fvisibility-inlines-hidden-2.C -std=gnu++14
scan-not-hidden
FAIL: g++.dg/ext/visibility/fvisibility-inlines-hidden-2.C -std=gnu++98
scan-not-hidden
FAIL: g++.dg/ext/visibility/fvisibility-inlines-hidden-3.C -std=gnu++11
scan-not-hidden
FAIL: g++.dg/ext/visibility/fvisibility-inlines-hidden-3.C -std=gnu++11
scan-not-hidden
FAIL: g++.dg/ext/visibility/fvisibility-inlines-hidden-3.C -std=gnu++14
scan-not-hidden
FAIL: g++.dg/ext/visibility/fvisibility-inlines-hidden-3.C -std=gnu++14
scan-not-hidden
FAIL: g++.dg/ext/visibility/fvisibility-inlines-hidden-3.C -std=gnu++98
scan-not-hidden
FAIL: g++.dg/ext/visibility/fvisibility-inlines-hidden-3.C -std=gnu++98
scan-not-hidden
FAIL: g++.dg/ext/visibility/fvisibility-inlines-hidden-4.C -std=gnu++11
scan-not-hidden
FAIL: g++.dg/ext/visibility/fvisibility-inlines-hidden-4.C -std=gnu++11
scan-not-hidden
FAIL: g++.dg/ext/visibility/fvisibility-inlines-hidden-4.C -std=gnu++14
scan-not-hidden
FAIL: g++.dg/ext/visibility/fvisibility-inlines-hidden-4.C -std=gnu++14
scan-not-hidden
FAIL: g++.dg/ext/visibility/fvisibility-inlines-hidden-4.C -std=gnu++98
scan-not-hidden
FAIL: g++.dg/ext/visibility/fvisibility-inlines-hidden-4.C -std=gnu++98
scan-not-hidden
FAIL: g++.dg/ext/visibility/fvisibility-override1.C -std=gnu++11
scan-not-hidden
FAIL: g++.dg/ext/visibility/fvisibility-override1.C -std=gnu++14
scan-not-hidden
FAIL: g++.dg/ext/visibility/fvisibility-override1.C -std=gnu++98
scan-not-hidden
FAIL: g++.dg/ext/visibility/fvisibility-override2.C -std=gnu++11
scan-not-hidden
FAIL: g++.dg/ext/visibility/fvisibility-override2.C -std=gnu++14
scan-not-hidden
FAIL: g++.dg/ext/visibility/fvisibility-override2.C -std=gnu++98
scan-not-hidden
FAIL: g++.dg/ext/visibility/guard1.C -std=gnu++11 scan-not-hidden
FAIL: g++.dg/ext/visibility/guard1.C -std=gnu++14 scan-not-hidden
FAIL: g++.dg/ext/visibility/guard1.C -std=gnu++98 scan-not-hidden
FAIL: g++.dg/ext/visibility/ms-compat-1.C -std=gnu++11 scan-not-hidden
FAIL: g++.dg/ext/visibility/ms-compat-1.C -std=gnu++11 scan-not-hidden
FAIL: g++.dg/ext/visibility/ms-compat-1.C -std=gnu++11 scan-not-hidden
FAIL: g++.dg/ext/visibility/ms-compat-1.C -std=gnu++14 scan-not-hidden
FAIL: g++.dg/ext/visibility/ms-compat-1.C -std=gnu++14 scan-not-hidden
FAIL: g++.dg/ext/visibility/ms-compat-1.C -std=gnu++14 scan-not-hidden
FAIL: g++.dg/ext/visibility/ms-compat-1.C -std=gnu++98 scan-not-hidden
FAIL: g++.dg/ext/visibility/ms-compat-1.C -std=gnu++98 scan-not-hidden
FAIL: g++.dg/ext/visibility/ms-compat-1.C -std=gnu++98 scan-not-hidden
FAIL: g++.dg/ext/visibility/namespace1.C -std=c++11 scan-not-hidden
FAIL: g++.dg/ext/visibility/namespace1.C -std=c++14 scan-not-hidden
FAIL: g++.dg/ext/visibility/namespace1.C -std=c++98 scan-not-hidden
FAIL: g++.dg/ext/visibility/new1.C -std=gnu++11 scan-not-hidden
FAIL: g++.dg/ext/visibility/new1.C -std=gnu++14 scan-not-hidden
FAIL: g++.dg/ext/visibility/new1.C -std=gnu++98 scan-not-hidden
FAIL: g++.dg/ext/visibility/template1.C -std=gnu++11 scan-not-hidden
FAIL: g++.dg/ext/visibility/template1.C -std=gnu++11 scan-not-hidden
FAIL: g++.dg/ext/visibility/template1.C -std=gnu++14 scan-not-hidden
FAIL: g++.dg/ext/visibility/template1.C -std=gnu++14 scan-not-hidden
FAIL: g++.dg/ext/visibility/template1.C -std=gnu++98 scan-not-hidden
FAIL: g++.dg/ext/visibility/template1.C -std=gnu++98 scan-not-hidden
FAIL: g++.dg/ext/visibility/template10.C -std=gnu++11 scan-not-hidden
FAIL: g++.dg/ext/visibility/template10.C -std=gnu++14 scan-not-hidden
FAIL: g++.dg/ext/visibility/template10.C -std=gnu++98 scan-not-hidden
FAIL: g++.dg/ext/visibility/template11.C -std=gnu++11 scan-not-hidden
FAIL: g++.dg/ext/visibility/template11.C -std=gnu++14 scan-not-hidden
FAIL: g++.dg/ext/visibility/template11.C -std=gnu++98 scan-not-hidden
FAIL: g++.dg/ext/visibility/template12.C -std=gnu++11 scan-not-hidden
FAIL: g++.dg/ext/visibility/template12.C -std=gnu++14 scan-not-hidden
FAIL: g++.dg/ext/visibility/template12.C -std=gnu++98 scan-not-hidden
FAIL: g++.dg/ext/visibility/template2.C -std=c++11 scan-not-hidden
FAIL: g++.dg/ext/visibility/template2.C -std=c++11 scan-not-hidden
FAIL: g++.dg/ext/visibility/template2.C -std=c++14 scan-not-hidden
FAIL: g++.dg/ext/visibility/template2.C -std=c++14 scan-not-hidden
FAIL: g++.dg/ext/visibility/template2.C -std=c++98 scan-not-hidden
FAIL: g++.dg/ext/visibility/template2.C -std=c++98 scan-not-hidden
FAIL: g++.dg/ext/visibility/template3.C -std=c++11 scan-not-hidden
FAIL: g++.dg/ext/visibility/template3.C -std=c++11 scan-not-hidden
FAIL: g++.dg/ext/visibility/template3.C -std=c++14 scan-not-hidden
FAIL: g++.dg/ext/visibility/template3.C -std=c++14 scan-not-hidden
FAIL: g++.dg/ext/visibility/template3.C -std=c++98 scan-not-hidden
FAIL: g++.dg/ext/visibility/template3.C -std=c++98 scan-not-hidden
FAIL: g++.dg/ext/visibility/template4.C -std=c++11 scan-not-hidden
FAIL: g++.dg/ext/visibility/template4.C -std=c++11 scan-not-hidden
FAIL: g++.dg/ext/visibility/template4.C -std=c++11 scan-not-hidden
FAIL: g++.dg/ext/visibility/template4.C -std=c++11 scan-not-hidden
FAIL: g++.dg/ext/visibility/template4.C -std=c++14 scan-not-hidden
FAIL: g++.dg/ext/visibility/template4.C -std=c++14 scan-not-hidden
FAIL: g++.dg/ext/visibility/template4.C -std=c++14 scan-not-hidden
FAIL: g++.dg/ext/visibility/template4.C -std=c++14 scan-not-hidden
FAIL: g++.dg/ext/visibility/template4.C -std=c++98 scan-not-hidden
FAIL: g++.dg/ext/visibility/template4.C -std=c++98 scan-not-hidden
FAIL: g++.dg/ext/visibility/template4.C -std=c++98 scan-not-hidden
FAIL: g++.dg/ext/visibility/template4.C -std=c++98 scan-not-hidden
FAIL: g++.dg/ext/visibility/template6.C -std=c++11 scan-not-hidden
FAIL: g++.dg/ext/visibility/template6.C -std=c++14 scan-not-hidden
FAIL: g++.dg/ext/visibility/template6.C -std=c++98 scan-not-hidden
FAIL: g++.dg/ext/visibility/template9.C -std=gnu++11 scan-not-hidden
FAIL: g++.dg/ext/visibility/template9.C -std=gnu++14 scan-not-hidden
FAIL: g++.dg/ext/visibility/template9.C -std=gnu++98 scan-not-hidden
FAIL: g++.dg/ext/visibility/typeinfo1.C -std=gnu++11 scan-not-hidden
FAIL: g++.dg/ext/visibility/typeinfo1.C -std=gnu++11 scan-not-hidden
FAIL: g++.dg/ext/visibility/typeinfo1.C -std=gnu++14 scan-not-hidden
FAIL: g++.dg/ext/visibility/typeinfo1.C -std=gnu++14 scan-not-hidden
FAIL: g++.dg/ext/visibility/typeinfo1.C -std=gnu++98 scan-not-hidden
FAIL: g++.dg/ext/visibility/typeinfo1.C -std=gnu++98 scan-not-hidden
FAIL: g++.dg/ext/visibility/typeinfo2.C -std=c++11 scan-not-hidden
FAIL: g++.dg/ext/visibility/typeinfo2.C -std=c++14 scan-not-hidden
FAIL: g++.dg/ext/visibility/typeinfo2.C -std=c++98 scan-not-hidden
FAIL: g++.dg/ext/visibility/typeinfo3.C -std=c++11 scan-not-hidden
FAIL: g++.dg/ext/visibility/typeinfo3.C -std=c++11 scan-not-hidden
FAIL: g++.dg/ext/visibility/typeinfo3.C -std=c++14 scan-not-hidden
FAIL: g++.dg/ext/visibility/typeinfo3.C -std=c++14 scan-not-hidden
FAIL: g++.dg/ext/visibility/typeinfo3.C -std=c++98 scan-not-hidden
FAIL: g++.dg/ext/visibility/typeinfo3.C -std=c++98 scan-not-hidden
FAIL: g++.dg/ext/visibility/warn3.C -std=c++11 scan-not-hidden
FAIL: g++.dg/ext/visibility/warn3.C -std=c++14 scan-not-hidden
FAIL: g++.dg/ext/visibility/warn3.C -std=c++98 scan-not-hidden
FAIL: g++.old-deja/g++.mike/visibility-1.C -std=gnu++11 scan-not-hidden
FAIL: g++.old-deja/g++.mike/visibility-1.C -std=gnu++14 scan-not-hidden
FAIL: g++.old-deja/g++.mike/visibility-1.C -std=gnu++98 scan-not-hidden
=== g++ Summary ===
# of expected passes 104910
# of unexpected failures 105
# of expected failures 389
# of unsupported tests 4560
/usr/local/build/gcc-7.2.0_SunOS5.10_sparc64vii+.006/gcc/testsuite/g++/../../xg++
version 7.2.0 (genunix Tue Aug 22 16:45:21 GMT 2017)
=== gnat tests ===
Running target unix
=== gnat Summary ===
# of expected passes 2539
# of expected failures 24
# of unsupported tests 23
/usr/local/build/gcc-7.2.0_SunOS5.10_sparc64vii+.006/gcc/gnatmake
version 7.2.0
=== obj-c++ tests ===
Running target unix
=== obj-c++ Summary ===
# of expected passes 1435
# of expected failures 10
# of unsupported tests 77
/usr/local/build/gcc-7.2.0_SunOS5.10_sparc64vii+.006/gcc/testsuite/obj-c++/../../xg++
version 7.2.0 (genunix Tue Aug 22 16:45:21 GMT 2017)
=== objc tests ===
Running target unix
=== objc Summary ===
# of expected passes 2787
# of unsupported tests 68
/usr/local/build/gcc-7.2.0_SunOS5.10_sparc64vii+.006/gcc/xgcc version
7.2.0 (genunix Tue Aug 22 16:45:21 GMT 2017)
=== libatomic tests ===
Running target unix
=== libatomic Summary ===
# of expected passes 54
=== libgomp tests ===
Running target unix
=== libgomp Summary ===
# of expected passes 5070
# of unsupported tests 382
=== libitm tests ===
Running target unix
=== libitm Summary ===
# of expected passes 42
# of expected failures 3
# of unsupported tests 1
=== libstdc++ tests ===
Running target unix
FAIL: experimental/filesystem/operations/last_write_time.cc execution test
=== libstdc++ Summary ===
# of expected passes 10798
# of unexpected failures 1
# of expected failures 67
# of unsupported tests 645
Compiler version: 7.2.0 (genunix Tue Aug 22 16:45:21 GMT 2017)
Platform: sparc64-sun-solaris2.10
configure flags: --build=sparc64-sun-solaris2.10
--target=sparc64-sun-solaris2.10 --host=sparc64-sun-solaris2.10
--prefix=/usr/local/gcc7 --without-gnu-as --without-gnu-ld
--with-as=/usr/ccs/bin/as --with-ld=/usr/ccs/bin/sparcv9/ld
--disable-nls --enable-threads=posix --enable-shared
--with-gmp=/usr/local --with-mpfr=/usr/local --with-mpc=/usr/local
--with-isl=/usr/local --with-build-time-tools=/usr/local/bin
--with-cpu=v9 --enable-bootstrap
--enable-languages=ada,c,c++,fortran,objc,obj-c++
--enable-stage1-languages=c,c++ --enable-stage1-checking=misc
--with-pkgversion='genunix Tue Aug 22 16:45:21 GMT 2017'
EOF
Dennis Clarke