This is the mail archive of the
gcc-testresults@gcc.gnu.org
mailing list for the GCC project.
Results for 8.0.0 20170802 (experimental) [master revision ef85bba:fef6925:446e05fd6ae529d690c0e088106cc197ec4bdb7a] (Cavium Inc. (Build 4474)) testsuite on x86_64-pc-linux-gnu
- From: jenkins@dell1s-1.localdomain
- To: gcc-testresults at gcc dot gnu dot org
- Date: Wed, 02 Aug 2017 07:34:32 -0700
- Subject: Results for 8.0.0 20170802 (experimental) [master revision ef85bba:fef6925:446e05fd6ae529d690c0e088106cc197ec4bdb7a] (Cavium Inc. (Build 4474)) testsuite on x86_64-pc-linux-gnu
- Authentication-results: sourceware.org; auth=none
LAST_UPDATED: Wed Aug 2 12:23:36 UTC 2017 (revision ef85bba:fef6925:446e05fd6ae529d690c0e088106cc197ec4bdb7a)
Native configuration is x86_64-pc-linux-gnu
=== gcc tests ===
Running target unix
FAIL: gcc.dg/20050503-1.c scan-assembler-not call
UNRESOLVED: gcc.dg/pr46932.c scan-rtl-dump-not auto_inc_dec "success"
FAIL: gcc.dg/vect/pr65947-14.c -flto -ffat-lto-objects execution test
FAIL: gcc.dg/vect/pr65947-14.c execution test
FAIL: gcc.dg/vect/pr66636.c (test for excess errors)
FAIL: gcc.dg/vect/pr66636.c -flto -ffat-lto-objects (test for excess errors)
WARNING: gcc.dg/vect/pr66636.c -flto -ffat-lto-objects compilation failed to produce executable
WARNING: gcc.dg/vect/pr66636.c compilation failed to produce executable
FAIL: gcc.target/i386/pr57275.c (test for excess errors)
WARNING: gcc.target/i386/pr57275.c compilation failed to produce executable
FAIL: gcc.target/i386/pr59501-3a.c scan-assembler-not and[^\\n\\r]*sp
=== gcc Summary ===
# of expected passes 124860
# of unexpected failures 7
# of expected failures 363
# of unresolved testcases 1
# of unsupported tests 3371
/home/jenkins/workspace/GCCupstream/objdir/gcc/xgcc version 8.0.0 20170802 (experimental) [master revision ef85bba:fef6925:446e05fd6ae529d690c0e088106cc197ec4bdb7a] (Cavium Inc. (Build 4474))
=== gfortran tests ===
Running target unix
FAIL: gfortran.dg/graphite/pr14741.f90 -O scan-tree-dump graphite "tiled by"
FAIL: gfortran.dg/guality/pr41558.f90 -O2 line 7 s == 'foo'
FAIL: gfortran.dg/guality/pr41558.f90 -O3 -fomit-frame-pointer -funroll-loops -fpeel-loops -ftracer -finline-functions line 7 s == 'foo'
FAIL: gfortran.dg/guality/pr41558.f90 -O3 -g line 7 s == 'foo'
FAIL: gfortran.dg/guality/pr41558.f90 -Os line 7 s == 'foo'
=== gfortran Summary ===
# of expected passes 45451
# of unexpected failures 5
# of expected failures 92
# of unsupported tests 87
/home/jenkins/workspace/GCCupstream/objdir/gcc/testsuite/gfortran/../../gfortran version 8.0.0 20170802 (experimental) [master revision ef85bba:fef6925:446e05fd6ae529d690c0e088106cc197ec4bdb7a] (Cavium Inc. (Build 4474))
=== g++ tests ===
Running target unix
FAIL: g++.dg/debug/debug9.C -gstabs -O2 (test for excess errors)
FAIL: g++.dg/debug/debug9.C -gstabs -O3 (test for excess errors)
FAIL: g++.dg/debug/debug9.C -gstabs+ -O2 (test for excess errors)
FAIL: g++.dg/debug/debug9.C -gstabs+ -O3 (test for excess errors)
FAIL: g++.dg/debug/debug9.C -gstabs+3 -O2 (test for excess errors)
FAIL: g++.dg/debug/debug9.C -gstabs+3 -O3 (test for excess errors)
FAIL: g++.dg/debug/debug9.C -gstabs3 -O2 (test for excess errors)
FAIL: g++.dg/debug/debug9.C -gstabs3 -O3 (test for excess errors)
FAIL: g++.dg/tls/thread_local-order2.C -std=c++11 execution test
FAIL: g++.dg/tls/thread_local-order2.C -std=c++14 execution test
=== g++ Summary ===
# of expected passes 118450
# of unexpected failures 10
# of expected failures 386
# of unsupported tests 4422
/home/jenkins/workspace/GCCupstream/objdir/gcc/testsuite/g++/../../xg++ version 8.0.0 20170802 (experimental) [master revision ef85bba:fef6925:446e05fd6ae529d690c0e088106cc197ec4bdb7a] (Cavium Inc. (Build 4474))
=== go tests ===
Running target unix
FAIL: ./index0-out.go execution, -O0 -g -fno-var-tracking-assignments
=== go Summary ===
# of expected passes 7253
# of unexpected failures 1
# of expected failures 1
# of untested testcases 6
# of unsupported tests 1
/home/jenkins/workspace/GCCupstream/objdir/gcc/testsuite/go/../../gccgo version 8.0.0 20170802 (experimental) [master revision ef85bba:fef6925:446e05fd6ae529d690c0e088106cc197ec4bdb7a] (Cavium Inc. (Build 4474))
=== gotools tests ===
FAIL: TestCgoCallbackGC
FAIL: TestInstall
FAIL: TestEarlySignalHandler
FAIL: TestSignalForwarding
FAIL: TestSignalForwardingExternal
FAIL: TestOsSignal
FAIL: TestSigaltstack
FAIL: TestPIE
=== gotools Summary ===
# of expected passes 341
# of unexpected failures 8
# of untested testcases 124
/home/jenkins/workspace/GCCupstream/objdir/./gcc/gccgo version 8.0.0 20170802 (experimental) [master revision ef85bba:fef6925:446e05fd6ae529d690c0e088106cc197ec4bdb7a] (Cavium Inc. (Build 4474))
=== libatomic tests ===
Running target unix
=== libatomic Summary ===
# of expected passes 54
=== libffi tests ===
Running target unix
=== libffi Summary ===
# of expected passes 2214
=== libgo tests ===
Running target unix
=== libgo Summary ===
# of expected passes 146
/home/jenkins/workspace/GCCupstream/objdir/./gcc/gccgo version 8.0.0 20170802 (experimental) [master revision ef85bba:fef6925:446e05fd6ae529d690c0e088106cc197ec4bdb7a] (Cavium Inc. (Build 4474))
=== libgomp tests ===
Running target unix
=== libgomp Summary ===
# of expected passes 5170
# of unsupported tests 364
=== libitm tests ===
Running target unix
=== libitm Summary ===
# of expected passes 42
# of expected failures 3
# of unsupported tests 1
=== libstdc++ tests ===
Running target unix
=== libstdc++ Summary ===
# of expected passes 11841
# of expected failures 70
# of unsupported tests 249
Compiler version: 8.0.0 20170802 (experimental) [master revision ef85bba:fef6925:446e05fd6ae529d690c0e088106cc197ec4bdb7a] (Cavium Inc. (Build 4474))
Platform: x86_64-pc-linux-gnu
configure flags: --prefix=/home/jenkins/workspace/GCCupstream/objdir/../tools --enable-languages=c,c++,fortran,go --disable-werror --enable-plugins --enable-gnu-indirect-function --with-pkgversion='Cavium Inc. (Build 4474)' --disable-multilib