This is the mail archive of the
gcc-testresults@gcc.gnu.org
mailing list for the GCC project.
Results for 8.0.0 20170801 (experimental) [trunk revision 250784] (GCC) testsuite on i686-pc-linux-gnu
- From: ia32 at gnu-1 dot sc dot intel dot com (H.J. Lu (ia32))
- To: gcc-testresults at gcc dot gnu dot org
- Date: Tue, 01 Aug 2017 13:05:17 -0700
- Subject: Results for 8.0.0 20170801 (experimental) [trunk revision 250784] (GCC) testsuite on i686-pc-linux-gnu
- Authentication-results: sourceware.org; auth=none
Native configuration is i686-pc-linux-gnu
=== gcc tests ===
Running target unix
FAIL: gcc.c-torture/execute/builtins/mempcpy-2.c execution, -O1
FAIL: gcc.c-torture/execute/builtins/mempcpy-2.c execution, -O2
FAIL: gcc.c-torture/execute/builtins/mempcpy-2.c execution, -O2 -flto -fno-use-linker-plugin -flto-partition=none
FAIL: gcc.c-torture/execute/builtins/mempcpy-2.c execution, -O2 -flto -fuse-linker-plugin -fno-fat-lto-objects
FAIL: gcc.c-torture/execute/builtins/mempcpy-2.c execution, -O3 -g
FAIL: gcc.c-torture/execute/builtins/mempcpy-2.c execution, -Og -g
FAIL: gcc.c-torture/execute/builtins/mempcpy-2.c execution, -Os
FAIL: gcc.c-torture/execute/builtins/mempcpy-chk.c execution, -O1
FAIL: gcc.c-torture/execute/builtins/mempcpy-chk.c execution, -O2
FAIL: gcc.c-torture/execute/builtins/mempcpy-chk.c execution, -O2 -flto -fno-use-linker-plugin -flto-partition=none
FAIL: gcc.c-torture/execute/builtins/mempcpy-chk.c execution, -O2 -flto -fuse-linker-plugin -fno-fat-lto-objects
FAIL: gcc.c-torture/execute/builtins/mempcpy-chk.c execution, -O3 -fomit-frame-pointer -funroll-loops -fpeel-loops -ftracer -finline-functions
FAIL: gcc.c-torture/execute/builtins/mempcpy-chk.c execution, -O3 -g
FAIL: gcc.c-torture/execute/builtins/mempcpy-chk.c execution, -Og -g
FAIL: gcc.c-torture/execute/builtins/mempcpy-chk.c execution, -Os
FAIL: gcc.c-torture/execute/builtins/mempcpy.c compilation, -O1 (internal compiler error)
FAIL: gcc.c-torture/execute/builtins/mempcpy.c compilation, -O2 (internal compiler error)
FAIL: gcc.c-torture/execute/builtins/mempcpy.c compilation, -O2 -flto -fno-use-linker-plugin -flto-partition=none (internal compiler error)
FAIL: gcc.c-torture/execute/builtins/mempcpy.c compilation, -O3 -g (internal compiler error)
FAIL: gcc.c-torture/execute/builtins/mempcpy.c compilation, -Og -g (internal compiler error)
UNRESOLVED: gcc.c-torture/execute/builtins/mempcpy.c execution, -O1
UNRESOLVED: gcc.c-torture/execute/builtins/mempcpy.c execution, -O2
UNRESOLVED: gcc.c-torture/execute/builtins/mempcpy.c execution, -O2 -flto -fno-use-linker-plugin -flto-partition=none
UNRESOLVED: gcc.c-torture/execute/builtins/mempcpy.c execution, -O3 -g
UNRESOLVED: gcc.c-torture/execute/builtins/mempcpy.c execution, -Og -g
FAIL: gcc.c-torture/execute/builtins/pr23484-chk.c execution, -O2
FAIL: gcc.c-torture/execute/builtins/pr23484-chk.c execution, -O2 -flto -fno-use-linker-plugin -flto-partition=none
FAIL: gcc.c-torture/execute/builtins/pr23484-chk.c execution, -O2 -flto -fuse-linker-plugin -fno-fat-lto-objects
FAIL: gcc.c-torture/execute/builtins/pr23484-chk.c execution, -O3 -g
FAIL: gcc.c-torture/execute/builtins/pr23484-chk.c execution, -Os
FAIL: gcc.c-torture/execute/builtins/strpcpy-2.c execution, -Os
FAIL: gcc.dg/builtin-stringop-chk-4.c (test for warnings, line 196)
FAIL: gcc.dg/builtin-stringop-chk-4.c (test for warnings, line 211)
FAIL: gcc.dg/builtin-stringop-chk-4.c (test for warnings, line 213)
FAIL: gcc.dg/builtin-stringop-chk-4.c (test for warnings, line 215)
FAIL: gcc.dg/builtin-stringop-chk-4.c (test for warnings, line 216)
FAIL: gcc.dg/builtin-stringop-chk-4.c (test for warnings, line 217)
FAIL: gcc.dg/builtin-stringop-chk-4.c (test for warnings, line 222)
FAIL: gcc.dg/builtin-stringop-chk-4.c (test for warnings, line 237)
FAIL: gcc.dg/builtin-stringop-chk-4.c (test for warnings, line 239)
FAIL: gcc.dg/builtin-stringop-chk-4.c (test for warnings, line 241)
FAIL: gcc.dg/builtin-stringop-chk-4.c (test for warnings, line 242)
FAIL: gcc.dg/builtin-stringop-chk-4.c (test for warnings, line 243)
FAIL: gcc.dg/builtin-stringop-chk-4.c (test for warnings, line 248)
FAIL: gcc.dg/builtin-stringop-chk-4.c (test for warnings, line 263)
FAIL: gcc.dg/builtin-stringop-chk-4.c (test for warnings, line 302)
FAIL: gcc.dg/builtin-stringop-chk-4.c (test for warnings, line 305)
FAIL: gcc.dg/builtin-stringop-chk-4.c (test for warnings, line 319)
FAIL: gcc.dg/builtin-stringop-chk-4.c (test for warnings, line 320)
FAIL: gcc.dg/builtin-stringop-chk-4.c (test for warnings, line 321)
FAIL: gcc.dg/builtin-stringop-chk-4.c (test for warnings, line 322)
FAIL: gcc.dg/builtin-stringop-chk-4.c (test for warnings, line 323)
FAIL: gcc.dg/builtin-stringop-chk-4.c (test for warnings, line 324)
FAIL: gcc.dg/builtin-stringop-chk-4.c (test for warnings, line 326)
FAIL: gcc.dg/builtin-stringop-chk-4.c (test for warnings, line 328)
FAIL: gcc.dg/builtin-stringop-chk-4.c (test for warnings, line 346)
FAIL: gcc.dg/builtin-stringop-chk-4.c (test for warnings, line 347)
FAIL: gcc.dg/builtin-stringop-chk-4.c (test for warnings, line 353)
FAIL: gcc.dg/builtin-stringop-chk-4.c (test for warnings, line 354)
FAIL: gcc.dg/builtin-stringop-chk-4.c (test for warnings, line 361)
FAIL: gcc.dg/builtin-stringop-chk-4.c (test for warnings, line 362)
FAIL: gcc.dg/builtin-stringop-chk-4.c (test for warnings, line 363)
FAIL: gcc.dg/builtin-stringop-chk-4.c (test for warnings, line 369)
FAIL: gcc.dg/builtin-stringop-chk-4.c (test for warnings, line 370)
FAIL: gcc.dg/builtin-stringop-chk-4.c (test for warnings, line 395)
FAIL: gcc.dg/builtin-stringop-chk-4.c (test for warnings, line 401)
FAIL: gcc.dg/builtin-stringop-chk-4.c (test for warnings, line 403)
FAIL: gcc.dg/builtin-stringop-chk-4.c (test for warnings, line 405)
FAIL: gcc.dg/builtin-stringop-chk-4.c (test for warnings, line 421)
FAIL: gcc.dg/builtin-stringop-chk-4.c (test for warnings, line 425)
FAIL: gcc.dg/builtin-stringop-chk-4.c (test for warnings, line 427)
FAIL: gcc.dg/builtin-stringop-chk-4.c (test for warnings, line 428)
FAIL: gcc.dg/builtin-stringop-chk-4.c (test for warnings, line 429)
FAIL: gcc.dg/builtin-stringop-chk-4.c (test for warnings, line 430)
FAIL: gcc.dg/builtin-stringop-chk-4.c (test for warnings, line 436)
FAIL: gcc.dg/builtin-stringop-chk-4.c (test for warnings, line 437)
FAIL: gcc.dg/builtin-stringop-chk-4.c (test for warnings, line 471)
FAIL: gcc.dg/builtin-stringop-chk-4.c (test for warnings, line 472)
FAIL: gcc.dg/builtin-stringop-chk-4.c (test for warnings, line 473)
FAIL: gcc.dg/builtin-stringop-chk-4.c (test for warnings, line 475)
FAIL: gcc.dg/builtin-stringop-chk-4.c (test for warnings, line 479)
FAIL: gcc.dg/builtin-stringop-chk-4.c (test for warnings, line 480)
FAIL: gcc.dg/builtin-stringop-chk-4.c (test for warnings, line 493)
FAIL: gcc.dg/builtin-stringop-chk-4.c (test for warnings, line 503)
FAIL: gcc.dg/builtin-stringop-chk-4.c (internal compiler error)
FAIL: gcc.dg/builtin-stringop-chk-4.c (test for excess errors)
UNRESOLVED: gcc.dg/pr46932.c scan-rtl-dump-not auto_inc_dec "success"
XPASS: gcc.dg/pr78768.c -Wformat-overflow (test for warnings, line 12)
XPASS: gcc.dg/guality/example.c -O0 execution test
XPASS: gcc.dg/guality/example.c -O1 execution test
XPASS: gcc.dg/guality/example.c -O3 -fomit-frame-pointer -funroll-loops -fpeel-loops -ftracer -finline-functions execution test
XPASS: gcc.dg/guality/example.c -O3 -g execution test
XPASS: gcc.dg/guality/guality.c -O0 execution test
XPASS: gcc.dg/guality/guality.c -O1 execution test
XPASS: gcc.dg/guality/guality.c -O2 execution test
XPASS: gcc.dg/guality/guality.c -O2 -flto -fno-use-linker-plugin -flto-partition=none execution test
XPASS: gcc.dg/guality/guality.c -O2 -flto -fuse-linker-plugin -fno-fat-lto-objects execution test
XPASS: gcc.dg/guality/guality.c -O3 -g execution test
XPASS: gcc.dg/guality/guality.c -Os execution test
XPASS: gcc.dg/guality/inline-params.c -O2 execution test
XPASS: gcc.dg/guality/inline-params.c -O2 -flto -fno-use-linker-plugin -flto-partition=none execution test
XPASS: gcc.dg/guality/inline-params.c -O3 -g execution test
XPASS: gcc.dg/guality/inline-params.c -Os execution test
XPASS: gcc.dg/guality/pr41353-1.c -O0 line 28 j == 28 + 37
XPASS: gcc.dg/guality/pr41353-1.c -O1 line 28 j == 28 + 37
XPASS: gcc.dg/guality/pr41353-1.c -O2 line 28 j == 28 + 37
XPASS: gcc.dg/guality/pr41353-1.c -O2 -flto -fno-use-linker-plugin -flto-partition=none line 28 j == 28 + 37
XPASS: gcc.dg/guality/pr41353-1.c -O2 -flto -fuse-linker-plugin -fno-fat-lto-objects line 28 j == 28 + 37
XPASS: gcc.dg/guality/pr41353-1.c -O3 -g line 28 j == 28 + 37
XPASS: gcc.dg/guality/pr41353-1.c -Os line 28 j == 28 + 37
FAIL: gcc.dg/guality/pr41447-1.c -O2 execution test
FAIL: gcc.dg/guality/pr41447-1.c -O2 -flto -fno-use-linker-plugin -flto-partition=none execution test
FAIL: gcc.dg/guality/pr41447-1.c -O3 -g execution test
FAIL: gcc.dg/guality/pr41616-1.c -O2 -flto -fuse-linker-plugin -fno-fat-lto-objects execution test
FAIL: gcc.dg/guality/pr41616-1.c -O3 -g execution test
FAIL: gcc.dg/guality/pr54519-1.c -O2 -flto -fno-use-linker-plugin -flto-partition=none line 20 y == 25
FAIL: gcc.dg/guality/pr54519-1.c -O2 -flto -fno-use-linker-plugin -flto-partition=none line 20 z == 6
FAIL: gcc.dg/guality/pr54519-1.c -O2 -flto -fno-use-linker-plugin -flto-partition=none line 23 y == 117
FAIL: gcc.dg/guality/pr54519-1.c -O2 -flto -fno-use-linker-plugin -flto-partition=none line 23 z == 8
FAIL: gcc.dg/guality/pr54519-2.c -O2 -flto -fno-use-linker-plugin -flto-partition=none line 17 y == 25
FAIL: gcc.dg/guality/pr54519-2.c -O2 -flto -fuse-linker-plugin -fno-fat-lto-objects line 17 y == 25
FAIL: gcc.dg/guality/pr54519-3.c -O2 -flto -fno-use-linker-plugin -flto-partition=none line 20 y == 25
FAIL: gcc.dg/guality/pr54519-3.c -O2 -flto -fno-use-linker-plugin -flto-partition=none line 20 z == 6
FAIL: gcc.dg/guality/pr54519-3.c -O2 -flto -fno-use-linker-plugin -flto-partition=none line 23 y == 117
FAIL: gcc.dg/guality/pr54519-3.c -O2 -flto -fno-use-linker-plugin -flto-partition=none line 23 z == 8
FAIL: gcc.dg/guality/pr54519-3.c -O2 -flto -fuse-linker-plugin -fno-fat-lto-objects line 20 y == 25
FAIL: gcc.dg/guality/pr54519-3.c -O2 -flto -fuse-linker-plugin -fno-fat-lto-objects line 20 z == 6
FAIL: gcc.dg/guality/pr54519-3.c -O2 -flto -fuse-linker-plugin -fno-fat-lto-objects line 23 y == 117
FAIL: gcc.dg/guality/pr54519-3.c -O2 -flto -fuse-linker-plugin -fno-fat-lto-objects line 23 z == 8
FAIL: gcc.dg/guality/pr54519-4.c -O2 -flto -fno-use-linker-plugin -flto-partition=none line 17 y == 25
FAIL: gcc.dg/guality/pr54519-4.c -O2 -flto -fuse-linker-plugin -fno-fat-lto-objects line 17 y == 25
FAIL: gcc.dg/guality/pr54519-5.c -O2 -flto -fno-use-linker-plugin -flto-partition=none line 17 y == 25
FAIL: gcc.dg/guality/pr54519-5.c -O2 -flto -fuse-linker-plugin -fno-fat-lto-objects line 17 y == 25
FAIL: gcc.dg/guality/pr68037-1.c -O2 -flto -fuse-linker-plugin -fno-fat-lto-objects line 33 error == 0x12345670
FAIL: gcc.dg/guality/pr68037-1.c -O2 -flto -fuse-linker-plugin -fno-fat-lto-objects line 33 frame->cs == 0x12345672
FAIL: gcc.dg/guality/pr68037-1.c -O2 -flto -fuse-linker-plugin -fno-fat-lto-objects line 33 frame->flags == 0x12345673
FAIL: gcc.dg/guality/pr68037-1.c -O2 -flto -fuse-linker-plugin -fno-fat-lto-objects line 33 frame->ip == 0x12345671
FAIL: gcc.dg/guality/pr68037-1.c -O2 -flto -fuse-linker-plugin -fno-fat-lto-objects line 33 frame->sp == 0x12345674
FAIL: gcc.dg/guality/pr68037-1.c -O2 -flto -fuse-linker-plugin -fno-fat-lto-objects line 33 frame->ss == 0x12345675
FAIL: gcc.dg/guality/pr68860-1.c -O2 -flto -fno-use-linker-plugin -flto-partition=none line 14 arg1 == 1
FAIL: gcc.dg/guality/pr68860-1.c -O2 -flto -fno-use-linker-plugin -flto-partition=none line 14 arg2 == 2
FAIL: gcc.dg/guality/pr68860-1.c -O2 -flto -fno-use-linker-plugin -flto-partition=none line 14 arg3 == 3
FAIL: gcc.dg/guality/pr68860-1.c -O2 -flto -fno-use-linker-plugin -flto-partition=none line 14 arg4 == 4
FAIL: gcc.dg/guality/pr68860-1.c -O2 -flto -fno-use-linker-plugin -flto-partition=none line 14 arg5 == 5
FAIL: gcc.dg/guality/pr68860-1.c -O2 -flto -fno-use-linker-plugin -flto-partition=none line 14 arg6 == 6
FAIL: gcc.dg/guality/pr68860-1.c -O2 -flto -fno-use-linker-plugin -flto-partition=none line 16 arg1 == 1
FAIL: gcc.dg/guality/pr68860-1.c -O2 -flto -fno-use-linker-plugin -flto-partition=none line 16 arg2 == 2
FAIL: gcc.dg/guality/pr68860-1.c -O2 -flto -fno-use-linker-plugin -flto-partition=none line 16 arg3 == 3
FAIL: gcc.dg/guality/pr68860-1.c -O2 -flto -fno-use-linker-plugin -flto-partition=none line 16 arg4 == 4
FAIL: gcc.dg/guality/pr68860-1.c -O2 -flto -fno-use-linker-plugin -flto-partition=none line 16 arg5 == 5
FAIL: gcc.dg/guality/pr68860-1.c -O2 -flto -fno-use-linker-plugin -flto-partition=none line 16 arg6 == 6
FAIL: gcc.dg/guality/pr68860-1.c -O2 -flto -fuse-linker-plugin -fno-fat-lto-objects line 14 arg1 == 1
FAIL: gcc.dg/guality/pr68860-1.c -O2 -flto -fuse-linker-plugin -fno-fat-lto-objects line 14 arg2 == 2
FAIL: gcc.dg/guality/pr68860-1.c -O2 -flto -fuse-linker-plugin -fno-fat-lto-objects line 14 arg3 == 3
FAIL: gcc.dg/guality/pr68860-1.c -O2 -flto -fuse-linker-plugin -fno-fat-lto-objects line 14 arg4 == 4
FAIL: gcc.dg/guality/pr68860-1.c -O2 -flto -fuse-linker-plugin -fno-fat-lto-objects line 14 arg5 == 5
FAIL: gcc.dg/guality/pr68860-1.c -O2 -flto -fuse-linker-plugin -fno-fat-lto-objects line 14 arg6 == 6
FAIL: gcc.dg/guality/pr68860-1.c -O2 -flto -fuse-linker-plugin -fno-fat-lto-objects line 16 arg1 == 1
FAIL: gcc.dg/guality/pr68860-1.c -O2 -flto -fuse-linker-plugin -fno-fat-lto-objects line 16 arg2 == 2
FAIL: gcc.dg/guality/pr68860-1.c -O2 -flto -fuse-linker-plugin -fno-fat-lto-objects line 16 arg3 == 3
FAIL: gcc.dg/guality/pr68860-1.c -O2 -flto -fuse-linker-plugin -fno-fat-lto-objects line 16 arg4 == 4
FAIL: gcc.dg/guality/pr68860-1.c -O2 -flto -fuse-linker-plugin -fno-fat-lto-objects line 16 arg5 == 5
FAIL: gcc.dg/guality/pr68860-1.c -O2 -flto -fuse-linker-plugin -fno-fat-lto-objects line 16 arg6 == 6
FAIL: gcc.dg/guality/vla-1.c -O1 line 17 sizeof (a) == 6
FAIL: gcc.dg/guality/vla-1.c -O2 line 17 sizeof (a) == 6
FAIL: gcc.dg/guality/vla-1.c -O2 -flto -fno-use-linker-plugin -flto-partition=none line 17 sizeof (a) == 6
FAIL: gcc.dg/guality/vla-1.c -O2 -flto -fuse-linker-plugin -fno-fat-lto-objects line 17 sizeof (a) == 6
FAIL: gcc.dg/guality/vla-1.c -O3 -g line 17 sizeof (a) == 6
FAIL: gcc.dg/guality/vla-1.c -Os line 17 sizeof (a) == 6
FAIL: gcc.dg/tree-prof/val-prof-7.c compilation, -fprofile-generate -D_PROFILE_GENERATE (internal compiler error)
UNRESOLVED: gcc.dg/tree-prof/val-prof-7.c compilation, -fprofile-use -D_PROFILE_USE
UNRESOLVED: gcc.dg/tree-prof/val-prof-7.c execution, -fprofile-generate -D_PROFILE_GENERATE
UNRESOLVED: gcc.dg/tree-prof/val-prof-7.c execution, -fprofile-use -D_PROFILE_USE
FAIL: gcc.dg/tree-ssa/builtin-sprintf-warn-18.c (test for warnings, line 119)
FAIL: gcc.dg/tree-ssa/builtin-sprintf-warn-18.c (test for warnings, line 121)
FAIL: gcc.dg/vect/pr65947-14.c -flto -ffat-lto-objects execution test
FAIL: gcc.dg/vect/pr65947-14.c execution test
FAIL: gcc.target/i386/chkp-stropt-16.c (internal compiler error)
FAIL: gcc.target/i386/chkp-stropt-16.c (test for excess errors)
FAIL: gcc.target/i386/pr70021.c scan-tree-dump-times vect "vectorized 1 loops" 2
=== gcc Summary ===
# of expected passes 132805
# of unexpected failures 148
# of unexpected successes 23
# of expected failures 373
# of unresolved testcases 9
# of unsupported tests 2336
/export/gnu/import/git/gcc-test-ia32/bld/gcc/xgcc version 8.0.0 20170801 (experimental) [trunk revision 250784] (GCC)
=== gfortran tests ===
Running target unix
=== gfortran Summary ===
# of expected passes 45257
# of expected failures 92
# of unsupported tests 176
/export/gnu/import/git/gcc-test-ia32/bld/gcc/gfortran version 8.0.0 20170801 (experimental) [trunk revision 250784] (GCC)
=== g++ tests ===
Running target unix
FAIL: g++.dg/template/nontype10.C -std=c++11 (test for excess errors)
FAIL: g++.dg/template/nontype10.C -std=c++14 (test for excess errors)
FAIL: g++.dg/template/nontype10.C -std=c++98 (test for excess errors)
FAIL: g++.dg/guality/pr55665.C -O2 line 23 p == 40
=== g++ Summary ===
# of expected passes 116970
# of unexpected failures 4
# of expected failures 386
# of unsupported tests 4185
/export/gnu/import/git/gcc-test-ia32/bld/gcc/xg++ version 8.0.0 20170801 (experimental) [trunk revision 250784] (GCC)
=== objc tests ===
Running target unix
=== objc Summary ===
# of expected passes 2797
# of expected failures 6
# of unsupported tests 68
/export/gnu/import/git/gcc-test-ia32/bld/gcc/xgcc version 8.0.0 20170801 (experimental) [trunk revision 250784] (GCC)
=== libatomic tests ===
Running target unix
=== libatomic Summary ===
# of expected passes 44
# of unsupported tests 5
=== libgomp tests ===
Running target unix
=== libgomp Summary ===
# of expected passes 5242
# of unsupported tests 328
=== libitm tests ===
Running target unix
=== libitm Summary ===
# of expected passes 42
# of expected failures 3
# of unsupported tests 1
=== libstdc++ tests ===
Running target unix
=== libstdc++ Summary ===
# of expected passes 12232
# of expected failures 70
# of unsupported tests 242
Compiler version: 8.0.0 20170801 (experimental) [trunk revision 250784] (GCC)
Platform: i686-pc-linux-gnu
configure flags: --prefix=/usr/8.0.0 --enable-clocale=gnu --with-system-zlib --enable-shared --with-demangler-in-ld --enable-libmpx i686-linux --with-fpmath=sse