This is the mail archive of the
gcc-testresults@gcc.gnu.org
mailing list for the GCC project.
Results for 8.0.0 20170801 (experimental) [master revision 3c31132:bc44275:17a98feac0bd482446599e58dbf64773775c239d] (Cavium Inc. (Build 4468)) testsuite on x86_64-pc-linux-gnu
- From: jenkins@dell1s-1.localdomain
- To: gcc-testresults at gcc dot gnu dot org
- Date: Tue, 01 Aug 2017 10:31:31 -0700
- Subject: Results for 8.0.0 20170801 (experimental) [master revision 3c31132:bc44275:17a98feac0bd482446599e58dbf64773775c239d] (Cavium Inc. (Build 4468)) testsuite on x86_64-pc-linux-gnu
- Authentication-results: sourceware.org; auth=none
LAST_UPDATED: Tue Aug 1 14:23:11 UTC 2017 (revision 3c31132:bc44275:17a98feac0bd482446599e58dbf64773775c239d)
Native configuration is x86_64-pc-linux-gnu
=== gcc tests ===
Running target unix
FAIL: gcc.c-torture/execute/builtins/mempcpy-2.c execution, -O1
FAIL: gcc.c-torture/execute/builtins/mempcpy-2.c execution, -O2
FAIL: gcc.c-torture/execute/builtins/mempcpy-2.c execution, -O2 -flto
FAIL: gcc.c-torture/execute/builtins/mempcpy-2.c execution, -O2 -flto -flto-partition=none
FAIL: gcc.c-torture/execute/builtins/mempcpy-2.c execution, -O3 -g
FAIL: gcc.c-torture/execute/builtins/mempcpy-2.c execution, -Og -g
FAIL: gcc.c-torture/execute/builtins/mempcpy-2.c execution, -Os
FAIL: gcc.c-torture/execute/builtins/mempcpy-chk.c execution, -O1
FAIL: gcc.c-torture/execute/builtins/mempcpy-chk.c execution, -O2
FAIL: gcc.c-torture/execute/builtins/mempcpy-chk.c execution, -O2 -flto
FAIL: gcc.c-torture/execute/builtins/mempcpy-chk.c execution, -O2 -flto -flto-partition=none
FAIL: gcc.c-torture/execute/builtins/mempcpy-chk.c execution, -O3 -fomit-frame-pointer -funroll-loops -fpeel-loops -ftracer -finline-functions
FAIL: gcc.c-torture/execute/builtins/mempcpy-chk.c execution, -O3 -g
FAIL: gcc.c-torture/execute/builtins/mempcpy-chk.c execution, -Og -g
FAIL: gcc.c-torture/execute/builtins/mempcpy-chk.c execution, -Os
FAIL: gcc.c-torture/execute/builtins/mempcpy.c compilation, -O1 (internal compiler error)
FAIL: gcc.c-torture/execute/builtins/mempcpy.c compilation, -O2 (internal compiler error)
FAIL: gcc.c-torture/execute/builtins/mempcpy.c compilation, -O2 -flto (internal compiler error)
FAIL: gcc.c-torture/execute/builtins/mempcpy.c compilation, -O2 -flto -flto-partition=none (internal compiler error)
FAIL: gcc.c-torture/execute/builtins/mempcpy.c compilation, -O3 -g (internal compiler error)
FAIL: gcc.c-torture/execute/builtins/mempcpy.c compilation, -Og -g (internal compiler error)
UNRESOLVED: gcc.c-torture/execute/builtins/mempcpy.c execution, -O1
UNRESOLVED: gcc.c-torture/execute/builtins/mempcpy.c execution, -O2
UNRESOLVED: gcc.c-torture/execute/builtins/mempcpy.c execution, -O2 -flto
UNRESOLVED: gcc.c-torture/execute/builtins/mempcpy.c execution, -O2 -flto -flto-partition=none
UNRESOLVED: gcc.c-torture/execute/builtins/mempcpy.c execution, -O3 -g
UNRESOLVED: gcc.c-torture/execute/builtins/mempcpy.c execution, -Og -g
FAIL: gcc.c-torture/execute/builtins/pr23484-chk.c execution, -O2
FAIL: gcc.c-torture/execute/builtins/pr23484-chk.c execution, -O2 -flto
FAIL: gcc.c-torture/execute/builtins/pr23484-chk.c execution, -O2 -flto -flto-partition=none
FAIL: gcc.c-torture/execute/builtins/pr23484-chk.c execution, -O3 -g
FAIL: gcc.c-torture/execute/builtins/pr23484-chk.c execution, -Os
FAIL: gcc.dg/builtin-stringop-chk-4.c (test for warnings, line 196)
FAIL: gcc.dg/builtin-stringop-chk-4.c (test for warnings, line 211)
FAIL: gcc.dg/builtin-stringop-chk-4.c (test for warnings, line 213)
FAIL: gcc.dg/builtin-stringop-chk-4.c (test for warnings, line 215)
FAIL: gcc.dg/builtin-stringop-chk-4.c (test for warnings, line 216)
FAIL: gcc.dg/builtin-stringop-chk-4.c (test for warnings, line 217)
FAIL: gcc.dg/builtin-stringop-chk-4.c (test for warnings, line 222)
FAIL: gcc.dg/builtin-stringop-chk-4.c (test for warnings, line 237)
FAIL: gcc.dg/builtin-stringop-chk-4.c (test for warnings, line 239)
FAIL: gcc.dg/builtin-stringop-chk-4.c (test for warnings, line 241)
FAIL: gcc.dg/builtin-stringop-chk-4.c (test for warnings, line 242)
FAIL: gcc.dg/builtin-stringop-chk-4.c (test for warnings, line 243)
FAIL: gcc.dg/builtin-stringop-chk-4.c (test for warnings, line 248)
FAIL: gcc.dg/builtin-stringop-chk-4.c (test for warnings, line 263)
FAIL: gcc.dg/builtin-stringop-chk-4.c (test for warnings, line 302)
FAIL: gcc.dg/builtin-stringop-chk-4.c (test for warnings, line 305)
FAIL: gcc.dg/builtin-stringop-chk-4.c (test for warnings, line 319)
FAIL: gcc.dg/builtin-stringop-chk-4.c (test for warnings, line 320)
FAIL: gcc.dg/builtin-stringop-chk-4.c (test for warnings, line 321)
FAIL: gcc.dg/builtin-stringop-chk-4.c (test for warnings, line 322)
FAIL: gcc.dg/builtin-stringop-chk-4.c (test for warnings, line 323)
FAIL: gcc.dg/builtin-stringop-chk-4.c (test for warnings, line 324)
FAIL: gcc.dg/builtin-stringop-chk-4.c (test for warnings, line 326)
FAIL: gcc.dg/builtin-stringop-chk-4.c (test for warnings, line 328)
FAIL: gcc.dg/builtin-stringop-chk-4.c (test for warnings, line 346)
FAIL: gcc.dg/builtin-stringop-chk-4.c (test for warnings, line 347)
FAIL: gcc.dg/builtin-stringop-chk-4.c (test for warnings, line 353)
FAIL: gcc.dg/builtin-stringop-chk-4.c (test for warnings, line 354)
FAIL: gcc.dg/builtin-stringop-chk-4.c (test for warnings, line 361)
FAIL: gcc.dg/builtin-stringop-chk-4.c (test for warnings, line 362)
FAIL: gcc.dg/builtin-stringop-chk-4.c (test for warnings, line 363)
FAIL: gcc.dg/builtin-stringop-chk-4.c (test for warnings, line 369)
FAIL: gcc.dg/builtin-stringop-chk-4.c (test for warnings, line 370)
FAIL: gcc.dg/builtin-stringop-chk-4.c (test for warnings, line 395)
FAIL: gcc.dg/builtin-stringop-chk-4.c (test for warnings, line 401)
FAIL: gcc.dg/builtin-stringop-chk-4.c (test for warnings, line 403)
FAIL: gcc.dg/builtin-stringop-chk-4.c (test for warnings, line 405)
FAIL: gcc.dg/builtin-stringop-chk-4.c (test for warnings, line 421)
FAIL: gcc.dg/builtin-stringop-chk-4.c (test for warnings, line 425)
FAIL: gcc.dg/builtin-stringop-chk-4.c (test for warnings, line 427)
FAIL: gcc.dg/builtin-stringop-chk-4.c (test for warnings, line 428)
FAIL: gcc.dg/builtin-stringop-chk-4.c (test for warnings, line 429)
FAIL: gcc.dg/builtin-stringop-chk-4.c (test for warnings, line 430)
FAIL: gcc.dg/builtin-stringop-chk-4.c (test for warnings, line 436)
FAIL: gcc.dg/builtin-stringop-chk-4.c (test for warnings, line 437)
FAIL: gcc.dg/builtin-stringop-chk-4.c (test for warnings, line 471)
FAIL: gcc.dg/builtin-stringop-chk-4.c (test for warnings, line 472)
FAIL: gcc.dg/builtin-stringop-chk-4.c (test for warnings, line 473)
FAIL: gcc.dg/builtin-stringop-chk-4.c (test for warnings, line 475)
FAIL: gcc.dg/builtin-stringop-chk-4.c (test for warnings, line 479)
FAIL: gcc.dg/builtin-stringop-chk-4.c (test for warnings, line 480)
FAIL: gcc.dg/builtin-stringop-chk-4.c (test for warnings, line 493)
FAIL: gcc.dg/builtin-stringop-chk-4.c (test for warnings, line 503)
FAIL: gcc.dg/builtin-stringop-chk-4.c (internal compiler error)
FAIL: gcc.dg/builtin-stringop-chk-4.c (test for excess errors)
UNRESOLVED: gcc.dg/pr46932.c scan-rtl-dump-not auto_inc_dec "success"
FAIL: gcc.dg/tree-prof/val-prof-7.c compilation, -fprofile-generate -D_PROFILE_GENERATE (internal compiler error)
UNRESOLVED: gcc.dg/tree-prof/val-prof-7.c compilation, -fprofile-use -D_PROFILE_USE
UNRESOLVED: gcc.dg/tree-prof/val-prof-7.c execution, -fprofile-generate -D_PROFILE_GENERATE
UNRESOLVED: gcc.dg/tree-prof/val-prof-7.c execution, -fprofile-use -D_PROFILE_USE
FAIL: gcc.dg/vect/pr65947-14.c -flto -ffat-lto-objects execution test
FAIL: gcc.dg/vect/pr65947-14.c execution test
FAIL: gcc.dg/vect/pr66636.c (test for excess errors)
FAIL: gcc.dg/vect/pr66636.c -flto -ffat-lto-objects (test for excess errors)
WARNING: gcc.dg/vect/pr66636.c -flto -ffat-lto-objects compilation failed to produce executable
WARNING: gcc.dg/vect/pr66636.c compilation failed to produce executable
FAIL: gcc.target/i386/chkp-stropt-16.c (internal compiler error)
FAIL: gcc.target/i386/chkp-stropt-16.c (test for excess errors)
FAIL: gcc.target/i386/pr57275.c (test for excess errors)
WARNING: gcc.target/i386/pr57275.c compilation failed to produce executable
FAIL: gcc.target/i386/pr59501-3a.c scan-assembler-not and[^\\n\\r]*sp
=== gcc Summary ===
# of expected passes 124705
# of unexpected failures 90
# of expected failures 365
# of unresolved testcases 10
# of unsupported tests 3371
/home/jenkins/workspace/GCCupstream/objdir/gcc/xgcc version 8.0.0 20170801 (experimental) [master revision 3c31132:bc44275:17a98feac0bd482446599e58dbf64773775c239d] (Cavium Inc. (Build 4468))
=== gfortran tests ===
Running target unix
FAIL: gfortran.dg/graphite/pr14741.f90 -O scan-tree-dump graphite "tiled by"
FAIL: gfortran.dg/guality/pr41558.f90 -O2 line 7 s == 'foo'
FAIL: gfortran.dg/guality/pr41558.f90 -O3 -fomit-frame-pointer -funroll-loops -fpeel-loops -ftracer -finline-functions line 7 s == 'foo'
FAIL: gfortran.dg/guality/pr41558.f90 -O3 -g line 7 s == 'foo'
FAIL: gfortran.dg/guality/pr41558.f90 -Os line 7 s == 'foo'
=== gfortran Summary ===
# of expected passes 45449
# of unexpected failures 5
# of expected failures 92
# of unsupported tests 87
/home/jenkins/workspace/GCCupstream/objdir/gcc/testsuite/gfortran/../../gfortran version 8.0.0 20170801 (experimental) [master revision 3c31132:bc44275:17a98feac0bd482446599e58dbf64773775c239d] (Cavium Inc. (Build 4468))
=== g++ tests ===
Running target unix
FAIL: g++.dg/debug/debug9.C -gstabs -O2 (test for excess errors)
FAIL: g++.dg/debug/debug9.C -gstabs -O3 (test for excess errors)
FAIL: g++.dg/debug/debug9.C -gstabs+ -O2 (test for excess errors)
FAIL: g++.dg/debug/debug9.C -gstabs+ -O3 (test for excess errors)
FAIL: g++.dg/debug/debug9.C -gstabs+3 -O2 (test for excess errors)
FAIL: g++.dg/debug/debug9.C -gstabs+3 -O3 (test for excess errors)
FAIL: g++.dg/debug/debug9.C -gstabs3 -O2 (test for excess errors)
FAIL: g++.dg/debug/debug9.C -gstabs3 -O3 (test for excess errors)
FAIL: g++.dg/tls/thread_local-order2.C -std=c++11 execution test
FAIL: g++.dg/tls/thread_local-order2.C -std=c++14 execution test
=== g++ Summary ===
# of expected passes 118354
# of unexpected failures 10
# of expected failures 386
# of unsupported tests 4422
/home/jenkins/workspace/GCCupstream/objdir/gcc/testsuite/g++/../../xg++ version 8.0.0 20170801 (experimental) [master revision 3c31132:bc44275:17a98feac0bd482446599e58dbf64773775c239d] (Cavium Inc. (Build 4468))
=== go tests ===
Running target unix
FAIL: ./index0-out.go execution, -O0 -g -fno-var-tracking-assignments
=== go Summary ===
# of expected passes 7253
# of unexpected failures 1
# of expected failures 1
# of untested testcases 6
# of unsupported tests 1
/home/jenkins/workspace/GCCupstream/objdir/gcc/testsuite/go/../../gccgo version 8.0.0 20170801 (experimental) [master revision 3c31132:bc44275:17a98feac0bd482446599e58dbf64773775c239d] (Cavium Inc. (Build 4468))
=== gotools tests ===
FAIL: TestCgoCallbackGC
FAIL: TestInstall
FAIL: TestEarlySignalHandler
FAIL: TestSignalForwarding
FAIL: TestSignalForwardingExternal
FAIL: TestOsSignal
FAIL: TestSigaltstack
FAIL: TestPIE
=== gotools Summary ===
# of expected passes 341
# of unexpected failures 8
# of untested testcases 124
/home/jenkins/workspace/GCCupstream/objdir/./gcc/gccgo version 8.0.0 20170801 (experimental) [master revision 3c31132:bc44275:17a98feac0bd482446599e58dbf64773775c239d] (Cavium Inc. (Build 4468))
=== libatomic tests ===
Running target unix
=== libatomic Summary ===
# of expected passes 54
=== libffi tests ===
Running target unix
=== libffi Summary ===
# of expected passes 2214
=== libgo tests ===
Running target unix
=== libgo Summary ===
# of expected passes 146
/home/jenkins/workspace/GCCupstream/objdir/./gcc/gccgo version 8.0.0 20170801 (experimental) [master revision 3c31132:bc44275:17a98feac0bd482446599e58dbf64773775c239d] (Cavium Inc. (Build 4468))
=== libgomp tests ===
Running target unix
=== libgomp Summary ===
# of expected passes 5170
# of unsupported tests 364
=== libitm tests ===
Running target unix
=== libitm Summary ===
# of expected passes 42
# of expected failures 3
# of unsupported tests 1
=== libstdc++ tests ===
Running target unix
=== libstdc++ Summary ===
# of expected passes 11841
# of expected failures 70
# of unsupported tests 249
Compiler version: 8.0.0 20170801 (experimental) [master revision 3c31132:bc44275:17a98feac0bd482446599e58dbf64773775c239d] (Cavium Inc. (Build 4468))
Platform: x86_64-pc-linux-gnu
configure flags: --prefix=/home/jenkins/workspace/GCCupstream/objdir/../tools --enable-languages=c,c++,fortran,go --disable-werror --enable-plugins --enable-gnu-indirect-function --with-pkgversion='Cavium Inc. (Build 4468)' --disable-multilib