This is the mail archive of the
gcc-testresults@gcc.gnu.org
mailing list for the GCC project.
Results for 8.0.0 20170728 (experimental) [trunk revision 250680] (GCC) testsuite on sparc-sun-solaris2.11
- From: Rainer Orth <ro at CeBiTec dot Uni-Bielefeld dot DE>
- To: gcc-testresults at gcc dot gnu dot org
- Date: Sat, 29 Jul 2017 08:51:15 +0200 (MEST)
- Subject: Results for 8.0.0 20170728 (experimental) [trunk revision 250680] (GCC) testsuite on sparc-sun-solaris2.11
- Authentication-results: sourceware.org; auth=none
LAST_UPDATED: Fri Jul 28 17:04:48 UTC 2017 (revision 250680)
=== acats tests ===
FAIL: a97106a
=== acats Summary ===
# of expected passes 2319
# of unexpected failures 1
Native configuration is sparc-sun-solaris2.11
=== g++ tests ===
Running target unix
FAIL: g++.dg/template/nontype10.C -std=c++11 (test for excess errors)
FAIL: g++.dg/template/nontype10.C -std=c++14 (test for excess errors)
FAIL: g++.dg/template/nontype10.C -std=c++98 (test for excess errors)
=== g++ Summary for unix ===
# of expected passes 106941
# of unexpected failures 3
# of expected failures 391
# of unsupported tests 4642
Running target unix/-m64
=== g++ Summary for unix/-m64 ===
# of expected passes 108826
# of expected failures 391
# of unsupported tests 4614
=== g++ Summary ===
# of expected passes 215767
# of unexpected failures 3
# of expected failures 782
# of unsupported tests 9256
/var/gcc/regression/trunk/11-gcc-gas/build/gcc/testsuite/g++/../../xg++ version 8.0.0 20170728 (experimental) [trunk revision 250680] (GCC)
=== gcc tests ===
Running target unix
FAIL: gcc.c-torture/compile/20020706-2.c -O0 (test for excess errors)
UNRESOLVED: gcc.dg/pr46932.c scan-rtl-dump-not auto_inc_dec "success"
FAIL: gcc.dg/visibility-22.c execution test
FAIL: gcc.dg/plugin/must-tail-call-1.c -fplugin=./must_tail_call_plugin.so (test for excess errors)
FAIL: gcc.dg/simulate-thread/atomic-other-int.c -O2 -g thread simulation test
FAIL: gcc.dg/simulate-thread/atomic-other-int.c -O3 -g thread simulation test
FAIL: gcc.dg/simulate-thread/speculative-store-4.c -O0 -g thread simulation test
FAIL: gcc.dg/simulate-thread/speculative-store-4.c -O2 -g thread simulation test
FAIL: gcc.dg/simulate-thread/speculative-store-4.c -O3 -g thread simulation test
FAIL: gcc.dg/simulate-thread/speculative-store.c -O0 -g thread simulation test
FAIL: gcc.dg/vect/bb-slp-1.c -flto -ffat-lto-objects scan-tree-dump-times slp1 "basic block vectorized" 1
FAIL: gcc.dg/vect/bb-slp-1.c scan-tree-dump-times slp1 "basic block vectorized" 1
FAIL: gcc.dg/vect/bb-slp-16.c -flto -ffat-lto-objects scan-tree-dump-times slp1 "basic block vectorized" 1
FAIL: gcc.dg/vect/bb-slp-16.c scan-tree-dump-times slp1 "basic block vectorized" 1
FAIL: gcc.dg/vect/bb-slp-2.c -flto -ffat-lto-objects scan-tree-dump-times slp1 "basic block vectorized" 1
FAIL: gcc.dg/vect/bb-slp-2.c scan-tree-dump-times slp1 "basic block vectorized" 1
XPASS: gcc.dg/vect/vect-multitypes-12.c -flto -ffat-lto-objects scan-tree-dump-times vect "vectorized 1 loops" 1
XPASS: gcc.dg/vect/vect-multitypes-12.c scan-tree-dump-times vect "vectorized 1 loops" 1
=== gcc Summary for unix ===
# of expected passes 100683
# of unexpected failures 15
# of unexpected successes 2
# of expected failures 428
# of unresolved testcases 1
# of unsupported tests 2635
Running target unix/-m64
UNRESOLVED: gcc.dg/pr46932.c scan-rtl-dump-not auto_inc_dec "success"
FAIL: gcc.dg/visibility-22.c execution test
FAIL: gcc.dg/plugin/must-tail-call-1.c -fplugin=./must_tail_call_plugin.so (test for excess errors)
FAIL: gcc.dg/vect/bb-slp-1.c -flto -ffat-lto-objects scan-tree-dump-times slp1 "basic block vectorized" 1
FAIL: gcc.dg/vect/bb-slp-1.c scan-tree-dump-times slp1 "basic block vectorized" 1
FAIL: gcc.dg/vect/bb-slp-16.c -flto -ffat-lto-objects scan-tree-dump-times slp1 "basic block vectorized" 1
FAIL: gcc.dg/vect/bb-slp-16.c scan-tree-dump-times slp1 "basic block vectorized" 1
FAIL: gcc.dg/vect/bb-slp-2.c -flto -ffat-lto-objects scan-tree-dump-times slp1 "basic block vectorized" 1
FAIL: gcc.dg/vect/bb-slp-2.c scan-tree-dump-times slp1 "basic block vectorized" 1
=== gcc Summary for unix/-m64 ===
# of expected passes 101748
# of unexpected failures 8
# of expected failures 415
# of unresolved testcases 1
# of unsupported tests 2427
=== gcc Summary ===
# of expected passes 202431
# of unexpected failures 23
# of unexpected successes 2
# of expected failures 843
# of unresolved testcases 2
# of unsupported tests 5062
/var/gcc/regression/trunk/11-gcc-gas/build/gcc/xgcc version 8.0.0 20170728 (experimental) [trunk revision 250680] (GCC)
=== gfortran tests ===
Running target unix
FAIL: gfortran.dg/elemental_subroutine_3.f90 -O1 (test for excess errors)
FAIL: gfortran.dg/elemental_subroutine_3.f90 -O2 (test for excess errors)
FAIL: gfortran.dg/elemental_subroutine_3.f90 -O3 -fomit-frame-pointer -funroll-loops -fpeel-loops -ftracer -finline-functions (test for excess errors)
FAIL: gfortran.dg/elemental_subroutine_3.f90 -O3 -g (test for excess errors)
FAIL: gfortran.dg/elemental_subroutine_3.f90 -Os (test for excess errors)
=== gfortran Summary for unix ===
# of expected passes 45045
# of unexpected failures 5
# of expected failures 94
# of unsupported tests 248
Running target unix/-m64
FAIL: gfortran.dg/elemental_subroutine_3.f90 -O1 (test for excess errors)
FAIL: gfortran.dg/elemental_subroutine_3.f90 -O2 (test for excess errors)
FAIL: gfortran.dg/elemental_subroutine_3.f90 -O3 -fomit-frame-pointer -funroll-loops -fpeel-loops -ftracer -finline-functions (test for excess errors)
FAIL: gfortran.dg/elemental_subroutine_3.f90 -O3 -g (test for excess errors)
FAIL: gfortran.dg/elemental_subroutine_3.f90 -Os (test for excess errors)
FAIL: gfortran.dg/graphite/pr14741.f90 -O scan-tree-dump graphite "tiled by"
=== gfortran Summary for unix/-m64 ===
# of expected passes 45291
# of unexpected failures 6
# of expected failures 94
# of unsupported tests 127
=== gfortran Summary ===
# of expected passes 90336
# of unexpected failures 11
# of expected failures 188
# of unsupported tests 375
/var/gcc/regression/trunk/11-gcc-gas/build/gcc/testsuite/gfortran/../../gfortran version 8.0.0 20170728 (experimental) [trunk revision 250680] (GCC)
=== gnat tests ===
Running target unix
=== gnat Summary for unix ===
# of expected passes 2553
# of expected failures 24
# of unsupported tests 23
Running target unix/-m64
=== gnat Summary for unix/-m64 ===
# of expected passes 2553
# of expected failures 24
# of unsupported tests 23
=== gnat Summary ===
# of expected passes 5106
# of expected failures 48
# of unsupported tests 46
/var/gcc/regression/trunk/11-gcc-gas/build/gcc/gnatmake version 8.0.0 20170728 (experimental) [trunk revision 250680]
=== go tests ===
Running target unix
FAIL: ./index0-out.go execution, -O0 -g -fno-var-tracking-assignments
FAIL: go.test/test/fixedbugs/issue4562.go execution, -O2 -g
FAIL: go.test/test/method5.go execution, -O2 -g
FAIL: go.test/test/nil.go execution, -O2 -g
=== go Summary for unix ===
# of expected passes 7358
# of unexpected failures 4
# of expected failures 1
# of untested testcases 11
# of unsupported tests 3
Running target unix/-m64
FAIL: ./index0-out.go execution, -O0 -g -fno-var-tracking-assignments
=== go Summary for unix/-m64 ===
# of expected passes 7241
# of unexpected failures 1
# of expected failures 1
# of untested testcases 11
# of unsupported tests 3
=== go Summary ===
# of expected passes 14599
# of unexpected failures 5
# of expected failures 2
# of untested testcases 22
# of unsupported tests 6
=== obj-c++ tests ===
Running target unix
=== obj-c++ Summary for unix ===
# of expected passes 1459
# of expected failures 2
# of unsupported tests 77
Running target unix/-m64
=== obj-c++ Summary for unix/-m64 ===
# of expected passes 1451
# of expected failures 10
# of unsupported tests 77
=== obj-c++ Summary ===
# of expected passes 2910
# of expected failures 12
# of unsupported tests 154
/var/gcc/regression/trunk/11-gcc-gas/build/gcc/testsuite/obj-c++/../../xg++ version 8.0.0 20170728 (experimental) [trunk revision 250680] (GCC)
=== objc tests ===
Running target unix
=== objc Summary for unix ===
# of expected passes 2803
# of unsupported tests 68
Running target unix/-m64
=== objc Summary for unix/-m64 ===
# of expected passes 2803
# of unsupported tests 68
=== objc Summary ===
# of expected passes 5606
# of unsupported tests 136
/var/gcc/regression/trunk/11-gcc-gas/build/gcc/xgcc version 8.0.0 20170728 (experimental) [trunk revision 250680] (GCC)
=== gotools tests ===
FAIL: TestVendorGet
FAIL: TestNonCanonicalImportPaths
FAIL: TestSelectStackAdjust
FAIL: TestBreakpoint
FAIL: TestCgoCrashHandler
FAIL: TestCgoExternalThreadPanic
FAIL: TestCgoExecSignalMask
FAIL: TestEnsureDropM
FAIL: TestCgoExternalThreadSignal
FAIL: TestCgoExternalThreadSIGPROF
FAIL: TestCgoCCodeSIGPROF
FAIL: TestCgoPanicDeadlock
FAIL: TestCgoCheckBytes
FAIL: TestCgoTraceback
FAIL: TestCgoCallbackGC
FAIL: TestCgoSignalDeadlock
FAIL: TestInstall
FAIL: TestEarlySignalHandler
FAIL: TestSignalForwardingExternal
FAIL: TestOsSignal
FAIL: TestSigaltstack
FAIL: TestPIE
=== gotools Summary ===
# of expected passes 222
# of unexpected failures 22
# of untested testcases 118
=== libatomic tests ===
Running target unix
=== libatomic Summary for unix ===
# of expected passes 44
# of unsupported tests 5
Running target unix/-m64
=== libatomic Summary for unix/-m64 ===
# of expected passes 54
=== libatomic Summary ===
# of expected passes 98
# of unsupported tests 5
=== libffi tests ===
Running target unix
WARNING: program timed out.
ERROR: tcl error sourcing /vol/gcc/src/hg/trunk/local/libffi/testsuite/libffi.call/call.exp.
ERROR: couldn't fork child process: not enough memory
=== libffi Summary for unix ===
# of expected passes 1101
Running target unix/-m64
=== libffi Summary for unix/-m64 ===
# of expected passes 2214
=== libffi Summary ===
# of expected passes 3315
=== libgo tests ===
Running target unix
FAIL: net
FAIL: runtime
FAIL: go/build
FAIL: net/http
=== libgo Summary for unix ===
# of expected passes 143
# of unexpected failures 4
Running target unix/-m64
FAIL: net
FAIL: go/build
FAIL: net/http
FAIL: os/signal
=== libgo Summary for unix/-m64 ===
# of expected passes 143
# of unexpected failures 4
=== libgo Summary ===
# of expected passes 286
# of unexpected failures 8
=== libgomp tests ===
Running target unix
WARNING: program timed out.
ERROR: tcl error sourcing /vol/gcc/src/hg/trunk/local/libgomp/testsuite/libgomp.c/c.exp.
ERROR: couldn't fork child process: not enough memory
=== libgomp Summary for unix ===
# of expected passes 4666
# of unsupported tests 374
Running target unix/-m64
=== libgomp Summary for unix/-m64 ===
# of expected passes 5140
# of unsupported tests 379
=== libgomp Summary ===
# of expected passes 9806
# of unsupported tests 753
=== libitm tests ===
Running target unix
=== libitm Summary for unix ===
# of expected passes 42
# of expected failures 3
# of unsupported tests 1
Running target unix/-m64
=== libitm Summary for unix/-m64 ===
# of expected passes 42
# of expected failures 3
# of unsupported tests 1
=== libitm Summary ===
# of expected passes 84
# of expected failures 6
# of unsupported tests 2
=== libstdc++ tests ===
Running target unix
FAIL: 21_strings/basic_string/allocator/wchar_t/minimal.cc (test for excess errors)
WARNING: 21_strings/basic_string/allocator/wchar_t/minimal.cc compilation failed to produce executable
FAIL: 22_locale/money_put/cons/3.cc (test for excess errors)
FAIL: 22_locale/num_get/get/char/10.cc (test for excess errors)
WARNING: 22_locale/num_get/get/char/10.cc compilation failed to produce executable
FAIL: 22_locale/num_get/get/wchar_t/14.cc (test for excess errors)
WARNING: 22_locale/num_get/get/wchar_t/14.cc compilation failed to produce executable
FAIL: 22_locale/num_get/get/wchar_t/4.cc (test for excess errors)
WARNING: 22_locale/num_get/get/wchar_t/4.cc compilation failed to produce executable
FAIL: 22_locale/num_put/put/char/38196.cc (test for excess errors)
WARNING: 22_locale/num_put/put/char/38196.cc compilation failed to produce executable
FAIL: 22_locale/num_put/put/wchar_t/2.cc (test for excess errors)
WARNING: 22_locale/num_put/put/wchar_t/2.cc compilation failed to produce executable
FAIL: 22_locale/num_put/put/wchar_t/6.cc (test for excess errors)
WARNING: 22_locale/num_put/put/wchar_t/6.cc compilation failed to produce executable
FAIL: 22_locale/numpunct/members/char/cache_1.cc (test for excess errors)
WARNING: 22_locale/numpunct/members/char/cache_1.cc compilation failed to produce executable
FAIL: 22_locale/numpunct/members/pod/2.cc (test for excess errors)
FAIL: 22_locale/time_get/get_date/char/3.cc (test for excess errors)
FAIL: 22_locale/time_get/get_time/char/3.cc (test for excess errors)
FAIL: 22_locale/time_get/get_weekday/char/5.cc (test for excess errors)
WARNING: 22_locale/time_get/get_weekday/char/5.cc compilation failed to produce executable
=== libstdc++ Summary for unix ===
# of expected passes 10846
# of unexpected failures 13
# of expected failures 70
# of unsupported tests 636
Running target unix/-m64
=== libstdc++ Summary for unix/-m64 ===
# of expected passes 10868
# of expected failures 70
# of unsupported tests 636
=== libstdc++ Summary ===
# of expected passes 21714
# of unexpected failures 13
# of expected failures 140
# of unsupported tests 1272
Compiler version: 8.0.0 20170728 (experimental) [trunk revision 250680] (GCC)
Platform: sparc-sun-solaris2.11
configure flags: --prefix=/vol/gcc --target=sparc-sun-solaris2.11 --enable-objc-gc --with-target-bdw-gc-include=/vol/gcc/include --with-target-bdw-gc-lib=/vol/gcc/lib,sparcv9=/vol/gcc/lib/sparcv9 --enable-libmudflap --with-as=/vol/gcc/bin/gas-2.29 --with-gnu-as --with-gmp-include=/vol/gcc/include --with-gmp-lib=/vol/gcc/lib --with-mpfr-include=/vol/gcc/include --with-mpfr-lib=/vol/gcc/lib --with-mpc-include=/vol/gcc/include --with-mpc-lib=/vol/gcc/lib --enable-languages=all,ada,obj-c++,go --with-isl-include=/vol/gcc/include --with-isl-lib=/vol/gcc/lib --build=sparc-sun-solaris2.11 --host=sparc-sun-solaris2.11
BOOT_CFLAGS=-g -O2