This is the mail archive of the
gcc-testresults@gcc.gnu.org
mailing list for the GCC project.
Results for 8.0.0 20170727 (experimental) [trunk revision 250610p12] (GCC) testsuite on x86_64-apple-darwin16.7.0
- From: dominiq at lps dot ens dot fr (Dominique Dhumieres)
- To: gcc-testresults at gcc dot gnu dot org
- Date: Fri, 28 Jul 2017 17:28:36 +0200
- Subject: Results for 8.0.0 20170727 (experimental) [trunk revision 250610p12] (GCC) testsuite on x86_64-apple-darwin16.7.0
- Authentication-results: sourceware.org; auth=none
LAST_UPDATED: Updated to revision 250610.
=== acats tests ===
FAIL: c761004
FAIL: c761007
FAIL: c93004a
FAIL: c94002g
FAIL: c94007a
FAIL: c94008c
FAIL: c94008d
FAIL: c94020a
FAIL: c95022b
FAIL: c95040d
FAIL: c954016
FAIL: c954a01
FAIL: c954a02
FAIL: c96005d
FAIL: c97204b
FAIL: c97304b
FAIL: c9a007a
FAIL: c9a009a
FAIL: c9a009c
FAIL: c9a009f
FAIL: c9a009g
FAIL: c9a009h
FAIL: c9a010a
FAIL: ca11d01
FAIL: ca11d02
FAIL: cb1010a
FAIL: cb20003
FAIL: cb20006
FAIL: cb20007
FAIL: cb4002a
FAIL: cb4008a
FAIL: cc3019b
FAIL: cc3019c
FAIL: cd2b11a
FAIL: cd2b15c
FAIL: ce2102l
FAIL: ce2102m
FAIL: ce2103a
FAIL: ce2103b
FAIL: ce2202a
FAIL: ce3102d
FAIL: ce3107a
FAIL: ce3115a
FAIL: ce3905c
FAIL: ce3905l
FAIL: cxb3010
FAIL: cxb3011
FAIL: cxb3012
FAIL: cxf3a01
FAIL: cxf3a02
FAIL: cxg1003
=== acats Summary ===
# of expected passes 2269
# of unexpected failures 51
Native configuration is x86_64-apple-darwin16.7.0
=== g++ tests ===
Running target unix/-m32
FAIL: g++.dg/cilk-plus/CK/catch_exc.cc -O3 -fcilkplus execution test
FAIL: g++.dg/cilk-plus/CK/catch_exc.cc -g -O2 -fcilkplus execution test
FAIL: g++.dg/compat/eh/unexpected1 cp_compat_x_tst.o-cp_compat_y_tst.o execute
FAIL: g++.dg/cpp0x/lambda/lambda-eh2.C -std=gnu++11 execution test
FAIL: g++.dg/cpp0x/lambda/lambda-eh2.C -std=gnu++14 execution test
FAIL: g++.dg/eh/registers1.C -std=gnu++11 execution test
FAIL: g++.dg/eh/registers1.C -std=gnu++14 execution test
FAIL: g++.dg/eh/registers1.C -std=gnu++98 execution test
FAIL: g++.dg/eh/unexpected1.C -std=c++11 execution test
FAIL: g++.dg/eh/unexpected1.C -std=c++14 execution test
FAIL: g++.dg/eh/unexpected1.C -std=c++98 execution test
FAIL: g++.dg/ext/cleanup-10.C -std=gnu++11 execution test
FAIL: g++.dg/ext/cleanup-10.C -std=gnu++14 execution test
FAIL: g++.dg/ext/cleanup-10.C -std=gnu++98 execution test
FAIL: g++.dg/ext/cleanup-11.C -std=gnu++11 execution test
FAIL: g++.dg/ext/cleanup-11.C -std=gnu++14 execution test
FAIL: g++.dg/ext/cleanup-11.C -std=gnu++98 execution test
FAIL: g++.dg/ext/cleanup-8.C -std=gnu++11 execution test
FAIL: g++.dg/ext/cleanup-8.C -std=gnu++14 execution test
FAIL: g++.dg/ext/cleanup-8.C -std=gnu++98 execution test
FAIL: g++.dg/ext/cleanup-9.C -std=gnu++11 execution test
FAIL: g++.dg/ext/cleanup-9.C -std=gnu++14 execution test
FAIL: g++.dg/ext/cleanup-9.C -std=gnu++98 execution test
FAIL: g++.dg/ipa/pr63838.C -std=gnu++11 execution test
FAIL: g++.dg/ipa/pr63838.C -std=gnu++14 execution test
FAIL: g++.dg/ipa/pr63838.C -std=gnu++98 execution test
FAIL: g++.dg/ipa/pr67056.C scan-ipa-dump cp "Speculative outer type:struct CompositeClass"
FAIL: g++.dg/opt/eh3.C -std=gnu++11 execution test
FAIL: g++.dg/opt/eh3.C -std=gnu++14 execution test
FAIL: g++.dg/opt/eh3.C -std=gnu++98 execution test
FAIL: g++.dg/pr62079.C (internal compiler error)
FAIL: g++.dg/pr62079.C (test for excess errors)
FAIL: g++.dg/pr71694.C -std=gnu++11 scan-assembler-not movl
FAIL: g++.dg/pr71694.C -std=gnu++14 scan-assembler-not movl
FAIL: g++.dg/pr71694.C -std=gnu++98 scan-assembler-not movl
FAIL: g++.dg/template/nontype10.C -std=c++11 (test for excess errors)
FAIL: g++.dg/template/nontype10.C -std=c++14 (test for excess errors)
FAIL: g++.dg/template/nontype10.C -std=c++98 (test for excess errors)
FAIL: g++.dg/gcov/pr16855.C -std=gnu++11 gcov: 2 failures in line counts, 0 in branch percentages, 0 in return percentages, 0 in intermediate format
FAIL: g++.dg/gcov/pr16855.C -std=gnu++11 line 21: is #####:should be 1
FAIL: g++.dg/gcov/pr16855.C -std=gnu++11 line 45: is #####:should be 1
FAIL: g++.dg/gcov/pr16855.C -std=gnu++14 gcov: 2 failures in line counts, 0 in branch percentages, 0 in return percentages, 0 in intermediate format
FAIL: g++.dg/gcov/pr16855.C -std=gnu++14 line 21: is #####:should be 1
FAIL: g++.dg/gcov/pr16855.C -std=gnu++14 line 45: is #####:should be 1
FAIL: g++.dg/gcov/pr16855.C -std=gnu++98 gcov: 2 failures in line counts, 0 in branch percentages, 0 in return percentages, 0 in intermediate format
FAIL: g++.dg/gcov/pr16855.C -std=gnu++98 line 21: is #####:should be 1
FAIL: g++.dg/gcov/pr16855.C -std=gnu++98 line 45: is #####:should be 1
UNRESOLVED: g++.dg/lto/pr65276 cp_lto_pr65276_0.o-cp_lto_pr65276_1.o execute -flto -O0 -std=c++11
FAIL: g++.dg/lto/pr65276 cp_lto_pr65276_0.o-cp_lto_pr65276_1.o link, -flto -O0 -std=c++11
UNRESOLVED: g++.dg/lto/pr65549 cp_lto_pr65549_0.o-cp_lto_pr65549_0.o execute -std=gnu++14 -flto -g -O2 -fno-inline -flto-partition=max
FAIL: g++.dg/lto/pr65549 cp_lto_pr65549_0.o-cp_lto_pr65549_0.o link, -std=gnu++14 -flto -g -O2 -fno-inline -flto-partition=max
FAIL: g++.dg/pch/pch.C -O2 -I. -Dwith_PCH (test for excess errors)
FAIL: g++.dg/pch/pch.C -O2 -g -I. -Dwith_PCH (test for excess errors)
FAIL: g++.dg/pch/pch.C -g -I. -Dwith_PCH (test for excess errors)
FAIL: g++.dg/pch/pch.C -O2 -g assembly comparison
FAIL: g++.dg/pch/pch.C -O2 assembly comparison
FAIL: g++.dg/pch/pch.C -g assembly comparison
WARNING: program timed out
WARNING: program timed out
FAIL: g++.dg/tls/pr77285-2.C -std=c++11 scan-assembler _ZTH4var1B3tag
FAIL: g++.dg/tls/pr77285-2.C -std=c++14 scan-assembler _ZTH4var1B3tag
FAIL: g++.dg/torture/pr60750.C -O2 execution test
FAIL: g++.dg/torture/pr60750.C -O2 -flto execution test
FAIL: g++.dg/torture/pr60750.C -O2 -flto -flto-partition=none execution test
FAIL: g++.dg/torture/pr60750.C -O3 -g execution test
FAIL: g++.dg/tree-prof/pr57451.C compilation, -fprofile-generate -D_PROFILE_GENERATE
UNRESOLVED: g++.dg/tree-prof/pr57451.C compilation, -fprofile-use -D_PROFILE_USE
UNRESOLVED: g++.dg/tree-prof/pr57451.C execution, -fprofile-generate -D_PROFILE_GENERATE
UNRESOLVED: g++.dg/tree-prof/pr57451.C execution, -fprofile-use -D_PROFILE_USE
FAIL: g++.dg/tree-prof/pr63581.C compilation, -fprofile-generate -D_PROFILE_GENERATE
UNRESOLVED: g++.dg/tree-prof/pr63581.C compilation, -fprofile-use -D_PROFILE_USE
UNRESOLVED: g++.dg/tree-prof/pr63581.C execution, -fprofile-generate -D_PROFILE_GENERATE
UNRESOLVED: g++.dg/tree-prof/pr63581.C execution, -fprofile-use -D_PROFILE_USE
FAIL: g++.old-deja/g++.abi/cxa_vec.C -std=gnu++11 execution test
FAIL: g++.old-deja/g++.abi/cxa_vec.C -std=gnu++14 execution test
FAIL: g++.old-deja/g++.abi/cxa_vec.C -std=gnu++98 execution test
FAIL: g++.old-deja/g++.eh/spec2.C -std=c++11 execution test
FAIL: g++.old-deja/g++.eh/spec2.C -std=c++14 execution test
FAIL: g++.old-deja/g++.eh/spec2.C -std=c++98 execution test
FAIL: g++.old-deja/g++.eh/spec3.C -std=c++11 execution test
FAIL: g++.old-deja/g++.eh/spec3.C -std=c++14 execution test
FAIL: g++.old-deja/g++.eh/spec3.C -std=c++98 execution test
FAIL: g++.old-deja/g++.mike/eh33.C -std=gnu++11 execution test
FAIL: g++.old-deja/g++.mike/eh33.C -std=gnu++14 execution test
FAIL: g++.old-deja/g++.mike/eh33.C -std=gnu++98 execution test
FAIL: g++.old-deja/g++.mike/eh50.C -std=gnu++11 execution test
FAIL: g++.old-deja/g++.mike/eh50.C -std=gnu++14 execution test
FAIL: g++.old-deja/g++.mike/eh50.C -std=gnu++98 execution test
FAIL: g++.old-deja/g++.mike/eh51.C -std=gnu++11 execution test
FAIL: g++.old-deja/g++.mike/eh51.C -std=gnu++14 execution test
FAIL: g++.old-deja/g++.mike/eh51.C -std=gnu++98 execution test
=== g++ Summary for unix/-m32 ===
# of expected passes 112241
# of unexpected failures 81
# of expected failures 389
# of unresolved testcases 8
# of unsupported tests 4597
Running target unix/-m64
FAIL: g++.dg/cilk-plus/CK/catch_exc.cc -O3 -fcilkplus execution test
FAIL: g++.dg/cilk-plus/CK/catch_exc.cc -g -O2 -fcilkplus execution test
FAIL: g++.dg/compat/eh/unexpected1 cp_compat_x_tst.o-cp_compat_y_tst.o execute
FAIL: g++.dg/cpp0x/lambda/lambda-eh2.C -std=gnu++11 execution test
FAIL: g++.dg/cpp0x/lambda/lambda-eh2.C -std=gnu++14 execution test
FAIL: g++.dg/eh/registers1.C -std=gnu++11 execution test
FAIL: g++.dg/eh/registers1.C -std=gnu++14 execution test
FAIL: g++.dg/eh/registers1.C -std=gnu++98 execution test
FAIL: g++.dg/eh/unexpected1.C -std=c++11 execution test
FAIL: g++.dg/eh/unexpected1.C -std=c++14 execution test
FAIL: g++.dg/eh/unexpected1.C -std=c++98 execution test
FAIL: g++.dg/ext/cleanup-10.C -std=gnu++11 execution test
FAIL: g++.dg/ext/cleanup-10.C -std=gnu++14 execution test
FAIL: g++.dg/ext/cleanup-10.C -std=gnu++98 execution test
FAIL: g++.dg/ext/cleanup-11.C -std=gnu++11 execution test
FAIL: g++.dg/ext/cleanup-11.C -std=gnu++14 execution test
FAIL: g++.dg/ext/cleanup-11.C -std=gnu++98 execution test
FAIL: g++.dg/ext/cleanup-8.C -std=gnu++11 execution test
FAIL: g++.dg/ext/cleanup-8.C -std=gnu++14 execution test
FAIL: g++.dg/ext/cleanup-8.C -std=gnu++98 execution test
FAIL: g++.dg/ext/cleanup-9.C -std=gnu++11 execution test
FAIL: g++.dg/ext/cleanup-9.C -std=gnu++14 execution test
FAIL: g++.dg/ext/cleanup-9.C -std=gnu++98 execution test
FAIL: g++.dg/ext/sync-4.C -std=gnu++11 execution test
FAIL: g++.dg/ext/sync-4.C -std=gnu++14 execution test
FAIL: g++.dg/ext/sync-4.C -std=gnu++98 execution test
FAIL: g++.dg/ipa/pr63838.C -std=gnu++11 execution test
FAIL: g++.dg/ipa/pr63838.C -std=gnu++14 execution test
FAIL: g++.dg/ipa/pr63838.C -std=gnu++98 execution test
FAIL: g++.dg/ipa/pr67056.C scan-ipa-dump cp "Speculative outer type:struct CompositeClass"
FAIL: g++.dg/opt/eh3.C -std=gnu++11 execution test
FAIL: g++.dg/opt/eh3.C -std=gnu++14 execution test
FAIL: g++.dg/opt/eh3.C -std=gnu++98 execution test
FAIL: g++.dg/gcov/pr16855.C -std=gnu++11 gcov: 2 failures in line counts, 0 in branch percentages, 0 in return percentages, 0 in intermediate format
FAIL: g++.dg/gcov/pr16855.C -std=gnu++11 line 21: is #####:should be 1
FAIL: g++.dg/gcov/pr16855.C -std=gnu++11 line 45: is #####:should be 1
FAIL: g++.dg/gcov/pr16855.C -std=gnu++14 gcov: 2 failures in line counts, 0 in branch percentages, 0 in return percentages, 0 in intermediate format
FAIL: g++.dg/gcov/pr16855.C -std=gnu++14 line 21: is #####:should be 1
FAIL: g++.dg/gcov/pr16855.C -std=gnu++14 line 45: is #####:should be 1
FAIL: g++.dg/gcov/pr16855.C -std=gnu++98 gcov: 2 failures in line counts, 0 in branch percentages, 0 in return percentages, 0 in intermediate format
FAIL: g++.dg/gcov/pr16855.C -std=gnu++98 line 21: is #####:should be 1
FAIL: g++.dg/gcov/pr16855.C -std=gnu++98 line 45: is #####:should be 1
UNRESOLVED: g++.dg/lto/pr65276 cp_lto_pr65276_0.o-cp_lto_pr65276_1.o execute -flto -O0 -std=c++11
FAIL: g++.dg/lto/pr65276 cp_lto_pr65276_0.o-cp_lto_pr65276_1.o link, -flto -O0 -std=c++11
UNRESOLVED: g++.dg/lto/pr65549 cp_lto_pr65549_0.o-cp_lto_pr65549_0.o execute -std=gnu++14 -flto -g -O2 -fno-inline -flto-partition=max
FAIL: g++.dg/lto/pr65549 cp_lto_pr65549_0.o-cp_lto_pr65549_0.o link, -std=gnu++14 -flto -g -O2 -fno-inline -flto-partition=max
FAIL: g++.dg/pch/pch.C -O2 -g -I. -Dwith_PCH (test for excess errors)
FAIL: g++.dg/pch/pch.C -g -I. -Dwith_PCH (test for excess errors)
FAIL: g++.dg/pch/pch.C -O2 -g assembly comparison
FAIL: g++.dg/pch/pch.C -g assembly comparison
WARNING: program timed out
FAIL: g++.dg/tls/pr77285-2.C -std=c++11 scan-assembler _ZTH4var1B3tag
FAIL: g++.dg/tls/pr77285-2.C -std=c++14 scan-assembler _ZTH4var1B3tag
FAIL: g++.dg/torture/pr60750.C -O2 execution test
FAIL: g++.dg/torture/pr60750.C -O2 -flto execution test
FAIL: g++.dg/torture/pr60750.C -O2 -flto -flto-partition=none execution test
FAIL: g++.dg/torture/pr60750.C -O3 -g execution test
FAIL: g++.dg/tree-prof/pr57451.C compilation, -fprofile-generate -D_PROFILE_GENERATE
UNRESOLVED: g++.dg/tree-prof/pr57451.C compilation, -fprofile-use -D_PROFILE_USE
UNRESOLVED: g++.dg/tree-prof/pr57451.C execution, -fprofile-generate -D_PROFILE_GENERATE
UNRESOLVED: g++.dg/tree-prof/pr57451.C execution, -fprofile-use -D_PROFILE_USE
FAIL: g++.dg/tree-prof/pr63581.C compilation, -fprofile-generate -D_PROFILE_GENERATE
UNRESOLVED: g++.dg/tree-prof/pr63581.C compilation, -fprofile-use -D_PROFILE_USE
UNRESOLVED: g++.dg/tree-prof/pr63581.C execution, -fprofile-generate -D_PROFILE_GENERATE
UNRESOLVED: g++.dg/tree-prof/pr63581.C execution, -fprofile-use -D_PROFILE_USE
FAIL: g++.old-deja/g++.abi/cxa_vec.C -std=gnu++11 execution test
FAIL: g++.old-deja/g++.abi/cxa_vec.C -std=gnu++14 execution test
FAIL: g++.old-deja/g++.abi/cxa_vec.C -std=gnu++98 execution test
FAIL: g++.old-deja/g++.eh/spec2.C -std=c++11 execution test
FAIL: g++.old-deja/g++.eh/spec2.C -std=c++14 execution test
FAIL: g++.old-deja/g++.eh/spec2.C -std=c++98 execution test
FAIL: g++.old-deja/g++.eh/spec3.C -std=c++11 execution test
FAIL: g++.old-deja/g++.eh/spec3.C -std=c++14 execution test
FAIL: g++.old-deja/g++.eh/spec3.C -std=c++98 execution test
FAIL: g++.old-deja/g++.mike/eh33.C -std=gnu++11 execution test
FAIL: g++.old-deja/g++.mike/eh33.C -std=gnu++14 execution test
FAIL: g++.old-deja/g++.mike/eh33.C -std=gnu++98 execution test
FAIL: g++.old-deja/g++.mike/eh50.C -std=gnu++11 execution test
FAIL: g++.old-deja/g++.mike/eh50.C -std=gnu++14 execution test
FAIL: g++.old-deja/g++.mike/eh50.C -std=gnu++98 execution test
FAIL: g++.old-deja/g++.mike/eh51.C -std=gnu++11 execution test
FAIL: g++.old-deja/g++.mike/eh51.C -std=gnu++14 execution test
FAIL: g++.old-deja/g++.mike/eh51.C -std=gnu++98 execution test
=== g++ Summary for unix/-m64 ===
# of expected passes 113662
# of unexpected failures 74
# of expected failures 389
# of unresolved testcases 8
# of unsupported tests 4801
=== g++ Summary ===
# of expected passes 225903
# of unexpected failures 155
# of expected failures 778
# of unresolved testcases 16
# of unsupported tests 9398
/opt/gcc/build_w/gcc/xg++ version 8.0.0 20170727 (experimental) [trunk revision 250610p12] (GCC)
=== gcc tests ===
Running target unix/-m32
FAIL: gcc.c-torture/compile/pr72802.c -O0 (test for excess errors)
FAIL: gcc.c-torture/compile/pr72802.c -O1 (test for excess errors)
FAIL: gcc.c-torture/compile/pr72802.c -O2 (test for excess errors)
FAIL: gcc.c-torture/compile/pr72802.c -O2 -flto (test for excess errors)
FAIL: gcc.c-torture/compile/pr72802.c -O2 -flto -flto-partition=none (test for excess errors)
FAIL: gcc.c-torture/compile/pr72802.c -O3 -fomit-frame-pointer -funroll-loops -fpeel-loops -ftracer -finline-functions (test for excess errors)
FAIL: gcc.c-torture/compile/pr72802.c -O3 -g (test for excess errors)
FAIL: gcc.c-torture/compile/pr72802.c -Os (test for excess errors)
FAIL: gcc.dg/debug/dwarf2/pr80263.c scan-assembler-not \\\\msizetype
FAIL: gcc.dg/debug/dwarf2/prod-options.c scan-assembler DW_AT_producer: "GNU C
FAIL: gcc.dg/cleanup-10.c execution test
FAIL: gcc.dg/cleanup-11.c execution test
FAIL: gcc.dg/cleanup-8.c execution test
FAIL: gcc.dg/cleanup-9.c execution test
FAIL: gcc.dg/framework-1.c (test for excess errors)
FAIL: gcc.dg/memcmp-1.c (test for excess errors)
UNRESOLVED: gcc.dg/memcmp-1.c compilation failed to produce executable
UNRESOLVED: gcc.dg/pr46932.c scan-rtl-dump-not auto_inc_dec "success"
FAIL: gcc.dg/pr56727-2.c (test for excess errors)
UNRESOLVED: gcc.dg/pr56727-2.c scan-assembler @(PLT|plt)
FAIL: gcc.dg/pr57438-2.c scan-assembler nop\\\\nLFE.*
FAIL: gcc.dg/stack-layout-dynamic-1.c (test for excess errors)
UNRESOLVED: gcc.dg/stack-layout-dynamic-1.c scan-assembler-not cfi_def_cfa_register
FAIL: gcc.dg/uninit-19.c (test for warnings, line 24)
FAIL: gcc.dg/uninit-19.c (test for excess errors)
FAIL: gcc.dg/torture/builtin-self.c -O0 scan-assembler-not \\tcall
FAIL: gcc.dg/torture/pr68264.c -O0 execution test
FAIL: gcc.dg/torture/pr68264.c -O1 execution test
FAIL: gcc.dg/torture/pr68264.c -O2 execution test
FAIL: gcc.dg/torture/pr68264.c -O2 -flto execution test
FAIL: gcc.dg/torture/pr68264.c -O2 -flto -flto-partition=none execution test
FAIL: gcc.dg/torture/pr68264.c -O3 -g execution test
FAIL: gcc.dg/torture/pr68264.c -Os execution test
FAIL: gcc.dg/tree-prof/section-attr-1.c scan-assembler .section[\\t ]*__TEXT,__text_cold.*[\\\\n\\\\r]+___cold_sect_of_foo:
FAIL: gcc.dg/tree-prof/section-attr-2.c scan-assembler .section[\\t ]*__TEXT,__text_cold.*[\\\\n\\\\r]+___cold_sect_of_foo:
FAIL: gcc.dg/tree-prof/section-attr-3.c scan-assembler .section[\\t ]*__TEXT,__text_cold.*[\\\\n\\\\r]+___cold_sect_of_foo:
FAIL: gcc.dg/tree-ssa/cswtch-4.c scan-tree-dump-times switchconv "= CSWTCH" 2
FAIL: gcc.dg/tree-ssa/cswtch-4.c scan-tree-dump-times switchconv "Switch converted" 2
FAIL: gcc.dg/tree-ssa/cswtch-5.c scan-tree-dump-times switchconv "= CSWTCH" 2
FAIL: gcc.dg/tree-ssa/cswtch-5.c scan-tree-dump-times switchconv "Switch converted" 2
FAIL: gcc.dg/vect/pr65947-14.c -flto -ffat-lto-objects execution test
FAIL: gcc.dg/vect/pr65947-14.c execution test
FAIL: gcc.dg/vect/slp-perm-9.c -flto -ffat-lto-objects scan-tree-dump-times vect "vectorized 1 loops" 1
FAIL: gcc.dg/vect/slp-perm-9.c scan-tree-dump-times vect "vectorized 1 loops" 1
FAIL: gcc.target/i386/align-limit.c scan-assembler .p2align 6,,1
FAIL: gcc.target/i386/darwin-fpmath.c scan-assembler addsd
XPASS: gcc.target/i386/fuse-caller-save-rec.c scan-assembler-not pop
XPASS: gcc.target/i386/fuse-caller-save-rec.c scan-assembler-not push
XPASS: gcc.target/i386/fuse-caller-save-rec.c scan-assembler-times addl\\t%[re]?dx, %[re]?ax 1
XPASS: gcc.target/i386/fuse-caller-save.c scan-assembler-not pop
XPASS: gcc.target/i386/fuse-caller-save.c scan-assembler-not push
XPASS: gcc.target/i386/fuse-caller-save.c scan-assembler-times addl\\t%[re]?d[ix], %[re]?ax 1
FAIL: gcc.target/i386/iinline-attr-2.c scan-assembler p2align
FAIL: gcc.target/i386/pr22076.c scan-assembler-times movq 3
FAIL: gcc.target/i386/pr24414.c (test for excess errors)
UNRESOLVED: gcc.target/i386/pr24414.c compilation failed to produce executable
FAIL: gcc.target/i386/pr39013-1.c scan-assembler bar@PLT
FAIL: gcc.target/i386/pr39013-1.c scan-assembler foo@PLT
FAIL: gcc.target/i386/pr39013-2.c scan-assembler bar@PLT
FAIL: gcc.target/i386/pr39013-2.c scan-assembler foo@PLT
FAIL: gcc.target/i386/pr59874-3.c scan-assembler popcntw
FAIL: gcc.target/i386/pr64317.c scan-assembler addl[ \\\\t]+[\$]_GLOBAL_OFFSET_TABLE_, %ebx
FAIL: gcc.target/i386/pr64317.c scan-assembler movl[ \\\\t]+c@GOTOFF[(]%ebx[)]
FAIL: gcc.target/i386/pr66334.c scan-assembler movl[ \\\\t].+, %ebx
FAIL: gcc.target/i386/pr66819-3.c scan-assembler-not call
FAIL: gcc.target/i386/pr66819-4.c scan-assembler-not call
FAIL: gcc.target/i386/pr70021.c scan-tree-dump-times vect "vectorized 1 loops" 2
FAIL: gcc.target/i386/pr71245-1.c scan-assembler-not (fistp|fild)
FAIL: gcc.target/i386/pr71245-2.c scan-assembler-not movlps
FAIL: gcc.target/i386/pr78035.c scan-assembler-times cmp 2
FAIL: gcc.target/i386/pr80569.c (test for excess errors)
=== gcc Summary for unix/-m32 ===
# of expected passes 119217
# of unexpected failures 60
# of unexpected successes 6
# of expected failures 367
# of unresolved testcases 5
# of unsupported tests 3707
Running target unix/-m64
FAIL: gcc.dg/debug/dwarf2/pr80263.c scan-assembler-not \\\\msizetype
FAIL: gcc.dg/debug/dwarf2/prod-options.c scan-assembler DW_AT_producer: "GNU C
FAIL: gcc.dg/cleanup-10.c execution test
FAIL: gcc.dg/cleanup-11.c execution test
FAIL: gcc.dg/cleanup-8.c execution test
FAIL: gcc.dg/cleanup-9.c execution test
FAIL: gcc.dg/framework-1.c (test for excess errors)
FAIL: gcc.dg/memcmp-1.c (test for excess errors)
UNRESOLVED: gcc.dg/memcmp-1.c compilation failed to produce executable
UNRESOLVED: gcc.dg/pr46932.c scan-rtl-dump-not auto_inc_dec "success"
FAIL: gcc.dg/pr56727-2.c (test for excess errors)
UNRESOLVED: gcc.dg/pr56727-2.c scan-assembler @(PLT|plt)
FAIL: gcc.dg/pr57438-2.c scan-assembler nop\\\\nLFE.*
FAIL: gcc.dg/stack-layout-dynamic-1.c (test for excess errors)
UNRESOLVED: gcc.dg/stack-layout-dynamic-1.c scan-assembler-not cfi_def_cfa_register
FAIL: gcc.dg/uninit-19.c (test for warnings, line 24)
FAIL: gcc.dg/uninit-19.c (test for excess errors)
FAIL: gcc.dg/pch/save-temps-1.c -Os -I. -Dwith_PCH (test for excess errors)
FAIL: gcc.dg/pch/save-temps-1.c -O0 -g -I. -Dwith_PCH (test for excess errors)
FAIL: gcc.dg/pch/save-temps-1.c -Os assembly comparison
FAIL: gcc.dg/pch/save-temps-1.c -O0 -g assembly comparison
WARNING: program timed out
WARNING: program timed out
FAIL: gcc.dg/rtl/x86_64/final.c (internal compiler error)
FAIL: gcc.dg/rtl/x86_64/final.c (test for excess errors)
UNRESOLVED: gcc.dg/rtl/x86_64/final.c scan-assembler .cfi_endproc
UNRESOLVED: gcc.dg/rtl/x86_64/final.c scan-assembler .cfi_startproc
UNRESOLVED: gcc.dg/rtl/x86_64/final.c scan-assembler ret
UNRESOLVED: gcc.dg/rtl/x86_64/final.c scan-assembler test_1:
FAIL: gcc.dg/torture/pr68037-1.c -O0 execution test
FAIL: gcc.dg/torture/pr68037-2.c -O1 execution test
FAIL: gcc.dg/torture/pr68037-2.c -O2 execution test
FAIL: gcc.dg/torture/pr68037-2.c -O2 -flto execution test
FAIL: gcc.dg/torture/pr68037-2.c -O2 -flto -flto-partition=none execution test
FAIL: gcc.dg/torture/pr68037-2.c -O3 -g execution test
FAIL: gcc.dg/torture/pr68037-2.c -Os execution test
FAIL: gcc.dg/torture/pr68037-3.c -O1 execution test
FAIL: gcc.dg/torture/pr68037-3.c -O2 execution test
FAIL: gcc.dg/torture/pr68037-3.c -O2 -flto execution test
FAIL: gcc.dg/torture/pr68037-3.c -O2 -flto -flto-partition=none execution test
FAIL: gcc.dg/torture/pr68037-3.c -O3 -g execution test
FAIL: gcc.dg/torture/pr68037-3.c -Os execution test
FAIL: gcc.dg/torture/pr68264.c -O0 execution test
FAIL: gcc.dg/torture/pr68264.c -O1 execution test
FAIL: gcc.dg/torture/pr68264.c -O2 execution test
FAIL: gcc.dg/torture/pr68264.c -O2 -flto execution test
FAIL: gcc.dg/torture/pr68264.c -O2 -flto -flto-partition=none execution test
FAIL: gcc.dg/torture/pr68264.c -O3 -g execution test
FAIL: gcc.dg/torture/pr68264.c -Os execution test
FAIL: gcc.dg/tree-prof/section-attr-1.c scan-assembler .section[\\t ]*__TEXT,__text_cold.*[\\\\n\\\\r]+___cold_sect_of_foo:
FAIL: gcc.dg/tree-prof/section-attr-2.c scan-assembler .section[\\t ]*__TEXT,__text_cold.*[\\\\n\\\\r]+___cold_sect_of_foo:
FAIL: gcc.dg/tree-prof/section-attr-3.c scan-assembler .section[\\t ]*__TEXT,__text_cold.*[\\\\n\\\\r]+___cold_sect_of_foo:
FAIL: gcc.dg/tree-ssa/cswtch-4.c scan-tree-dump-times switchconv "= CSWTCH" 2
FAIL: gcc.dg/tree-ssa/cswtch-4.c scan-tree-dump-times switchconv "Switch converted" 2
FAIL: gcc.dg/tree-ssa/cswtch-5.c scan-tree-dump-times switchconv "= CSWTCH" 2
FAIL: gcc.dg/tree-ssa/cswtch-5.c scan-tree-dump-times switchconv "Switch converted" 2
FAIL: gcc.dg/vect/pr65947-14.c -flto -ffat-lto-objects execution test
FAIL: gcc.dg/vect/pr65947-14.c execution test
FAIL: gcc.dg/vect/slp-perm-9.c -flto -ffat-lto-objects scan-tree-dump-times vect "vectorized 1 loops" 1
FAIL: gcc.dg/vect/slp-perm-9.c scan-tree-dump-times vect "vectorized 1 loops" 1
FAIL: gcc.target/i386/align-limit.c scan-assembler .p2align 6,,1
FAIL: gcc.target/i386/iinline-attr-2.c scan-assembler p2align
FAIL: gcc.target/i386/pr24414.c (test for excess errors)
UNRESOLVED: gcc.target/i386/pr24414.c compilation failed to produce executable
FAIL: gcc.target/i386/pr39013-1.c scan-assembler bar@PLT
FAIL: gcc.target/i386/pr39013-1.c scan-assembler foo@PLT
FAIL: gcc.target/i386/pr39013-2.c scan-assembler bar@PLT
FAIL: gcc.target/i386/pr39013-2.c scan-assembler foo@PLT
FAIL: gcc.target/i386/pr49866.c (test for excess errors)
FAIL: gcc.target/i386/pr59501-3a.c scan-assembler-not and[^\\n\\r]*sp
FAIL: gcc.target/i386/pr59874-3.c scan-assembler popcntw
FAIL: gcc.target/i386/pr61599-1.c (test for excess errors)
UNRESOLVED: gcc.target/i386/pr61599-1.c compilation failed to produce executable
FAIL: gcc.target/i386/pr63538.c scan-assembler movabs
FAIL: gcc.target/i386/pr70021.c scan-tree-dump-times vect "vectorized 1 loops" 2
FAIL: gcc.target/i386/pr78035.c scan-assembler-times cmp 2
FAIL: gcc.target/i386/pr80569.c (test for excess errors)
WARNING: Could not generate /opt/gcc/build_w/gcc/testsuite/gcc/ms-sysv/ms-sysv-generated.h
WARNING: Could not generate /opt/gcc/build_w/gcc/testsuite/gcc/ms-sysv/ms-sysv-generated.h
WARNING: Could not generate /opt/gcc/build_w/gcc/testsuite/gcc/ms-sysv/ms-sysv-generated.h
WARNING: Could not generate /opt/gcc/build_w/gcc/testsuite/gcc/ms-sysv/ms-sysv-generated.h
WARNING: Could not generate /opt/gcc/build_w/gcc/testsuite/gcc5/ms-sysv/ms-sysv-generated.h
WARNING: Could not generate /opt/gcc/build_w/gcc/testsuite/gcc5/ms-sysv/ms-sysv-generated.h
WARNING: Could not generate /opt/gcc/build_w/gcc/testsuite/gcc5/ms-sysv/ms-sysv-generated.h
WARNING: Could not generate /opt/gcc/build_w/gcc/testsuite/gcc5/ms-sysv/ms-sysv-generated.h
FAIL: gcc.target/x86_64/abi/ms-sysv/ms-sysv.c -O0 -g3 "-DGEN_ARGS=-p0\\ --omit-rbp-clobbers" (test for excess errors)
UNRESOLVED: gcc.target/x86_64/abi/ms-sysv/ms-sysv.c -O0 -g3 "-DGEN_ARGS=-p0\\ --omit-rbp-clobbers" compilation failed to produce executable
FAIL: gcc.target/x86_64/abi/ms-sysv/ms-sysv.c -O2 "-DGEN_ARGS=-p0" (test for excess errors)
UNRESOLVED: gcc.target/x86_64/abi/ms-sysv/ms-sysv.c -O2 "-DGEN_ARGS=-p0" compilation failed to produce executable
FAIL: gcc.target/x86_64/abi/ms-sysv/ms-sysv.c -O2 "-DGEN_ARGS=-p1" (test for excess errors)
UNRESOLVED: gcc.target/x86_64/abi/ms-sysv/ms-sysv.c -O2 "-DGEN_ARGS=-p1" compilation failed to produce executable
FAIL: gcc.target/x86_64/abi/ms-sysv/ms-sysv.c -O2 "-DGEN_ARGS=-p5" (test for excess errors)
UNRESOLVED: gcc.target/x86_64/abi/ms-sysv/ms-sysv.c -O2 "-DGEN_ARGS=-p5" compilation failed to produce executable
FAIL: gcc.target/x86_64/abi/ms-sysv/ms-sysv.c -mcall-ms2sysv-xlogues -O0 -g3 "-DGEN_ARGS=-p0\\ --omit-rbp-clobbers" (test for excess errors)
UNRESOLVED: gcc.target/x86_64/abi/ms-sysv/ms-sysv.c -mcall-ms2sysv-xlogues -O0 -g3 "-DGEN_ARGS=-p0\\ --omit-rbp-clobbers" compilation failed to produce executable
FAIL: gcc.target/x86_64/abi/ms-sysv/ms-sysv.c -mcall-ms2sysv-xlogues -O2 "-DGEN_ARGS=-p0" (test for excess errors)
UNRESOLVED: gcc.target/x86_64/abi/ms-sysv/ms-sysv.c -mcall-ms2sysv-xlogues -O2 "-DGEN_ARGS=-p0" compilation failed to produce executable
FAIL: gcc.target/x86_64/abi/ms-sysv/ms-sysv.c -mcall-ms2sysv-xlogues -O2 "-DGEN_ARGS=-p1" (test for excess errors)
UNRESOLVED: gcc.target/x86_64/abi/ms-sysv/ms-sysv.c -mcall-ms2sysv-xlogues -O2 "-DGEN_ARGS=-p1" compilation failed to produce executable
FAIL: gcc.target/x86_64/abi/ms-sysv/ms-sysv.c -mcall-ms2sysv-xlogues -O2 "-DGEN_ARGS=-p5" (test for excess errors)
UNRESOLVED: gcc.target/x86_64/abi/ms-sysv/ms-sysv.c -mcall-ms2sysv-xlogues -O2 "-DGEN_ARGS=-p5" compilation failed to produce executable
=== gcc Summary for unix/-m64 ===
# of expected passes 120884
# of unexpected failures 73
# of expected failures 363
# of unresolved testcases 18
# of unsupported tests 3605
=== gcc Summary ===
# of expected passes 240101
# of unexpected failures 133
# of unexpected successes 6
# of expected failures 730
# of unresolved testcases 23
# of unsupported tests 7312
/opt/gcc/build_w/gcc/xgcc version 8.0.0 20170727 (experimental) [trunk revision 250610p12] (GCC)
=== gfortran tests ===
Running target unix/-m32
FAIL: gfortran.dg/assumed_rank_1.f90 -g -flto (test for excess errors)
FAIL: gfortran.dg/assumed_rank_2.f90 -g -flto (test for excess errors)
FAIL: gfortran.dg/assumed_rank_8.f90 -g -flto (test for excess errors)
FAIL: gfortran.dg/assumed_rank_9.f90 -g -flto (test for excess errors)
FAIL: gfortran.dg/elemental_subroutine_3.f90 -g -flto (test for excess errors)
FAIL: gfortran.dg/func_derived_1.f90 -g -flto (test for excess errors)
FAIL: gfortran.dg/matmul_3.f90 -g -flto (test for excess errors)
FAIL: gfortran.dg/matmul_6.f90 -g -flto (test for excess errors)
FAIL: gfortran.dg/reshape-complex.f90 -g -flto (test for excess errors)
FAIL: gfortran.dg/shape_8.f90 -g -flto (test for excess errors)
FAIL: gfortran.dg/zero_sized_1.f90 -g -flto (test for excess errors)
=== gfortran Summary for unix/-m32 ===
# of expected passes 50281
# of unexpected failures 11
# of expected failures 96
# of unsupported tests 197
Running target unix/-m64
FAIL: gfortran.dg/assumed_rank_1.f90 -g -flto (test for excess errors)
FAIL: gfortran.dg/assumed_rank_2.f90 -g -flto (test for excess errors)
FAIL: gfortran.dg/assumed_rank_8.f90 -g -flto (test for excess errors)
FAIL: gfortran.dg/assumed_rank_9.f90 -g -flto (test for excess errors)
FAIL: gfortran.dg/cshift_large_1.f90 -g -flto (test for excess errors)
FAIL: gfortran.dg/elemental_subroutine_3.f90 -g -flto (test for excess errors)
FAIL: gfortran.dg/eoshift_large_1.f90 -g -flto (test for excess errors)
FAIL: gfortran.dg/func_derived_1.f90 -g -flto (test for excess errors)
FAIL: gfortran.dg/matmul_3.f90 -g -flto (test for excess errors)
FAIL: gfortran.dg/matmul_6.f90 -g -flto (test for excess errors)
FAIL: gfortran.dg/reshape-complex.f90 -g -flto (test for excess errors)
FAIL: gfortran.dg/shape_8.f90 -g -flto (test for excess errors)
FAIL: gfortran.dg/zero_sized_1.f90 -g -flto (test for excess errors)
FAIL: gfortran.dg/graphite/pr14741.f90 -O scan-tree-dump graphite "tiled by"
=== gfortran Summary for unix/-m64 ===
# of expected passes 50531
# of unexpected failures 14
# of expected failures 96
# of unsupported tests 76
=== gfortran Summary ===
# of expected passes 100812
# of unexpected failures 25
# of expected failures 192
# of unsupported tests 273
/opt/gcc/build_w/gcc/gfortran version 8.0.0 20170727 (experimental) [trunk revision 250610p12] (GCC)
=== gnat tests ===
Running target unix/-m32
=== gnat Summary for unix/-m32 ===
# of expected passes 2586
# of expected failures 24
# of unsupported tests 7
Running target unix/-m64
=== gnat Summary for unix/-m64 ===
# of expected passes 2586
# of expected failures 24
# of unsupported tests 7
=== gnat Summary ===
# of expected passes 5172
# of expected failures 48
# of unsupported tests 14
/opt/gcc/build_w/gcc/gnatmake version 8.0.0 20170727 (experimental) [trunk revision 250610p12]
=== obj-c++ tests ===
Running target unix/-m32
FAIL: obj-c++.dg/qual-types-1.mm -fgnu-runtime (test for excess errors)
FAIL: obj-c++.dg/cxx-ivars-3.mm -fnext-runtime (test for excess errors)
FAIL: obj-c++.dg/cxx-ivars-3.mm -fnext-runtime execution test
FAIL: obj-c++.dg/gnu-api-2-objc.mm -fnext-runtime execution test
FAIL: obj-c++.dg/objc-gc-3.mm -fnext-runtime (test for excess errors)
FAIL: obj-c++.dg/stubify-1.mm -fnext-runtime (test for excess errors)
FAIL: obj-c++.dg/stubify-2.mm -fnext-runtime scan-rtl-dump-not jump "symbol_ref.*"objc_msgSend""
FAIL: obj-c++.dg/plugin/diagnostic-test-expressions-1.mm -fplugin=./diagnostic_plugin_test_tree_expression_range.so (test for warnings, line 60)
FAIL: obj-c++.dg/plugin/diagnostic-test-expressions-1.mm -fplugin=./diagnostic_plugin_test_tree_expression_range.so expected multiline pattern lines 62-63 not found: " __emit_expression_range \\( 0, @selector\\(func0\\) \\);.*\\n \\^~~~~~~~~~~~~~~~\\n"
FAIL: obj-c++.dg/plugin/diagnostic-test-expressions-1.mm -fplugin=./diagnostic_plugin_test_tree_expression_range.so (test for excess errors)
=== obj-c++ Summary for unix/-m32 ===
# of expected passes 3123
# of unexpected failures 10
# of expected failures 2
# of unsupported tests 62
Running target unix/-m64
FAIL: obj-c++.dg/qual-types-1.mm -fgnu-runtime (test for excess errors)
FAIL: obj-c++.dg/cxx-ivars-3.mm -fnext-runtime (test for excess errors)
FAIL: obj-c++.dg/gnu-api-2-objc.mm -fnext-runtime execution test
FAIL: obj-c++.dg/isa-field-1.mm -fnext-runtime (test for excess errors)
FAIL: obj-c++.dg/objc-gc-3.mm -fnext-runtime (test for excess errors)
FAIL: obj-c++.dg/try-catch-2.mm -fnext-runtime execution test
FAIL: obj-c++.dg/try-catch-9.mm -fnext-runtime execution test
FAIL: obj-c++.dg/plugin/diagnostic-test-expressions-1.mm -fplugin=./diagnostic_plugin_test_tree_expression_range.so (test for warnings, line 60)
FAIL: obj-c++.dg/plugin/diagnostic-test-expressions-1.mm -fplugin=./diagnostic_plugin_test_tree_expression_range.so (test for warnings, line 68)
FAIL: obj-c++.dg/plugin/diagnostic-test-expressions-1.mm -fplugin=./diagnostic_plugin_test_tree_expression_range.so expected multiline pattern lines 62-63 not found: " __emit_expression_range \\( 0, @selector\\(func0\\) \\);.*\\n \\^~~~~~~~~~~~~~~~\\n"
FAIL: obj-c++.dg/plugin/diagnostic-test-expressions-1.mm -fplugin=./diagnostic_plugin_test_tree_expression_range.so expected multiline pattern lines 70-71 not found: " __emit_expression_range \\( 0, @protocol\\(prot\\) \\);.*\\n \\^~~~~~~~~~~~~~~\\n"
FAIL: obj-c++.dg/plugin/diagnostic-test-expressions-1.mm -fplugin=./diagnostic_plugin_test_tree_expression_range.so (test for excess errors)
=== obj-c++ Summary for unix/-m64 ===
# of expected passes 3062
# of unexpected failures 12
# of expected failures 19
# of unsupported tests 68
=== obj-c++ Summary ===
# of expected passes 6185
# of unexpected failures 22
# of expected failures 21
# of unsupported tests 130
/opt/gcc/build_w/gcc/xg++ version 8.0.0 20170727 (experimental) [trunk revision 250610p12] (GCC)
=== objc tests ===
Running target unix/-m32
FAIL: objc.dg/call-super-2.m -fnext-runtime (test for warnings, line 104)
FAIL: objc.dg/call-super-2.m -fnext-runtime (test for warnings, line 74)
FAIL: objc.dg/gnu-api-2-objc.m -fnext-runtime execution test
FAIL: objc.dg/ivar-scope-4.m -fnext-runtime execution test
FAIL: objc.dg/objc-gc-4.m -fnext-runtime (test for excess errors)
FAIL: objc.dg/plugin/diagnostic-test-expressions-1.m -fplugin=./diagnostic_plugin_test_tree_expression_range.so (test for warnings, line 60)
FAIL: objc.dg/plugin/diagnostic-test-expressions-1.m -fplugin=./diagnostic_plugin_test_tree_expression_range.so expected multiline pattern lines 62-63 not found: " __emit_expression_range \\( 0, @selector\\(func0\\) \\);.*\\n \\^~~~~~~~~~~~~~~~\\n"
FAIL: objc.dg/plugin/diagnostic-test-expressions-1.m -fplugin=./diagnostic_plugin_test_tree_expression_range.so (test for excess errors)
FAIL: objc.dg/torture/forward-1.m -O2 -fgnu-runtime (test for excess errors)
UNRESOLVED: objc.dg/torture/forward-1.m -O2 -fgnu-runtime compilation failed to produce executable
FAIL: objc.dg/torture/forward-1.m -O2 -fnext-runtime (test for excess errors)
UNRESOLVED: objc.dg/torture/forward-1.m -O2 -fnext-runtime compilation failed to produce executable
FAIL: objc.dg/torture/forward-1.m -O2 -flto -fgnu-runtime (test for excess errors)
UNRESOLVED: objc.dg/torture/forward-1.m -O2 -flto -fgnu-runtime compilation failed to produce executable
FAIL: objc.dg/torture/forward-1.m -O2 -flto -fnext-runtime (test for excess errors)
UNRESOLVED: objc.dg/torture/forward-1.m -O2 -flto -fnext-runtime compilation failed to produce executable
FAIL: objc.dg/torture/forward-1.m -O2 -flto -flto-partition=none -fgnu-runtime (test for excess errors)
UNRESOLVED: objc.dg/torture/forward-1.m -O2 -flto -flto-partition=none -fgnu-runtime compilation failed to produce executable
FAIL: objc.dg/torture/forward-1.m -O2 -flto -flto-partition=none -fnext-runtime (test for excess errors)
UNRESOLVED: objc.dg/torture/forward-1.m -O2 -flto -flto-partition=none -fnext-runtime compilation failed to produce executable
FAIL: objc.dg/torture/forward-1.m -O3 -fomit-frame-pointer -funroll-loops -fpeel-loops -ftracer -finline-functions -fgnu-runtime (test for excess errors)
UNRESOLVED: objc.dg/torture/forward-1.m -O3 -fomit-frame-pointer -funroll-loops -fpeel-loops -ftracer -finline-functions -fgnu-runtime compilation failed to produce executable
FAIL: objc.dg/torture/forward-1.m -O3 -fomit-frame-pointer -funroll-loops -fpeel-loops -ftracer -finline-functions -fnext-runtime (test for excess errors)
UNRESOLVED: objc.dg/torture/forward-1.m -O3 -fomit-frame-pointer -funroll-loops -fpeel-loops -ftracer -finline-functions -fnext-runtime compilation failed to produce executable
FAIL: objc.dg/torture/forward-1.m -O3 -g -fgnu-runtime (test for excess errors)
UNRESOLVED: objc.dg/torture/forward-1.m -O3 -g -fgnu-runtime compilation failed to produce executable
FAIL: objc.dg/torture/forward-1.m -O3 -g -fnext-runtime (test for excess errors)
UNRESOLVED: objc.dg/torture/forward-1.m -O3 -g -fnext-runtime compilation failed to produce executable
FAIL: objc/execute/cascading-1.m compilation, -O2 -fgnu-runtime
FAIL: objc/execute/cascading-1.m compilation, -O2 -fnext-runtime
FAIL: objc/execute/cascading-1.m compilation, -O3 -g -fgnu-runtime
FAIL: objc/execute/cascading-1.m compilation, -O3 -g -fnext-runtime
UNRESOLVED: objc/execute/cascading-1.m execution, -O2 -fgnu-runtime
UNRESOLVED: objc/execute/cascading-1.m execution, -O2 -fnext-runtime
UNRESOLVED: objc/execute/cascading-1.m execution, -O3 -g -fgnu-runtime
UNRESOLVED: objc/execute/cascading-1.m execution, -O3 -g -fnext-runtime
FAIL: objc/execute/class_self-1.m compilation, -O2 -fgnu-runtime
FAIL: objc/execute/class_self-1.m compilation, -O2 -fnext-runtime
FAIL: objc/execute/class_self-1.m compilation, -O3 -g -fgnu-runtime
FAIL: objc/execute/class_self-1.m compilation, -O3 -g -fnext-runtime
UNRESOLVED: objc/execute/class_self-1.m execution, -O2 -fgnu-runtime
UNRESOLVED: objc/execute/class_self-1.m execution, -O2 -fnext-runtime
UNRESOLVED: objc/execute/class_self-1.m execution, -O3 -g -fgnu-runtime
UNRESOLVED: objc/execute/class_self-1.m execution, -O3 -g -fnext-runtime
FAIL: objc/execute/class_self-2.m compilation, -O2 -fgnu-runtime
FAIL: objc/execute/class_self-2.m compilation, -O2 -fnext-runtime
FAIL: objc/execute/class_self-2.m compilation, -O3 -g -fgnu-runtime
FAIL: objc/execute/class_self-2.m compilation, -O3 -g -fnext-runtime
UNRESOLVED: objc/execute/class_self-2.m execution, -O2 -fgnu-runtime
UNRESOLVED: objc/execute/class_self-2.m execution, -O2 -fnext-runtime
UNRESOLVED: objc/execute/class_self-2.m execution, -O3 -g -fgnu-runtime
UNRESOLVED: objc/execute/class_self-2.m execution, -O3 -g -fnext-runtime
FAIL: objc/execute/function-message-1.m compilation, -O2 -fgnu-runtime
FAIL: objc/execute/function-message-1.m compilation, -O2 -fnext-runtime
FAIL: objc/execute/function-message-1.m compilation, -O3 -g -fgnu-runtime
FAIL: objc/execute/function-message-1.m compilation, -O3 -g -fnext-runtime
UNRESOLVED: objc/execute/function-message-1.m execution, -O2 -fgnu-runtime
UNRESOLVED: objc/execute/function-message-1.m execution, -O2 -fnext-runtime
UNRESOLVED: objc/execute/function-message-1.m execution, -O3 -g -fgnu-runtime
UNRESOLVED: objc/execute/function-message-1.m execution, -O3 -g -fnext-runtime
=== objc Summary for unix/-m32 ===
# of expected passes 5622
# of unexpected failures 34
# of expected failures 6
# of unresolved testcases 26
# of unsupported tests 81
Running target unix/-m64
FAIL: objc.dg/call-super-2.m -fnext-runtime (test for warnings, line 104)
FAIL: objc.dg/call-super-2.m -fnext-runtime (test for warnings, line 74)
FAIL: objc.dg/category-1.m -fnext-runtime execution test
FAIL: objc.dg/exceptions-2.m -fnext-runtime execution test
FAIL: objc.dg/gnu-api-2-objc.m -fnext-runtime execution test
FAIL: objc.dg/isa-field-1.m -fnext-runtime (test for excess errors)
FAIL: objc.dg/objc-gc-4.m -fnext-runtime (test for excess errors)
FAIL: objc.dg/super-class-3.m -fnext-runtime execution test
FAIL: objc.dg/plugin/diagnostic-test-expressions-1.m -fplugin=./diagnostic_plugin_test_tree_expression_range.so (test for warnings, line 60)
FAIL: objc.dg/plugin/diagnostic-test-expressions-1.m -fplugin=./diagnostic_plugin_test_tree_expression_range.so (test for warnings, line 68)
FAIL: objc.dg/plugin/diagnostic-test-expressions-1.m -fplugin=./diagnostic_plugin_test_tree_expression_range.so expected multiline pattern lines 62-63 not found: " __emit_expression_range \\( 0, @selector\\(func0\\) \\);.*\\n \\^~~~~~~~~~~~~~~~\\n"
FAIL: objc.dg/plugin/diagnostic-test-expressions-1.m -fplugin=./diagnostic_plugin_test_tree_expression_range.so expected multiline pattern lines 70-71 not found: " __emit_expression_range \\( 0, @protocol\\(prot\\) \\);.*\\n ~~~~~~~~~~~~~~~\\n"
FAIL: objc.dg/plugin/diagnostic-test-expressions-1.m -fplugin=./diagnostic_plugin_test_tree_expression_range.so (test for excess errors)
FAIL: objc.dg/torture/forward-1.m -O0 -fnext-runtime execution test
FAIL: objc.dg/torture/forward-1.m -O1 -fnext-runtime execution test
FAIL: objc.dg/torture/forward-1.m -O2 -fgnu-runtime (test for excess errors)
UNRESOLVED: objc.dg/torture/forward-1.m -O2 -fgnu-runtime compilation failed to produce executable
FAIL: objc.dg/torture/forward-1.m -O2 -fnext-runtime (test for excess errors)
UNRESOLVED: objc.dg/torture/forward-1.m -O2 -fnext-runtime compilation failed to produce executable
FAIL: objc.dg/torture/forward-1.m -O2 -flto -fgnu-runtime (test for excess errors)
UNRESOLVED: objc.dg/torture/forward-1.m -O2 -flto -fgnu-runtime compilation failed to produce executable
FAIL: objc.dg/torture/forward-1.m -O2 -flto -fnext-runtime (test for excess errors)
UNRESOLVED: objc.dg/torture/forward-1.m -O2 -flto -fnext-runtime compilation failed to produce executable
FAIL: objc.dg/torture/forward-1.m -O2 -flto -flto-partition=none -fgnu-runtime (test for excess errors)
UNRESOLVED: objc.dg/torture/forward-1.m -O2 -flto -flto-partition=none -fgnu-runtime compilation failed to produce executable
FAIL: objc.dg/torture/forward-1.m -O2 -flto -flto-partition=none -fnext-runtime (test for excess errors)
UNRESOLVED: objc.dg/torture/forward-1.m -O2 -flto -flto-partition=none -fnext-runtime compilation failed to produce executable
FAIL: objc.dg/torture/forward-1.m -O3 -fomit-frame-pointer -funroll-loops -fpeel-loops -ftracer -finline-functions -fgnu-runtime (test for excess errors)
UNRESOLVED: objc.dg/torture/forward-1.m -O3 -fomit-frame-pointer -funroll-loops -fpeel-loops -ftracer -finline-functions -fgnu-runtime compilation failed to produce executable
FAIL: objc.dg/torture/forward-1.m -O3 -fomit-frame-pointer -funroll-loops -fpeel-loops -ftracer -finline-functions -fnext-runtime (test for excess errors)
UNRESOLVED: objc.dg/torture/forward-1.m -O3 -fomit-frame-pointer -funroll-loops -fpeel-loops -ftracer -finline-functions -fnext-runtime compilation failed to produce executable
FAIL: objc.dg/torture/forward-1.m -O3 -g -fgnu-runtime (test for excess errors)
UNRESOLVED: objc.dg/torture/forward-1.m -O3 -g -fgnu-runtime compilation failed to produce executable
FAIL: objc.dg/torture/forward-1.m -O3 -g -fnext-runtime (test for excess errors)
UNRESOLVED: objc.dg/torture/forward-1.m -O3 -g -fnext-runtime compilation failed to produce executable
FAIL: objc.dg/torture/forward-1.m -Os -fnext-runtime execution test
FAIL: objc/execute/cascading-1.m compilation, -O2 -fgnu-runtime
FAIL: objc/execute/cascading-1.m compilation, -O2 -fnext-runtime
FAIL: objc/execute/cascading-1.m compilation, -O3 -g -fgnu-runtime
FAIL: objc/execute/cascading-1.m compilation, -O3 -g -fnext-runtime
UNRESOLVED: objc/execute/cascading-1.m execution, -O2 -fgnu-runtime
UNRESOLVED: objc/execute/cascading-1.m execution, -O2 -fnext-runtime
UNRESOLVED: objc/execute/cascading-1.m execution, -O3 -g -fgnu-runtime
UNRESOLVED: objc/execute/cascading-1.m execution, -O3 -g -fnext-runtime
FAIL: objc/execute/class_self-1.m compilation, -O2 -fgnu-runtime
FAIL: objc/execute/class_self-1.m compilation, -O2 -fnext-runtime
FAIL: objc/execute/class_self-1.m compilation, -O3 -g -fgnu-runtime
FAIL: objc/execute/class_self-1.m compilation, -O3 -g -fnext-runtime
UNRESOLVED: objc/execute/class_self-1.m execution, -O2 -fgnu-runtime
UNRESOLVED: objc/execute/class_self-1.m execution, -O2 -fnext-runtime
UNRESOLVED: objc/execute/class_self-1.m execution, -O3 -g -fgnu-runtime
UNRESOLVED: objc/execute/class_self-1.m execution, -O3 -g -fnext-runtime
FAIL: objc/execute/class_self-2.m compilation, -O2 -fgnu-runtime
FAIL: objc/execute/class_self-2.m compilation, -O2 -fnext-runtime
FAIL: objc/execute/class_self-2.m compilation, -O3 -g -fgnu-runtime
FAIL: objc/execute/class_self-2.m compilation, -O3 -g -fnext-runtime
UNRESOLVED: objc/execute/class_self-2.m execution, -O2 -fgnu-runtime
UNRESOLVED: objc/execute/class_self-2.m execution, -O2 -fnext-runtime
UNRESOLVED: objc/execute/class_self-2.m execution, -O3 -g -fgnu-runtime
UNRESOLVED: objc/execute/class_self-2.m execution, -O3 -g -fnext-runtime
FAIL: objc/execute/function-message-1.m compilation, -O2 -fgnu-runtime
FAIL: objc/execute/function-message-1.m compilation, -O2 -fnext-runtime
FAIL: objc/execute/function-message-1.m compilation, -O3 -g -fgnu-runtime
FAIL: objc/execute/function-message-1.m compilation, -O3 -g -fnext-runtime
UNRESOLVED: objc/execute/function-message-1.m execution, -O2 -fgnu-runtime
UNRESOLVED: objc/execute/function-message-1.m execution, -O2 -fnext-runtime
UNRESOLVED: objc/execute/function-message-1.m execution, -O3 -g -fgnu-runtime
UNRESOLVED: objc/execute/function-message-1.m execution, -O3 -g -fnext-runtime
=== objc Summary for unix/-m64 ===
# of expected passes 5480
# of unexpected failures 42
# of expected failures 6
# of unresolved testcases 26
# of unsupported tests 87
=== objc Summary ===
# of expected passes 11102
# of unexpected failures 76
# of expected failures 12
# of unresolved testcases 52
# of unsupported tests 168
/opt/gcc/build_w/gcc/xgcc version 8.0.0 20170727 (experimental) [trunk revision 250610p12] (GCC)
=== libatomic tests ===
Running target unix/-m32
=== libatomic Summary for unix/-m32 ===
# of expected passes 44
# of unsupported tests 5
Running target unix/-m64
=== libatomic Summary for unix/-m64 ===
# of expected passes 54
=== libatomic Summary ===
# of expected passes 98
# of unsupported tests 5
=== libgomp tests ===
Running target unix/-m32
=== libgomp Summary for unix/-m32 ===
# of expected passes 5708
# of unsupported tests 392
Running target unix/-m64
=== libgomp Summary for unix/-m64 ===
# of expected passes 5708
# of unsupported tests 392
=== libgomp Summary ===
# of expected passes 11416
# of unsupported tests 784
=== libitm tests ===
Running target unix/-m32
=== libitm Summary for unix/-m32 ===
# of expected passes 40
# of expected failures 3
# of unsupported tests 2
Running target unix/-m64
=== libitm Summary for unix/-m64 ===
# of expected passes 40
# of expected failures 3
# of unsupported tests 2
=== libitm Summary ===
# of expected passes 80
# of expected failures 6
# of unsupported tests 4
=== libstdc++ tests ===
Running target unix/-m32
FAIL: 18_support/exception_ptr/lifespan.cc execution test
FAIL: 20_util/variant/run.cc execution test
FAIL: 23_containers/deque/cons/2.cc execution test
FAIL: 27_io/basic_istream/exceptions/char/9561.cc execution test
FAIL: 27_io/basic_istream/exceptions/wchar_t/9561.cc execution test
FAIL: 27_io/basic_istream/extractors_arithmetic/char/exceptions_badbit_throw.cc execution test
FAIL: 27_io/basic_istream/extractors_arithmetic/wchar_t/exceptions_badbit_throw.cc execution test
FAIL: 27_io/basic_istream/extractors_other/char/exceptions_failbit_throw.cc execution test
FAIL: 27_io/basic_istream/extractors_other/wchar_t/exceptions_failbit_throw.cc execution test
FAIL: 27_io/basic_istream/seekg/char/exceptions_badbit_throw.cc execution test
FAIL: 27_io/basic_istream/seekg/wchar_t/exceptions_badbit_throw.cc execution test
FAIL: 27_io/basic_istream/tellg/char/exceptions_badbit_throw.cc execution test
FAIL: 27_io/basic_istream/tellg/wchar_t/exceptions_badbit_throw.cc execution test
FAIL: 27_io/basic_ostream/exceptions/char/9561.cc execution test
FAIL: 27_io/basic_ostream/exceptions/wchar_t/9561.cc execution test
FAIL: 27_io/basic_ostream/flush/char/exceptions_badbit_throw.cc execution test
FAIL: 27_io/basic_ostream/flush/wchar_t/exceptions_badbit_throw.cc execution test
FAIL: 27_io/basic_ostream/inserters_arithmetic/char/9555-oa.cc execution test
FAIL: 27_io/basic_ostream/inserters_arithmetic/char/exceptions_badbit_throw.cc execution test
FAIL: 27_io/basic_ostream/inserters_arithmetic/wchar_t/9555-oa.cc execution test
FAIL: 27_io/basic_ostream/inserters_arithmetic/wchar_t/exceptions_badbit_throw.cc execution test
FAIL: 27_io/basic_ostream/inserters_character/char/9555-oc.cc execution test
FAIL: 27_io/basic_ostream/inserters_character/wchar_t/9555-oc.cc execution test
FAIL: 27_io/basic_ostream/inserters_other/char/exceptions_failbit_throw.cc execution test
FAIL: 27_io/basic_ostream/inserters_other/wchar_t/exceptions_failbit_throw.cc execution test
FAIL: 27_io/basic_ostream/put/char/1.cc execution test
FAIL: 27_io/basic_ostream/put/wchar_t/1.cc execution test
FAIL: 27_io/basic_ostream/seekp/char/exceptions_badbit_throw.cc execution test
FAIL: 27_io/basic_ostream/seekp/wchar_t/exceptions_badbit_throw.cc execution test
FAIL: 27_io/basic_ostream/tellp/char/exceptions_badbit_throw.cc execution test
FAIL: 27_io/basic_ostream/tellp/wchar_t/exceptions_badbit_throw.cc execution test
FAIL: 27_io/basic_ostream/write/char/1.cc execution test
FAIL: 27_io/basic_ostream/write/wchar_t/1.cc execution test
FAIL: 30_threads/shared_lock/locking/2.cc execution test
FAIL: 30_threads/thread/members/4.cc execution test
FAIL: 30_threads/thread/members/5.cc execution test
FAIL: 30_threads/thread/native_handle/typesizes.cc execution test
FAIL: 30_threads/unique_lock/locking/2.cc execution test
FAIL: experimental/filesystem/iterators/pop.cc execution test
FAIL: experimental/filesystem/operations/canonical.cc execution test
FAIL: experimental/filesystem/operations/create_symlink.cc execution test
FAIL: experimental/filesystem/operations/exists.cc execution test
FAIL: experimental/filesystem/operations/file_size.cc execution test
FAIL: experimental/filesystem/operations/is_empty.cc execution test
FAIL: experimental/filesystem/operations/last_write_time.cc execution test
FAIL: experimental/filesystem/operations/permissions.cc execution test
FAIL: experimental/filesystem/operations/temp_directory_path.cc execution test
=== libstdc++ Summary for unix/-m32 ===
# of expected passes 10770
# of unexpected failures 47
# of expected failures 70
# of unsupported tests 663
Running target unix/-m64
FAIL: 18_support/exception_ptr/lifespan.cc execution test
FAIL: 20_util/variant/run.cc execution test
FAIL: 21_strings/basic_string/cons/char/1.cc execution test
FAIL: 21_strings/basic_string/cons/char/3.cc execution test
FAIL: 21_strings/basic_string/cons/wchar_t/1.cc execution test
FAIL: 21_strings/basic_string/cons/wchar_t/3.cc execution test
FAIL: 21_strings/basic_string/element_access/char/1.cc execution test
FAIL: 21_strings/basic_string/element_access/wchar_t/1.cc execution test
FAIL: 21_strings/basic_string/modifiers/append/char/1.cc execution test
FAIL: 21_strings/basic_string/modifiers/append/wchar_t/1.cc execution test
FAIL: 21_strings/basic_string/modifiers/insert/char/1.cc execution test
FAIL: 21_strings/basic_string/modifiers/insert/wchar_t/1.cc execution test
FAIL: 21_strings/basic_string/numeric_conversions/char/stod.cc execution test
FAIL: 21_strings/basic_string/numeric_conversions/char/stof.cc execution test
FAIL: 21_strings/basic_string/numeric_conversions/char/stoi.cc execution test
FAIL: 21_strings/basic_string/numeric_conversions/char/stol.cc execution test
FAIL: 21_strings/basic_string/numeric_conversions/char/stold.cc execution test
FAIL: 21_strings/basic_string/numeric_conversions/char/stoll.cc execution test
FAIL: 21_strings/basic_string/numeric_conversions/char/stoul.cc execution test
FAIL: 21_strings/basic_string/numeric_conversions/char/stoull.cc execution test
FAIL: 21_strings/basic_string/numeric_conversions/wchar_t/stod.cc execution test
FAIL: 21_strings/basic_string/numeric_conversions/wchar_t/stof.cc execution test
FAIL: 21_strings/basic_string/numeric_conversions/wchar_t/stoi.cc execution test
FAIL: 21_strings/basic_string/numeric_conversions/wchar_t/stol.cc execution test
FAIL: 21_strings/basic_string/numeric_conversions/wchar_t/stold.cc execution test
FAIL: 21_strings/basic_string/numeric_conversions/wchar_t/stoll.cc execution test
FAIL: 21_strings/basic_string/numeric_conversions/wchar_t/stoul.cc execution test
FAIL: 21_strings/basic_string/numeric_conversions/wchar_t/stoull.cc execution test
FAIL: 21_strings/basic_string/operations/substr/char/1.cc execution test
FAIL: 21_strings/basic_string/operations/substr/wchar_t/1.cc execution test
FAIL: 21_strings/basic_string_view/element_access/char/1.cc execution test
FAIL: 21_strings/basic_string_view/element_access/wchar_t/1.cc execution test
FAIL: 21_strings/basic_string_view/operations/substr/char/1.cc execution test
FAIL: 21_strings/basic_string_view/operations/substr/wchar_t/1.cc execution test
FAIL: 22_locale/facet/25421.cc execution test
FAIL: 22_locale/locale/cons/12438.cc execution test
FAIL: 23_containers/array/element_access/at_out_of_range.cc execution test
FAIL: 23_containers/bitset/cons/1.cc execution test
FAIL: 23_containers/bitset/cons/6282.cc execution test
FAIL: 23_containers/bitset/test/1.cc execution test
FAIL: 23_containers/bitset/to_ulong/1.cc execution test
FAIL: 23_containers/deque/capacity/29134-2.cc execution test
FAIL: 23_containers/deque/cons/2.cc execution test
FAIL: 23_containers/list/modifiers/3.cc execution test
FAIL: 23_containers/map/element_access/1.cc execution test
FAIL: 23_containers/unordered_map/dr761.cc execution test
FAIL: 23_containers/vector/capacity/2.cc execution test
FAIL: 23_containers/vector/capacity/29134-2.cc execution test
FAIL: 23_containers/vector/capacity/8230.cc execution test
FAIL: 23_containers/vector/cons/4.cc execution test
FAIL: 23_containers/vector/element_access/1.cc execution test
FAIL: 23_containers/vector/ext_pointer/modifiers/element.cc execution test
FAIL: 23_containers/vector/ext_pointer/modifiers/insert.cc execution test
FAIL: 23_containers/vector/modifiers/insert/1.cc execution test
FAIL: 25_algorithms/stable_partition/mem_check.cc execution test
FAIL: 25_algorithms/stable_sort/mem_check.cc execution test
FAIL: 27_io/basic_filebuf/overflow/char/13858.cc execution test
FAIL: 27_io/basic_filebuf/overflow/char/9182-2.cc execution test
FAIL: 27_io/basic_filebuf/overflow/wchar_t/13858.cc execution test
FAIL: 27_io/basic_filebuf/seekoff/wchar_t/3.cc execution test
FAIL: 27_io/basic_filebuf/seekpos/wchar_t/1.cc execution test
FAIL: 27_io/basic_filebuf/sync/char/9182-1.cc execution test
FAIL: 27_io/basic_filebuf/underflow/wchar_t/11544-1.cc execution test
FAIL: 27_io/basic_filebuf/underflow/wchar_t/11544-2.cc execution test
FAIL: 27_io/basic_filebuf/underflow/wchar_t/11603.cc execution test
FAIL: 27_io/basic_fstream/53984.cc execution test
FAIL: 27_io/basic_ios/copyfmt/char/1.cc execution test
FAIL: 27_io/basic_ios/exceptions/char/1.cc execution test
FAIL: 27_io/basic_ios/exceptions/char/2.cc execution test
FAIL: 27_io/basic_istream/exceptions/char/9561.cc execution test
FAIL: 27_io/basic_istream/exceptions/wchar_t/9561.cc execution test
FAIL: 27_io/basic_istream/extractors_arithmetic/char/exceptions_badbit_throw.cc execution test
FAIL: 27_io/basic_istream/extractors_arithmetic/char/exceptions_failbit.cc execution test
FAIL: 27_io/basic_istream/extractors_arithmetic/wchar_t/exceptions_badbit_throw.cc execution test
FAIL: 27_io/basic_istream/extractors_arithmetic/wchar_t/exceptions_failbit.cc execution test
FAIL: 27_io/basic_istream/extractors_other/char/exceptions_failbit_throw.cc execution test
FAIL: 27_io/basic_istream/extractors_other/char/exceptions_null.cc execution test
FAIL: 27_io/basic_istream/extractors_other/wchar_t/exceptions_failbit_throw.cc execution test
FAIL: 27_io/basic_istream/extractors_other/wchar_t/exceptions_null.cc execution test
FAIL: 27_io/basic_istream/seekg/char/exceptions_badbit_throw.cc execution test
FAIL: 27_io/basic_istream/seekg/wchar_t/exceptions_badbit_throw.cc execution test
FAIL: 27_io/basic_istream/sentry/char/12297.cc execution test
FAIL: 27_io/basic_istream/sentry/wchar_t/12297.cc execution test
FAIL: 27_io/basic_istream/tellg/char/exceptions_badbit_throw.cc execution test
FAIL: 27_io/basic_istream/tellg/wchar_t/exceptions_badbit_throw.cc execution test
FAIL: 27_io/basic_ostream/exceptions/char/9561.cc execution test
FAIL: 27_io/basic_ostream/exceptions/wchar_t/9561.cc execution test
FAIL: 27_io/basic_ostream/flush/char/exceptions_badbit_throw.cc execution test
FAIL: 27_io/basic_ostream/flush/wchar_t/exceptions_badbit_throw.cc execution test
FAIL: 27_io/basic_ostream/inserters_arithmetic/char/9555-oa.cc execution test
FAIL: 27_io/basic_ostream/inserters_arithmetic/char/exceptions_badbit_throw.cc execution test
FAIL: 27_io/basic_ostream/inserters_arithmetic/wchar_t/9555-oa.cc execution test
FAIL: 27_io/basic_ostream/inserters_arithmetic/wchar_t/exceptions_badbit_throw.cc execution test
FAIL: 27_io/basic_ostream/inserters_character/char/9555-oc.cc execution test
FAIL: 27_io/basic_ostream/inserters_character/wchar_t/9555-oc.cc execution test
FAIL: 27_io/basic_ostream/inserters_other/char/5.cc execution test
FAIL: 27_io/basic_ostream/inserters_other/char/exceptions_failbit_throw.cc execution test
FAIL: 27_io/basic_ostream/inserters_other/char/exceptions_null.cc execution test
FAIL: 27_io/basic_ostream/inserters_other/wchar_t/5.cc execution test
FAIL: 27_io/basic_ostream/inserters_other/wchar_t/exceptions_failbit_throw.cc execution test
FAIL: 27_io/basic_ostream/inserters_other/wchar_t/exceptions_null.cc execution test
FAIL: 27_io/basic_ostream/put/char/1.cc execution test
FAIL: 27_io/basic_ostream/put/wchar_t/1.cc execution test
FAIL: 27_io/basic_ostream/seekp/char/exceptions_badbit_throw.cc execution test
FAIL: 27_io/basic_ostream/seekp/wchar_t/exceptions_badbit_throw.cc execution test
FAIL: 27_io/basic_ostream/tellp/char/exceptions_badbit_throw.cc execution test
FAIL: 27_io/basic_ostream/tellp/wchar_t/exceptions_badbit_throw.cc execution test
FAIL: 27_io/basic_ostream/write/char/1.cc execution test
FAIL: 27_io/basic_ostream/write/wchar_t/1.cc execution test
FAIL: 27_io/objects/char/6.cc execution test
FAIL: 27_io/objects/wchar_t/6.cc execution test
FAIL: 30_threads/future/members/45133.cc execution test
FAIL: 30_threads/packaged_task/members/get_future2.cc execution test
FAIL: 30_threads/packaged_task/members/invoke2.cc execution test
FAIL: 30_threads/packaged_task/members/invoke3.cc execution test
FAIL: 30_threads/promise/cons/move.cc execution test
FAIL: 30_threads/promise/cons/move_assign.cc execution test
FAIL: 30_threads/promise/members/at_thread_exit2.cc execution test
FAIL: 30_threads/promise/members/get_future2.cc execution test
FAIL: 30_threads/promise/members/set_exception2.cc execution test
FAIL: 30_threads/promise/members/set_value2.cc execution test
FAIL: 30_threads/shared_future/members/45133.cc execution test
FAIL: 30_threads/shared_lock/locking/2.cc execution test
FAIL: 30_threads/thread/members/4.cc execution test
FAIL: 30_threads/thread/members/5.cc execution test
FAIL: 30_threads/thread/native_handle/typesizes.cc execution test
FAIL: 30_threads/unique_lock/locking/2.cc execution test
FAIL: experimental/filesystem/iterators/pop.cc execution test
FAIL: experimental/filesystem/operations/canonical.cc execution test
FAIL: experimental/filesystem/operations/create_symlink.cc execution test
FAIL: experimental/filesystem/operations/exists.cc execution test
FAIL: experimental/filesystem/operations/file_size.cc execution test
FAIL: experimental/filesystem/operations/is_empty.cc execution test
FAIL: experimental/filesystem/operations/last_write_time.cc execution test
FAIL: experimental/filesystem/operations/permissions.cc execution test
FAIL: experimental/filesystem/operations/temp_directory_path.cc execution test
FAIL: experimental/string_view/element_access/char/1.cc execution test
FAIL: experimental/string_view/element_access/wchar_t/1.cc execution test
FAIL: experimental/string_view/operations/substr/char/1.cc execution test
FAIL: experimental/string_view/operations/substr/wchar_t/1.cc execution test
FAIL: ext/debug_allocator/check_deallocate_null.cc execution test
FAIL: ext/enc_filebuf/char/13189.cc execution test
FAIL: ext/enc_filebuf/wchar_t/13189.cc execution test
FAIL: tr1/6_containers/array/element_access/at_out_of_range.cc execution test
=== libstdc++ Summary for unix/-m64 ===
# of expected passes 10671
# of unexpected failures 144
# of expected failures 70
# of unsupported tests 664
=== libstdc++ Summary ===
# of expected passes 21441
# of unexpected failures 191
# of expected failures 140
# of unsupported tests 1327
Compiler version: 8.0.0 20170727 (experimental) [trunk revision 250610p12] (GCC)
Platform: x86_64-apple-darwin16.7.0
configure flags: --prefix=/opt/gcc/gcc8w --enable-languages=c,c++,fortran,objc,obj-c++,ada,lto --with-gmp=/opt/mp-new --with-system-zlib --with-isl=/opt/mp-new --enable-lto --enable-plugin --with-arch=corei7 --with-cpu=corei7 --with-stage1-ldflags=-static-libstdc++ --with-boot-ldflags=-static-libstdc++