This is the mail archive of the
gcc-testresults@gcc.gnu.org
mailing list for the GCC project.
Results for 8.0.0 20170710 (experimental) [trunk revision 250102] (GCC) libstdc++ testsuite on x86_64-pc-linux-gnu
- From: jwakely dot gcc at gmail dot com(Jonathan Wakely)
- To: gcc-testresults at gcc dot gnu dot org
- Date: Tue, 11 Jul 2017 04:50:20 +0100
- Subject: Results for 8.0.0 20170710 (experimental) [trunk revision 250102] (GCC) libstdc++ testsuite on x86_64-pc-linux-gnu
- Authentication-results: sourceware.org; auth=none
Native configuration is x86_64-pc-linux-gnu
=== libstdc++ tests ===
Running target unix/-std=gnu++11
FAIL: 21_strings/basic_string/modifiers/insert/char/1.cc execution test
FAIL: 21_strings/basic_string/modifiers/insert/wchar_t/1.cc execution test
=== libstdc++ Summary for unix/-std=gnu++11 ===
# of expected passes 11622
# of unexpected failures 2
# of expected failures 69
# of unsupported tests 567
Running target unix/-std=gnu++11/-D_GLIBCXX_USE_CXX11_ABI=0
FAIL: 21_strings/basic_string/modifiers/insert/char/1.cc execution test
FAIL: 21_strings/basic_string/modifiers/insert/wchar_t/1.cc execution test
=== libstdc++ Summary for unix/-std=gnu++11/-D_GLIBCXX_USE_CXX11_ABI=0 ===
# of expected passes 11589
# of unexpected failures 2
# of expected failures 69
# of unsupported tests 585
Running target unix/-std=gnu++11/-m32
FAIL: 21_strings/basic_string/modifiers/insert/char/1.cc execution test
FAIL: 21_strings/basic_string/modifiers/insert/wchar_t/1.cc execution test
=== libstdc++ Summary for unix/-std=gnu++11/-m32 ===
# of expected passes 11630
# of unexpected failures 2
# of expected failures 69
# of unsupported tests 563
Running target unix/-std=gnu++11/-m32/-D_GLIBCXX_USE_CXX11_ABI=0
FAIL: 21_strings/basic_string/modifiers/insert/char/1.cc execution test
FAIL: 21_strings/basic_string/modifiers/insert/wchar_t/1.cc execution test
=== libstdc++ Summary for unix/-std=gnu++11/-m32/-D_GLIBCXX_USE_CXX11_ABI=0 ===
# of expected passes 11597
# of unexpected failures 2
# of expected failures 69
# of unsupported tests 581
Running target unix/-std=gnu++14
FAIL: 21_strings/basic_string/modifiers/insert/char/1.cc execution test
FAIL: 21_strings/basic_string/modifiers/insert/wchar_t/1.cc execution test
=== libstdc++ Summary for unix/-std=gnu++14 ===
# of expected passes 12211
# of unexpected failures 2
# of expected failures 69
# of unsupported tests 248
Running target unix/-std=gnu++14/-D_GLIBCXX_USE_CXX11_ABI=0
FAIL: 21_strings/basic_string/modifiers/insert/char/1.cc execution test
FAIL: 21_strings/basic_string/modifiers/insert/wchar_t/1.cc execution test
=== libstdc++ Summary for unix/-std=gnu++14/-D_GLIBCXX_USE_CXX11_ABI=0 ===
# of expected passes 12178
# of unexpected failures 2
# of expected failures 69
# of unsupported tests 266
Running target unix/-std=gnu++14/-m32
FAIL: 21_strings/basic_string/modifiers/insert/char/1.cc execution test
FAIL: 21_strings/basic_string/modifiers/insert/wchar_t/1.cc execution test
=== libstdc++ Summary for unix/-std=gnu++14/-m32 ===
# of expected passes 12219
# of unexpected failures 2
# of expected failures 69
# of unsupported tests 244
Running target unix/-std=gnu++14/-m32/-D_GLIBCXX_USE_CXX11_ABI=0
FAIL: 21_strings/basic_string/modifiers/insert/char/1.cc execution test
FAIL: 21_strings/basic_string/modifiers/insert/wchar_t/1.cc execution test
=== libstdc++ Summary for unix/-std=gnu++14/-m32/-D_GLIBCXX_USE_CXX11_ABI=0 ===
# of expected passes 12186
# of unexpected failures 2
# of expected failures 69
# of unsupported tests 262
Running target unix/-std=gnu++17
FAIL: 21_strings/basic_string/modifiers/insert/char/1.cc execution test
FAIL: 21_strings/basic_string/modifiers/insert/wchar_t/1.cc execution test
=== libstdc++ Summary for unix/-std=gnu++17 ===
# of expected passes 12164
# of unexpected failures 2
# of expected failures 70
# of unsupported tests 260
Running target unix/-std=gnu++17/-D_GLIBCXX_USE_CXX11_ABI=0
FAIL: 21_strings/basic_string/modifiers/insert/char/1.cc execution test
=== libstdc++ Summary for unix/-std=gnu++17/-D_GLIBCXX_USE_CXX11_ABI=0 ===
# of expected passes 12132
# of unexpected failures 1
# of expected failures 70
# of unsupported tests 278
Running target unix/-std=gnu++17/-m32
FAIL: 21_strings/basic_string/modifiers/insert/char/1.cc execution test
FAIL: 21_strings/basic_string/modifiers/insert/wchar_t/1.cc execution test
=== libstdc++ Summary for unix/-std=gnu++17/-m32 ===
# of expected passes 12172
# of unexpected failures 2
# of expected failures 70
# of unsupported tests 256
Running target unix/-std=gnu++17/-m32/-D_GLIBCXX_USE_CXX11_ABI=0
FAIL: 21_strings/basic_string/modifiers/insert/char/1.cc execution test
=== libstdc++ Summary for unix/-std=gnu++17/-m32/-D_GLIBCXX_USE_CXX11_ABI=0 ===
# of expected passes 12140
# of unexpected failures 1
# of expected failures 70
# of unsupported tests 274
Running target unix/-std=gnu++98
FAIL: 21_strings/basic_string/modifiers/insert/char/1.cc execution test
FAIL: 21_strings/basic_string/modifiers/insert/wchar_t/1.cc execution test
=== libstdc++ Summary for unix/-std=gnu++98 ===
# of expected passes 6559
# of unexpected failures 2
# of expected failures 23
# of unsupported tests 3452
Running target unix/-std=gnu++98/-D_GLIBCXX_USE_CXX11_ABI=0
FAIL: 21_strings/basic_string/modifiers/insert/char/1.cc execution test
FAIL: 21_strings/basic_string/modifiers/insert/wchar_t/1.cc execution test
=== libstdc++ Summary for unix/-std=gnu++98/-D_GLIBCXX_USE_CXX11_ABI=0 ===
# of expected passes 6559
# of unexpected failures 2
# of expected failures 23
# of unsupported tests 3452
Running target unix/-std=gnu++98/-m32
FAIL: 21_strings/basic_string/modifiers/insert/char/1.cc execution test
FAIL: 21_strings/basic_string/modifiers/insert/wchar_t/1.cc execution test
=== libstdc++ Summary for unix/-std=gnu++98/-m32 ===
# of expected passes 6559
# of unexpected failures 2
# of expected failures 23
# of unsupported tests 3452
Running target unix/-std=gnu++98/-m32/-D_GLIBCXX_USE_CXX11_ABI=0
FAIL: 21_strings/basic_string/modifiers/insert/char/1.cc execution test
FAIL: 21_strings/basic_string/modifiers/insert/wchar_t/1.cc execution test
=== libstdc++ Summary for unix/-std=gnu++98/-m32/-D_GLIBCXX_USE_CXX11_ABI=0 ===
# of expected passes 6559
# of unexpected failures 2
# of expected failures 23
# of unsupported tests 3452
=== libstdc++ Summary ===
# of expected passes 170076
# of unexpected failures 30
# of expected failures 924
# of unsupported tests 18192
gcc version 8.0.0 20170710 (experimental) [trunk revision 250102] (GCC)
Compiler version: 8.0.0 20170710 (experimental) [trunk revision 250102] (GCC) libstdc++
Platform: x86_64-pc-linux-gnu
configure flags: --enable-languages=c++ --disable-bootstrap --disable-libcc1 --disable-libcilkrts --disable-libhsail-rt --disable-libmpx --disable-liboffloadmic --disable-libvtv --with-system-zlib --with-gnu-ld --with-gnu-as --without-isl