This is the mail archive of the
gcc-testresults@gcc.gnu.org
mailing list for the GCC project.
Results for 8.0.0 20170706 (experimental) [master revision 0010322:6c331c0:376e5eaa573baaf3b8ebb2356f95f07ebfe30840] (Cavium Inc. (Build 55)) testsuite on aarch64-unknown-linux-gnu
- From: jenkins@localhost.localdomain
- To: gcc-testresults at gcc dot gnu dot org
- Date: Fri, 07 Jul 2017 06:19:50 -0700
- Subject: Results for 8.0.0 20170706 (experimental) [master revision 0010322:6c331c0:376e5eaa573baaf3b8ebb2356f95f07ebfe30840] (Cavium Inc. (Build 55)) testsuite on aarch64-unknown-linux-gnu
- Authentication-results: sourceware.org; auth=none
LAST_UPDATED: Thu Jul 6 21:25:13 UTC 2017 (revision 0010322:6c331c0:376e5eaa573baaf3b8ebb2356f95f07ebfe30840)
Native configuration is aarch64-unknown-linux-gnu
=== libatomic tests ===
Running target unix//-mcpu=thunderx2t99
=== libatomic Summary for unix//-mcpu=thunderx2t99 ===
# of expected passes 54
Running target unix//-mcpu=thunderx
=== libatomic Summary for unix//-mcpu=thunderx ===
# of expected passes 54
Running target unix/
=== libatomic Summary for unix/ ===
# of expected passes 54
=== libatomic Summary ===
# of expected passes 162
=== libffi tests ===
Running target unix//-mcpu=thunderx2t99
=== libffi Summary for unix//-mcpu=thunderx2t99 ===
# of expected passes 24
Running target unix//-mcpu=thunderx
=== libffi Summary for unix//-mcpu=thunderx ===
# of expected passes 24
Running target unix/
=== libffi Summary for unix/ ===
# of expected passes 24
=== libffi Summary ===
# of expected passes 6642
=== libgo tests ===
Running target unix
=== libgo Summary ===
# of expected passes 146
/home/jenkins/workspace/BuildThunderX_native_gcc_upstream_CENTOS/objdir/./gcc/gccgo version 8.0.0 20170706 (experimental) [master revision 0010322:6c331c0:376e5eaa573baaf3b8ebb2356f95f07ebfe30840] (Cavium Inc. (Build 55))
=== libgomp tests ===
Running target unix//-mcpu=thunderx2t99
=== libgomp Summary for unix//-mcpu=thunderx2t99 ===
# of expected passes 859
# of unsupported tests 50
Running target unix//-mcpu=thunderx
=== libgomp Summary for unix//-mcpu=thunderx ===
# of expected passes 859
# of unsupported tests 50
Running target unix/
=== libgomp Summary for unix/ ===
# of expected passes 859
# of unsupported tests 50
=== libgomp Summary ===
# of expected passes 15282
# of unsupported tests 1128
=== libitm tests ===
Running target unix//-mcpu=thunderx2t99
=== libitm Summary for unix//-mcpu=thunderx2t99 ===
# of expected passes 16
# of expected failures 1
# of unsupported tests 1
Running target unix//-mcpu=thunderx
=== libitm Summary for unix//-mcpu=thunderx ===
# of expected passes 16
# of expected failures 1
# of unsupported tests 1
Running target unix/
=== libitm Summary for unix/ ===
# of expected passes 16
# of expected failures 1
# of unsupported tests 1
=== libitm Summary ===
# of expected passes 126
# of expected failures 9
# of unsupported tests 3
=== libstdc++ tests ===
Running target unix/
=== libstdc++ Summary for unix/ ===
# of unsupported tests 1
Running target unix//-mcpu=thunderx
=== libstdc++ Summary for unix//-mcpu=thunderx ===
# of unsupported tests 1
Running target unix//-mcpu=thunderx2t99
FAIL: 20_util/enable_shared_from_this/56383.cc (test for excess errors)
UNRESOLVED: 20_util/enable_shared_from_this/56383.cc compilation failed to produce executable
FAIL: 20_util/enable_shared_from_this/members/assign.cc (test for excess errors)
UNRESOLVED: 20_util/enable_shared_from_this/members/assign.cc compilation failed to produce executable
FAIL: 20_util/enable_shared_from_this/members/const.cc (test for excess errors)
UNRESOLVED: 20_util/enable_shared_from_this/members/const.cc compilation failed to produce executable
FAIL: 20_util/enable_shared_from_this/members/reinit.cc (test for excess errors)
UNRESOLVED: 20_util/enable_shared_from_this/members/reinit.cc compilation failed to produce executable
FAIL: 20_util/enable_shared_from_this/members/unique_ptr.cc (test for excess errors)
UNRESOLVED: 20_util/enable_shared_from_this/members/unique_ptr.cc compilation failed to produce executable
FAIL: 20_util/enable_shared_from_this/requirements/explicit_instantiation.cc (test for excess errors)
FAIL: 20_util/shared_ptr/cons/weak_ptr.cc (test for excess errors)
UNRESOLVED: 20_util/shared_ptr/cons/weak_ptr.cc compilation failed to produce executable
FAIL: 20_util/shared_ptr/creation/36949.cc (test for excess errors)
UNRESOLVED: 20_util/shared_ptr/creation/36949.cc compilation failed to produce executable
FAIL: 20_util/shared_ptr/requirements/explicit_instantiation/1.cc (test for excess errors)
FAIL: 20_util/shared_ptr/thread/default_weaktoshared.cc (test for excess errors)
UNRESOLVED: 20_util/shared_ptr/thread/default_weaktoshared.cc compilation failed to produce executable
FAIL: 20_util/weak_ptr/requirements/explicit_instantiation/1.cc (test for excess errors)
FAIL: 23_containers/deque/allocator/copy_assign.cc (test for excess errors)
UNRESOLVED: 23_containers/deque/allocator/copy_assign.cc compilation failed to produce executable
FAIL: 23_containers/deque/allocator/ext_ptr.cc (test for excess errors)
UNRESOLVED: 23_containers/deque/allocator/ext_ptr.cc compilation failed to produce executable
FAIL: 23_containers/deque/allocator/minimal.cc (test for excess errors)
UNRESOLVED: 23_containers/deque/allocator/minimal.cc compilation failed to produce executable
FAIL: 23_containers/deque/allocator/move_assign.cc (test for excess errors)
UNRESOLVED: 23_containers/deque/allocator/move_assign.cc compilation failed to produce executable
FAIL: 23_containers/deque/capacity/moveable.cc (test for excess errors)
UNRESOLVED: 23_containers/deque/capacity/moveable.cc compilation failed to produce executable
FAIL: 23_containers/deque/check_construct_destroy.cc (test for excess errors)
UNRESOLVED: 23_containers/deque/check_construct_destroy.cc compilation failed to produce executable
FAIL: 23_containers/deque/cons/2.cc (test for excess errors)
UNRESOLVED: 23_containers/deque/cons/2.cc compilation failed to produce executable
FAIL: 23_containers/deque/cons/assign/1.cc (test for excess errors)
UNRESOLVED: 23_containers/deque/cons/assign/1.cc compilation failed to produce executable
FAIL: 23_containers/deque/cons/moveable.cc (test for excess errors)
UNRESOLVED: 23_containers/deque/cons/moveable.cc compilation failed to produce executable
FAIL: 23_containers/deque/debug/assign4_neg.cc (test for excess errors)
UNRESOLVED: 23_containers/deque/debug/assign4_neg.cc compilation failed to produce executable
FAIL: 23_containers/deque/debug/insert4_neg.cc (test for excess errors)
UNRESOLVED: 23_containers/deque/debug/insert4_neg.cc compilation failed to produce executable
FAIL: 23_containers/deque/debug/invalidation/1.cc (test for excess errors)
UNRESOLVED: 23_containers/deque/debug/invalidation/1.cc compilation failed to produce executable
FAIL: 23_containers/deque/debug/invalidation/3.cc (test for excess errors)
UNRESOLVED: 23_containers/deque/debug/invalidation/3.cc compilation failed to produce executable
FAIL: 23_containers/deque/debug/invalidation/4.cc (test for excess errors)
UNRESOLVED: 23_containers/deque/debug/invalidation/4.cc compilation failed to produce executable
FAIL: 23_containers/deque/init-list.cc (test for excess errors)
UNRESOLVED: 23_containers/deque/init-list.cc compilation failed to produce executable
FAIL: 23_containers/deque/modifiers/emplace/52799.cc (test for excess errors)
FAIL: 23_containers/deque/modifiers/emplace/const_iterator.cc (test for excess errors)
FAIL: 23_containers/deque/modifiers/erase/1.cc (test for excess errors)
UNRESOLVED: 23_containers/deque/modifiers/erase/1.cc compilation failed to produce executable
FAIL: 23_containers/deque/modifiers/erase/2.cc (test for excess errors)
UNRESOLVED: 23_containers/deque/modifiers/erase/2.cc compilation failed to produce executable
FAIL: 23_containers/deque/modifiers/erase/3.cc (test for excess errors)
UNRESOLVED: 23_containers/deque/modifiers/erase/3.cc compilation failed to produce executable
FAIL: 23_containers/deque/modifiers/erase/50529.cc (test for excess errors)
UNRESOLVED: 23_containers/deque/modifiers/erase/50529.cc compilation failed to produce executable
FAIL: 23_containers/deque/modifiers/erase/54577.cc (test for excess errors)
FAIL: 23_containers/deque/modifiers/erase/moveable.cc (test for excess errors)
UNRESOLVED: 23_containers/deque/modifiers/erase/moveable.cc compilation failed to produce executable
FAIL: 23_containers/deque/modifiers/insert/const_iterator.cc (test for excess errors)
FAIL: 23_containers/deque/modifiers/moveable.cc (test for excess errors)
UNRESOLVED: 23_containers/deque/modifiers/moveable.cc compilation failed to produce executable
FAIL: 23_containers/deque/requirements/citerators.cc (test for excess errors)
UNRESOLVED: 23_containers/deque/requirements/citerators.cc compilation failed to produce executable
FAIL: 23_containers/deque/requirements/do_the_right_thing.cc (test for excess errors)
FAIL: 23_containers/deque/requirements/exception/basic.cc (test for excess errors)
UNRESOLVED: 23_containers/deque/requirements/exception/basic.cc compilation failed to produce executable
FAIL: 23_containers/deque/requirements/exception/propagation_consistent.cc (test for excess errors)
UNRESOLVED: 23_containers/deque/requirements/exception/propagation_consistent.cc compilation failed to produce executable
FAIL: 23_containers/deque/requirements/explicit_instantiation/1.cc (test for excess errors)
FAIL: 23_containers/deque/requirements/explicit_instantiation/1_c++0x.cc (test for excess errors)
FAIL: 23_containers/deque/requirements/explicit_instantiation/3.cc (test for excess errors)
FAIL: 23_containers/vector/bool/modifiers/swap/1.cc (test for excess errors)
UNRESOLVED: 23_containers/vector/bool/modifiers/swap/1.cc compilation failed to produce executable
FAIL: 23_containers/vector/bool/modifiers/swap/2.cc (test for excess errors)
UNRESOLVED: 23_containers/vector/bool/modifiers/swap/2.cc compilation failed to produce executable
FAIL: 23_containers/vector/ext_pointer/explicit_instantiation/1.cc (test for excess errors)
FAIL: 23_containers/vector/ext_pointer/explicit_instantiation/2.cc (test for excess errors)
FAIL: 23_containers/vector/ext_pointer/explicit_instantiation/3.cc (test for excess errors)
FAIL: 23_containers/vector/ext_pointer/modifiers/insert.cc (test for excess errors)
UNRESOLVED: 23_containers/vector/ext_pointer/modifiers/insert.cc compilation failed to produce executable
FAIL: 23_containers/vector/ext_pointer/resize.cc (test for excess errors)
UNRESOLVED: 23_containers/vector/ext_pointer/resize.cc compilation failed to produce executable
FAIL: 25_algorithms/copy/deque_iterators/1.cc (test for excess errors)
UNRESOLVED: 25_algorithms/copy/deque_iterators/1.cc compilation failed to produce executable
FAIL: 25_algorithms/copy_backward/deque_iterators/1.cc (test for excess errors)
UNRESOLVED: 25_algorithms/copy_backward/deque_iterators/1.cc compilation failed to produce executable
FAIL: 25_algorithms/move/deque_iterators/1.cc (test for excess errors)
UNRESOLVED: 25_algorithms/move/deque_iterators/1.cc compilation failed to produce executable
FAIL: 25_algorithms/move_backward/deque_iterators/1.cc (test for excess errors)
UNRESOLVED: 25_algorithms/move_backward/deque_iterators/1.cc compilation failed to produce executable
FAIL: 25_algorithms/stable_partition/mem_check.cc (test for excess errors)
UNRESOLVED: 25_algorithms/stable_partition/mem_check.cc compilation failed to produce executable
FAIL: 25_algorithms/stable_partition/moveable.cc (test for excess errors)
UNRESOLVED: 25_algorithms/stable_partition/moveable.cc compilation failed to produce executable
FAIL: 29_atomics/atomic/70766.cc (test for excess errors)
FAIL: 29_atomics/atomic/requirements/compare_exchange_lowering.cc (test for excess errors)
FAIL: experimental/deque/erasure.cc (test for excess errors)
UNRESOLVED: experimental/deque/erasure.cc compilation failed to produce executable
FAIL: experimental/memory/shared_ptr/cons/enable_shared_from_this.cc (test for excess errors)
UNRESOLVED: experimental/memory/shared_ptr/cons/enable_shared_from_this.cc compilation failed to produce executable
FAIL: experimental/memory/shared_ptr/cons/unique_ptr_ctor.cc (test for excess errors)
UNRESOLVED: experimental/memory/shared_ptr/cons/unique_ptr_ctor.cc compilation failed to produce executable
FAIL: experimental/memory/shared_ptr/cons/weak_ptr_ctor.cc (test for excess errors)
UNRESOLVED: experimental/memory/shared_ptr/cons/weak_ptr_ctor.cc compilation failed to produce executable
FAIL: ext/pb_ds/example/hash_illegal_resize.cc (test for excess errors)
UNRESOLVED: ext/pb_ds/example/hash_illegal_resize.cc compilation failed to produce executable
FAIL: ext/pb_ds/regression/hash_map_rand.cc (test for excess errors)
UNRESOLVED: ext/pb_ds/regression/hash_map_rand.cc compilation failed to produce executable
FAIL: ext/pb_ds/regression/hash_set_rand.cc (test for excess errors)
UNRESOLVED: ext/pb_ds/regression/hash_set_rand.cc compilation failed to produce executable
FAIL: ext/shared_ptr/1.cc (test for excess errors)
UNRESOLVED: ext/shared_ptr/1.cc compilation failed to produce executable
FAIL: tr1/2_general_utilities/enable_shared_from_this/1.cc (test for excess errors)
FAIL: tr1/2_general_utilities/enable_shared_from_this/requirements/explicit_instantiation/1.cc (test for excess errors)
FAIL: tr1/2_general_utilities/enable_shared_from_this/shared.cc (test for excess errors)
UNRESOLVED: tr1/2_general_utilities/enable_shared_from_this/shared.cc compilation failed to produce executable
FAIL: tr1/2_general_utilities/enable_shared_from_this/still_shared.cc (test for excess errors)
UNRESOLVED: tr1/2_general_utilities/enable_shared_from_this/still_shared.cc compilation failed to produce executable
FAIL: tr1/2_general_utilities/shared_ptr/cons/weak_ptr.cc (test for excess errors)
UNRESOLVED: tr1/2_general_utilities/shared_ptr/cons/weak_ptr.cc compilation failed to produce executable
FAIL: tr1/2_general_utilities/shared_ptr/cons/weak_ptr_expired.cc (test for excess errors)
UNRESOLVED: tr1/2_general_utilities/shared_ptr/cons/weak_ptr_expired.cc compilation failed to produce executable
FAIL: tr1/2_general_utilities/shared_ptr/thread/default_weaktoshared.cc (test for excess errors)
UNRESOLVED: tr1/2_general_utilities/shared_ptr/thread/default_weaktoshared.cc compilation failed to produce executable
FAIL: tr1/2_general_utilities/weak_ptr/requirements/explicit_instantiation/1.cc (test for excess errors)
=== libstdc++ Summary for unix//-mcpu=thunderx2t99 ===
# of unsupported tests 1
=== libstdc++ Summary ===
# of unsupported tests 3
=== gcc tests ===
Running target unix/
XPASS: gcc.dg/pr78768.c -Wformat-overflow (test for warnings, line 12)
XPASS: gcc.dg/guality/example.c -O0 execution test
XPASS: gcc.dg/guality/example.c -O1 execution test
XPASS: gcc.dg/guality/example.c -O2 execution test
XPASS: gcc.dg/guality/example.c -O2 -flto -fno-use-linker-plugin -flto-partition=none execution test
XPASS: gcc.dg/guality/example.c -O3 -g execution test
XPASS: gcc.dg/guality/example.c -Os execution test
XPASS: gcc.dg/guality/guality.c -O0 execution test
XPASS: gcc.dg/guality/guality.c -O1 execution test
XPASS: gcc.dg/guality/guality.c -O2 execution test
XPASS: gcc.dg/guality/guality.c -O2 -flto -fno-use-linker-plugin -flto-partition=none execution test
XPASS: gcc.dg/guality/guality.c -O2 -flto -fuse-linker-plugin -fno-fat-lto-objects execution test
XPASS: gcc.dg/guality/guality.c -O3 -g execution test
XPASS: gcc.dg/guality/guality.c -Os execution test
XPASS: gcc.dg/guality/inline-params.c -O2 execution test
XPASS: gcc.dg/guality/inline-params.c -O2 -flto -fno-use-linker-plugin -flto-partition=none execution test
XPASS: gcc.dg/guality/inline-params.c -O3 -g execution test
XPASS: gcc.dg/guality/inline-params.c -Os execution test
FAIL: gcc.dg/guality/nrv-1.c -O2 -flto -fuse-linker-plugin -fno-fat-lto-objects line 20 a2.i[0] == 42
FAIL: gcc.dg/guality/pr36728-1.c -O2 line 16 y == 2
FAIL: gcc.dg/guality/pr36728-1.c -O2 line 18 *x == (char) 25
FAIL: gcc.dg/guality/pr36728-1.c -O2 -flto -fno-use-linker-plugin -flto-partition=none line 16 y == 2
FAIL: gcc.dg/guality/pr36728-1.c -O2 -flto -fno-use-linker-plugin -flto-partition=none line 18 *x == (char) 25
FAIL: gcc.dg/guality/pr36728-1.c -O2 -flto -fuse-linker-plugin -fno-fat-lto-objects line 16 y == 2
FAIL: gcc.dg/guality/pr36728-1.c -O3 -g line 16 y == 2
FAIL: gcc.dg/guality/pr36728-1.c -O3 -g line 18 *x == (char) 25
FAIL: gcc.dg/guality/pr36728-2.c -O2 line 16 y == 2
FAIL: gcc.dg/guality/pr36728-2.c -O2 line 18 y == 2
FAIL: gcc.dg/guality/pr36728-2.c -O2 -flto -fno-use-linker-plugin -flto-partition=none line 16 y == 2
FAIL: gcc.dg/guality/pr36728-2.c -O2 -flto -fno-use-linker-plugin -flto-partition=none line 18 y == 2
FAIL: gcc.dg/guality/pr36728-2.c -O2 -flto -fuse-linker-plugin -fno-fat-lto-objects line 16 arg1 == 1
FAIL: gcc.dg/guality/pr36728-2.c -O2 -flto -fuse-linker-plugin -fno-fat-lto-objects line 16 arg2 == 2
FAIL: gcc.dg/guality/pr36728-2.c -O2 -flto -fuse-linker-plugin -fno-fat-lto-objects line 16 arg3 == 3
FAIL: gcc.dg/guality/pr36728-2.c -O2 -flto -fuse-linker-plugin -fno-fat-lto-objects line 16 arg4 == 4
FAIL: gcc.dg/guality/pr36728-2.c -O2 -flto -fuse-linker-plugin -fno-fat-lto-objects line 16 arg5 == 5
FAIL: gcc.dg/guality/pr36728-2.c -O2 -flto -fuse-linker-plugin -fno-fat-lto-objects line 16 arg6 == 6
FAIL: gcc.dg/guality/pr36728-2.c -O2 -flto -fuse-linker-plugin -fno-fat-lto-objects line 16 arg7 == 30
FAIL: gcc.dg/guality/pr36728-2.c -O2 -flto -fuse-linker-plugin -fno-fat-lto-objects line 16 y == 2
FAIL: gcc.dg/guality/pr36728-2.c -O2 -flto -fuse-linker-plugin -fno-fat-lto-objects line 18 arg1 == 1
FAIL: gcc.dg/guality/pr36728-2.c -O2 -flto -fuse-linker-plugin -fno-fat-lto-objects line 18 arg2 == 2
FAIL: gcc.dg/guality/pr36728-2.c -O2 -flto -fuse-linker-plugin -fno-fat-lto-objects line 18 arg3 == 3
FAIL: gcc.dg/guality/pr36728-2.c -O2 -flto -fuse-linker-plugin -fno-fat-lto-objects line 18 arg4 == 4
FAIL: gcc.dg/guality/pr36728-2.c -O2 -flto -fuse-linker-plugin -fno-fat-lto-objects line 18 arg5 == 5
FAIL: gcc.dg/guality/pr36728-2.c -O2 -flto -fuse-linker-plugin -fno-fat-lto-objects line 18 arg6 == 6
FAIL: gcc.dg/guality/pr36728-2.c -O2 -flto -fuse-linker-plugin -fno-fat-lto-objects line 18 arg7 == 30
FAIL: gcc.dg/guality/pr36728-2.c -O3 -g line 16 arg1 == 1
FAIL: gcc.dg/guality/pr36728-2.c -O3 -g line 16 arg2 == 2
FAIL: gcc.dg/guality/pr36728-2.c -O3 -g line 16 arg3 == 3
FAIL: gcc.dg/guality/pr36728-2.c -O3 -g line 16 arg4 == 4
FAIL: gcc.dg/guality/pr36728-2.c -O3 -g line 16 arg5 == 5
FAIL: gcc.dg/guality/pr36728-2.c -O3 -g line 16 arg6 == 6
FAIL: gcc.dg/guality/pr36728-2.c -O3 -g line 16 arg7 == 30
FAIL: gcc.dg/guality/pr36728-2.c -O3 -g line 16 y == 2
FAIL: gcc.dg/guality/pr36728-2.c -O3 -g line 18 arg1 == 1
FAIL: gcc.dg/guality/pr36728-2.c -O3 -g line 18 arg2 == 2
FAIL: gcc.dg/guality/pr36728-2.c -O3 -g line 18 arg3 == 3
FAIL: gcc.dg/guality/pr36728-2.c -O3 -g line 18 arg4 == 4
FAIL: gcc.dg/guality/pr36728-2.c -O3 -g line 18 arg5 == 5
FAIL: gcc.dg/guality/pr36728-2.c -O3 -g line 18 arg6 == 6
FAIL: gcc.dg/guality/pr36728-2.c -O3 -g line 18 arg7 == 30
FAIL: gcc.dg/guality/pr36728-2.c -O3 -g line 18 y == 2
FAIL: gcc.dg/guality/pr36728-2.c -Os line 18 y == 2
XPASS: gcc.dg/guality/pr41353-1.c -O0 line 28 j == 28 + 37
FAIL: gcc.dg/guality/pr41447-1.c -O2 execution test
FAIL: gcc.dg/guality/pr41447-1.c -O2 -flto -fno-use-linker-plugin -flto-partition=none execution test
FAIL: gcc.dg/guality/pr41447-1.c -O3 -g execution test
FAIL: gcc.dg/guality/pr41447-1.c -Os execution test
FAIL: gcc.dg/guality/pr41616-1.c -O2 -flto -fuse-linker-plugin -fno-fat-lto-objects execution test
FAIL: gcc.dg/guality/pr41616-1.c -O3 -g execution test
FAIL: gcc.dg/guality/pr45882.c -O2 -flto -fuse-linker-plugin -fno-fat-lto-objects line 16 d == 112
FAIL: gcc.dg/guality/pr45882.c -O2 -flto -fuse-linker-plugin -fno-fat-lto-objects line 16 e == 142
FAIL: gcc.dg/guality/pr54200.c -O1 line 20 z == 3
FAIL: gcc.dg/guality/pr54200.c -O2 line 20 z == 3
FAIL: gcc.dg/guality/pr54200.c -O2 -flto -fno-use-linker-plugin -flto-partition=none line 20 z == 3
FAIL: gcc.dg/guality/pr54200.c -O3 -g line 20 z == 3
FAIL: gcc.dg/guality/pr54200.c -Os line 20 z == 3
FAIL: gcc.dg/guality/pr54519-1.c -O2 -flto -fno-use-linker-plugin -flto-partition=none line 20 y == 25
FAIL: gcc.dg/guality/pr54519-1.c -O2 -flto -fno-use-linker-plugin -flto-partition=none line 20 z == 6
FAIL: gcc.dg/guality/pr54519-1.c -O2 -flto -fno-use-linker-plugin -flto-partition=none line 23 y == 117
FAIL: gcc.dg/guality/pr54519-1.c -O2 -flto -fno-use-linker-plugin -flto-partition=none line 23 z == 8
FAIL: gcc.dg/guality/pr54519-2.c -O2 -flto -fno-use-linker-plugin -flto-partition=none line 17 y == 25
FAIL: gcc.dg/guality/pr54519-2.c -O2 -flto -fuse-linker-plugin -fno-fat-lto-objects line 17 y == 25
FAIL: gcc.dg/guality/pr54519-3.c -O2 -flto -fno-use-linker-plugin -flto-partition=none line 20 y == 25
FAIL: gcc.dg/guality/pr54519-3.c -O2 -flto -fno-use-linker-plugin -flto-partition=none line 20 z == 6
FAIL: gcc.dg/guality/pr54519-3.c -O2 -flto -fno-use-linker-plugin -flto-partition=none line 23 y == 117
FAIL: gcc.dg/guality/pr54519-3.c -O2 -flto -fno-use-linker-plugin -flto-partition=none line 23 z == 8
FAIL: gcc.dg/guality/pr54519-3.c -O2 -flto -fuse-linker-plugin -fno-fat-lto-objects line 20 y == 25
FAIL: gcc.dg/guality/pr54519-3.c -O2 -flto -fuse-linker-plugin -fno-fat-lto-objects line 20 z == 6
FAIL: gcc.dg/guality/pr54519-3.c -O2 -flto -fuse-linker-plugin -fno-fat-lto-objects line 23 y == 117
FAIL: gcc.dg/guality/pr54519-3.c -O2 -flto -fuse-linker-plugin -fno-fat-lto-objects line 23 z == 8
FAIL: gcc.dg/guality/pr54519-4.c -O2 -flto -fno-use-linker-plugin -flto-partition=none line 17 y == 25
FAIL: gcc.dg/guality/pr54519-4.c -O2 -flto -fuse-linker-plugin -fno-fat-lto-objects line 17 y == 25
FAIL: gcc.dg/guality/pr54519-5.c -O2 -flto -fno-use-linker-plugin -flto-partition=none line 17 y == 25
FAIL: gcc.dg/guality/pr54519-5.c -O2 -flto -fuse-linker-plugin -fno-fat-lto-objects line 17 y == 25
FAIL: gcc.dg/guality/pr54693-2.c -Os line 21 z == 30 - 3 * i
FAIL: gcc.dg/guality/pr54693.c -Os line 22 i == c - 48
FAIL: gcc.dg/guality/pr68860-1.c -O2 -flto -fno-use-linker-plugin -flto-partition=none line 14 arg1 == 1
FAIL: gcc.dg/guality/pr68860-1.c -O2 -flto -fno-use-linker-plugin -flto-partition=none line 14 arg2 == 2
FAIL: gcc.dg/guality/pr68860-1.c -O2 -flto -fno-use-linker-plugin -flto-partition=none line 14 arg3 == 3
FAIL: gcc.dg/guality/pr68860-1.c -O2 -flto -fno-use-linker-plugin -flto-partition=none line 14 arg4 == 4
FAIL: gcc.dg/guality/pr68860-1.c -O2 -flto -fno-use-linker-plugin -flto-partition=none line 14 arg5 == 5
FAIL: gcc.dg/guality/pr68860-1.c -O2 -flto -fno-use-linker-plugin -flto-partition=none line 14 arg6 == 6
FAIL: gcc.dg/guality/pr68860-1.c -O2 -flto -fno-use-linker-plugin -flto-partition=none line 16 arg1 == 1
FAIL: gcc.dg/guality/pr68860-1.c -O2 -flto -fno-use-linker-plugin -flto-partition=none line 16 arg2 == 2
FAIL: gcc.dg/guality/pr68860-1.c -O2 -flto -fno-use-linker-plugin -flto-partition=none line 16 arg3 == 3
FAIL: gcc.dg/guality/pr68860-1.c -O2 -flto -fno-use-linker-plugin -flto-partition=none line 16 arg4 == 4
FAIL: gcc.dg/guality/pr68860-1.c -O2 -flto -fno-use-linker-plugin -flto-partition=none line 16 arg5 == 5
FAIL: gcc.dg/guality/pr68860-1.c -O2 -flto -fno-use-linker-plugin -flto-partition=none line 16 arg6 == 6
FAIL: gcc.dg/guality/pr68860-1.c -O2 -flto -fuse-linker-plugin -fno-fat-lto-objects line 14 arg1 == 1
FAIL: gcc.dg/guality/pr68860-1.c -O2 -flto -fuse-linker-plugin -fno-fat-lto-objects line 14 arg2 == 2
FAIL: gcc.dg/guality/pr68860-1.c -O2 -flto -fuse-linker-plugin -fno-fat-lto-objects line 14 arg3 == 3
FAIL: gcc.dg/guality/pr68860-1.c -O2 -flto -fuse-linker-plugin -fno-fat-lto-objects line 14 arg4 == 4
FAIL: gcc.dg/guality/pr68860-1.c -O2 -flto -fuse-linker-plugin -fno-fat-lto-objects line 14 arg5 == 5
FAIL: gcc.dg/guality/pr68860-1.c -O2 -flto -fuse-linker-plugin -fno-fat-lto-objects line 14 arg6 == 6
FAIL: gcc.dg/guality/pr68860-1.c -O2 -flto -fuse-linker-plugin -fno-fat-lto-objects line 16 arg1 == 1
FAIL: gcc.dg/guality/pr68860-1.c -O2 -flto -fuse-linker-plugin -fno-fat-lto-objects line 16 arg2 == 2
FAIL: gcc.dg/guality/pr68860-1.c -O2 -flto -fuse-linker-plugin -fno-fat-lto-objects line 16 arg3 == 3
FAIL: gcc.dg/guality/pr68860-1.c -O2 -flto -fuse-linker-plugin -fno-fat-lto-objects line 16 arg4 == 4
FAIL: gcc.dg/guality/pr68860-1.c -O2 -flto -fuse-linker-plugin -fno-fat-lto-objects line 16 arg5 == 5
FAIL: gcc.dg/guality/pr68860-1.c -O2 -flto -fuse-linker-plugin -fno-fat-lto-objects line 16 arg6 == 6
FAIL: gcc.dg/guality/vla-1.c -O2 -flto -fuse-linker-plugin -fno-fat-lto-objects line 17 sizeof (a) == 6
FAIL: gcc.dg/guality/vla-1.c -O3 -g line 17 sizeof (a) == 6
FAIL: gcc.dg/vect/no-section-anchors-vect-69.c scan-tree-dump-times vect "Alignment of access forced using peeling" 2
FAIL: gcc.dg/vect/no-section-anchors-vect-69.c scan-tree-dump-times vect "Vectorizing an unaligned access" 0
FAIL: gcc.dg/vect/pr65947-14.c -flto -ffat-lto-objects execution test
FAIL: gcc.dg/vect/pr65947-14.c execution test
FAIL: gcc.dg/vect/pr65947-9.c -flto -ffat-lto-objects scan-tree-dump vect "loop size is greater than data size"
FAIL: gcc.dg/vect/pr65947-9.c scan-tree-dump vect "loop size is greater than data size"
FAIL: gcc.dg/vect/section-anchors-vect-69.c scan-tree-dump-times vect "Alignment of access forced using peeling" 2
FAIL: gcc.dg/vect/section-anchors-vect-69.c scan-tree-dump-times vect "Vectorizing an unaligned access" 0
FAIL: gcc.dg/vect/slp-perm-9.c -flto -ffat-lto-objects scan-tree-dump-times vect "vectorized 1 loops" 1
FAIL: gcc.dg/vect/slp-perm-9.c scan-tree-dump-times vect "vectorized 1 loops" 1
FAIL: gcc.dg/vect/vect-28.c -flto -ffat-lto-objects scan-tree-dump-times vect "Alignment of access forced using peeling" 1
FAIL: gcc.dg/vect/vect-28.c -flto -ffat-lto-objects scan-tree-dump-times vect "Vectorizing an unaligned access" 0
FAIL: gcc.dg/vect/vect-28.c scan-tree-dump-times vect "Alignment of access forced using peeling" 1
FAIL: gcc.dg/vect/vect-28.c scan-tree-dump-times vect "Vectorizing an unaligned access" 0
FAIL: gcc.dg/vect/vect-33-big-array.c -flto -ffat-lto-objects scan-tree-dump-times vect "Alignment of access forced using peeling" 1
FAIL: gcc.dg/vect/vect-33-big-array.c -flto -ffat-lto-objects scan-tree-dump-times vect "Vectorizing an unaligned access" 0
FAIL: gcc.dg/vect/vect-33-big-array.c scan-tree-dump-times vect "Alignment of access forced using peeling" 1
FAIL: gcc.dg/vect/vect-33-big-array.c scan-tree-dump-times vect "Vectorizing an unaligned access" 0
FAIL: gcc.dg/vect/vect-70.c -flto -ffat-lto-objects scan-tree-dump-times vect "Alignment of access forced using peeling" 1
FAIL: gcc.dg/vect/vect-70.c -flto -ffat-lto-objects scan-tree-dump-times vect "Vectorizing an unaligned access" 0
FAIL: gcc.dg/vect/vect-70.c scan-tree-dump-times vect "Alignment of access forced using peeling" 1
FAIL: gcc.dg/vect/vect-70.c scan-tree-dump-times vect "Vectorizing an unaligned access" 0
FAIL: gcc.dg/vect/vect-87.c -flto -ffat-lto-objects scan-tree-dump-times vect "Alignment of access forced using peeling" 1
FAIL: gcc.dg/vect/vect-87.c -flto -ffat-lto-objects scan-tree-dump-times vect "Vectorizing an unaligned access" 0
FAIL: gcc.dg/vect/vect-87.c scan-tree-dump-times vect "Alignment of access forced using peeling" 1
FAIL: gcc.dg/vect/vect-87.c scan-tree-dump-times vect "Vectorizing an unaligned access" 0
FAIL: gcc.dg/vect/vect-88.c -flto -ffat-lto-objects scan-tree-dump-times vect "Alignment of access forced using peeling" 1
FAIL: gcc.dg/vect/vect-88.c -flto -ffat-lto-objects scan-tree-dump-times vect "Vectorizing an unaligned access" 0
FAIL: gcc.dg/vect/vect-88.c scan-tree-dump-times vect "Alignment of access forced using peeling" 1
FAIL: gcc.dg/vect/vect-88.c scan-tree-dump-times vect "Vectorizing an unaligned access" 0
FAIL: gcc.dg/vect/vect-91.c -flto -ffat-lto-objects scan-tree-dump-times vect "Alignment of access forced using peeling" 3
FAIL: gcc.dg/vect/vect-91.c scan-tree-dump-times vect "Alignment of access forced using peeling" 3
FAIL: gcc.dg/vect/vect-93.c -flto -ffat-lto-objects scan-tree-dump-times vect "Vectorizing an unaligned access" 1
FAIL: gcc.dg/vect/vect-93.c scan-tree-dump-times vect "Vectorizing an unaligned access" 1
XPASS: gcc.dg/vect/vect-95.c -flto -ffat-lto-objects scan-tree-dump-times vect "Alignment of access forced using peeling" 0
XPASS: gcc.dg/vect/vect-95.c scan-tree-dump-times vect "Alignment of access forced using peeling" 0
FAIL: gcc.target/aarch64/pr62178.c scan-assembler ld1r\\\\t{v[0-9]+.
FAIL: gcc.target/aarch64/pr70398.c (test for excess errors)
UNRESOLVED: gcc.target/aarch64/pr70398.c compilation failed to produce executable
FAIL: gcc.target/aarch64/vect-abs-compile.c scan-assembler abs\\\\tv[0-9]+.16b
FAIL: gcc.target/aarch64/vect-abs-compile.c scan-assembler abs\\\\tv[0-9]+.8h
=== gcc Summary for unix/ ===
Running target unix//-mcpu=thunderx
XPASS: gcc.dg/pr78768.c -Wformat-overflow (test for warnings, line 12)
XPASS: gcc.dg/guality/example.c -O0 execution test
XPASS: gcc.dg/guality/example.c -O1 execution test
XPASS: gcc.dg/guality/example.c -O3 -g execution test
XPASS: gcc.dg/guality/guality.c -O0 execution test
XPASS: gcc.dg/guality/guality.c -O1 execution test
XPASS: gcc.dg/guality/guality.c -O2 execution test
XPASS: gcc.dg/guality/guality.c -O2 -flto -fno-use-linker-plugin -flto-partition=none execution test
XPASS: gcc.dg/guality/guality.c -O2 -flto -fuse-linker-plugin -fno-fat-lto-objects execution test
XPASS: gcc.dg/guality/guality.c -O3 -g execution test
XPASS: gcc.dg/guality/guality.c -Os execution test
XPASS: gcc.dg/guality/inline-params.c -O2 execution test
XPASS: gcc.dg/guality/inline-params.c -O2 -flto -fno-use-linker-plugin -flto-partition=none execution test
XPASS: gcc.dg/guality/inline-params.c -O3 -g execution test
XPASS: gcc.dg/guality/inline-params.c -Os execution test
FAIL: gcc.dg/guality/nrv-1.c -O2 -flto -fuse-linker-plugin -fno-fat-lto-objects line 20 a2.i[0] == 42
FAIL: gcc.dg/guality/pr36728-2.c -O2 -flto -fuse-linker-plugin -fno-fat-lto-objects line 16 arg1 == 1
FAIL: gcc.dg/guality/pr36728-2.c -O2 -flto -fuse-linker-plugin -fno-fat-lto-objects line 16 arg2 == 2
FAIL: gcc.dg/guality/pr36728-2.c -O2 -flto -fuse-linker-plugin -fno-fat-lto-objects line 16 arg3 == 3
FAIL: gcc.dg/guality/pr36728-2.c -O2 -flto -fuse-linker-plugin -fno-fat-lto-objects line 16 arg4 == 4
FAIL: gcc.dg/guality/pr36728-2.c -O2 -flto -fuse-linker-plugin -fno-fat-lto-objects line 16 arg5 == 5
FAIL: gcc.dg/guality/pr36728-2.c -O2 -flto -fuse-linker-plugin -fno-fat-lto-objects line 16 arg6 == 6
FAIL: gcc.dg/guality/pr36728-2.c -O2 -flto -fuse-linker-plugin -fno-fat-lto-objects line 16 arg7 == 30
FAIL: gcc.dg/guality/pr36728-2.c -O2 -flto -fuse-linker-plugin -fno-fat-lto-objects line 16 y == 2
FAIL: gcc.dg/guality/pr36728-2.c -O2 -flto -fuse-linker-plugin -fno-fat-lto-objects line 18 arg1 == 1
FAIL: gcc.dg/guality/pr36728-2.c -O2 -flto -fuse-linker-plugin -fno-fat-lto-objects line 18 arg2 == 2
FAIL: gcc.dg/guality/pr36728-2.c -O2 -flto -fuse-linker-plugin -fno-fat-lto-objects line 18 arg3 == 3
FAIL: gcc.dg/guality/pr36728-2.c -O2 -flto -fuse-linker-plugin -fno-fat-lto-objects line 18 arg4 == 4
FAIL: gcc.dg/guality/pr36728-2.c -O2 -flto -fuse-linker-plugin -fno-fat-lto-objects line 18 arg5 == 5
FAIL: gcc.dg/guality/pr36728-2.c -O2 -flto -fuse-linker-plugin -fno-fat-lto-objects line 18 arg6 == 6
FAIL: gcc.dg/guality/pr36728-2.c -O2 -flto -fuse-linker-plugin -fno-fat-lto-objects line 18 arg7 == 30
FAIL: gcc.dg/guality/pr36728-2.c -O3 -g line 16 arg1 == 1
FAIL: gcc.dg/guality/pr36728-2.c -O3 -g line 16 arg2 == 2
FAIL: gcc.dg/guality/pr36728-2.c -O3 -g line 16 arg3 == 3
FAIL: gcc.dg/guality/pr36728-2.c -O3 -g line 16 arg4 == 4
FAIL: gcc.dg/guality/pr36728-2.c -O3 -g line 16 arg5 == 5
FAIL: gcc.dg/guality/pr36728-2.c -O3 -g line 16 arg6 == 6
FAIL: gcc.dg/guality/pr36728-2.c -O3 -g line 16 arg7 == 30
FAIL: gcc.dg/guality/pr36728-2.c -O3 -g line 18 arg1 == 1
FAIL: gcc.dg/guality/pr36728-2.c -O3 -g line 18 arg2 == 2
FAIL: gcc.dg/guality/pr36728-2.c -O3 -g line 18 arg3 == 3
FAIL: gcc.dg/guality/pr36728-2.c -O3 -g line 18 arg4 == 4
FAIL: gcc.dg/guality/pr36728-2.c -O3 -g line 18 arg5 == 5
FAIL: gcc.dg/guality/pr36728-2.c -O3 -g line 18 arg6 == 6
FAIL: gcc.dg/guality/pr36728-2.c -O3 -g line 18 arg7 == 30
XPASS: gcc.dg/guality/pr41353-1.c -O0 line 28 j == 28 + 37
FAIL: gcc.dg/guality/pr41447-1.c -O2 execution test
FAIL: gcc.dg/guality/pr41447-1.c -O2 -flto -fno-use-linker-plugin -flto-partition=none execution test
FAIL: gcc.dg/guality/pr41447-1.c -O3 -g execution test
FAIL: gcc.dg/guality/pr41447-1.c -Os execution test
FAIL: gcc.dg/guality/pr41616-1.c -O2 -flto -fuse-linker-plugin -fno-fat-lto-objects execution test
FAIL: gcc.dg/guality/pr41616-1.c -O3 -g execution test
FAIL: gcc.dg/guality/pr45882.c -O2 -flto -fuse-linker-plugin -fno-fat-lto-objects line 16 d == 112
FAIL: gcc.dg/guality/pr45882.c -O2 -flto -fuse-linker-plugin -fno-fat-lto-objects line 16 e == 142
FAIL: gcc.dg/guality/pr54200.c -O1 line 20 z == 3
FAIL: gcc.dg/guality/pr54200.c -O2 line 20 z == 3
FAIL: gcc.dg/guality/pr54200.c -O2 -flto -fno-use-linker-plugin -flto-partition=none line 20 z == 3
FAIL: gcc.dg/guality/pr54200.c -O3 -g line 20 z == 3
FAIL: gcc.dg/guality/pr54200.c -Os line 20 z == 3
FAIL: gcc.dg/guality/pr54519-1.c -O2 -flto -fno-use-linker-plugin -flto-partition=none line 20 y == 25
FAIL: gcc.dg/guality/pr54519-1.c -O2 -flto -fno-use-linker-plugin -flto-partition=none line 20 z == 6
FAIL: gcc.dg/guality/pr54519-1.c -O2 -flto -fno-use-linker-plugin -flto-partition=none line 23 y == 117
FAIL: gcc.dg/guality/pr54519-1.c -O2 -flto -fno-use-linker-plugin -flto-partition=none line 23 z == 8
FAIL: gcc.dg/guality/pr54519-2.c -O2 line 17 y == 25
FAIL: gcc.dg/guality/pr54519-2.c -O2 -flto -fno-use-linker-plugin -flto-partition=none line 17 y == 25
FAIL: gcc.dg/guality/pr54519-2.c -O2 -flto -fuse-linker-plugin -fno-fat-lto-objects line 17 y == 25
FAIL: gcc.dg/guality/pr54519-3.c -O2 -flto -fno-use-linker-plugin -flto-partition=none line 20 y == 25
FAIL: gcc.dg/guality/pr54519-3.c -O2 -flto -fno-use-linker-plugin -flto-partition=none line 20 z == 6
FAIL: gcc.dg/guality/pr54519-3.c -O2 -flto -fno-use-linker-plugin -flto-partition=none line 23 y == 117
FAIL: gcc.dg/guality/pr54519-3.c -O2 -flto -fno-use-linker-plugin -flto-partition=none line 23 z == 8
FAIL: gcc.dg/guality/pr54519-3.c -O2 -flto -fuse-linker-plugin -fno-fat-lto-objects line 20 y == 25
FAIL: gcc.dg/guality/pr54519-3.c -O2 -flto -fuse-linker-plugin -fno-fat-lto-objects line 20 z == 6
FAIL: gcc.dg/guality/pr54519-3.c -O2 -flto -fuse-linker-plugin -fno-fat-lto-objects line 23 y == 117
FAIL: gcc.dg/guality/pr54519-3.c -O2 -flto -fuse-linker-plugin -fno-fat-lto-objects line 23 z == 8
FAIL: gcc.dg/guality/pr54519-4.c -O2 -flto -fno-use-linker-plugin -flto-partition=none line 17 y == 25
FAIL: gcc.dg/guality/pr54519-4.c -O2 -flto -fuse-linker-plugin -fno-fat-lto-objects line 17 y == 25
FAIL: gcc.dg/guality/pr54519-5.c -O2 -flto -fno-use-linker-plugin -flto-partition=none line 17 y == 25
FAIL: gcc.dg/guality/pr54519-5.c -O2 -flto -fuse-linker-plugin -fno-fat-lto-objects line 17 y == 25
FAIL: gcc.dg/guality/pr54693-2.c -Os line 21 z == 30 - 3 * i
FAIL: gcc.dg/guality/pr54693.c -Os line 22 i == c - 48
FAIL: gcc.dg/guality/pr68860-1.c -O2 -flto -fno-use-linker-plugin -flto-partition=none line 14 arg1 == 1
FAIL: gcc.dg/guality/pr68860-1.c -O2 -flto -fno-use-linker-plugin -flto-partition=none line 14 arg2 == 2
FAIL: gcc.dg/guality/pr68860-1.c -O2 -flto -fno-use-linker-plugin -flto-partition=none line 14 arg3 == 3
FAIL: gcc.dg/guality/pr68860-1.c -O2 -flto -fno-use-linker-plugin -flto-partition=none line 14 arg4 == 4
FAIL: gcc.dg/guality/pr68860-1.c -O2 -flto -fno-use-linker-plugin -flto-partition=none line 14 arg5 == 5
FAIL: gcc.dg/guality/pr68860-1.c -O2 -flto -fno-use-linker-plugin -flto-partition=none line 14 arg6 == 6
FAIL: gcc.dg/guality/pr68860-1.c -O2 -flto -fno-use-linker-plugin -flto-partition=none line 16 arg1 == 1
FAIL: gcc.dg/guality/pr68860-1.c -O2 -flto -fno-use-linker-plugin -flto-partition=none line 16 arg2 == 2
FAIL: gcc.dg/guality/pr68860-1.c -O2 -flto -fno-use-linker-plugin -flto-partition=none line 16 arg3 == 3
FAIL: gcc.dg/guality/pr68860-1.c -O2 -flto -fno-use-linker-plugin -flto-partition=none line 16 arg4 == 4
FAIL: gcc.dg/guality/pr68860-1.c -O2 -flto -fno-use-linker-plugin -flto-partition=none line 16 arg5 == 5
FAIL: gcc.dg/guality/pr68860-1.c -O2 -flto -fno-use-linker-plugin -flto-partition=none line 16 arg6 == 6
FAIL: gcc.dg/guality/pr68860-1.c -O2 -flto -fuse-linker-plugin -fno-fat-lto-objects line 14 arg1 == 1
FAIL: gcc.dg/guality/pr68860-1.c -O2 -flto -fuse-linker-plugin -fno-fat-lto-objects line 14 arg2 == 2
FAIL: gcc.dg/guality/pr68860-1.c -O2 -flto -fuse-linker-plugin -fno-fat-lto-objects line 14 arg3 == 3
FAIL: gcc.dg/guality/pr68860-1.c -O2 -flto -fuse-linker-plugin -fno-fat-lto-objects line 14 arg4 == 4
FAIL: gcc.dg/guality/pr68860-1.c -O2 -flto -fuse-linker-plugin -fno-fat-lto-objects line 14 arg5 == 5
FAIL: gcc.dg/guality/pr68860-1.c -O2 -flto -fuse-linker-plugin -fno-fat-lto-objects line 14 arg6 == 6
FAIL: gcc.dg/guality/pr68860-1.c -O2 -flto -fuse-linker-plugin -fno-fat-lto-objects line 16 arg1 == 1
FAIL: gcc.dg/guality/pr68860-1.c -O2 -flto -fuse-linker-plugin -fno-fat-lto-objects line 16 arg2 == 2
FAIL: gcc.dg/guality/pr68860-1.c -O2 -flto -fuse-linker-plugin -fno-fat-lto-objects line 16 arg3 == 3
FAIL: gcc.dg/guality/pr68860-1.c -O2 -flto -fuse-linker-plugin -fno-fat-lto-objects line 16 arg4 == 4
FAIL: gcc.dg/guality/pr68860-1.c -O2 -flto -fuse-linker-plugin -fno-fat-lto-objects line 16 arg5 == 5
FAIL: gcc.dg/guality/pr68860-1.c -O2 -flto -fuse-linker-plugin -fno-fat-lto-objects line 16 arg6 == 6
FAIL: gcc.dg/guality/vla-1.c -O2 -flto -fuse-linker-plugin -fno-fat-lto-objects line 17 sizeof (a) == 6
FAIL: gcc.dg/guality/vla-1.c -O3 -g line 17 sizeof (a) == 6
FAIL: gcc.dg/vect/pr65947-14.c -flto -ffat-lto-objects execution test
FAIL: gcc.dg/vect/pr65947-14.c execution test
FAIL: gcc.dg/vect/pr65947-9.c -flto -ffat-lto-objects scan-tree-dump vect "loop size is greater than data size"
FAIL: gcc.dg/vect/pr65947-9.c scan-tree-dump vect "loop size is greater than data size"
FAIL: gcc.dg/vect/slp-perm-9.c -flto -ffat-lto-objects scan-tree-dump-times vect "vectorized 1 loops" 1
FAIL: gcc.dg/vect/slp-perm-9.c scan-tree-dump-times vect "vectorized 1 loops" 1
FAIL: gcc.target/aarch64/_Float16_1.c (test for excess errors)
FAIL: gcc.target/aarch64/_Float16_2.c (test for excess errors)
FAIL: gcc.target/aarch64/_Float16_3.c (test for excess errors)
FAIL: gcc.target/aarch64/fuse_adrp_add_1.c scan-assembler adrp\\tx.*, fixed_regs\\n\\tadd\\tx.*, x.*fixed_regs
FAIL: gcc.target/aarch64/ldp_stp_1.c scan-assembler-times stp\\tw[0-9]+, w[0-9] 7
FAIL: gcc.target/aarch64/mult-synth_1.c scan-assembler-times mul\\tw[0-9]+, w[0-9]+, w[0-9]+ 1
FAIL: gcc.target/aarch64/mult-synth_2.c scan-assembler-times mul\\tw[0-9]+, w[0-9]+, w[0-9]+ 1
FAIL: gcc.target/aarch64/mult-synth_3.c scan-assembler-times mul\\tw[0-9]+, w[0-9]+, w[0-9]+ 1
FAIL: gcc.target/aarch64/pr62178.c scan-assembler ld1r\\\\t{v[0-9]+.
FAIL: gcc.target/aarch64/pr70398.c (test for excess errors)
UNRESOLVED: gcc.target/aarch64/pr70398.c compilation failed to produce executable
FAIL: gcc.target/aarch64/store-pair-1.c scan-assembler stp\\tw([0-9]+)|(zr), w[0-9]+
FAIL: gcc.target/aarch64/vect-abs-compile.c scan-assembler abs\\\\tv[0-9]+.16b
FAIL: gcc.target/aarch64/vect-abs-compile.c scan-assembler abs\\\\tv[0-9]+.8h
FAIL: gcc.target/aarch64/vect-add-sub-cond.c scan-assembler-not \\tld[^\\t]*\\t[wx]
FAIL: gcc.target/aarch64/vect-add-sub-cond.c scan-assembler-not \\tst[^\\t]*\\t[wx]
FAIL: gcc.target/aarch64/vect-compile.c scan-assembler-times addp 2
FAIL: gcc.target/aarch64/vect-compile.c scan-assembler-times addv 2
FAIL: gcc.target/aarch64/vect-faddv-compile.c scan-assembler-times faddp\\\\tv 2
FAIL: gcc.target/aarch64/vect-fcm-eq-f.c scan-assembler fcmeq\\\\tv[0-9]+.[24]s, v[0-9]+.[24]s, 0
FAIL: gcc.target/aarch64/vect-fcm-eq-f.c scan-tree-dump-times vect "vectorized 1 loops" 8
FAIL: gcc.target/aarch64/vect-fcm-ge-f.c scan-assembler fcmge\\\\tv[0-9]+.[24]s, v[0-9]+.[24]s, 0
FAIL: gcc.target/aarch64/vect-fcm-ge-f.c scan-assembler fcmlt\\\\tv[0-9]+.[24]s, v[0-9]+.[24]s, 0
FAIL: gcc.target/aarch64/vect-fcm-ge-f.c scan-tree-dump-times vect "vectorized 1 loops" 8
FAIL: gcc.target/aarch64/vect-fcm-gt-f.c scan-assembler fcmgt\\\\tv[0-9]+.[24]s, v[0-9]+.[24]s, 0
FAIL: gcc.target/aarch64/vect-fcm-gt-f.c scan-assembler fcmle\\\\tv[0-9]+.[24]s, v[0-9]+.[24]s, 0
FAIL: gcc.target/aarch64/vect-fcm-gt-f.c scan-tree-dump-times vect "vectorized 1 loops" 8
=== gcc Summary for unix//-mcpu=thunderx ===
Running target unix//-mcpu=thunderx2t99
FAIL: gcc.dg/atomic/c11-atomic-exec-2.c -O2 (internal compiler error)
FAIL: gcc.dg/atomic/c11-atomic-exec-2.c -O2 (test for excess errors)
UNRESOLVED: gcc.dg/atomic/c11-atomic-exec-2.c -O2 compilation failed to produce executable
FAIL: gcc.dg/atomic/c11-atomic-exec-2.c -O2 -flto -fno-use-linker-plugin -flto-partition=none (internal compiler error)
FAIL: gcc.dg/atomic/c11-atomic-exec-2.c -O2 -flto -fno-use-linker-plugin -flto-partition=none (test for excess errors)
UNRESOLVED: gcc.dg/atomic/c11-atomic-exec-2.c -O2 -flto -fno-use-linker-plugin -flto-partition=none compilation failed to produce executable
FAIL: gcc.dg/atomic/c11-atomic-exec-2.c -O2 -flto -fuse-linker-plugin -fno-fat-lto-objects (internal compiler error)
FAIL: gcc.dg/atomic/c11-atomic-exec-2.c -O2 -flto -fuse-linker-plugin -fno-fat-lto-objects (test for excess errors)
UNRESOLVED: gcc.dg/atomic/c11-atomic-exec-2.c -O2 -flto -fuse-linker-plugin -fno-fat-lto-objects compilation failed to produce executable
FAIL: gcc.dg/atomic/c11-atomic-exec-2.c -O3 -fomit-frame-pointer -funroll-loops -fpeel-loops -ftracer -finline-functions (internal compiler error)
FAIL: gcc.dg/atomic/c11-atomic-exec-2.c -O3 -fomit-frame-pointer -funroll-loops -fpeel-loops -ftracer -finline-functions (test for excess errors)
UNRESOLVED: gcc.dg/atomic/c11-atomic-exec-2.c -O3 -fomit-frame-pointer -funroll-loops -fpeel-loops -ftracer -finline-functions compilation failed to produce executable
FAIL: gcc.dg/atomic/c11-atomic-exec-2.c -O3 -g (internal compiler error)
FAIL: gcc.dg/atomic/c11-atomic-exec-2.c -O3 -g (test for excess errors)
UNRESOLVED: gcc.dg/atomic/c11-atomic-exec-2.c -O3 -g compilation failed to produce executable
FAIL: gcc.dg/atomic/c11-atomic-exec-3.c -O2 (internal compiler error)
FAIL: gcc.dg/atomic/c11-atomic-exec-3.c -O2 (test for excess errors)
UNRESOLVED: gcc.dg/atomic/c11-atomic-exec-3.c -O2 compilation failed to produce executable
FAIL: gcc.dg/atomic/c11-atomic-exec-3.c -O2 -flto -fno-use-linker-plugin -flto-partition=none (internal compiler error)
FAIL: gcc.dg/atomic/c11-atomic-exec-3.c -O2 -flto -fno-use-linker-plugin -flto-partition=none (test for excess errors)
UNRESOLVED: gcc.dg/atomic/c11-atomic-exec-3.c -O2 -flto -fno-use-linker-plugin -flto-partition=none compilation failed to produce executable
FAIL: gcc.dg/atomic/c11-atomic-exec-3.c -O2 -flto -fuse-linker-plugin -fno-fat-lto-objects (internal compiler error)
FAIL: gcc.dg/atomic/c11-atomic-exec-3.c -O2 -flto -fuse-linker-plugin -fno-fat-lto-objects (test for excess errors)
UNRESOLVED: gcc.dg/atomic/c11-atomic-exec-3.c -O2 -flto -fuse-linker-plugin -fno-fat-lto-objects compilation failed to produce executable
FAIL: gcc.dg/atomic/c11-atomic-exec-3.c -O3 -fomit-frame-pointer -funroll-loops -fpeel-loops -ftracer -finline-functions (internal compiler error)
FAIL: gcc.dg/atomic/c11-atomic-exec-3.c -O3 -fomit-frame-pointer -funroll-loops -fpeel-loops -ftracer -finline-functions (test for excess errors)
UNRESOLVED: gcc.dg/atomic/c11-atomic-exec-3.c -O3 -fomit-frame-pointer -funroll-loops -fpeel-loops -ftracer -finline-functions compilation failed to produce executable
FAIL: gcc.dg/atomic/c11-atomic-exec-3.c -O3 -g (internal compiler error)
FAIL: gcc.dg/atomic/c11-atomic-exec-3.c -O3 -g (test for excess errors)
UNRESOLVED: gcc.dg/atomic/c11-atomic-exec-3.c -O3 -g compilation failed to produce executable
FAIL: gcc.dg/atomic/c11-atomic-exec-4.c -O2 (internal compiler error)
FAIL: gcc.dg/atomic/c11-atomic-exec-4.c -O2 (test for excess errors)
UNRESOLVED: gcc.dg/atomic/c11-atomic-exec-4.c -O2 compilation failed to produce executable
FAIL: gcc.dg/atomic/c11-atomic-exec-4.c -O2 -flto -fno-use-linker-plugin -flto-partition=none (internal compiler error)
FAIL: gcc.dg/atomic/c11-atomic-exec-4.c -O2 -flto -fno-use-linker-plugin -flto-partition=none (test for excess errors)
UNRESOLVED: gcc.dg/atomic/c11-atomic-exec-4.c -O2 -flto -fno-use-linker-plugin -flto-partition=none compilation failed to produce executable
FAIL: gcc.dg/atomic/c11-atomic-exec-4.c -O2 -flto -fuse-linker-plugin -fno-fat-lto-objects (internal compiler error)
FAIL: gcc.dg/atomic/c11-atomic-exec-4.c -O2 -flto -fuse-linker-plugin -fno-fat-lto-objects (test for excess errors)
UNRESOLVED: gcc.dg/atomic/c11-atomic-exec-4.c -O2 -flto -fuse-linker-plugin -fno-fat-lto-objects compilation failed to produce executable
FAIL: gcc.dg/atomic/c11-atomic-exec-4.c -O3 -fomit-frame-pointer -funroll-loops -fpeel-loops -ftracer -finline-functions (internal compiler error)
FAIL: gcc.dg/atomic/c11-atomic-exec-4.c -O3 -fomit-frame-pointer -funroll-loops -fpeel-loops -ftracer -finline-functions (test for excess errors)
UNRESOLVED: gcc.dg/atomic/c11-atomic-exec-4.c -O3 -fomit-frame-pointer -funroll-loops -fpeel-loops -ftracer -finline-functions compilation failed to produce executable
FAIL: gcc.dg/atomic/c11-atomic-exec-4.c -O3 -g (internal compiler error)
FAIL: gcc.dg/atomic/c11-atomic-exec-4.c -O3 -g (test for excess errors)
UNRESOLVED: gcc.dg/atomic/c11-atomic-exec-4.c -O3 -g compilation failed to produce executable
FAIL: gcc.dg/atomic/c11-atomic-exec-5.c -O2 (internal compiler error)
FAIL: gcc.dg/atomic/c11-atomic-exec-5.c -O2 (test for excess errors)
UNRESOLVED: gcc.dg/atomic/c11-atomic-exec-5.c -O2 compilation failed to produce executable
FAIL: gcc.dg/atomic/c11-atomic-exec-5.c -O2 -flto -fno-use-linker-plugin -flto-partition=none (internal compiler error)
FAIL: gcc.dg/atomic/c11-atomic-exec-5.c -O2 -flto -fno-use-linker-plugin -flto-partition=none (test for excess errors)
UNRESOLVED: gcc.dg/atomic/c11-atomic-exec-5.c -O2 -flto -fno-use-linker-plugin -flto-partition=none compilation failed to produce executable
FAIL: gcc.dg/atomic/c11-atomic-exec-5.c -O2 -flto -fuse-linker-plugin -fno-fat-lto-objects (internal compiler error)
FAIL: gcc.dg/atomic/c11-atomic-exec-5.c -O2 -flto -fuse-linker-plugin -fno-fat-lto-objects (test for excess errors)
UNRESOLVED: gcc.dg/atomic/c11-atomic-exec-5.c -O2 -flto -fuse-linker-plugin -fno-fat-lto-objects compilation failed to produce executable
FAIL: gcc.dg/atomic/c11-atomic-exec-5.c -O3 -fomit-frame-pointer -funroll-loops -fpeel-loops -ftracer -finline-functions (internal compiler error)
FAIL: gcc.dg/atomic/c11-atomic-exec-5.c -O3 -fomit-frame-pointer -funroll-loops -fpeel-loops -ftracer -finline-functions (test for excess errors)
UNRESOLVED: gcc.dg/atomic/c11-atomic-exec-5.c -O3 -fomit-frame-pointer -funroll-loops -fpeel-loops -ftracer -finline-functions compilation failed to produce executable
FAIL: gcc.dg/atomic/c11-atomic-exec-5.c -O3 -g (internal compiler error)
FAIL: gcc.dg/atomic/c11-atomic-exec-5.c -O3 -g (test for excess errors)
UNRESOLVED: gcc.dg/atomic/c11-atomic-exec-5.c -O3 -g compilation failed to produce executable
FAIL: gcc.dg/atomic/pr65345-4.c -O2 (internal compiler error)
FAIL: gcc.dg/atomic/pr65345-4.c -O2 (test for excess errors)
FAIL: gcc.dg/atomic/pr65345-4.c -O2 -flto -fno-use-linker-plugin -flto-partition=none (internal compiler error)
FAIL: gcc.dg/atomic/pr65345-4.c -O2 -flto -fno-use-linker-plugin -flto-partition=none (test for excess errors)
FAIL: gcc.dg/atomic/pr65345-4.c -O3 -g (internal compiler error)
FAIL: gcc.dg/atomic/pr65345-4.c -O3 -g (test for excess errors)
FAIL: gcc.dg/atomic/stdatomic-compare-exchange-1.c -O2 (internal compiler error)
FAIL: gcc.dg/atomic/stdatomic-compare-exchange-1.c -O2 (test for excess errors)
UNRESOLVED: gcc.dg/atomic/stdatomic-compare-exchange-1.c -O2 compilation failed to produce executable
FAIL: gcc.dg/atomic/stdatomic-compare-exchange-1.c -O2 -flto -fno-use-linker-plugin -flto-partition=none (internal compiler error)
FAIL: gcc.dg/atomic/stdatomic-compare-exchange-1.c -O2 -flto -fno-use-linker-plugin -flto-partition=none (test for excess errors)
UNRESOLVED: gcc.dg/atomic/stdatomic-compare-exchange-1.c -O2 -flto -fno-use-linker-plugin -flto-partition=none compilation failed to produce executable
FAIL: gcc.dg/atomic/stdatomic-compare-exchange-1.c -O2 -flto -fuse-linker-plugin -fno-fat-lto-objects (internal compiler error)
FAIL: gcc.dg/atomic/stdatomic-compare-exchange-1.c -O2 -flto -fuse-linker-plugin -fno-fat-lto-objects (test for excess errors)
UNRESOLVED: gcc.dg/atomic/stdatomic-compare-exchange-1.c -O2 -flto -fuse-linker-plugin -fno-fat-lto-objects compilation failed to produce executable
FAIL: gcc.dg/atomic/stdatomic-compare-exchange-1.c -O3 -g (internal compiler error)
FAIL: gcc.dg/atomic/stdatomic-compare-exchange-1.c -O3 -g (test for excess errors)
UNRESOLVED: gcc.dg/atomic/stdatomic-compare-exchange-1.c -O3 -g compilation failed to produce executable
FAIL: gcc.dg/atomic/stdatomic-compare-exchange-2.c -O2 (internal compiler error)
FAIL: gcc.dg/atomic/stdatomic-compare-exchange-2.c -O2 (test for excess errors)
UNRESOLVED: gcc.dg/atomic/stdatomic-compare-exchange-2.c -O2 compilation failed to produce executable
FAIL: gcc.dg/atomic/stdatomic-compare-exchange-2.c -O2 -flto -fno-use-linker-plugin -flto-partition=none (internal compiler error)
FAIL: gcc.dg/atomic/stdatomic-compare-exchange-2.c -O2 -flto -fno-use-linker-plugin -flto-partition=none (test for excess errors)
UNRESOLVED: gcc.dg/atomic/stdatomic-compare-exchange-2.c -O2 -flto -fno-use-linker-plugin -flto-partition=none compilation failed to produce executable
FAIL: gcc.dg/atomic/stdatomic-compare-exchange-2.c -O2 -flto -fuse-linker-plugin -fno-fat-lto-objects (internal compiler error)
FAIL: gcc.dg/atomic/stdatomic-compare-exchange-2.c -O2 -flto -fuse-linker-plugin -fno-fat-lto-objects (test for excess errors)
UNRESOLVED: gcc.dg/atomic/stdatomic-compare-exchange-2.c -O2 -flto -fuse-linker-plugin -fno-fat-lto-objects compilation failed to produce executable
FAIL: gcc.dg/atomic/stdatomic-compare-exchange-2.c -O3 -g (internal compiler error)
FAIL: gcc.dg/atomic/stdatomic-compare-exchange-2.c -O3 -g (test for excess errors)
UNRESOLVED: gcc.dg/atomic/stdatomic-compare-exchange-2.c -O3 -g compilation failed to produce executable
FAIL: gcc.dg/atomic/stdatomic-compare-exchange-3.c -O2 (internal compiler error)
FAIL: gcc.dg/atomic/stdatomic-compare-exchange-3.c -O2 (test for excess errors)
UNRESOLVED: gcc.dg/atomic/stdatomic-compare-exchange-3.c -O2 compilation failed to produce executable
FAIL: gcc.dg/atomic/stdatomic-compare-exchange-3.c -O2 -flto -fno-use-linker-plugin -flto-partition=none (internal compiler error)
FAIL: gcc.dg/atomic/stdatomic-compare-exchange-3.c -O2 -flto -fno-use-linker-plugin -flto-partition=none (test for excess errors)
UNRESOLVED: gcc.dg/atomic/stdatomic-compare-exchange-3.c -O2 -flto -fno-use-linker-plugin -flto-partition=none compilation failed to produce executable
FAIL: gcc.dg/atomic/stdatomic-compare-exchange-3.c -O2 -flto -fuse-linker-plugin -fno-fat-lto-objects (internal compiler error)
FAIL: gcc.dg/atomic/stdatomic-compare-exchange-3.c -O2 -flto -fuse-linker-plugin -fno-fat-lto-objects (test for excess errors)
UNRESOLVED: gcc.dg/atomic/stdatomic-compare-exchange-3.c -O2 -flto -fuse-linker-plugin -fno-fat-lto-objects compilation failed to produce executable
FAIL: gcc.dg/atomic/stdatomic-compare-exchange-3.c -O3 -g (internal compiler error)
FAIL: gcc.dg/atomic/stdatomic-compare-exchange-3.c -O3 -g (test for excess errors)
UNRESOLVED: gcc.dg/atomic/stdatomic-compare-exchange-3.c -O3 -g compilation failed to produce executable
FAIL: gcc.dg/atomic/stdatomic-compare-exchange-4.c -O2 (internal compiler error)
FAIL: gcc.dg/atomic/stdatomic-compare-exchange-4.c -O2 (test for excess errors)
UNRESOLVED: gcc.dg/atomic/stdatomic-compare-exchange-4.c -O2 compilation failed to produce executable
FAIL: gcc.dg/atomic/stdatomic-compare-exchange-4.c -O2 -flto -fno-use-linker-plugin -flto-partition=none (internal compiler error)
FAIL: gcc.dg/atomic/stdatomic-compare-exchange-4.c -O2 -flto -fno-use-linker-plugin -flto-partition=none (test for excess errors)
UNRESOLVED: gcc.dg/atomic/stdatomic-compare-exchange-4.c -O2 -flto -fno-use-linker-plugin -flto-partition=none compilation failed to produce executable
FAIL: gcc.dg/atomic/stdatomic-compare-exchange-4.c -O2 -flto -fuse-linker-plugin -fno-fat-lto-objects (internal compiler error)
FAIL: gcc.dg/atomic/stdatomic-compare-exchange-4.c -O2 -flto -fuse-linker-plugin -fno-fat-lto-objects (test for excess errors)
UNRESOLVED: gcc.dg/atomic/stdatomic-compare-exchange-4.c -O2 -flto -fuse-linker-plugin -fno-fat-lto-objects compilation failed to produce executable
FAIL: gcc.dg/atomic/stdatomic-compare-exchange-4.c -O3 -g (internal compiler error)
FAIL: gcc.dg/atomic/stdatomic-compare-exchange-4.c -O3 -g (test for excess errors)
UNRESOLVED: gcc.dg/atomic/stdatomic-compare-exchange-4.c -O3 -g compilation failed to produce executable
FAIL: gcc.dg/ia64-sync-4.c (internal compiler error)
FAIL: gcc.dg/ia64-sync-4.c (test for excess errors)
FAIL: gcc.dg/pr65779.c (internal compiler error)
FAIL: gcc.dg/pr65779.c (test for excess errors)
XPASS: gcc.dg/pr78768.c -Wformat-overflow (test for warnings, line 12)
XPASS: gcc.dg/guality/example.c -O0 execution test
XPASS: gcc.dg/guality/example.c -O1 execution test
XPASS: gcc.dg/guality/example.c -O3 -g execution test
XPASS: gcc.dg/guality/guality.c -O0 execution test
XPASS: gcc.dg/guality/guality.c -O1 execution test
XPASS: gcc.dg/guality/guality.c -O2 execution test
XPASS: gcc.dg/guality/guality.c -O2 -flto -fno-use-linker-plugin -flto-partition=none execution test
XPASS: gcc.dg/guality/guality.c -O2 -flto -fuse-linker-plugin -fno-fat-lto-objects execution test
XPASS: gcc.dg/guality/guality.c -O3 -g execution test
XPASS: gcc.dg/guality/guality.c -Os execution test
XPASS: gcc.dg/guality/inline-params.c -O2 execution test
XPASS: gcc.dg/guality/inline-params.c -O2 -flto -fno-use-linker-plugin -flto-partition=none execution test
XPASS: gcc.dg/guality/inline-params.c -O3 -g execution test
XPASS: gcc.dg/guality/inline-params.c -Os execution test
FAIL: gcc.dg/guality/nrv-1.c -O2 -flto -fuse-linker-plugin -fno-fat-lto-objects line 20 a2.i[0] == 42
FAIL: gcc.dg/guality/pr36728-1.c -O2 line 18 y == 2
FAIL: gcc.dg/guality/pr36728-1.c -O2 -flto -fno-use-linker-plugin -flto-partition=none line 18 y == 2
FAIL: gcc.dg/guality/pr36728-1.c -O2 -flto -fuse-linker-plugin -fno-fat-lto-objects line 16 y == 2
FAIL: gcc.dg/guality/pr36728-1.c -O3 -g line 16 y == 2
FAIL: gcc.dg/guality/pr36728-1.c -O3 -g line 18 y == 2
FAIL: gcc.dg/guality/pr36728-2.c -O2 line 16 y == 2
FAIL: gcc.dg/guality/pr36728-2.c -O2 line 18 y == 2
FAIL: gcc.dg/guality/pr36728-2.c -O2 -flto -fno-use-linker-plugin -flto-partition=none line 16 y == 2
FAIL: gcc.dg/guality/pr36728-2.c -O2 -flto -fno-use-linker-plugin -flto-partition=none line 18 y == 2
FAIL: gcc.dg/guality/pr36728-2.c -O2 -flto -fuse-linker-plugin -fno-fat-lto-objects line 16 arg1 == 1
FAIL: gcc.dg/guality/pr36728-2.c -O2 -flto -fuse-linker-plugin -fno-fat-lto-objects line 16 arg2 == 2
FAIL: gcc.dg/guality/pr36728-2.c -O2 -flto -fuse-linker-plugin -fno-fat-lto-objects line 16 arg3 == 3
FAIL: gcc.dg/guality/pr36728-2.c -O2 -flto -fuse-linker-plugin -fno-fat-lto-objects line 16 arg4 == 4
FAIL: gcc.dg/guality/pr36728-2.c -O2 -flto -fuse-linker-plugin -fno-fat-lto-objects line 16 arg5 == 5
FAIL: gcc.dg/guality/pr36728-2.c -O2 -flto -fuse-linker-plugin -fno-fat-lto-objects line 16 arg6 == 6
FAIL: gcc.dg/guality/pr36728-2.c -O2 -flto -fuse-linker-plugin -fno-fat-lto-objects line 16 arg7 == 30
FAIL: gcc.dg/guality/pr36728-2.c -O2 -flto -fuse-linker-plugin -fno-fat-lto-objects line 16 y == 2
FAIL: gcc.dg/guality/pr36728-2.c -O2 -flto -fuse-linker-plugin -fno-fat-lto-objects line 18 arg1 == 1
FAIL: gcc.dg/guality/pr36728-2.c -O2 -flto -fuse-linker-plugin -fno-fat-lto-objects line 18 arg2 == 2
FAIL: gcc.dg/guality/pr36728-2.c -O2 -flto -fuse-linker-plugin -fno-fat-lto-objects line 18 arg3 == 3
FAIL: gcc.dg/guality/pr36728-2.c -O2 -flto -fuse-linker-plugin -fno-fat-lto-objects line 18 arg4 == 4
FAIL: gcc.dg/guality/pr36728-2.c -O2 -flto -fuse-linker-plugin -fno-fat-lto-objects line 18 arg5 == 5
FAIL: gcc.dg/guality/pr36728-2.c -O2 -flto -fuse-linker-plugin -fno-fat-lto-objects line 18 arg6 == 6
FAIL: gcc.dg/guality/pr36728-2.c -O2 -flto -fuse-linker-plugin -fno-fat-lto-objects line 18 arg7 == 30
FAIL: gcc.dg/guality/pr36728-2.c -O3 -g line 16 arg1 == 1
FAIL: gcc.dg/guality/pr36728-2.c -O3 -g line 16 arg2 == 2
FAIL: gcc.dg/guality/pr36728-2.c -O3 -g line 16 arg3 == 3
FAIL: gcc.dg/guality/pr36728-2.c -O3 -g line 16 arg4 == 4
FAIL: gcc.dg/guality/pr36728-2.c -O3 -g line 16 arg5 == 5
FAIL: gcc.dg/guality/pr36728-2.c -O3 -g line 16 arg6 == 6
FAIL: gcc.dg/guality/pr36728-2.c -O3 -g line 16 arg7 == 30
FAIL: gcc.dg/guality/pr36728-2.c -O3 -g line 16 y == 2
FAIL: gcc.dg/guality/pr36728-2.c -O3 -g line 18 arg1 == 1
FAIL: gcc.dg/guality/pr36728-2.c -O3 -g line 18 arg2 == 2
FAIL: gcc.dg/guality/pr36728-2.c -O3 -g line 18 arg3 == 3
FAIL: gcc.dg/guality/pr36728-2.c -O3 -g line 18 arg4 == 4
FAIL: gcc.dg/guality/pr36728-2.c -O3 -g line 18 arg5 == 5
FAIL: gcc.dg/guality/pr36728-2.c -O3 -g line 18 arg6 == 6
FAIL: gcc.dg/guality/pr36728-2.c -O3 -g line 18 arg7 == 30
FAIL: gcc.dg/guality/pr36728-2.c -O3 -g line 18 y == 2
FAIL: gcc.dg/guality/pr36728-2.c -Os line 18 y == 2
XPASS: gcc.dg/guality/pr41353-1.c -O0 line 28 j == 28 + 37
FAIL: gcc.dg/guality/pr41447-1.c -O2 execution test
FAIL: gcc.dg/guality/pr41447-1.c -O2 -flto -fno-use-linker-plugin -flto-partition=none execution test
FAIL: gcc.dg/guality/pr41447-1.c -O3 -g execution test
FAIL: gcc.dg/guality/pr41447-1.c -Os execution test
FAIL: gcc.dg/guality/pr41616-1.c -O2 -flto -fuse-linker-plugin -fno-fat-lto-objects execution test
FAIL: gcc.dg/guality/pr41616-1.c -O3 -g execution test
FAIL: gcc.dg/guality/pr45882.c -O2 -flto -fuse-linker-plugin -fno-fat-lto-objects line 16 d == 112
FAIL: gcc.dg/guality/pr45882.c -O2 -flto -fuse-linker-plugin -fno-fat-lto-objects line 16 e == 142
FAIL: gcc.dg/guality/pr54200.c -O1 line 20 z == 3
FAIL: gcc.dg/guality/pr54200.c -O2 line 20 z == 3
FAIL: gcc.dg/guality/pr54200.c -O2 -flto -fno-use-linker-plugin -flto-partition=none line 20 z == 3
FAIL: gcc.dg/guality/pr54200.c -O3 -g line 20 z == 3
FAIL: gcc.dg/guality/pr54200.c -Os line 20 z == 3
FAIL: gcc.dg/guality/pr54519-1.c -O2 -flto -fno-use-linker-plugin -flto-partition=none line 20 y == 25
FAIL: gcc.dg/guality/pr54519-1.c -O2 -flto -fno-use-linker-plugin -flto-partition=none line 20 z == 6
FAIL: gcc.dg/guality/pr54519-1.c -O2 -flto -fno-use-linker-plugin -flto-partition=none line 23 y == 117
FAIL: gcc.dg/guality/pr54519-1.c -O2 -flto -fno-use-linker-plugin -flto-partition=none line 23 z == 8
FAIL: gcc.dg/guality/pr54519-2.c -O2 -flto -fno-use-linker-plugin -flto-partition=none line 17 y == 25
FAIL: gcc.dg/guality/pr54519-2.c -O2 -flto -fuse-linker-plugin -fno-fat-lto-objects line 17 y == 25
FAIL: gcc.dg/guality/pr54519-3.c -O2 -flto -fno-use-linker-plugin -flto-partition=none line 20 y == 25
FAIL: gcc.dg/guality/pr54519-3.c -O2 -flto -fno-use-linker-plugin -flto-partition=none line 20 z == 6
FAIL: gcc.dg/guality/pr54519-3.c -O2 -flto -fno-use-linker-plugin -flto-partition=none line 23 y == 117
FAIL: gcc.dg/guality/pr54519-3.c -O2 -flto -fno-use-linker-plugin -flto-partition=none line 23 z == 8
FAIL: gcc.dg/guality/pr54519-3.c -O2 -flto -fuse-linker-plugin -fno-fat-lto-objects line 20 y == 25
FAIL: gcc.dg/guality/pr54519-3.c -O2 -flto -fuse-linker-plugin -fno-fat-lto-objects line 20 z == 6
FAIL: gcc.dg/guality/pr54519-3.c -O2 -flto -fuse-linker-plugin -fno-fat-lto-objects line 23 y == 117
FAIL: gcc.dg/guality/pr54519-3.c -O2 -flto -fuse-linker-plugin -fno-fat-lto-objects line 23 z == 8
FAIL: gcc.dg/guality/pr54519-4.c -O2 -flto -fno-use-linker-plugin -flto-partition=none line 17 y == 25
FAIL: gcc.dg/guality/pr54519-4.c -O2 -flto -fuse-linker-plugin -fno-fat-lto-objects line 17 y == 25
FAIL: gcc.dg/guality/pr54519-5.c -O2 -flto -fno-use-linker-plugin -flto-partition=none line 17 y == 25
FAIL: gcc.dg/guality/pr54519-5.c -O2 -flto -fuse-linker-plugin -fno-fat-lto-objects line 17 y == 25
FAIL: gcc.dg/guality/pr54693-2.c -Os line 21 z == 30 - 3 * i
FAIL: gcc.dg/guality/pr54693.c -Os line 22 i == c - 48
FAIL: gcc.dg/guality/pr68860-1.c -O2 -flto -fno-use-linker-plugin -flto-partition=none line 14 arg1 == 1
FAIL: gcc.dg/guality/pr68860-1.c -O2 -flto -fno-use-linker-plugin -flto-partition=none line 14 arg2 == 2
FAIL: gcc.dg/guality/pr68860-1.c -O2 -flto -fno-use-linker-plugin -flto-partition=none line 14 arg3 == 3
FAIL: gcc.dg/guality/pr68860-1.c -O2 -flto -fno-use-linker-plugin -flto-partition=none line 14 arg4 == 4
FAIL: gcc.dg/guality/pr68860-1.c -O2 -flto -fno-use-linker-plugin -flto-partition=none line 14 arg5 == 5
FAIL: gcc.dg/guality/pr68860-1.c -O2 -flto -fno-use-linker-plugin -flto-partition=none line 14 arg6 == 6
FAIL: gcc.dg/guality/pr68860-1.c -O2 -flto -fno-use-linker-plugin -flto-partition=none line 16 arg1 == 1
FAIL: gcc.dg/guality/pr68860-1.c -O2 -flto -fno-use-linker-plugin -flto-partition=none line 16 arg2 == 2
FAIL: gcc.dg/guality/pr68860-1.c -O2 -flto -fno-use-linker-plugin -flto-partition=none line 16 arg3 == 3
FAIL: gcc.dg/guality/pr68860-1.c -O2 -flto -fno-use-linker-plugin -flto-partition=none line 16 arg4 == 4
FAIL: gcc.dg/guality/pr68860-1.c -O2 -flto -fno-use-linker-plugin -flto-partition=none line 16 arg5 == 5
FAIL: gcc.dg/guality/pr68860-1.c -O2 -flto -fno-use-linker-plugin -flto-partition=none line 16 arg6 == 6
FAIL: gcc.dg/guality/pr68860-1.c -O2 -flto -fuse-linker-plugin -fno-fat-lto-objects line 14 arg1 == 1
FAIL: gcc.dg/guality/pr68860-1.c -O2 -flto -fuse-linker-plugin -fno-fat-lto-objects line 14 arg2 == 2
FAIL: gcc.dg/guality/pr68860-1.c -O2 -flto -fuse-linker-plugin -fno-fat-lto-objects line 14 arg3 == 3
FAIL: gcc.dg/guality/pr68860-1.c -O2 -flto -fuse-linker-plugin -fno-fat-lto-objects line 14 arg4 == 4
FAIL: gcc.dg/guality/pr68860-1.c -O2 -flto -fuse-linker-plugin -fno-fat-lto-objects line 14 arg5 == 5
FAIL: gcc.dg/guality/pr68860-1.c -O2 -flto -fuse-linker-plugin -fno-fat-lto-objects line 14 arg6 == 6
FAIL: gcc.dg/guality/pr68860-1.c -O2 -flto -fuse-linker-plugin -fno-fat-lto-objects line 16 arg1 == 1
FAIL: gcc.dg/guality/pr68860-1.c -O2 -flto -fuse-linker-plugin -fno-fat-lto-objects line 16 arg2 == 2
FAIL: gcc.dg/guality/pr68860-1.c -O2 -flto -fuse-linker-plugin -fno-fat-lto-objects line 16 arg3 == 3
FAIL: gcc.dg/guality/pr68860-1.c -O2 -flto -fuse-linker-plugin -fno-fat-lto-objects line 16 arg4 == 4
FAIL: gcc.dg/guality/pr68860-1.c -O2 -flto -fuse-linker-plugin -fno-fat-lto-objects line 16 arg5 == 5
FAIL: gcc.dg/guality/pr68860-1.c -O2 -flto -fuse-linker-plugin -fno-fat-lto-objects line 16 arg6 == 6
FAIL: gcc.dg/guality/vla-1.c -O2 -flto -fuse-linker-plugin -fno-fat-lto-objects line 17 sizeof (a) == 6
FAIL: gcc.dg/guality/vla-1.c -O3 -g line 17 sizeof (a) == 6
FAIL: gcc.dg/tree-ssa/loop-42.c (internal compiler error)
FAIL: gcc.dg/tree-ssa/loop-42.c (test for excess errors)
FAIL: c-c++-common/ubsan/null-10.c -O2 (internal compiler error)
FAIL: c-c++-common/ubsan/null-10.c -O2 (test for excess errors)
UNRESOLVED: c-c++-common/ubsan/null-10.c -O2 compilation failed to produce executable
FAIL: c-c++-common/ubsan/null-10.c -O2 -flto -fno-use-linker-plugin -flto-partition=none (internal compiler error)
FAIL: c-c++-common/ubsan/null-10.c -O2 -flto -fno-use-linker-plugin -flto-partition=none (test for excess errors)
UNRESOLVED: c-c++-common/ubsan/null-10.c -O2 -flto -fno-use-linker-plugin -flto-partition=none compilation failed to produce executable
FAIL: c-c++-common/ubsan/null-10.c -O2 -flto -fuse-linker-plugin -fno-fat-lto-objects (internal compiler error)
FAIL: c-c++-common/ubsan/null-10.c -O2 -flto -fuse-linker-plugin -fno-fat-lto-objects (test for excess errors)
UNRESOLVED: c-c++-common/ubsan/null-10.c -O2 -flto -fuse-linker-plugin -fno-fat-lto-objects compilation failed to produce executable
FAIL: c-c++-common/ubsan/null-10.c -O3 -g (internal compiler error)
FAIL: c-c++-common/ubsan/null-10.c -O3 -g (test for excess errors)
UNRESOLVED: c-c++-common/ubsan/null-10.c -O3 -g compilation failed to produce executable
FAIL: c-c++-common/ubsan/null-10.c -Os (internal compiler error)
FAIL: c-c++-common/ubsan/null-10.c -Os (test for excess errors)
UNRESOLVED: c-c++-common/ubsan/null-10.c -Os compilation failed to produce executable
FAIL: c-c++-common/ubsan/object-size-9.c -O2 (internal compiler error)
FAIL: c-c++-common/ubsan/object-size-9.c -O2 (test for excess errors)
UNRESOLVED: c-c++-common/ubsan/object-size-9.c -O2 compilation failed to produce executable
FAIL: c-c++-common/ubsan/object-size-9.c -O2 -flto -fno-use-linker-plugin -flto-partition=none (internal compiler error)
FAIL: c-c++-common/ubsan/object-size-9.c -O2 -flto -fno-use-linker-plugin -flto-partition=none (test for excess errors)
UNRESOLVED: c-c++-common/ubsan/object-size-9.c -O2 -flto -fno-use-linker-plugin -flto-partition=none compilation failed to produce executable
FAIL: gcc.dg/ubsan/float-cast-overflow-atomic.c -O2 (internal compiler error)
FAIL: gcc.dg/ubsan/float-cast-overflow-atomic.c -O2 (test for excess errors)
FAIL: gcc.dg/ubsan/float-cast-overflow-atomic.c -O2 -flto -fno-use-linker-plugin -flto-partition=none (internal compiler error)
FAIL: gcc.dg/ubsan/float-cast-overflow-atomic.c -O2 -flto -fno-use-linker-plugin -flto-partition=none (test for excess errors)
FAIL: gcc.dg/ubsan/float-cast-overflow-atomic.c -O3 -fomit-frame-pointer -funroll-loops -fpeel-loops -ftracer -finline-functions (internal compiler error)
FAIL: gcc.dg/ubsan/float-cast-overflow-atomic.c -O3 -fomit-frame-pointer -funroll-loops -fpeel-loops -ftracer -finline-functions (test for excess errors)
FAIL: gcc.dg/ubsan/float-cast-overflow-atomic.c -O3 -g (internal compiler error)
FAIL: gcc.dg/ubsan/float-cast-overflow-atomic.c -O3 -g (test for excess errors)
FAIL: gcc.dg/vect/no-section-anchors-vect-69.c scan-tree-dump-times vect "Alignment of access forced using peeling" 2
FAIL: gcc.dg/vect/no-section-anchors-vect-69.c scan-tree-dump-times vect "Vectorizing an unaligned access" 0
FAIL: gcc.dg/vect/pr65947-14.c -flto -ffat-lto-objects execution test
FAIL: gcc.dg/vect/pr65947-14.c execution test
FAIL: gcc.dg/vect/pr65947-9.c -flto -ffat-lto-objects scan-tree-dump vect "loop size is greater than data size"
FAIL: gcc.dg/vect/pr65947-9.c scan-tree-dump vect "loop size is greater than data size"
FAIL: gcc.dg/vect/section-anchors-vect-69.c scan-tree-dump-times vect "Alignment of access forced using peeling" 2
FAIL: gcc.dg/vect/section-anchors-vect-69.c scan-tree-dump-times vect "Vectorizing an unaligned access" 0
FAIL: gcc.dg/vect/slp-perm-9.c -flto -ffat-lto-objects scan-tree-dump-times vect "vectorized 1 loops" 1
FAIL: gcc.dg/vect/slp-perm-9.c scan-tree-dump-times vect "vectorized 1 loops" 1
FAIL: gcc.dg/vect/vect-28.c -flto -ffat-lto-objects scan-tree-dump-times vect "Alignment of access forced using peeling" 1
FAIL: gcc.dg/vect/vect-28.c -flto -ffat-lto-objects scan-tree-dump-times vect "Vectorizing an unaligned access" 0
FAIL: gcc.dg/vect/vect-28.c scan-tree-dump-times vect "Alignment of access forced using peeling" 1
FAIL: gcc.dg/vect/vect-28.c scan-tree-dump-times vect "Vectorizing an unaligned access" 0
FAIL: gcc.dg/vect/vect-33-big-array.c -flto -ffat-lto-objects scan-tree-dump-times vect "Alignment of access forced using peeling" 1
FAIL: gcc.dg/vect/vect-33-big-array.c -flto -ffat-lto-objects scan-tree-dump-times vect "Vectorizing an unaligned access" 0
FAIL: gcc.dg/vect/vect-33-big-array.c scan-tree-dump-times vect "Alignment of access forced using peeling" 1
FAIL: gcc.dg/vect/vect-33-big-array.c scan-tree-dump-times vect "Vectorizing an unaligned access" 0
FAIL: gcc.dg/vect/vect-70.c -flto -ffat-lto-objects scan-tree-dump-times vect "Alignment of access forced using peeling" 1
FAIL: gcc.dg/vect/vect-70.c -flto -ffat-lto-objects scan-tree-dump-times vect "Vectorizing an unaligned access" 0
FAIL: gcc.dg/vect/vect-70.c scan-tree-dump-times vect "Alignment of access forced using peeling" 1
FAIL: gcc.dg/vect/vect-70.c scan-tree-dump-times vect "Vectorizing an unaligned access" 0
FAIL: gcc.dg/vect/vect-87.c -flto -ffat-lto-objects scan-tree-dump-times vect "Alignment of access forced using peeling" 1
FAIL: gcc.dg/vect/vect-87.c -flto -ffat-lto-objects scan-tree-dump-times vect "Vectorizing an unaligned access" 0
FAIL: gcc.dg/vect/vect-87.c scan-tree-dump-times vect "Alignment of access forced using peeling" 1
FAIL: gcc.dg/vect/vect-87.c scan-tree-dump-times vect "Vectorizing an unaligned access" 0
FAIL: gcc.dg/vect/vect-88.c -flto -ffat-lto-objects scan-tree-dump-times vect "Alignment of access forced using peeling" 1
FAIL: gcc.dg/vect/vect-88.c -flto -ffat-lto-objects scan-tree-dump-times vect "Vectorizing an unaligned access" 0
FAIL: gcc.dg/vect/vect-88.c scan-tree-dump-times vect "Alignment of access forced using peeling" 1
FAIL: gcc.dg/vect/vect-88.c scan-tree-dump-times vect "Vectorizing an unaligned access" 0
FAIL: gcc.dg/vect/vect-91.c -flto -ffat-lto-objects scan-tree-dump-times vect "Alignment of access forced using peeling" 3
FAIL: gcc.dg/vect/vect-91.c scan-tree-dump-times vect "Alignment of access forced using peeling" 3
FAIL: gcc.dg/vect/vect-93.c -flto -ffat-lto-objects scan-tree-dump-times vect "Vectorizing an unaligned access" 1
FAIL: gcc.dg/vect/vect-93.c scan-tree-dump-times vect "Vectorizing an unaligned access" 1
XPASS: gcc.dg/vect/vect-95.c -flto -ffat-lto-objects scan-tree-dump-times vect "Alignment of access forced using peeling" 0
XPASS: gcc.dg/vect/vect-95.c scan-tree-dump-times vect "Alignment of access forced using peeling" 0
FAIL: gcc.target/aarch64/_Float16_1.c (test for excess errors)
FAIL: gcc.target/aarch64/_Float16_2.c (test for excess errors)
FAIL: gcc.target/aarch64/_Float16_3.c (test for excess errors)
FAIL: gcc.target/aarch64/aes_1.c (test for excess errors)
FAIL: gcc.target/aarch64/atomic-comp-swap-release-acquire.c (test for excess errors)
FAIL: gcc.target/aarch64/atomic-inst-cas.c (internal compiler error)
FAIL: gcc.target/aarch64/atomic-inst-cas.c (test for excess errors)
UNRESOLVED: gcc.target/aarch64/atomic-inst-cas.c scan-assembler-not dmb
UNRESOLVED: gcc.target/aarch64/atomic-inst-cas.c scan-assembler-not ldaxr\\t
UNRESOLVED: gcc.target/aarch64/atomic-inst-cas.c scan-assembler-not stlxr\\t
UNRESOLVED: gcc.target/aarch64/atomic-inst-cas.c scan-assembler-times cas\\t 8
UNRESOLVED: gcc.target/aarch64/atomic-inst-cas.c scan-assembler-times casa\\t 40
UNRESOLVED: gcc.target/aarch64/atomic-inst-cas.c scan-assembler-times casab\\t 20
UNRESOLVED: gcc.target/aarch64/atomic-inst-cas.c scan-assembler-times casah\\t 20
UNRESOLVED: gcc.target/aarch64/atomic-inst-cas.c scan-assembler-times casal\\t 72
UNRESOLVED: gcc.target/aarch64/atomic-inst-cas.c scan-assembler-times casalb\\t 36
UNRESOLVED: gcc.target/aarch64/atomic-inst-cas.c scan-assembler-times casalh\\t 36
UNRESOLVED: gcc.target/aarch64/atomic-inst-cas.c scan-assembler-times casb\\t 4
UNRESOLVED: gcc.target/aarch64/atomic-inst-cas.c scan-assembler-times cash\\t 4
UNRESOLVED: gcc.target/aarch64/atomic-inst-cas.c scan-assembler-times casl\\t 8
UNRESOLVED: gcc.target/aarch64/atomic-inst-cas.c scan-assembler-times caslb\\t 4
UNRESOLVED: gcc.target/aarch64/atomic-inst-cas.c scan-assembler-times caslh\\t 4
FAIL: gcc.target/aarch64/atomic-inst-ldadd.c (test for excess errors)
FAIL: gcc.target/aarch64/atomic-inst-ldlogic.c (test for excess errors)
FAIL: gcc.target/aarch64/atomic-inst-swp.c (test for excess errors)
FAIL: gcc.target/aarch64/atomic-op-acq_rel.c (test for excess errors)
FAIL: gcc.target/aarch64/atomic-op-acquire.c (test for excess errors)
FAIL: gcc.target/aarch64/atomic-op-char.c (test for excess errors)
FAIL: gcc.target/aarch64/atomic-op-consume.c (test for excess errors)
FAIL: gcc.target/aarch64/atomic-op-imm.c (test for excess errors)
FAIL: gcc.target/aarch64/atomic-op-int.c (test for excess errors)
FAIL: gcc.target/aarch64/atomic-op-long.c (test for excess errors)
FAIL: gcc.target/aarch64/atomic-op-relaxed.c (test for excess errors)
FAIL: gcc.target/aarch64/atomic-op-release.c (test for excess errors)
FAIL: gcc.target/aarch64/atomic-op-seq_cst.c (test for excess errors)
FAIL: gcc.target/aarch64/atomic-op-short.c (test for excess errors)
FAIL: gcc.target/aarch64/atomic_cmp_exchange_zero_reg_1.c scan-assembler stxr\\\\tw[0-9]+, wzr,.*
FAIL: gcc.target/aarch64/atomic_cmp_exchange_zero_strong_1.c scan-assembler-times cbnz\\\\tw[0-9]+ 2
FAIL: gcc.target/aarch64/extend.c scan-assembler ldr\\tw[0-9]+,.*sxtw #?2]
FAIL: gcc.target/aarch64/extend.c scan-assembler ldr\\tw[0-9]+,.*uxtw #?2]
FAIL: gcc.target/aarch64/fuse_adrp_add_1.c scan-assembler adrp\\tx.*, fixed_regs\\n\\tadd\\tx.*, x.*fixed_regs
FAIL: gcc.target/aarch64/index.c scan-assembler-not [us]bfiz\\t
XPASS: gcc.target/aarch64/ldp_vec_64_1.c scan-assembler ldp\\td[0-9]+, d[0-9]
FAIL: gcc.target/aarch64/mgeneral-regs_4.c (test for excess errors)
FAIL: gcc.target/aarch64/mult-synth_1.c scan-assembler-times mul\\tw[0-9]+, w[0-9]+, w[0-9]+ 1
FAIL: gcc.target/aarch64/mult-synth_2.c scan-assembler-times mul\\tw[0-9]+, w[0-9]+, w[0-9]+ 1
FAIL: gcc.target/aarch64/mult-synth_3.c scan-assembler-times mul\\tw[0-9]+, w[0-9]+, w[0-9]+ 1
FAIL: gcc.target/aarch64/mult-synth_4.c scan-assembler-times smull\\tx[0-9]+, w[0-9]+, w[0-9]+ 1
FAIL: gcc.target/aarch64/negs.c (internal compiler error)
FAIL: gcc.target/aarch64/negs.c (test for excess errors)
UNRESOLVED: gcc.target/aarch64/negs.c compilation failed to produce executable
FAIL: gcc.target/aarch64/negs.c scan-assembler negs\\tw[0-9]+, w[0-9]+
FAIL: gcc.target/aarch64/negs.c scan-assembler negs\\tw[0-9]+, w[0-9]+, lsl 3
FAIL: gcc.target/aarch64/negs.c scan-assembler negs\\tx[0-9]+, x[0-9]+
FAIL: gcc.target/aarch64/negs.c scan-assembler negs\\tx[0-9]+, x[0-9]+, lsl 3
FAIL: gcc.target/aarch64/nofp_1.c (test for excess errors)
FAIL: gcc.target/aarch64/pmull_1.c (test for excess errors)
FAIL: gcc.target/aarch64/pr62178.c scan-assembler ld1r\\\\t{v[0-9]+.
FAIL: gcc.target/aarch64/pr69245_1.c (test for excess errors)
FAIL: gcc.target/aarch64/pr69245_2.c (test for excess errors)
FAIL: gcc.target/aarch64/pr70398.c (test for excess errors)
UNRESOLVED: gcc.target/aarch64/pr70398.c compilation failed to produce executable
FAIL: gcc.target/aarch64/pragma_cpp_predefs_1.c (test for excess errors)
FAIL: gcc.target/aarch64/sha1_1.c (test for excess errors)
FAIL: gcc.target/aarch64/sha256_1.c (test for excess errors)
FAIL: gcc.target/aarch64/sync-comp-swap.c (test for excess errors)
FAIL: gcc.target/aarch64/sync-op-acquire.c (test for excess errors)
FAIL: gcc.target/aarch64/sync-op-full.c (test for excess errors)
FAIL: gcc.target/aarch64/sync-op-release.c (test for excess errors)
FAIL: gcc.target/aarch64/target_attr_10.c (test for excess errors)
FAIL: gcc.target/aarch64/target_attr_13.c (test for excess errors)
FAIL: gcc.target/aarch64/target_attr_15.c (test for excess errors)
FAIL: gcc.target/aarch64/target_attr_3.c scan-assembler-times between mem op and 1
FAIL: gcc.target/aarch64/target_attr_4.c (test for excess errors)
FAIL: gcc.target/aarch64/thunderxnoloadpair.c scan-assembler-not ldp\\tw[0-9]+, w[0-9]
FAIL: gcc.target/aarch64/vect-abs-compile.c scan-assembler abs\\\\tv[0-9]+.16b
FAIL: gcc.target/aarch64/vect-abs-compile.c scan-assembler abs\\\\tv[0-9]+.8h
FAIL: gcc.target/aarch64/vect-add-sub-cond.c scan-assembler-not \\tld[^\\t]*\\t[wx]
FAIL: gcc.target/aarch64/vect-add-sub-cond.c scan-assembler-not \\tst[^\\t]*\\t[wx]
FAIL: gcc.target/aarch64/vect-compile.c scan-assembler-times addp 2
FAIL: gcc.target/aarch64/vect-vaddv.c execution test
FAIL: gcc.target/aarch64/acle/crc32b.c (test for excess errors)
FAIL: gcc.target/aarch64/acle/crc32cb.c (test for excess errors)
FAIL: gcc.target/aarch64/acle/crc32cd.c (test for excess errors)
FAIL: gcc.target/aarch64/acle/crc32ch.c (test for excess errors)
FAIL: gcc.target/aarch64/acle/crc32cw.c (test for excess errors)
FAIL: gcc.target/aarch64/acle/crc32d.c (test for excess errors)
FAIL: gcc.target/aarch64/acle/crc32h.c (test for excess errors)
FAIL: gcc.target/aarch64/acle/crc32w.c (test for excess errors)
FAIL: gcc.target/aarch64/advsimd-intrinsics/p64_p128.c -O0 (test for excess errors)
FAIL: gcc.target/aarch64/advsimd-intrinsics/p64_p128.c -O1 (test for excess errors)
FAIL: gcc.target/aarch64/advsimd-intrinsics/p64_p128.c -O2 (test for excess errors)
FAIL: gcc.target/aarch64/advsimd-intrinsics/p64_p128.c -O2 -flto -fno-use-linker-plugin -flto-partition=none (test for excess errors)
FAIL: gcc.target/aarch64/advsimd-intrinsics/p64_p128.c -O2 -flto -fuse-linker-plugin -fno-fat-lto-objects (test for excess errors)
FAIL: gcc.target/aarch64/advsimd-intrinsics/p64_p128.c -O3 -fomit-frame-pointer -funroll-loops -fpeel-loops -ftracer -finline-functions (test for excess errors)
FAIL: gcc.target/aarch64/advsimd-intrinsics/p64_p128.c -O3 -g (test for excess errors)
FAIL: gcc.target/aarch64/advsimd-intrinsics/p64_p128.c -Og -g (test for excess errors)
FAIL: gcc.target/aarch64/advsimd-intrinsics/p64_p128.c -Os (test for excess errors)
FAIL: gcc.target/aarch64/advsimd-intrinsics/vreinterpret_p128.c -O0 (test for excess errors)
FAIL: gcc.target/aarch64/advsimd-intrinsics/vreinterpret_p128.c -O1 (test for excess errors)
FAIL: gcc.target/aarch64/advsimd-intrinsics/vreinterpret_p128.c -O2 (test for excess errors)
FAIL: gcc.target/aarch64/advsimd-intrinsics/vreinterpret_p128.c -O2 -flto -fno-use-linker-plugin -flto-partition=none (test for excess errors)
FAIL: gcc.target/aarch64/advsimd-intrinsics/vreinterpret_p128.c -O2 -flto -fuse-linker-plugin -fno-fat-lto-objects (test for excess errors)
FAIL: gcc.target/aarch64/advsimd-intrinsics/vreinterpret_p128.c -O3 -g (test for excess errors)
FAIL: gcc.target/aarch64/advsimd-intrinsics/vreinterpret_p128.c -Og -g (test for excess errors)
FAIL: gcc.target/aarch64/advsimd-intrinsics/vreinterpret_p128.c -Os (test for excess errors)
FAIL: gcc.target/aarch64/advsimd-intrinsics/vreinterpret_p64.c -O0 (test for excess errors)
FAIL: gcc.target/aarch64/advsimd-intrinsics/vreinterpret_p64.c -O1 (test for excess errors)
FAIL: gcc.target/aarch64/advsimd-intrinsics/vreinterpret_p64.c -O2 (test for excess errors)
FAIL: gcc.target/aarch64/advsimd-intrinsics/vreinterpret_p64.c -O2 -flto -fno-use-linker-plugin -flto-partition=none (test for excess errors)
FAIL: gcc.target/aarch64/advsimd-intrinsics/vreinterpret_p64.c -O2 -flto -fuse-linker-plugin -fno-fat-lto-objects (test for excess errors)
FAIL: gcc.target/aarch64/advsimd-intrinsics/vreinterpret_p64.c -O3 -g (test for excess errors)
FAIL: gcc.target/aarch64/advsimd-intrinsics/vreinterpret_p64.c -Og -g (test for excess errors)
FAIL: gcc.target/aarch64/advsimd-intrinsics/vreinterpret_p64.c -Os (test for excess errors)
=== gcc Summary for unix//-mcpu=thunderx2t99 ===
=== gcc Summary ===
/home/jenkins/workspace/BuildThunderX_native_gcc_upstream_CENTOS/objdir/gcc/xgcc version 8.0.0 20170706 (experimental) [master revision 0010322:6c331c0:376e5eaa573baaf3b8ebb2356f95f07ebfe30840] (Cavium Inc. (Build 55))
=== gfortran tests ===
Running target unix/
XPASS: gfortran.dg/ieee/ieee_8.f90 -O0 execution test
XPASS: gfortran.dg/ieee/ieee_8.f90 -O1 execution test
XPASS: gfortran.dg/ieee/ieee_8.f90 -O2 execution test
XPASS: gfortran.dg/ieee/ieee_8.f90 -O3 -fomit-frame-pointer -funroll-loops -fpeel-loops -ftracer -finline-functions execution test
XPASS: gfortran.dg/ieee/ieee_8.f90 -O3 -g execution test
XPASS: gfortran.dg/ieee/ieee_8.f90 -Os execution test
FAIL: gfortran.dg/vect/vect-2.f90 -O scan-tree-dump-times vect "Alignment of access forced using peeling" 3
FAIL: gfortran.dg/vect/vect-2.f90 -O scan-tree-dump-times vect "Vectorizing an unaligned access" 2
FAIL: gfortran.dg/vect/vect-3.f90 -O scan-tree-dump-times vect "Alignment of access forced using peeling" 1
FAIL: gfortran.dg/vect/vect-3.f90 -O scan-tree-dump-times vect "Vectorizing an unaligned access" 1
FAIL: gfortran.dg/vect/vect-4.f90 -O scan-tree-dump-times vect "Alignment of access forced using peeling" 1
FAIL: gfortran.dg/vect/vect-4.f90 -O scan-tree-dump-times vect "Vectorizing an unaligned access" 1
FAIL: gfortran.dg/vect/vect-5.f90 -O scan-tree-dump-times vect "Alignment of access forced using peeling" 1
FAIL: gfortran.dg/vect/vect-5.f90 -O scan-tree-dump-times vect "Vectorizing an unaligned access" 1
=== gfortran Summary for unix/ ===
# of expected passes 3600
Running target unix//-mcpu=thunderx
XPASS: gfortran.dg/ieee/ieee_8.f90 -O0 execution test
XPASS: gfortran.dg/ieee/ieee_8.f90 -O1 execution test
XPASS: gfortran.dg/ieee/ieee_8.f90 -O2 execution test
XPASS: gfortran.dg/ieee/ieee_8.f90 -O3 -fomit-frame-pointer -funroll-loops -fpeel-loops -ftracer -finline-functions execution test
XPASS: gfortran.dg/ieee/ieee_8.f90 -O3 -g execution test
XPASS: gfortran.dg/ieee/ieee_8.f90 -Os execution test
FAIL: gfortran.dg/vect/fast-math-mgrid-resid.f -O scan-tree-dump pcom "Executing predictive commoning without unrolling"
FAIL: gfortran.dg/vect/fast-math-mgrid-resid.f -O scan-tree-dump pcom "vectp_u.*__lsm.* = PHI <.*vectp_u.*__lsm"
FAIL: gfortran.dg/vect/pr62283.f -O scan-tree-dump-times vect "vectorized 1 loops" 2
=== gfortran Summary for unix//-mcpu=thunderx ===
# of expected passes 3600
Running target unix//-mcpu=thunderx2t99
FAIL: gfortran.dg/coarray/atomic_2.f90 -fcoarray=single -O2 -latomic (internal compiler error)
FAIL: gfortran.dg/coarray/atomic_2.f90 -fcoarray=single -O2 -latomic (test for excess errors)
UNRESOLVED: gfortran.dg/coarray/atomic_2.f90 -fcoarray=single -O2 -latomic compilation failed to produce executable
XPASS: gfortran.dg/ieee/ieee_8.f90 -O0 execution test
XPASS: gfortran.dg/ieee/ieee_8.f90 -O1 execution test
XPASS: gfortran.dg/ieee/ieee_8.f90 -O2 execution test
XPASS: gfortran.dg/ieee/ieee_8.f90 -O3 -fomit-frame-pointer -funroll-loops -fpeel-loops -ftracer -finline-functions execution test
XPASS: gfortran.dg/ieee/ieee_8.f90 -O3 -g execution test
XPASS: gfortran.dg/ieee/ieee_8.f90 -Os execution test
FAIL: gfortran.dg/vect/vect-2.f90 -O scan-tree-dump-times vect "Alignment of access forced using peeling" 3
FAIL: gfortran.dg/vect/vect-2.f90 -O scan-tree-dump-times vect "Vectorizing an unaligned access" 2
FAIL: gfortran.dg/vect/vect-3.f90 -O scan-tree-dump-times vect "Alignment of access forced using peeling" 1
FAIL: gfortran.dg/vect/vect-3.f90 -O scan-tree-dump-times vect "Vectorizing an unaligned access" 1
FAIL: gfortran.dg/vect/vect-4.f90 -O scan-tree-dump-times vect "Alignment of access forced using peeling" 1
FAIL: gfortran.dg/vect/vect-4.f90 -O scan-tree-dump-times vect "Vectorizing an unaligned access" 1
FAIL: gfortran.dg/vect/vect-5.f90 -O scan-tree-dump-times vect "Alignment of access forced using peeling" 1
FAIL: gfortran.dg/vect/vect-5.f90 -O scan-tree-dump-times vect "Vectorizing an unaligned access" 1
=== gfortran Summary for unix//-mcpu=thunderx2t99 ===
# of expected passes 3600
=== gfortran Summary ===
# of expected passes 10800
/home/jenkins/workspace/BuildThunderX_native_gcc_upstream_CENTOS/objdir/gcc/testsuite/gfortran/../../gfortran version 8.0.0 20170706 (experimental) [master revision 0010322:6c331c0:376e5eaa573baaf3b8ebb2356f95f07ebfe30840] (Cavium Inc. (Build 55))
=== g++ tests ===
Running target unix/
FAIL: g++.dg/guality/pr55665.C -O2 line 23 p == 40
FAIL: g++.dg/tls/thread_local-order2.C -std=c++11 execution test
FAIL: g++.dg/tls/thread_local-order2.C -std=c++14 execution test
FAIL: g++.dg/vect/slp-pr56812.cc -std=c++11 scan-tree-dump-times slp1 "basic block vectorized" 1
FAIL: g++.dg/vect/slp-pr56812.cc -std=c++14 scan-tree-dump-times slp1 "basic block vectorized" 1
FAIL: g++.dg/vect/slp-pr56812.cc -std=c++98 scan-tree-dump-times slp1 "basic block vectorized" 1
=== g++ Summary for unix/ ===
# of expected passes 20259
# of expected failures 63
# of unsupported tests 89
Running target unix//-mcpu=thunderx
FAIL: g++.dg/guality/pr55665.C -O2 line 23 p == 40
FAIL: g++.dg/tls/thread_local-order2.C -std=c++11 execution test
FAIL: g++.dg/tls/thread_local-order2.C -std=c++14 execution test
FAIL: g++.dg/vect/slp-pr56812.cc -std=c++11 scan-tree-dump-times slp1 "basic block vectorized" 1
FAIL: g++.dg/vect/slp-pr56812.cc -std=c++14 scan-tree-dump-times slp1 "basic block vectorized" 1
FAIL: g++.dg/vect/slp-pr56812.cc -std=c++98 scan-tree-dump-times slp1 "basic block vectorized" 1
=== g++ Summary for unix//-mcpu=thunderx ===
# of expected passes 20259
# of expected failures 63
# of unsupported tests 89
Running target unix//-mcpu=thunderx2t99
FAIL: g++.dg/tree-ssa/pr27283.C -std=gnu++11 (internal compiler error)
FAIL: g++.dg/tree-ssa/pr27283.C -std=gnu++11 (test for excess errors)
FAIL: g++.dg/tree-ssa/pr27283.C -std=gnu++14 (internal compiler error)
FAIL: g++.dg/tree-ssa/pr27283.C -std=gnu++14 (test for excess errors)
FAIL: g++.dg/tree-ssa/pr27283.C -std=gnu++98 (internal compiler error)
FAIL: g++.dg/tree-ssa/pr27283.C -std=gnu++98 (test for excess errors)
FAIL: g++.dg/guality/pr55665.C -O2 line 23 p == 40
FAIL: g++.dg/tls/thread_local-order2.C -std=c++11 execution test
FAIL: g++.dg/tls/thread_local-order2.C -std=c++14 execution test
FAIL: g++.dg/torture/pr39417.C -O2 -flto -fuse-linker-plugin -fno-fat-lto-objects (internal compiler error)
FAIL: g++.dg/torture/pr39417.C -O2 -flto -fuse-linker-plugin -fno-fat-lto-objects (test for excess errors)
UNRESOLVED: g++.dg/torture/pr39417.C -O2 -flto -fuse-linker-plugin -fno-fat-lto-objects compilation failed to produce executable
FAIL: c-c++-common/ubsan/null-10.c -O2 (internal compiler error)
FAIL: c-c++-common/ubsan/null-10.c -O2 (test for excess errors)
UNRESOLVED: c-c++-common/ubsan/null-10.c -O2 compilation failed to produce executable
FAIL: c-c++-common/ubsan/null-10.c -O2 -flto -fno-use-linker-plugin -flto-partition=none (internal compiler error)
FAIL: c-c++-common/ubsan/null-10.c -O2 -flto -fno-use-linker-plugin -flto-partition=none (test for excess errors)
UNRESOLVED: c-c++-common/ubsan/null-10.c -O2 -flto -fno-use-linker-plugin -flto-partition=none compilation failed to produce executable
FAIL: c-c++-common/ubsan/null-10.c -O2 -flto -fuse-linker-plugin -fno-fat-lto-objects (internal compiler error)
FAIL: c-c++-common/ubsan/null-10.c -O2 -flto -fuse-linker-plugin -fno-fat-lto-objects (test for excess errors)
UNRESOLVED: c-c++-common/ubsan/null-10.c -O2 -flto -fuse-linker-plugin -fno-fat-lto-objects compilation failed to produce executable
FAIL: c-c++-common/ubsan/null-10.c -O3 -g (internal compiler error)
FAIL: c-c++-common/ubsan/null-10.c -O3 -g (test for excess errors)
UNRESOLVED: c-c++-common/ubsan/null-10.c -O3 -g compilation failed to produce executable
FAIL: c-c++-common/ubsan/null-10.c -Os (internal compiler error)
FAIL: c-c++-common/ubsan/null-10.c -Os (test for excess errors)
UNRESOLVED: c-c++-common/ubsan/null-10.c -Os compilation failed to produce executable
FAIL: c-c++-common/ubsan/object-size-9.c -O2 (internal compiler error)
FAIL: c-c++-common/ubsan/object-size-9.c -O2 (test for excess errors)
UNRESOLVED: c-c++-common/ubsan/object-size-9.c -O2 compilation failed to produce executable
FAIL: c-c++-common/ubsan/object-size-9.c -O2 -flto -fno-use-linker-plugin -flto-partition=none (internal compiler error)
FAIL: c-c++-common/ubsan/object-size-9.c -O2 -flto -fno-use-linker-plugin -flto-partition=none (test for excess errors)
UNRESOLVED: c-c++-common/ubsan/object-size-9.c -O2 -flto -fno-use-linker-plugin -flto-partition=none compilation failed to produce executable
FAIL: g++.dg/vect/slp-pr56812.cc -std=c++11 scan-tree-dump-times slp1 "basic block vectorized" 1
FAIL: g++.dg/vect/slp-pr56812.cc -std=c++14 scan-tree-dump-times slp1 "basic block vectorized" 1
FAIL: g++.dg/vect/slp-pr56812.cc -std=c++98 scan-tree-dump-times slp1 "basic block vectorized" 1
=== g++ Summary for unix//-mcpu=thunderx2t99 ===
# of expected passes 20259
# of expected failures 63
# of unsupported tests 89
=== g++ Summary ===
# of expected passes 60777
# of expected failures 189
# of unsupported tests 267
/home/jenkins/workspace/BuildThunderX_native_gcc_upstream_CENTOS/objdir/gcc/testsuite/g++/../../xg++ version 8.0.0 20170706 (experimental) [master revision 0010322:6c331c0:376e5eaa573baaf3b8ebb2356f95f07ebfe30840] (Cavium Inc. (Build 55))
=== go tests ===
Running target unix/
FAIL: go.test/test/ken/cplx2.go execution, -O2 -g
=== go Summary for unix/ ===
# of expected passes 6757
# of unexpected failures 1
# of expected failures 1
# of untested testcases 10
# of unsupported tests 3
Running target unix//-mcpu=thunderx
FAIL: go.test/test/ken/cplx2.go execution, -O2 -g
=== go Summary for unix//-mcpu=thunderx ===
# of expected passes 6757
# of unexpected failures 1
# of expected failures 1
# of untested testcases 10
# of unsupported tests 3
Running target unix//-mcpu=thunderx2t99
FAIL: go.test/test/ken/chan.go, -O2 -g (internal compiler error)
FAIL: go.test/test/ken/cplx2.go execution, -O2 -g
=== go Summary for unix//-mcpu=thunderx2t99 ===
# of expected passes 6755
# of unexpected failures 2
# of expected failures 1
# of untested testcases 10
# of unsupported tests 3
=== go Summary ===
# of expected passes 20269
# of unexpected failures 4
# of expected failures 3
# of untested testcases 30
# of unsupported tests 9
/home/jenkins/workspace/BuildThunderX_native_gcc_upstream_CENTOS/objdir/gcc/testsuite/go/../../gccgo version 8.0.0 20170706 (experimental) [master revision 0010322:6c331c0:376e5eaa573baaf3b8ebb2356f95f07ebfe30840] (Cavium Inc. (Build 55))
=== gotools tests ===
FAIL: TestCgoCallbackGC
FAIL: TestCgoExternalThreadSignal
FAIL: TestCgoExternalThreadSIGPROF
=== gotools Summary ===
# of expected passes 310
# of unexpected failures 3
# of untested testcases 119
/home/jenkins/workspace/BuildThunderX_native_gcc_upstream_CENTOS/objdir/./gcc/gccgo version 8.0.0 20170706 (experimental) [master revision 0010322:6c331c0:376e5eaa573baaf3b8ebb2356f95f07ebfe30840] (Cavium Inc. (Build 55))
Compiler version: 8.0.0 20170706 (experimental) [master revision 0010322:6c331c0:376e5eaa573baaf3b8ebb2356f95f07ebfe30840] (Cavium Inc. (Build 55))
Platform: aarch64-unknown-linux-gnu
configure flags: --prefix=/home/jenkins/workspace/BuildThunderX_native_gcc_upstream_CENTOS/objdir/../tools --enable-languages=c,c++,fortran,go --disable-werror --with-sysroot=/ --enable-plugins --enable-gnu-indirect-function --with-pkgversion='Cavium Inc. (Build 55)'