This is the mail archive of the
gcc-testresults@gcc.gnu.org
mailing list for the GCC project.
Results for 8.0.0 20170701 (experimental) (GCC) (build config: standard; languages: all,go,ada,jit --enable-host-shared; trunk revision 249872) testsuite on x86_64-pc-linux-gnu
- From: Toon Moene <toon at moene dot org>
- To: gcc-testresults at gcc dot gnu dot org
- Date: Sun, 02 Jul 2017 05:03:21 +0200
- Subject: Results for 8.0.0 20170701 (experimental) (GCC) (build config: standard; languages: all,go,ada,jit --enable-host-shared; trunk revision 249872) testsuite on x86_64-pc-linux-gnu
- Authentication-results: sourceware.org; auth=none
LAST_UPDATED: Sat Jul 1 22:31:53 UTC 2017 (revision 249872)
=== acats tests ===
=== acats Summary ===
# of expected passes 2320
# of unexpected failures 0
Native configuration is x86_64-pc-linux-gnu
=== brig tests ===
Running target unix
=== brig Summary ===
# of unsupported tests 1
=== gcc tests ===
Running target unix
XPASS: gcc.dg/pr78768.c -Wformat-overflow (test for warnings, line 12)
XPASS: gcc.dg/guality/example.c -O0 execution test
XPASS: gcc.dg/guality/example.c -O1 execution test
XPASS: gcc.dg/guality/guality.c -O0 execution test
XPASS: gcc.dg/guality/guality.c -O1 execution test
XPASS: gcc.dg/guality/guality.c -O2 execution test
XPASS: gcc.dg/guality/guality.c -O2 -flto -fno-use-linker-plugin -flto-partition=none execution test
XPASS: gcc.dg/guality/guality.c -O2 -flto -fuse-linker-plugin -fno-fat-lto-objects execution test
XPASS: gcc.dg/guality/guality.c -O3 -g execution test
XPASS: gcc.dg/guality/guality.c -Os execution test
XPASS: gcc.dg/guality/inline-params.c -O2 execution test
XPASS: gcc.dg/guality/inline-params.c -O2 -flto -fno-use-linker-plugin -flto-partition=none execution test
XPASS: gcc.dg/guality/inline-params.c -O3 -g execution test
XPASS: gcc.dg/guality/inline-params.c -Os execution test
XPASS: gcc.dg/guality/pr41353-1.c -O0 line 28 j == 28 + 37
XPASS: gcc.dg/guality/pr41353-1.c -O1 line 28 j == 28 + 37
XPASS: gcc.dg/guality/pr41353-1.c -O2 line 28 j == 28 + 37
XPASS: gcc.dg/guality/pr41353-1.c -O2 -flto -fno-use-linker-plugin -flto-partition=none line 28 j == 28 + 37
XPASS: gcc.dg/guality/pr41353-1.c -O2 -flto -fuse-linker-plugin -fno-fat-lto-objects line 28 j == 28 + 37
XPASS: gcc.dg/guality/pr41353-1.c -O3 -g line 28 j == 28 + 37
XPASS: gcc.dg/guality/pr41353-1.c -Os line 28 j == 28 + 37
FAIL: gcc.dg/guality/pr41616-1.c -O2 -flto -fuse-linker-plugin -fno-fat-lto-objects execution test
FAIL: gcc.dg/guality/pr41616-1.c -O3 -g execution test
FAIL: gcc.dg/guality/pr54200.c -Os line 20 z == 3
FAIL: gcc.dg/guality/pr54519-1.c -O2 -flto -fno-use-linker-plugin -flto-partition=none line 20 y == 25
FAIL: gcc.dg/guality/pr54519-1.c -O2 -flto -fno-use-linker-plugin -flto-partition=none line 20 z == 6
FAIL: gcc.dg/guality/pr54519-1.c -O2 -flto -fno-use-linker-plugin -flto-partition=none line 23 y == 117
FAIL: gcc.dg/guality/pr54519-1.c -O2 -flto -fno-use-linker-plugin -flto-partition=none line 23 z == 8
FAIL: gcc.dg/guality/pr54519-2.c -O2 -flto -fno-use-linker-plugin -flto-partition=none line 17 y == 25
FAIL: gcc.dg/guality/pr54519-2.c -O2 -flto -fuse-linker-plugin -fno-fat-lto-objects line 17 y == 25
FAIL: gcc.dg/guality/pr54519-3.c -O2 -flto -fno-use-linker-plugin -flto-partition=none line 20 y == 25
FAIL: gcc.dg/guality/pr54519-3.c -O2 -flto -fno-use-linker-plugin -flto-partition=none line 20 z == 6
FAIL: gcc.dg/guality/pr54519-3.c -O2 -flto -fno-use-linker-plugin -flto-partition=none line 23 y == 117
FAIL: gcc.dg/guality/pr54519-3.c -O2 -flto -fno-use-linker-plugin -flto-partition=none line 23 z == 8
FAIL: gcc.dg/guality/pr54519-3.c -O2 -flto -fuse-linker-plugin -fno-fat-lto-objects line 20 y == 25
FAIL: gcc.dg/guality/pr54519-3.c -O2 -flto -fuse-linker-plugin -fno-fat-lto-objects line 20 z == 6
FAIL: gcc.dg/guality/pr54519-3.c -O2 -flto -fuse-linker-plugin -fno-fat-lto-objects line 23 y == 117
FAIL: gcc.dg/guality/pr54519-3.c -O2 -flto -fuse-linker-plugin -fno-fat-lto-objects line 23 z == 8
FAIL: gcc.dg/guality/pr54519-4.c -O2 -flto -fno-use-linker-plugin -flto-partition=none line 17 y == 25
FAIL: gcc.dg/guality/pr54519-4.c -O2 -flto -fuse-linker-plugin -fno-fat-lto-objects line 17 y == 25
FAIL: gcc.dg/guality/pr54519-5.c -O2 -flto -fno-use-linker-plugin -flto-partition=none line 17 y == 25
FAIL: gcc.dg/guality/pr54519-5.c -O2 -flto -fuse-linker-plugin -fno-fat-lto-objects line 17 y == 25
FAIL: gcc.dg/guality/pr68860-1.c -O2 -flto -fno-use-linker-plugin -flto-partition=none line 14 arg1 == 1
FAIL: gcc.dg/guality/pr68860-1.c -O2 -flto -fno-use-linker-plugin -flto-partition=none line 14 arg2 == 2
FAIL: gcc.dg/guality/pr68860-1.c -O2 -flto -fno-use-linker-plugin -flto-partition=none line 14 arg3 == 3
FAIL: gcc.dg/guality/pr68860-1.c -O2 -flto -fno-use-linker-plugin -flto-partition=none line 14 arg4 == 4
FAIL: gcc.dg/guality/pr68860-1.c -O2 -flto -fno-use-linker-plugin -flto-partition=none line 14 arg5 == 5
FAIL: gcc.dg/guality/pr68860-1.c -O2 -flto -fno-use-linker-plugin -flto-partition=none line 14 arg6 == 6
FAIL: gcc.dg/guality/pr68860-1.c -O2 -flto -fno-use-linker-plugin -flto-partition=none line 16 arg1 == 1
FAIL: gcc.dg/guality/pr68860-1.c -O2 -flto -fno-use-linker-plugin -flto-partition=none line 16 arg2 == 2
FAIL: gcc.dg/guality/pr68860-1.c -O2 -flto -fno-use-linker-plugin -flto-partition=none line 16 arg3 == 3
FAIL: gcc.dg/guality/pr68860-1.c -O2 -flto -fno-use-linker-plugin -flto-partition=none line 16 arg4 == 4
FAIL: gcc.dg/guality/pr68860-1.c -O2 -flto -fno-use-linker-plugin -flto-partition=none line 16 arg5 == 5
FAIL: gcc.dg/guality/pr68860-1.c -O2 -flto -fno-use-linker-plugin -flto-partition=none line 16 arg6 == 6
FAIL: gcc.dg/guality/pr68860-1.c -O2 -flto -fuse-linker-plugin -fno-fat-lto-objects line 14 arg1 == 1
FAIL: gcc.dg/guality/pr68860-1.c -O2 -flto -fuse-linker-plugin -fno-fat-lto-objects line 14 arg2 == 2
FAIL: gcc.dg/guality/pr68860-1.c -O2 -flto -fuse-linker-plugin -fno-fat-lto-objects line 14 arg3 == 3
FAIL: gcc.dg/guality/pr68860-1.c -O2 -flto -fuse-linker-plugin -fno-fat-lto-objects line 14 arg4 == 4
FAIL: gcc.dg/guality/pr68860-1.c -O2 -flto -fuse-linker-plugin -fno-fat-lto-objects line 14 arg5 == 5
FAIL: gcc.dg/guality/pr68860-1.c -O2 -flto -fuse-linker-plugin -fno-fat-lto-objects line 14 arg6 == 6
FAIL: gcc.dg/guality/pr68860-1.c -O2 -flto -fuse-linker-plugin -fno-fat-lto-objects line 16 arg1 == 1
FAIL: gcc.dg/guality/pr68860-1.c -O2 -flto -fuse-linker-plugin -fno-fat-lto-objects line 16 arg2 == 2
FAIL: gcc.dg/guality/pr68860-1.c -O2 -flto -fuse-linker-plugin -fno-fat-lto-objects line 16 arg3 == 3
FAIL: gcc.dg/guality/pr68860-1.c -O2 -flto -fuse-linker-plugin -fno-fat-lto-objects line 16 arg4 == 4
FAIL: gcc.dg/guality/pr68860-1.c -O2 -flto -fuse-linker-plugin -fno-fat-lto-objects line 16 arg5 == 5
FAIL: gcc.dg/guality/pr68860-1.c -O2 -flto -fuse-linker-plugin -fno-fat-lto-objects line 16 arg6 == 6
FAIL: gcc.dg/guality/vla-1.c -O1 line 17 sizeof (a) == 6
FAIL: gcc.dg/guality/vla-1.c -O2 line 17 sizeof (a) == 6
FAIL: gcc.dg/guality/vla-1.c -O2 -flto -fno-use-linker-plugin -flto-partition=none line 17 sizeof (a) == 6
FAIL: gcc.dg/guality/vla-1.c -O2 -flto -fuse-linker-plugin -fno-fat-lto-objects line 17 sizeof (a) == 6
FAIL: gcc.dg/guality/vla-1.c -O3 -g line 17 sizeof (a) == 6
FAIL: gcc.dg/guality/vla-1.c -Os line 17 sizeof (a) == 6
FAIL: gcc.dg/vect/no-section-anchors-vect-31.c scan-tree-dump-times vect "Alignment of access forced using peeling" 2
FAIL: gcc.dg/vect/no-section-anchors-vect-31.c scan-tree-dump-times vect "Vectorizing an unaligned access" 0
FAIL: gcc.dg/vect/pr65947-10.c (internal compiler error)
FAIL: gcc.dg/vect/pr65947-10.c (test for excess errors)
FAIL: gcc.dg/vect/pr65947-10.c -flto -ffat-lto-objects scan-tree-dump-times vect "LOOP VECTORIZED" 2
FAIL: gcc.dg/vect/pr65947-10.c -flto -ffat-lto-objects (internal compiler error)
FAIL: gcc.dg/vect/pr65947-10.c -flto -ffat-lto-objects (test for excess errors)
UNRESOLVED: gcc.dg/vect/pr65947-10.c -flto -ffat-lto-objects compilation failed to produce executable
UNRESOLVED: gcc.dg/vect/pr65947-10.c compilation failed to produce executable
FAIL: gcc.dg/vect/pr65947-10.c scan-tree-dump-times vect "LOOP VECTORIZED" 2
FAIL: gcc.dg/vect/pr79347.c -flto -ffat-lto-objects scan-tree-dump-not vect "Invalid sum of "
FAIL: gcc.dg/vect/pr79347.c scan-tree-dump-not vect "Invalid sum of "
FAIL: gcc.dg/vect/vect-92.c -flto -ffat-lto-objects scan-tree-dump-times vect "Alignment of access forced using peeling" 3
FAIL: gcc.dg/vect/vect-92.c -flto -ffat-lto-objects scan-tree-dump-times vect "Vectorizing an unaligned access" 0
FAIL: gcc.dg/vect/vect-92.c scan-tree-dump-times vect "Alignment of access forced using peeling" 3
FAIL: gcc.dg/vect/vect-92.c scan-tree-dump-times vect "Vectorizing an unaligned access" 0
FAIL: gcc.dg/vect/vect-93.c -flto -ffat-lto-objects scan-tree-dump-times vect "Vectorizing an unaligned access" 1
FAIL: gcc.dg/vect/vect-93.c scan-tree-dump-times vect "Vectorizing an unaligned access" 1
FAIL: gcc.dg/vect/vect-nb-iter-ub-2.c -flto -ffat-lto-objects scan-tree-dump cunroll "loop turned into non-loop; it never loops"
FAIL: gcc.dg/vect/vect-nb-iter-ub-2.c scan-tree-dump cunroll "loop turned into non-loop; it never loops"
FAIL: gcc.dg/vect/vect-nb-iter-ub-3.c -flto -ffat-lto-objects scan-tree-dump-not cunroll "loop turned into non-loop; it never loops"
FAIL: gcc.dg/vect/vect-nb-iter-ub-3.c scan-tree-dump-not cunroll "loop turned into non-loop; it never loops"
FAIL: gcc.target/i386/align-limit.c scan-assembler .p2align 6,,1
FAIL: gcc.target/i386/pr69255-2.c (test for errors, line 15)
FAIL: gcc.target/i386/pr69255-2.c (test for warnings, line 15)
FAIL: gcc.target/i386/pr69255-2.c (test for warnings, line 15)
FAIL: gcc.target/i386/pr70021.c scan-tree-dump-times vect "vectorized 1 loops" 2
FAIL: gcc.target/i386/sse-14.c (test for excess errors)
FAIL: gcc.target/i386/sse-23.c (test for excess errors)
FAIL: gcc.target/i386/sse-24.c (test for excess errors)
FAIL: gcc.target/i386/sse-25.c (test for excess errors)
FAIL: gcc.target/i386/vperm-v4sf-2.c (test for excess errors)
UNRESOLVED: gcc.target/i386/vperm-v4sf-2.c compilation failed to produce executable
FAIL: gcc.target/i386/vperm-v4si-2-sse4.c (test for excess errors)
UNRESOLVED: gcc.target/i386/vperm-v4si-2-sse4.c compilation failed to produce executable
FAIL: gcc.target/i386/vperm-v4si-2.c (test for excess errors)
UNRESOLVED: gcc.target/i386/vperm-v4si-2.c compilation failed to produce executable
FAIL: gcc.target/i386/vperm-v4si-2x.c (test for excess errors)
UNRESOLVED: gcc.target/i386/vperm-v4si-2x.c compilation failed to produce executable
WARNING: program timed out
WARNING: program timed out
WARNING: program timed out
WARNING: program timed out
WARNING: program timed out
WARNING: program timed out
WARNING: program timed out
WARNING: program timed out
WARNING: Could not build /home/toon/compilers/trunk/gcc/testsuite/gcc.target/x86_64/abi/ms-sysv/ms-sysv.c.
WARNING: Could not build /home/toon/compilers/trunk/gcc/testsuite/gcc.target/x86_64/abi/ms-sysv/ms-sysv.c.
FAIL: gcc.target/x86_64/abi/ms-sysv CFLAGS="-O2" generator_args="-p0-5"
FAIL: gcc.target/x86_64/abi/ms-sysv CFLAGS="-mcall-ms2sysv-xlogues -O2" generator_args="-p0-5"
WARNING: program timed out
WARNING: program timed out
=== gcc Summary ===
# of expected passes 134226
# of unexpected failures 86
# of unexpected successes 21
# of expected failures 382
# of unresolved testcases 6
# of unsupported tests 2191
/scratch/toon/build11195/gcc/xgcc version 8.0.0 20170701 (experimental) (GCC)
=== gfortran tests ===
Running target unix
FAIL: gfortran.dg/graphite/pr14741.f90 -O scan-tree-dump graphite "tiled by"
=== gfortran Summary ===
# of expected passes 45412
# of unexpected failures 1
# of expected failures 92
# of unsupported tests 73
/scratch/toon/build11195/gcc/gfortran version 8.0.0 20170701 (experimental) (GCC)
=== g++ tests ===
Running target unix
FAIL: g++.dg/guality/pr55665.C -O2 line 23 p == 40
FAIL: g++.dg/vect/slp-pr56812.cc -std=c++11 scan-tree-dump-times slp1 "basic block vectorized" 1
FAIL: g++.dg/vect/slp-pr56812.cc -std=c++14 scan-tree-dump-times slp1 "basic block vectorized" 1
FAIL: g++.dg/vect/slp-pr56812.cc -std=c++98 scan-tree-dump-times slp1 "basic block vectorized" 1
=== g++ Summary ===
# of expected passes 117958
# of unexpected failures 4
# of expected failures 386
# of unsupported tests 4386
/scratch/toon/build11195/gcc/xg++ version 8.0.0 20170701 (experimental) (GCC)
=== gnat tests ===
Running target unix
FAIL: gnat.dg/specs/alignment2.ads (test for warnings, line 14)
FAIL: gnat.dg/specs/alignment2.ads (test for warnings, line 20)
FAIL: gnat.dg/specs/alignment2.ads (test for warnings, line 38)
FAIL: gnat.dg/specs/alignment2.ads (test for warnings, line 42)
=== gnat Summary ===
# of expected passes 2587
# of unexpected failures 4
# of expected failures 24
# of unsupported tests 3
/scratch/toon/build11195/gcc/gnatmake version 8.0.0 20170701 (experimental)
=== go tests ===
Running target unix
FAIL: ./index0-out.go execution, -O0 -g -fno-var-tracking-assignments
FAIL: go.test/test/ken/cplx2.go execution, -O2 -g
=== go Summary ===
# of expected passes 7252
# of unexpected failures 2
# of expected failures 1
# of untested testcases 6
# of unsupported tests 1
/scratch/toon/build11195/gcc/gccgo version 8.0.0 20170701 (experimental) (GCC)
=== jit tests ===
Running target unix
=== jit Summary ===
# of expected passes 9349
=== obj-c++ tests ===
Running target unix
FAIL: obj-c++.dg/basic.mm -fgnu-runtime (internal compiler error)
FAIL: obj-c++.dg/basic.mm -fgnu-runtime (test for excess errors)
UNRESOLVED: obj-c++.dg/basic.mm -fgnu-runtime compilation failed to produce executable
FAIL: obj-c++.dg/cxx-scope-2.mm -fgnu-runtime (internal compiler error)
FAIL: obj-c++.dg/cxx-scope-2.mm -fgnu-runtime (test for errors, line 14)
FAIL: obj-c++.dg/cxx-scope-2.mm -fgnu-runtime (test for errors, line 16)
FAIL: obj-c++.dg/cxx-scope-2.mm -fgnu-runtime (test for excess errors)
FAIL: obj-c++.dg/demangle-1.mm -fgnu-runtime (internal compiler error)
FAIL: obj-c++.dg/demangle-1.mm -fgnu-runtime (test for excess errors)
UNRESOLVED: obj-c++.dg/demangle-1.mm -fgnu-runtime compilation failed to produce executable
FAIL: obj-c++.dg/demangle-2.mm -fgnu-runtime (internal compiler error)
FAIL: obj-c++.dg/demangle-2.mm -fgnu-runtime (test for excess errors)
UNRESOLVED: obj-c++.dg/demangle-2.mm -fgnu-runtime compilation failed to produce executable
FAIL: obj-c++.dg/gnu-api-2-class.mm -fgnu-runtime (internal compiler error)
FAIL: obj-c++.dg/gnu-api-2-class.mm -fgnu-runtime (test for excess errors)
UNRESOLVED: obj-c++.dg/gnu-api-2-class.mm -fgnu-runtime compilation failed to produce executable
FAIL: obj-c++.dg/gnu-api-2-objc_msg_lookup.mm -fgnu-runtime (internal compiler error)
FAIL: obj-c++.dg/gnu-api-2-objc_msg_lookup.mm -fgnu-runtime (test for excess errors)
UNRESOLVED: obj-c++.dg/gnu-api-2-objc_msg_lookup.mm -fgnu-runtime compilation failed to produce executable
FAIL: obj-c++.dg/gnu-api-2-object.mm -fgnu-runtime (internal compiler error)
FAIL: obj-c++.dg/gnu-api-2-object.mm -fgnu-runtime (test for excess errors)
UNRESOLVED: obj-c++.dg/gnu-api-2-object.mm -fgnu-runtime compilation failed to produce executable
FAIL: obj-c++.dg/gnu-api-2-resolve-method.mm -fgnu-runtime (internal compiler error)
FAIL: obj-c++.dg/gnu-api-2-resolve-method.mm -fgnu-runtime (test for excess errors)
UNRESOLVED: obj-c++.dg/gnu-api-2-resolve-method.mm -fgnu-runtime compilation failed to produce executable
FAIL: obj-c++.dg/no-extra-load.mm -fgnu-runtime (internal compiler error)
FAIL: obj-c++.dg/no-extra-load.mm -fgnu-runtime (test for excess errors)
UNRESOLVED: obj-c++.dg/no-extra-load.mm -fgnu-runtime scan-assembler-not L_objc_msgSend\\\\\$non_lazy_ptr
FAIL: obj-c++.dg/standard-headers.mm -fgnu-runtime (internal compiler error)
FAIL: obj-c++.dg/standard-headers.mm -fgnu-runtime (test for excess errors)
=== obj-c++ Summary ===
# of expected passes 1431
# of unexpected failures 22
# of expected failures 10
# of unresolved testcases 8
# of unsupported tests 77
/scratch/toon/build11195/gcc/xg++ version 8.0.0 20170701 (experimental) (GCC)
=== objc tests ===
Running target unix
=== objc Summary ===
# of expected passes 2797
# of expected failures 6
# of unsupported tests 68
/scratch/toon/build11195/gcc/xgcc version 8.0.0 20170701 (experimental) (GCC)
=== gotools tests ===
FAIL: TestCgoCallbackGC
=== gotools Summary ===
# of expected passes 349
# of unexpected failures 1
# of untested testcases 123
/scratch/toon/build11195/./gcc/gccgo version 8.0.0 20170701 (experimental) (GCC)
=== libatomic tests ===
Running target unix
=== libatomic Summary ===
# of expected passes 54
=== libffi tests ===
Running target unix
=== libffi Summary ===
# of expected passes 2214
=== libgo tests ===
Running target unix
=== libgo Summary ===
# of expected passes 146
/scratch/toon/build11195/./gcc/gccgo version 8.0.0 20170701 (experimental) (GCC)
=== libgomp tests ===
Running target unix
=== libgomp Summary ===
# of expected passes 5262
# of unsupported tests 315
=== libitm tests ===
Running target unix
=== libitm Summary ===
# of expected passes 42
# of expected failures 3
# of unsupported tests 1
=== libstdc++ tests ===
Running target unix
=== libstdc++ Summary ===
# of expected passes 11198
# of expected failures 69
# of unsupported tests 564
Compiler version: 8.0.0 20170701 (experimental) (GCC)
Platform: x86_64-pc-linux-gnu
configure flags: --prefix=/home/toon/compilers/install --with-gnu-as --with-gnu-ld --enable-languages=all,go,ada,jit --enable-host-shared --disable-multilib --disable-nls --with-arch=haswell --with-tune=haswell