This is the mail archive of the
gcc-testresults@gcc.gnu.org
mailing list for the GCC project.
Results for 8.0.0 20170627 (experimental) [master revision ce08fb1:f43366b:aaff1ad73c50b46e7cd2558d6c1b14f84000545f] (Cavium Inc. (Build 4294)) testsuite on x86_64-pc-linux-gnu
- From: jenkins@dell1s-1.localdomain
- To: gcc-testresults at gcc dot gnu dot org
- Date: Tue, 27 Jun 2017 00:24:33 -0700
- Subject: Results for 8.0.0 20170627 (experimental) [master revision ce08fb1:f43366b:aaff1ad73c50b46e7cd2558d6c1b14f84000545f] (Cavium Inc. (Build 4294)) testsuite on x86_64-pc-linux-gnu
- Authentication-results: sourceware.org; auth=none
LAST_UPDATED: Tue Jun 27 05:25:10 UTC 2017 (revision ce08fb1:f43366b:aaff1ad73c50b46e7cd2558d6c1b14f84000545f)
Native configuration is x86_64-pc-linux-gnu
=== gcc tests ===
Running target unix
FAIL: gcc.dg/vect/pr65947-14.c -flto -ffat-lto-objects execution test
FAIL: gcc.dg/vect/pr65947-14.c execution test
FAIL: gcc.dg/vect/pr66636.c (test for excess errors)
FAIL: gcc.dg/vect/pr66636.c -flto -ffat-lto-objects (test for excess errors)
WARNING: gcc.dg/vect/pr66636.c -flto -ffat-lto-objects compilation failed to produce executable
WARNING: gcc.dg/vect/pr66636.c compilation failed to produce executable
FAIL: gcc.target/i386/avx512pf-vgatherpf0dpd-1.c scan-assembler-times vgatherpf0dpd[ \\\\t]+[^{\\n]*{%k[1-7]}(?:\\n|[ \\\\t]+#) 2
FAIL: gcc.target/i386/avx512pf-vgatherpf0dps-1.c scan-assembler-times vgatherpf0dps[ \\\\t]+[^{\\n]*{%k[1-7]}(?:\\n|[ \\\\t]+#) 2
FAIL: gcc.target/i386/avx512pf-vgatherpf0qpd-1.c scan-assembler-times vgatherpf0qpd[ \\\\t]+[^{\\n]*{%k[1-7]}(?:\\n|[ \\\\t]+#) 2
FAIL: gcc.target/i386/avx512pf-vgatherpf0qps-1.c scan-assembler-times vgatherpf0qps[ \\\\t]+[^{\\n]*{%k[1-7]}(?:\\n|[ \\\\t]+#) 2
FAIL: gcc.target/i386/avx512pf-vgatherpf1dpd-1.c scan-assembler-times vgatherpf1dpd[ \\\\t]+[^{\\n]*{%k[1-7]}(?:\\n|[ \\\\t]+#) 2
FAIL: gcc.target/i386/avx512pf-vgatherpf1dps-1.c scan-assembler-times vgatherpf1dps[ \\\\t]+[^{\\n]*{%k[1-7]}(?:\\n|[ \\\\t]+#) 2
FAIL: gcc.target/i386/avx512pf-vgatherpf1qpd-1.c scan-assembler-times vgatherpf1qpd[ \\\\t]+[^{\\n]*{%k[1-7]}(?:\\n|[ \\\\t]+#) 2
FAIL: gcc.target/i386/avx512pf-vgatherpf1qps-1.c scan-assembler-times vgatherpf1qps[ \\\\t]+[^{\\n]*{%k[1-7]}(?:\\n|[ \\\\t]+#) 2
FAIL: gcc.target/i386/pr57275.c (test for excess errors)
WARNING: gcc.target/i386/pr57275.c compilation failed to produce executable
FAIL: gcc.target/i386/pr69255-2.c (test for errors, line 15)
FAIL: gcc.target/i386/pr69255-2.c (test for warnings, line 15)
FAIL: gcc.target/i386/pr69255-2.c (test for warnings, line 15)
=== gcc Summary ===
# of expected passes 123896
# of unexpected failures 16
# of expected failures 365
# of unsupported tests 3344
/home/jenkins/workspace/GCCupstream/objdir/gcc/xgcc version 8.0.0 20170627 (experimental) [master revision ce08fb1:f43366b:aaff1ad73c50b46e7cd2558d6c1b14f84000545f] (Cavium Inc. (Build 4294))
=== gfortran tests ===
Running target unix
FAIL: gfortran.dg/graphite/pr14741.f90 -O scan-tree-dump graphite "tiled by"
FAIL: gfortran.dg/guality/pr41558.f90 -O2 line 7 s == 'foo'
FAIL: gfortran.dg/guality/pr41558.f90 -O3 -fomit-frame-pointer -funroll-loops -fpeel-loops -ftracer -finline-functions line 7 s == 'foo'
FAIL: gfortran.dg/guality/pr41558.f90 -O3 -g line 7 s == 'foo'
FAIL: gfortran.dg/guality/pr41558.f90 -Os line 7 s == 'foo'
=== gfortran Summary ===
# of expected passes 45380
# of unexpected failures 5
# of expected failures 92
# of unsupported tests 87
/home/jenkins/workspace/GCCupstream/objdir/gcc/testsuite/gfortran/../../gfortran version 8.0.0 20170627 (experimental) [master revision ce08fb1:f43366b:aaff1ad73c50b46e7cd2558d6c1b14f84000545f] (Cavium Inc. (Build 4294))
=== g++ tests ===
Running target unix
FAIL: g++.dg/tls/thread_local-order2.C -std=c++11 execution test
FAIL: g++.dg/tls/thread_local-order2.C -std=c++14 execution test
=== g++ Summary ===
# of expected passes 117533
# of unexpected failures 2
# of expected failures 386
# of unsupported tests 4401
/home/jenkins/workspace/GCCupstream/objdir/gcc/testsuite/g++/../../xg++ version 8.0.0 20170627 (experimental) [master revision ce08fb1:f43366b:aaff1ad73c50b46e7cd2558d6c1b14f84000545f] (Cavium Inc. (Build 4294))
=== go tests ===
Running target unix
FAIL: ./index0-out.go execution, -O0 -g -fno-var-tracking-assignments
=== go Summary ===
# of expected passes 7253
# of unexpected failures 1
# of expected failures 1
# of untested testcases 6
# of unsupported tests 1
/home/jenkins/workspace/GCCupstream/objdir/gcc/testsuite/go/../../gccgo version 8.0.0 20170627 (experimental) [master revision ce08fb1:f43366b:aaff1ad73c50b46e7cd2558d6c1b14f84000545f] (Cavium Inc. (Build 4294))
=== gotools tests ===
FAIL: TestCgoConsistentResults
FAIL: TestCgoHandlesWlORIGIN
=== gotools Summary ===
# of expected passes 131
# of unexpected failures 2
# of untested testcases 76
/home/jenkins/workspace/GCCupstream/objdir/./gcc/gccgo version 8.0.0 20170627 (experimental) [master revision ce08fb1:f43366b:aaff1ad73c50b46e7cd2558d6c1b14f84000545f] (Cavium Inc. (Build 4294))
=== libatomic tests ===
Running target unix
=== libatomic Summary ===
# of expected passes 54
=== libffi tests ===
Running target unix
=== libffi Summary ===
# of expected passes 2214
=== libgo tests ===
Running target unix
=== libgo Summary ===
# of expected passes 146
/home/jenkins/workspace/GCCupstream/objdir/./gcc/gccgo version 8.0.0 20170627 (experimental) [master revision ce08fb1:f43366b:aaff1ad73c50b46e7cd2558d6c1b14f84000545f] (Cavium Inc. (Build 4294))
=== libgomp tests ===
Running target unix
=== libgomp Summary ===
# of expected passes 5160
# of unsupported tests 363
=== libitm tests ===
Running target unix
=== libitm Summary ===
# of expected passes 42
# of expected failures 3
# of unsupported tests 1
=== libstdc++ tests ===
Running target unix
=== libstdc++ Summary ===
# of expected passes 11829
# of expected failures 69
# of unsupported tests 248
Compiler version: 8.0.0 20170627 (experimental) [master revision ce08fb1:f43366b:aaff1ad73c50b46e7cd2558d6c1b14f84000545f] (Cavium Inc. (Build 4294))
Platform: x86_64-pc-linux-gnu
configure flags: --prefix=/home/jenkins/workspace/GCCupstream/objdir/../tools --enable-languages=c,c++,fortran,go --disable-werror --enable-plugins --enable-gnu-indirect-function --with-pkgversion='Cavium Inc. (Build 4294)' --disable-multilib