This is the mail archive of the
gcc-testresults@gcc.gnu.org
mailing list for the GCC project.
Results for 8.0.0 20170624 (experimental) [master revision 56e5cf3:cdb896d:d3e0f4bfb2e6e83a13a9bfae985606ea67a228d6] (Cavium Inc. (Build 1688)) testsuite on aarch64-unknown-linux-gnu
- From: Jenkins <jenkins at cavium dot com>
- To: gcc-testresults at gcc dot gnu dot org
- Date: Sat, 24 Jun 2017 18:05:04 -0700
- Subject: Results for 8.0.0 20170624 (experimental) [master revision 56e5cf3:cdb896d:d3e0f4bfb2e6e83a13a9bfae985606ea67a228d6] (Cavium Inc. (Build 1688)) testsuite on aarch64-unknown-linux-gnu
- Authentication-results: sourceware.org; auth=none
LAST_UPDATED: Sat Jun 24 22:23:36 UTC 2017 (revision 56e5cf3:cdb896d:d3e0f4bfb2e6e83a13a9bfae985606ea67a228d6)
Native configuration is aarch64-unknown-linux-gnu
=== libatomic tests ===
Running target unix
=== libatomic Summary ===
# of expected passes 54
=== libffi tests ===
Running target unix
=== libffi Summary ===
# of expected passes 2214
=== libgo tests ===
Running target unix
=== libgo Summary ===
# of expected passes 146
/home/jenkins/workspace/BuildThunderX_native_gcc_upstream/objdir/./gcc/gccgo version 8.0.0 20170624 (experimental) [master revision 56e5cf3:cdb896d:d3e0f4bfb2e6e83a13a9bfae985606ea67a228d6] (Cavium Inc. (Build 1688))
=== libgomp tests ===
Running target unix
=== libgomp Summary ===
# of expected passes 5088
# of unsupported tests 376
=== libitm tests ===
Running target unix
=== libitm Summary ===
# of expected passes 42
# of expected failures 3
# of unsupported tests 1
=== libstdc++ tests ===
Running target unix
FAIL: 27_io/manipulators/extended/get_money/char/1.cc execution test
=== libstdc++ Summary ===
# of expected passes 11398
# of unexpected failures 1
# of expected failures 69
# of unsupported tests 555
=== gcc tests ===
Running target unix
XPASS: gcc.dg/pr78768.c -Wformat-overflow (test for warnings, line 12)
FAIL: c-c++-common/ubsan/float-cast-overflow-1.c -O2 -flto -fno-use-linker-plugin -flto-partition=none output pattern test
FAIL: c-c++-common/ubsan/overflow-mul-4.c -O0 output pattern test
FAIL: c-c++-common/ubsan/overflow-mul-4.c -O2 -flto -fno-use-linker-plugin -flto-partition=none output pattern test
FAIL: c-c++-common/ubsan/overflow-mul-4.c -O2 -flto -fuse-linker-plugin -fno-fat-lto-objects output pattern test
FAIL: gcc.dg/vect/no-section-anchors-vect-69.c scan-tree-dump-times vect "Alignment of access forced using peeling" 2
FAIL: gcc.dg/vect/no-section-anchors-vect-69.c scan-tree-dump-times vect "Vectorizing an unaligned access" 0
FAIL: gcc.dg/vect/pr65947-14.c -flto -ffat-lto-objects execution test
FAIL: gcc.dg/vect/pr65947-14.c execution test
FAIL: gcc.dg/vect/pr65947-9.c -flto -ffat-lto-objects scan-tree-dump vect "loop size is greater than data size"
FAIL: gcc.dg/vect/pr65947-9.c scan-tree-dump vect "loop size is greater than data size"
FAIL: gcc.dg/vect/section-anchors-vect-69.c scan-tree-dump-times vect "Alignment of access forced using peeling" 2
FAIL: gcc.dg/vect/section-anchors-vect-69.c scan-tree-dump-times vect "Vectorizing an unaligned access" 0
FAIL: gcc.dg/vect/slp-perm-9.c -flto -ffat-lto-objects scan-tree-dump-times vect "vectorized 1 loops" 1
FAIL: gcc.dg/vect/slp-perm-9.c scan-tree-dump-times vect "vectorized 1 loops" 1
FAIL: gcc.dg/vect/vect-28.c -flto -ffat-lto-objects scan-tree-dump-times vect "Alignment of access forced using peeling" 1
FAIL: gcc.dg/vect/vect-28.c -flto -ffat-lto-objects scan-tree-dump-times vect "Vectorizing an unaligned access" 0
FAIL: gcc.dg/vect/vect-28.c scan-tree-dump-times vect "Alignment of access forced using peeling" 1
FAIL: gcc.dg/vect/vect-28.c scan-tree-dump-times vect "Vectorizing an unaligned access" 0
FAIL: gcc.dg/vect/vect-33-big-array.c -flto -ffat-lto-objects scan-tree-dump-times vect "Alignment of access forced using peeling" 1
FAIL: gcc.dg/vect/vect-33-big-array.c -flto -ffat-lto-objects scan-tree-dump-times vect "Vectorizing an unaligned access" 0
FAIL: gcc.dg/vect/vect-33-big-array.c scan-tree-dump-times vect "Alignment of access forced using peeling" 1
FAIL: gcc.dg/vect/vect-33-big-array.c scan-tree-dump-times vect "Vectorizing an unaligned access" 0
FAIL: gcc.dg/vect/vect-70.c -flto -ffat-lto-objects scan-tree-dump-times vect "Alignment of access forced using peeling" 1
FAIL: gcc.dg/vect/vect-70.c -flto -ffat-lto-objects scan-tree-dump-times vect "Vectorizing an unaligned access" 0
FAIL: gcc.dg/vect/vect-70.c scan-tree-dump-times vect "Alignment of access forced using peeling" 1
FAIL: gcc.dg/vect/vect-70.c scan-tree-dump-times vect "Vectorizing an unaligned access" 0
FAIL: gcc.dg/vect/vect-87.c -flto -ffat-lto-objects scan-tree-dump-times vect "Alignment of access forced using peeling" 1
FAIL: gcc.dg/vect/vect-87.c -flto -ffat-lto-objects scan-tree-dump-times vect "Vectorizing an unaligned access" 0
FAIL: gcc.dg/vect/vect-87.c scan-tree-dump-times vect "Alignment of access forced using peeling" 1
FAIL: gcc.dg/vect/vect-87.c scan-tree-dump-times vect "Vectorizing an unaligned access" 0
FAIL: gcc.dg/vect/vect-88.c -flto -ffat-lto-objects scan-tree-dump-times vect "Alignment of access forced using peeling" 1
FAIL: gcc.dg/vect/vect-88.c -flto -ffat-lto-objects scan-tree-dump-times vect "Vectorizing an unaligned access" 0
FAIL: gcc.dg/vect/vect-88.c scan-tree-dump-times vect "Alignment of access forced using peeling" 1
FAIL: gcc.dg/vect/vect-88.c scan-tree-dump-times vect "Vectorizing an unaligned access" 0
FAIL: gcc.dg/vect/vect-91.c -flto -ffat-lto-objects scan-tree-dump-times vect "Alignment of access forced using peeling" 3
FAIL: gcc.dg/vect/vect-91.c scan-tree-dump-times vect "Alignment of access forced using peeling" 3
FAIL: gcc.dg/vect/vect-93.c -flto -ffat-lto-objects scan-tree-dump-times vect "Vectorizing an unaligned access" 1
FAIL: gcc.dg/vect/vect-93.c scan-tree-dump-times vect "Vectorizing an unaligned access" 1
XPASS: gcc.dg/vect/vect-95.c -flto -ffat-lto-objects scan-tree-dump-times vect "Alignment of access forced using peeling" 0
XPASS: gcc.dg/vect/vect-95.c scan-tree-dump-times vect "Alignment of access forced using peeling" 0
FAIL: gcc.target/aarch64/pr62178.c scan-assembler ld1r\\\\t{v[0-9]+.
FAIL: gcc.target/aarch64/vect-abs-compile.c scan-assembler abs\\\\tv[0-9]+.16b
FAIL: gcc.target/aarch64/vect-abs-compile.c scan-assembler abs\\\\tv[0-9]+.8h
=== gcc Summary ===
# of expected passes 113416
# of unexpected failures 41
# of unexpected successes 3
# of expected failures 339
# of unsupported tests 3235
/home/jenkins/workspace/BuildThunderX_native_gcc_upstream/objdir/gcc/xgcc version 8.0.0 20170624 (experimental) [master revision 56e5cf3:cdb896d:d3e0f4bfb2e6e83a13a9bfae985606ea67a228d6] (Cavium Inc. (Build 1688))
=== gfortran tests ===
Running target unix
FAIL: gfortran.dg/vect/vect-2.f90 -O scan-tree-dump-times vect "Alignment of access forced using peeling" 3
FAIL: gfortran.dg/vect/vect-2.f90 -O scan-tree-dump-times vect "Vectorizing an unaligned access" 2
FAIL: gfortran.dg/vect/vect-3.f90 -O scan-tree-dump-times vect "Alignment of access forced using peeling" 1
FAIL: gfortran.dg/vect/vect-3.f90 -O scan-tree-dump-times vect "Vectorizing an unaligned access" 1
FAIL: gfortran.dg/vect/vect-4.f90 -O scan-tree-dump-times vect "Alignment of access forced using peeling" 1
FAIL: gfortran.dg/vect/vect-4.f90 -O scan-tree-dump-times vect "Vectorizing an unaligned access" 1
FAIL: gfortran.dg/vect/vect-5.f90 -O scan-tree-dump-times vect "Alignment of access forced using peeling" 1
FAIL: gfortran.dg/vect/vect-5.f90 -O scan-tree-dump-times vect "Vectorizing an unaligned access" 1
=== gfortran Summary ===
# of expected passes 44610
# of unexpected failures 8
# of expected failures 89
# of unsupported tests 74
/home/jenkins/workspace/BuildThunderX_native_gcc_upstream/objdir/gcc/testsuite/gfortran/../../gfortran version 8.0.0 20170624 (experimental) [master revision 56e5cf3:cdb896d:d3e0f4bfb2e6e83a13a9bfae985606ea67a228d6] (Cavium Inc. (Build 1688))
=== g++ tests ===
Running target unix
FAIL: c-c++-common/ubsan/float-cast-overflow-1.c -Os output pattern test
FAIL: c-c++-common/ubsan/overflow-mul-4.c -O0 output pattern test
FAIL: c-c++-common/ubsan/overflow-mul-4.c -O1 output pattern test
FAIL: c-c++-common/ubsan/overflow-mul-4.c -O2 output pattern test
FAIL: c-c++-common/ubsan/overflow-mul-4.c -O2 -flto -fuse-linker-plugin -fno-fat-lto-objects output pattern test
FAIL: c-c++-common/ubsan/overflow-mul-4.c -O3 -g output pattern test
FAIL: g++.dg/vect/slp-pr56812.cc -std=c++11 scan-tree-dump-times slp1 "basic block vectorized" 1
FAIL: g++.dg/vect/slp-pr56812.cc -std=c++14 scan-tree-dump-times slp1 "basic block vectorized" 1
FAIL: g++.dg/vect/slp-pr56812.cc -std=c++98 scan-tree-dump-times slp1 "basic block vectorized" 1
=== g++ Summary ===
# of expected passes 111501
# of unexpected failures 9
# of expected failures 380
# of unsupported tests 4792
/home/jenkins/workspace/BuildThunderX_native_gcc_upstream/objdir/gcc/testsuite/g++/../../xg++ version 8.0.0 20170624 (experimental) [master revision 56e5cf3:cdb896d:d3e0f4bfb2e6e83a13a9bfae985606ea67a228d6] (Cavium Inc. (Build 1688))
=== go tests ===
Running target unix
FAIL: go.test/test/ken/cplx2.go execution, -O2 -g
=== go Summary ===
# of expected passes 7243
# of unexpected failures 1
# of expected failures 1
# of untested testcases 10
# of unsupported tests 3
/home/jenkins/workspace/BuildThunderX_native_gcc_upstream/objdir/gcc/testsuite/go/../../gccgo version 8.0.0 20170624 (experimental) [master revision 56e5cf3:cdb896d:d3e0f4bfb2e6e83a13a9bfae985606ea67a228d6] (Cavium Inc. (Build 1688))
=== gotools tests ===
=== gotools Summary ===
# of expected passes 134
# of untested testcases 75
/home/jenkins/workspace/BuildThunderX_native_gcc_upstream/objdir/./gcc/gccgo version 8.0.0 20170624 (experimental) [master revision 56e5cf3:cdb896d:d3e0f4bfb2e6e83a13a9bfae985606ea67a228d6] (Cavium Inc. (Build 1688))
Compiler version: 8.0.0 20170624 (experimental) [master revision 56e5cf3:cdb896d:d3e0f4bfb2e6e83a13a9bfae985606ea67a228d6] (Cavium Inc. (Build 1688))
Platform: aarch64-unknown-linux-gnu
configure flags: --prefix=/home/jenkins/workspace/BuildThunderX_native_gcc_upstream/objdir/../tools --enable-languages=c,c++,fortran,go --disable-werror --with-sysroot=/ --enable-plugins --enable-gnu-indirect-function --with-pkgversion='Cavium Inc. (Build 1688)'