This is the mail archive of the
gcc-testresults@gcc.gnu.org
mailing list for the GCC project.
Results for 8.0.0 20170616 (experimental) [trunk revision 249245] (GCC) testsuite on x86_64-pc-solaris2.11
- From: Rainer Orth <ro at CeBiTec dot Uni-Bielefeld dot DE>
- To: gcc-testresults at gcc dot gnu dot org
- Date: Sat, 17 Jun 2017 15:10:34 +0200 (MEST)
- Subject: Results for 8.0.0 20170616 (experimental) [trunk revision 249245] (GCC) testsuite on x86_64-pc-solaris2.11
- Authentication-results: sourceware.org; auth=none
LAST_UPDATED: Fri Jun 16 11:57:16 UTC 2017 (revision 249245)
Native configuration is x86_64-pc-solaris2.11
=== libatomic tests ===
Running target unix/-m32
=== libatomic Summary for unix/-m32 ===
# of expected passes 44
# of unsupported tests 5
Running target unix
=== libatomic Summary for unix ===
# of expected passes 54
=== libatomic Summary ===
# of expected passes 98
# of unsupported tests 5
=== libffi tests ===
Running target unix/-m32
=== libffi Summary for unix/-m32 ===
# of expected passes 2799
Running target unix
=== libffi Summary for unix ===
# of expected passes 2214
=== libffi Summary ===
# of expected passes 5013
=== libgo tests ===
Running target unix
FAIL: bufio
FAIL: bytes
FAIL: io
FAIL: net
FAIL: os
FAIL: reflect
FAIL: regexp
FAIL: runtime
FAIL: strconv
FAIL: strings
FAIL: sync
FAIL: time
FAIL: archive/tar
FAIL: archive/zip
FAIL: compress/bzip2
FAIL: compress/flate
FAIL: compress/gzip
FAIL: compress/zlib
FAIL: crypto/ecdsa
FAIL: crypto/md5
FAIL: crypto/rand
FAIL: crypto/rc4
FAIL: crypto/rsa
FAIL: crypto/subtle
FAIL: crypto/tls
FAIL: crypto/x509
FAIL: database/sql
FAIL: debug/elf
FAIL: debug/pe
FAIL: debug/plan9obj
FAIL: encoding/asn1
FAIL: encoding/gob
FAIL: encoding/pem
FAIL: exp/terminal
FAIL: html/template
FAIL: go/build
FAIL: go/doc
FAIL: go/format
FAIL: go/printer
FAIL: golang_org/x/crypto/chacha20poly1305
FAIL: image/color
FAIL: image/jpeg
FAIL: image/png
FAIL: index/suffixarray
FAIL: internal/trace
FAIL: math/big
FAIL: math/rand
FAIL: mime/multipart
FAIL: mime/quotedprintable
FAIL: net/http
FAIL: net/http/cookiejar
FAIL: net/http/httptest
FAIL: net/http/httptrace
FAIL: net/http/httputil
FAIL: net/rpc
FAIL: net/rpc/jsonrpc
FAIL: os/exec
FAIL: os/user
FAIL: regexp/syntax
FAIL: runtime/debug
FAIL: runtime/pprof
FAIL: runtime/pprof/internal/protopprof
FAIL: runtime/trace
FAIL: sync/atomic
FAIL: text/template
FAIL: text/template/parse
FAIL: testing/quick
=== libgo Summary for unix ===
# of expected passes 80
# of unexpected failures 67
Running target unix/-m32
FAIL: runtime
FAIL: go/build
=== libgo Summary for unix/-m32 ===
# of expected passes 145
# of unexpected failures 2
=== libgo Summary ===
# of expected passes 225
# of unexpected failures 69
/var/gcc/regression/trunk/11-gcc-64/build/./gcc/gccgo version 8.0.0 20170616 (experimental) [trunk revision 249245] (GCC)
=== libgomp tests ===
Running target unix/-m32
=== libgomp Summary for unix/-m32 ===
# of expected passes 5130
# of unsupported tests 377
Running target unix
=== libgomp Summary for unix ===
# of expected passes 5130
# of unsupported tests 377
=== libgomp Summary ===
# of expected passes 10260
# of unsupported tests 754
=== libitm tests ===
Running target unix/-m32
=== libitm Summary for unix/-m32 ===
# of expected passes 42
# of expected failures 3
# of unsupported tests 1
Running target unix
=== libitm Summary for unix ===
# of expected passes 42
# of expected failures 3
# of unsupported tests 1
=== libitm Summary ===
# of expected passes 84
# of expected failures 6
# of unsupported tests 2
=== libstdc++ tests ===
Running target unix
=== libstdc++ Summary for unix ===
# of expected passes 10873
# of expected failures 69
# of unsupported tests 625
Running target unix/-m32
=== libstdc++ Summary for unix/-m32 ===
# of expected passes 10881
# of expected failures 69
# of unsupported tests 621
=== libstdc++ Summary ===
# of expected passes 21754
# of expected failures 138
# of unsupported tests 1246
=== acats tests ===
FAIL: c954025
FAIL: c954026
=== acats Summary ===
# of expected passes 2318
# of unexpected failures 2
=== g++ tests ===
Running target unix
FAIL: g++.dg/cilk-plus/AN/array_test_ND_tplt.cc -O3 -fcilkplus (test for excess errors)
WARNING: g++.dg/cilk-plus/AN/array_test_ND_tplt.cc -O3 -fcilkplus compilation failed to produce executable
FAIL: g++.dg/cilk-plus/AN/array_test_ND_tplt.cc -O3 -ftree-vectorize -fcilkplus -g (test for excess errors)
WARNING: g++.dg/cilk-plus/AN/array_test_ND_tplt.cc -O3 -ftree-vectorize -fcilkplus -g compilation failed to produce executable
FAIL: g++.dg/cilk-plus/AN/array_test_ND_tplt.cc -g -O3 -fcilkplus (test for excess errors)
WARNING: g++.dg/cilk-plus/AN/array_test_ND_tplt.cc -g -O3 -fcilkplus compilation failed to produce executable
WARNING: program timed out.
WARNING: program timed out.
WARNING: program timed out.
=== g++ Summary for unix ===
# of expected passes 108862
# of unexpected failures 3
# of expected failures 394
# of unsupported tests 4330
Running target unix/-m32
FAIL: g++.dg/opt/pr59470.C -std=gnu++11 (test for excess errors)
WARNING: g++.dg/opt/pr59470.C -std=gnu++11 compilation failed to produce executable
FAIL: g++.dg/opt/pr59470.C -std=gnu++14 (test for excess errors)
WARNING: g++.dg/opt/pr59470.C -std=gnu++14 compilation failed to produce executable
FAIL: g++.dg/opt/pr59470.C -std=gnu++98 (test for excess errors)
WARNING: g++.dg/opt/pr59470.C -std=gnu++98 compilation failed to produce executable
FAIL: g++.dg/template/nontype10.C -std=c++11 (test for excess errors)
FAIL: g++.dg/template/nontype10.C -std=c++14 (test for excess errors)
FAIL: g++.dg/template/nontype10.C -std=c++98 (test for excess errors)
=== g++ Summary for unix/-m32 ===
# of expected passes 107524
# of unexpected failures 6
# of expected failures 394
# of unsupported tests 4092
=== g++ Summary ===
# of expected passes 216386
# of unexpected failures 9
# of expected failures 788
# of unsupported tests 8422
/var/gcc/regression/trunk/11-gcc-64/build/gcc/testsuite/g++/../../xg++ version 8.0.0 20170616 (experimental) [trunk revision 249245] (GCC)
=== gcc tests ===
Running target unix
FAIL: gcc.c-torture/compile/pr61159.c -O0 (test for excess errors)
FAIL: gcc.c-torture/compile/pr61159.c -O1 (test for excess errors)
FAIL: gcc.c-torture/compile/pr61159.c -O2 (test for excess errors)
FAIL: gcc.c-torture/compile/pr61159.c -O2 -flto (test for excess errors)
FAIL: gcc.c-torture/compile/pr61159.c -O2 -flto -flto-partition=none (test for excess errors)
FAIL: gcc.c-torture/compile/pr61159.c -O3 -g (test for excess errors)
FAIL: gcc.c-torture/compile/pr61159.c -Os (test for excess errors)
FAIL: gcc.c-torture/execute/alias-3.c -O0 execution test
FAIL: gcc.c-torture/execute/alias-3.c -O1 execution test
FAIL: gcc.c-torture/execute/alias-3.c -O2 execution test
FAIL: gcc.c-torture/execute/alias-3.c -O2 -flto execution test
FAIL: gcc.c-torture/execute/alias-3.c -O2 -flto -flto-partition=none execution test
FAIL: gcc.c-torture/execute/alias-3.c -O3 -g execution test
FAIL: gcc.c-torture/execute/alias-3.c -Os execution test
FAIL: gcc.dg/attr-weakref-1.c (test for excess errors)
WARNING: gcc.dg/attr-weakref-1.c compilation failed to produce executable
FAIL: gcc.dg/visibility-22.c execution test
FAIL: gcc.dg/rtl/x86_64/final.c (internal compiler error)
FAIL: gcc.dg/rtl/x86_64/final.c (test for excess errors)
UNRESOLVED: gcc.dg/rtl/x86_64/final.c scan-assembler .cfi_endproc
UNRESOLVED: gcc.dg/rtl/x86_64/final.c scan-assembler .cfi_startproc
UNRESOLVED: gcc.dg/rtl/x86_64/final.c scan-assembler ret
UNRESOLVED: gcc.dg/rtl/x86_64/final.c scan-assembler test_1:
FAIL: gcc.target/i386/pr70021.c scan-tree-dump-times vect "vectorized 1 loops" 2
=== gcc Summary for unix ===
# of expected passes 117276
# of unexpected failures 19
# of expected failures 399
# of unresolved testcases 4
# of unsupported tests 3094
Running target unix/-m32
FAIL: gcc.c-torture/compile/pr61159.c -O0 (test for excess errors)
FAIL: gcc.c-torture/compile/pr61159.c -O1 (test for excess errors)
FAIL: gcc.c-torture/compile/pr61159.c -O2 (test for excess errors)
FAIL: gcc.c-torture/compile/pr61159.c -O2 -flto (test for excess errors)
FAIL: gcc.c-torture/compile/pr61159.c -O2 -flto -flto-partition=none (test for excess errors)
FAIL: gcc.c-torture/compile/pr61159.c -O3 -g (test for excess errors)
FAIL: gcc.c-torture/compile/pr61159.c -Os (test for excess errors)
FAIL: gcc.c-torture/execute/alias-3.c -O0 execution test
FAIL: gcc.c-torture/execute/alias-3.c -O1 execution test
FAIL: gcc.c-torture/execute/alias-3.c -O2 execution test
FAIL: gcc.c-torture/execute/alias-3.c -O2 -flto execution test
FAIL: gcc.c-torture/execute/alias-3.c -O2 -flto -flto-partition=none execution test
FAIL: gcc.c-torture/execute/alias-3.c -O3 -g execution test
FAIL: gcc.c-torture/execute/alias-3.c -Os execution test
FAIL: gcc.dg/attr-weakref-1.c (test for excess errors)
WARNING: gcc.dg/attr-weakref-1.c compilation failed to produce executable
FAIL: gcc.dg/visibility-22.c execution test
FAIL: gcc.target/i386/pr70021.c scan-tree-dump-times vect "vectorized 1 loops" 2
=== gcc Summary for unix/-m32 ===
# of expected passes 115763
# of unexpected failures 17
# of expected failures 405
# of unsupported tests 3105
=== gcc Summary ===
# of expected passes 233039
# of unexpected failures 36
# of expected failures 804
# of unresolved testcases 4
# of unsupported tests 6199
/var/gcc/regression/trunk/11-gcc-64/build/gcc/xgcc version 8.0.0 20170616 (experimental) [trunk revision 249245] (GCC)
=== gfortran tests ===
Running target unix
FAIL: gfortran.dg/graphite/pr14741.f90 -O scan-tree-dump graphite "tiled by"
=== gfortran Summary for unix ===
# of expected passes 45333
# of unexpected failures 1
# of expected failures 92
# of unsupported tests 85
Running target unix/-m32
=== gfortran Summary for unix/-m32 ===
# of expected passes 45117
# of expected failures 92
# of unsupported tests 188
=== gfortran Summary ===
# of expected passes 90450
# of unexpected failures 1
# of expected failures 184
# of unsupported tests 273
/var/gcc/regression/trunk/11-gcc-64/build/gcc/testsuite/gfortran/../../gfortran version 8.0.0 20170616 (experimental) [trunk revision 249245] (GCC)
=== gnat tests ===
Running target unix
=== gnat Summary for unix ===
# of expected passes 2577
# of expected failures 24
# of unsupported tests 7
Running target unix/-m32
=== gnat Summary for unix/-m32 ===
# of expected passes 2577
# of expected failures 24
# of unsupported tests 7
=== gnat Summary ===
# of expected passes 5154
# of expected failures 48
# of unsupported tests 14
/var/gcc/regression/trunk/11-gcc-64/build/gcc/gnatmake version 8.0.0 20170616 (experimental) [trunk revision 249245]
=== go tests ===
Running target unix
FAIL: ./index0-out.go compilation, -O0 -g -fno-var-tracking-assignments
=== go Summary for unix ===
# of expected passes 7244
# of unexpected failures 1
# of expected failures 1
# of untested testcases 11
# of unsupported tests 1
Running target unix/-m32
FAIL: ./index0-out.go compilation, -O0 -g -fno-var-tracking-assignments
=== go Summary for unix/-m32 ===
# of expected passes 7363
# of unexpected failures 1
# of expected failures 1
# of untested testcases 11
# of unsupported tests 2
=== go Summary ===
# of expected passes 14607
# of unexpected failures 2
# of expected failures 2
# of untested testcases 22
# of unsupported tests 3
=== obj-c++ tests ===
Running target unix/-m32
=== obj-c++ Summary for unix/-m32 ===
# of expected passes 1459
# of expected failures 2
# of unsupported tests 77
Running target unix
=== obj-c++ Summary for unix ===
# of expected passes 1451
# of expected failures 10
# of unsupported tests 77
=== obj-c++ Summary ===
# of expected passes 2910
# of expected failures 12
# of unsupported tests 154
/var/gcc/regression/trunk/11-gcc-64/build/gcc/testsuite/obj-c++/../../xg++ version 8.0.0 20170616 (experimental) [trunk revision 249245] (GCC)
=== objc tests ===
Running target unix
=== objc Summary for unix ===
# of expected passes 2797
# of expected failures 6
# of unsupported tests 68
Running target unix/-m32
=== objc Summary for unix/-m32 ===
# of expected passes 2797
# of expected failures 6
# of unsupported tests 68
=== objc Summary ===
# of expected passes 5594
# of expected failures 12
# of unsupported tests 136
/var/gcc/regression/trunk/11-gcc-64/build/gcc/xgcc version 8.0.0 20170616 (experimental) [trunk revision 249245] (GCC)
=== gotools tests ===
=== gotools Summary ===
# of expected passes 14
# of untested testcases 2
/var/gcc/regression/trunk/11-gcc-64/build/./gcc/gccgo version 8.0.0 20170616 (experimental) [trunk revision 249245] (GCC)
Compiler version: 8.0.0 20170616 (experimental) [trunk revision 249245] (GCC)
Platform: x86_64-pc-solaris2.11
configure flags: --prefix=/vol/gcc --target=amd64-pc-solaris2.11 --enable-objc-gc --with-target-bdw-gc-include=/vol/gcc/include --with-target-bdw-gc-lib=/vol/gcc/lib/amd64,32=/vol/gcc/lib --enable-libmudflap --with-as=/usr/ccs/bin/as --without-gnu-as --with-gmp-include=/vol/gcc/include --with-gmp-lib=/vol/gcc/lib/amd64 --with-mpfr-include=/vol/gcc/include --with-mpfr-lib=/vol/gcc/lib/amd64 --with-mpc-include=/vol/gcc/include --with-mpc-lib=/vol/gcc/lib/amd64 --enable-languages=all,ada,obj-c++,go --with-isl-include=/vol/gcc/include --with-isl-lib=/vol/gcc/lib/amd64 --build=amd64-pc-solaris2.11 --host=amd64-pc-solaris2.11
BOOT_CFLAGS=-g -O2