This is the mail archive of the
gcc-testresults@gcc.gnu.org
mailing list for the GCC project.
Results for 8.0.0 20170616 (experimental) [trunk revision 249245] (GCC) testsuite on sparc-sun-solaris2.11
- From: Rainer Orth <ro at CeBiTec dot Uni-Bielefeld dot DE>
- To: gcc-testresults at gcc dot gnu dot org
- Date: Sat, 17 Jun 2017 09:13:02 +0200 (MEST)
- Subject: Results for 8.0.0 20170616 (experimental) [trunk revision 249245] (GCC) testsuite on sparc-sun-solaris2.11
- Authentication-results: sourceware.org; auth=none
LAST_UPDATED: Fri Jun 16 11:57:16 UTC 2017 (revision 249245)
=== acats tests ===
FAIL: ad7103c
FAIL: c52103a
FAIL: c52104k
FAIL: c54a42g
FAIL: c940a03
FAIL: c95065a
FAIL: c95067a
FAIL: c95085b
FAIL: c95085f
FAIL: c951002
FAIL: c954017
FAIL: c97115a
=== acats Summary ===
# of expected passes 2308
# of unexpected failures 12
Native configuration is sparc-sun-solaris2.11
=== g++ tests ===
Running target unix
FAIL: g++.dg/template/nontype10.C -std=c++11 (test for excess errors)
FAIL: g++.dg/template/nontype10.C -std=c++14 (test for excess errors)
FAIL: g++.dg/template/nontype10.C -std=c++98 (test for excess errors)
=== g++ Summary for unix ===
# of expected passes 106097
# of unexpected failures 3
# of expected failures 394
# of unsupported tests 4620
Running target unix/-m64
=== g++ Summary for unix/-m64 ===
# of expected passes 107982
# of expected failures 394
# of unsupported tests 4592
=== g++ Summary ===
# of expected passes 214079
# of unexpected failures 3
# of expected failures 788
# of unsupported tests 9212
/var/gcc/regression/trunk/11-gcc/build/gcc/testsuite/g++/../../xg++ version 8.0.0 20170616 (experimental) [trunk revision 249245] (GCC)
=== gcc tests ===
Running target unix
FAIL: gcc.dg/visibility-22.c execution test
FAIL: gcc.dg/plugin/must-tail-call-1.c -fplugin=./must_tail_call_plugin.so (test for excess errors)
FAIL: gcc.dg/simulate-thread/atomic-other-int.c -O2 -g thread simulation test
FAIL: gcc.dg/simulate-thread/atomic-other-int.c -O3 -g thread simulation test
FAIL: gcc.dg/simulate-thread/speculative-store-4.c -O0 -g thread simulation test
FAIL: gcc.dg/simulate-thread/speculative-store-4.c -O2 -g thread simulation test
FAIL: gcc.dg/simulate-thread/speculative-store-4.c -O3 -g thread simulation test
FAIL: gcc.dg/simulate-thread/speculative-store.c -O0 -g thread simulation test
FAIL: gcc.dg/vect/pr80815-3.c -flto -ffat-lto-objects scan-tree-dump vect "improved number of alias checks from [0-9]* to 1"
FAIL: gcc.dg/vect/pr80815-3.c scan-tree-dump vect "improved number of alias checks from [0-9]* to 1"
XPASS: gcc.dg/vect/vect-multitypes-12.c -flto -ffat-lto-objects scan-tree-dump-times vect "vectorized 1 loops" 1
XPASS: gcc.dg/vect/vect-multitypes-12.c scan-tree-dump-times vect "vectorized 1 loops" 1
=== gcc Summary for unix ===
# of expected passes 100091
# of unexpected failures 10
# of unexpected successes 2
# of expected failures 430
# of unsupported tests 2636
Running target unix/-m64
FAIL: gcc.dg/visibility-22.c execution test
FAIL: gcc.dg/plugin/must-tail-call-1.c -fplugin=./must_tail_call_plugin.so (test for excess errors)
FAIL: gcc.dg/vect/pr80815-3.c -flto -ffat-lto-objects scan-tree-dump vect "improved number of alias checks from [0-9]* to 1"
FAIL: gcc.dg/vect/pr80815-3.c scan-tree-dump vect "improved number of alias checks from [0-9]* to 1"
=== gcc Summary for unix/-m64 ===
# of expected passes 101155
# of unexpected failures 4
# of expected failures 417
# of unsupported tests 2428
=== gcc Summary ===
# of expected passes 201246
# of unexpected failures 14
# of unexpected successes 2
# of expected failures 847
# of unsupported tests 5064
/var/gcc/regression/trunk/11-gcc/build/gcc/xgcc version 8.0.0 20170616 (experimental) [trunk revision 249245] (GCC)
=== gfortran tests ===
Running target unix
FAIL: gfortran.dg/actual_array_substr_1.f90 -O2 (test for excess errors)
FAIL: gfortran.dg/elemental_subroutine_3.f90 -O1 (test for excess errors)
FAIL: gfortran.dg/elemental_subroutine_3.f90 -O2 (test for excess errors)
FAIL: gfortran.dg/elemental_subroutine_3.f90 -O3 -fomit-frame-pointer -funroll-loops -fpeel-loops -ftracer -finline-functions (test for excess errors)
FAIL: gfortran.dg/elemental_subroutine_3.f90 -O3 -g (test for excess errors)
FAIL: gfortran.dg/elemental_subroutine_3.f90 -Os (test for excess errors)
=== gfortran Summary for unix ===
# of expected passes 45002
# of unexpected failures 6
# of expected failures 94
# of unsupported tests 242
Running target unix/-m64
FAIL: gfortran.dg/elemental_subroutine_3.f90 -O1 (test for excess errors)
FAIL: gfortran.dg/elemental_subroutine_3.f90 -O2 (test for excess errors)
FAIL: gfortran.dg/elemental_subroutine_3.f90 -O3 -fomit-frame-pointer -funroll-loops -fpeel-loops -ftracer -finline-functions (test for excess errors)
FAIL: gfortran.dg/elemental_subroutine_3.f90 -O3 -g (test for excess errors)
FAIL: gfortran.dg/elemental_subroutine_3.f90 -Os (test for excess errors)
FAIL: gfortran.dg/graphite/pr14741.f90 -O scan-tree-dump graphite "tiled by"
=== gfortran Summary for unix/-m64 ===
# of expected passes 45249
# of unexpected failures 6
# of expected failures 94
# of unsupported tests 121
=== gfortran Summary ===
# of expected passes 90251
# of unexpected failures 12
# of expected failures 188
# of unsupported tests 363
/var/gcc/regression/trunk/11-gcc/build/gcc/testsuite/gfortran/../../gfortran version 8.0.0 20170616 (experimental) [trunk revision 249245] (GCC)
=== gnat tests ===
Running target unix
FAIL: gnat.dg/sso/t3.adb -O0 (test for excess errors)
FAIL: gnat.dg/sso/u6.adb -O3 -finline-functions (test for excess errors)
=== gnat Summary for unix ===
# of expected passes 2541
# of unexpected failures 2
# of expected failures 24
# of unsupported tests 23
Running target unix/-m64
FAIL: gnat.dg/array_bounds_test2.adb (test for excess errors)
FAIL: gnat.dg/sso/p10.adb -Og -g (test for excess errors)
FAIL: gnat.dg/sso/p8.adb -Og -g (test for excess errors)
FAIL: gnat.dg/sso/q5.adb -Og -g (test for excess errors)
FAIL: gnat.dg/sso/q6.adb -Os (test for excess errors)
FAIL: gnat.dg/sso/r7.adb -Og -g (test for excess errors)
FAIL: gnat.dg/sso/t10.adb -Og -g (test for excess errors)
FAIL: gnat.dg/sso/t8.adb -Os (test for excess errors)
=== gnat Summary for unix/-m64 ===
# of expected passes 2535
# of unexpected failures 8
# of expected failures 24
# of unsupported tests 23
=== gnat Summary ===
# of expected passes 5076
# of unexpected failures 10
# of expected failures 48
# of unsupported tests 46
/var/gcc/regression/trunk/11-gcc/build/gcc/gnatmake version 8.0.0 20170616 (experimental) [trunk revision 249245]
=== go tests ===
Running target unix
FAIL: ./index0-out.go execution, -O0 -g -fno-var-tracking-assignments
FAIL: go.test/test/fixedbugs/issue4562.go execution, -O2 -g
FAIL: go.test/test/method5.go execution, -O2 -g
FAIL: go.test/test/nil.go execution, -O2 -g
=== go Summary for unix ===
# of expected passes 7358
# of unexpected failures 4
# of expected failures 1
# of untested testcases 11
# of unsupported tests 3
Running target unix/-m64
FAIL: ./index0-out.go execution, -O0 -g -fno-var-tracking-assignments
=== go Summary for unix/-m64 ===
# of expected passes 7241
# of unexpected failures 1
# of expected failures 1
# of untested testcases 11
# of unsupported tests 3
=== go Summary ===
# of expected passes 14599
# of unexpected failures 5
# of expected failures 2
# of untested testcases 22
# of unsupported tests 6
=== obj-c++ tests ===
Running target unix
=== obj-c++ Summary for unix ===
# of expected passes 1459
# of expected failures 2
# of unsupported tests 77
Running target unix/-m64
=== obj-c++ Summary for unix/-m64 ===
# of expected passes 1451
# of expected failures 10
# of unsupported tests 77
=== obj-c++ Summary ===
# of expected passes 2910
# of expected failures 12
# of unsupported tests 154
/var/gcc/regression/trunk/11-gcc/build/gcc/testsuite/obj-c++/../../xg++ version 8.0.0 20170616 (experimental) [trunk revision 249245] (GCC)
=== objc tests ===
Running target unix
FAIL: objc.dg/torture/tls/thr-init.m -O2 -flto -fgnu-runtime (test for excess errors)
WARNING: objc.dg/torture/tls/thr-init.m -O2 -flto -fgnu-runtime compilation failed to produce executable
FAIL: objc/execute/exceptions/matcher-1.m compilation, -O1 -fgnu-runtime
UNRESOLVED: objc/execute/exceptions/matcher-1.m execution, -O1 -fgnu-runtime
=== objc Summary for unix ===
# of expected passes 2799
# of unexpected failures 2
# of unresolved testcases 1
# of unsupported tests 68
Running target unix/-m64
FAIL: objc/execute/exceptions/throw-nil.m compilation, -Os -fgnu-runtime
UNRESOLVED: objc/execute/exceptions/throw-nil.m execution, -Os -fgnu-runtime
FAIL: objc/execute/exceptions/trivial.m compilation, -O0 -fgnu-runtime
UNRESOLVED: objc/execute/exceptions/trivial.m execution, -O0 -fgnu-runtime
=== objc Summary for unix/-m64 ===
# of expected passes 2799
# of unexpected failures 2
# of unresolved testcases 2
# of unsupported tests 68
=== objc Summary ===
# of expected passes 5598
# of unexpected failures 4
# of unresolved testcases 3
# of unsupported tests 136
/var/gcc/regression/trunk/11-gcc/build/gcc/xgcc version 8.0.0 20170616 (experimental) [trunk revision 249245] (GCC)
=== gotools tests ===
=== gotools Summary ===
# of expected passes 35
# of untested testcases 15
=== libatomic tests ===
Running target unix
=== libatomic Summary for unix ===
# of expected passes 44
# of unsupported tests 5
Running target unix/-m64
=== libatomic Summary for unix/-m64 ===
# of expected passes 54
=== libatomic Summary ===
# of expected passes 98
# of unsupported tests 5
=== libffi tests ===
Running target unix
=== libffi Summary for unix ===
# of expected passes 2214
Running target unix/-m64
=== libffi Summary for unix/-m64 ===
# of expected passes 2214
=== libffi Summary ===
# of expected passes 4428
=== libgo tests ===
Running target unix
FAIL: net
FAIL: runtime
FAIL: go/build
FAIL: net/http
FAIL: os/signal
FAIL: text/template
FAIL: text/template/parse
=== libgo Summary for unix ===
# of expected passes 140
# of unexpected failures 7
Running target unix/-m64
FAIL: net
FAIL: go/build
=== libgo Summary for unix/-m64 ===
# of expected passes 145
# of unexpected failures 2
=== libgo Summary ===
# of expected passes 285
# of unexpected failures 9
=== libgomp tests ===
Running target unix
=== libgomp Summary for unix ===
# of expected passes 5128
# of unsupported tests 378
Running target unix/-m64
FAIL: libgomp.oacc-fortran/lib-4.f90 -DACC_DEVICE_TYPE_host=1 -DACC_MEM_SHARED=1 -O1 (test for excess errors)
=== libgomp Summary for unix/-m64 ===
# of expected passes 5127
# of unexpected failures 1
# of unsupported tests 378
=== libgomp Summary ===
# of expected passes 10255
# of unexpected failures 1
# of unsupported tests 756
=== libitm tests ===
Running target unix
=== libitm Summary for unix ===
# of expected passes 42
# of expected failures 3
# of unsupported tests 1
Running target unix/-m64
=== libitm Summary for unix/-m64 ===
# of expected passes 42
# of expected failures 3
# of unsupported tests 1
=== libitm Summary ===
# of expected passes 84
# of expected failures 6
# of unsupported tests 2
=== libstdc++ tests ===
Running target unix
=== libstdc++ Summary for unix ===
# of expected passes 10852
# of expected failures 69
# of unsupported tests 635
Running target unix/-m64
=== libstdc++ Summary for unix/-m64 ===
# of expected passes 10852
# of expected failures 69
# of unsupported tests 635
=== libstdc++ Summary ===
# of expected passes 21704
# of expected failures 138
# of unsupported tests 1270
Compiler version: 8.0.0 20170616 (experimental) [trunk revision 249245] (GCC)
Platform: sparc-sun-solaris2.11
configure flags: --prefix=/vol/gcc --target=sparc-sun-solaris2.11 --enable-objc-gc --with-target-bdw-gc-include=/vol/gcc/include --with-target-bdw-gc-lib=/vol/gcc/lib,sparcv9=/vol/gcc/lib/sparcv9 --enable-libmudflap --with-as=/usr/ccs/bin/as --without-gnu-as --with-gmp-include=/vol/gcc/include --with-gmp-lib=/vol/gcc/lib --with-mpfr-include=/vol/gcc/include --with-mpfr-lib=/vol/gcc/lib --with-mpc-include=/vol/gcc/include --with-mpc-lib=/vol/gcc/lib --enable-languages=all,ada,obj-c++,go --with-isl-include=/vol/gcc/include --with-isl-lib=/vol/gcc/lib --build=sparc-sun-solaris2.11 --host=sparc-sun-solaris2.11
BOOT_CFLAGS=-g -O2