This is the mail archive of the
gcc-testresults@gcc.gnu.org
mailing list for the GCC project.
Results for 8.0.0 20170613 (experimental) [trunk revision 249174] (GCC) testsuite on x86_64-pc-linux-gnu
- From: intel64corei7 at gnu-34 dot sc dot intel dot com (H.J. Lu (Intel64 Core i7))
- To: gcc-testresults at gcc dot gnu dot org
- Date: Tue, 13 Jun 2017 16:49:49 -0700
- Subject: Results for 8.0.0 20170613 (experimental) [trunk revision 249174] (GCC) testsuite on x86_64-pc-linux-gnu
- Authentication-results: sourceware.org; auth=none
Native configuration is x86_64-pc-linux-gnu
=== gfortran tests ===
Running target unix
FAIL: gfortran.dg/graphite/pr14741.f90 -O scan-tree-dump graphite "tiled by"
=== gfortran Summary for unix ===
# of expected passes 45397
# of unexpected failures 1
# of expected failures 92
# of unsupported tests 73
Running target unix/-m32
FAIL: gfortran.dg/bessel_6.f90 -O0 execution test
FAIL: gfortran.dg/bessel_6.f90 -O1 execution test
FAIL: gfortran.dg/bessel_6.f90 -O2 execution test
FAIL: gfortran.dg/bessel_6.f90 -O3 -fomit-frame-pointer -funroll-loops -fpeel-loops -ftracer -finline-functions execution test
FAIL: gfortran.dg/bessel_6.f90 -O3 -g execution test
FAIL: gfortran.dg/bessel_6.f90 -Os execution test
=== gfortran Summary for unix/-m32 ===
# of expected passes 45175
# of unexpected failures 6
# of expected failures 92
# of unsupported tests 176
=== gfortran Summary ===
# of expected passes 90572
# of unexpected failures 7
# of expected failures 184
# of unsupported tests 249
/export/gnu/import/git/gcc-test-intel64corei7/bld/gcc/gfortran version 8.0.0 20170613 (experimental) [trunk revision 249174] (GCC)
=== g++ tests ===
Running target unix
FAIL: g++.dg/ext/mv16.C -std=gnu++11 execution test
FAIL: g++.dg/ext/mv16.C -std=gnu++14 execution test
FAIL: g++.dg/ext/mv16.C -std=gnu++98 execution test
FAIL: g++.dg/guality/pr55665.C -O2 line 23 p == 40
=== g++ Summary for unix ===
# of expected passes 116108
# of unexpected failures 4
# of expected failures 386
# of unsupported tests 4364
Running target unix/-m32
FAIL: g++.dg/ext/mv16.C -std=gnu++11 execution test
FAIL: g++.dg/ext/mv16.C -std=gnu++14 execution test
FAIL: g++.dg/ext/mv16.C -std=gnu++98 execution test
FAIL: g++.dg/template/nontype10.C -std=c++11 (test for excess errors)
FAIL: g++.dg/template/nontype10.C -std=c++14 (test for excess errors)
FAIL: g++.dg/template/nontype10.C -std=c++98 (test for excess errors)
FAIL: g++.dg/guality/pr55665.C -O2 line 23 p == 40
=== g++ Summary for unix/-m32 ===
# of expected passes 114521
# of unexpected failures 7
# of expected failures 386
# of unsupported tests 4142
=== g++ Summary ===
# of expected passes 230629
# of unexpected failures 11
# of expected failures 772
# of unsupported tests 8506
/export/gnu/import/git/gcc-test-intel64corei7/bld/gcc/xg++ version 8.0.0 20170613 (experimental) [trunk revision 249174] (GCC)
=== objc tests ===
Running target unix
=== objc Summary for unix ===
# of expected passes 2797
# of expected failures 6
# of unsupported tests 68
Running target unix/-m32
=== objc Summary for unix/-m32 ===
# of expected passes 2797
# of expected failures 6
# of unsupported tests 68
=== objc Summary ===
# of expected passes 5594
# of expected failures 12
# of unsupported tests 136
/export/gnu/import/git/gcc-test-intel64corei7/bld/gcc/xgcc version 8.0.0 20170613 (experimental) [trunk revision 249174] (GCC)
=== libatomic tests ===
Running target unix/-m32
=== libatomic Summary for unix/-m32 ===
# of expected passes 44
# of unsupported tests 5
Running target unix
=== libatomic Summary for unix ===
# of expected passes 54
=== libatomic Summary ===
# of expected passes 98
# of unsupported tests 5
=== libgomp tests ===
Running target unix/-m32
=== libgomp Summary for unix/-m32 ===
# of expected passes 5230
# of unsupported tests 327
Running target unix
=== libgomp Summary for unix ===
# of expected passes 5230
# of unsupported tests 327
=== libgomp Summary ===
# of expected passes 10460
# of unsupported tests 654
=== libitm tests ===
Running target unix/-m32
=== libitm Summary for unix/-m32 ===
# of expected passes 42
# of expected failures 3
# of unsupported tests 1
Running target unix
=== libitm Summary for unix ===
# of expected passes 42
# of expected failures 3
# of unsupported tests 1
=== libitm Summary ===
# of expected passes 84
# of expected failures 6
# of unsupported tests 2
=== libstdc++ tests ===
Running target unix
=== libstdc++ Summary for unix ===
# of expected passes 12207
# of expected failures 68
# of unsupported tests 245
Running target unix/-m32
=== libstdc++ Summary for unix/-m32 ===
# of expected passes 12215
# of expected failures 68
# of unsupported tests 241
=== libstdc++ Summary ===
# of expected passes 24422
# of expected failures 136
# of unsupported tests 486
Compiler version: 8.0.0 20170613 (experimental) [trunk revision 249174] (GCC)
Platform: x86_64-pc-linux-gnu
configure flags: --with-arch=corei7 --with-cpu=corei7 --prefix=/usr/8.0.0 --enable-clocale=gnu --with-system-zlib --enable-shared --with-demangler-in-ld --enable-libmpx --with-fpmath=sse