This is the mail archive of the
gcc-testresults@gcc.gnu.org
mailing list for the GCC project.
Results for 8.0.0 20170602 (experimental) [trunk revision 248816] (GCC) testsuite on i386-pc-solaris2.12
- From: Rainer Orth <ro at CeBiTec dot Uni-Bielefeld dot DE>
- To: gcc-testresults at gcc dot gnu dot org
- Date: Sat, 3 Jun 2017 10:28:23 +0200 (MEST)
- Subject: Results for 8.0.0 20170602 (experimental) [trunk revision 248816] (GCC) testsuite on i386-pc-solaris2.12
- Authentication-results: sourceware.org; auth=none
LAST_UPDATED: Fri Jun 2 09:07:52 UTC 2017 (revision 248816)
=== acats tests ===
=== acats Summary ===
# of expected passes 2320
# of unexpected failures 0
Native configuration is i386-pc-solaris2.12
=== g++ tests ===
Running target unix
FAIL: g++.dg/gcov/pr16855-priority.C -std=gnu++11 gcov: 1 failures in line counts, 0 in branch percentages, 0 in return percentages, 0 in intermediate format
FAIL: g++.dg/gcov/pr16855-priority.C -std=gnu++11 line 22: is #####:should be 1
FAIL: g++.dg/gcov/pr16855-priority.C -std=gnu++14 gcov: 1 failures in line counts, 0 in branch percentages, 0 in return percentages, 0 in intermediate format
FAIL: g++.dg/gcov/pr16855-priority.C -std=gnu++14 line 22: is #####:should be 1
FAIL: g++.dg/gcov/pr16855-priority.C -std=gnu++98 gcov: 1 failures in line counts, 0 in branch percentages, 0 in return percentages, 0 in intermediate format
FAIL: g++.dg/gcov/pr16855-priority.C -std=gnu++98 line 22: is #####:should be 1
FAIL: g++.dg/gcov/pr16855.C -std=gnu++11 gcov: 1 failures in line counts, 0 in branch percentages, 0 in return percentages, 0 in intermediate format
FAIL: g++.dg/gcov/pr16855.C -std=gnu++11 line 21: is #####:should be 1
FAIL: g++.dg/gcov/pr16855.C -std=gnu++14 gcov: 1 failures in line counts, 0 in branch percentages, 0 in return percentages, 0 in intermediate format
FAIL: g++.dg/gcov/pr16855.C -std=gnu++14 line 21: is #####:should be 1
FAIL: g++.dg/gcov/pr16855.C -std=gnu++98 gcov: 1 failures in line counts, 0 in branch percentages, 0 in return percentages, 0 in intermediate format
FAIL: g++.dg/gcov/pr16855.C -std=gnu++98 line 21: is #####:should be 1
=== g++ Summary for unix ===
# of expected passes 106431
# of unexpected failures 12
# of expected failures 388
# of unsupported tests 4027
Running target unix/-m64
FAIL: g++.dg/gcov/pr16855-priority.C -std=gnu++11 gcov: 1 failures in line counts, 0 in branch percentages, 0 in return percentages, 0 in intermediate format
FAIL: g++.dg/gcov/pr16855-priority.C -std=gnu++11 line 22: is #####:should be 1
FAIL: g++.dg/gcov/pr16855-priority.C -std=gnu++14 gcov: 1 failures in line counts, 0 in branch percentages, 0 in return percentages, 0 in intermediate format
FAIL: g++.dg/gcov/pr16855-priority.C -std=gnu++14 line 22: is #####:should be 1
FAIL: g++.dg/gcov/pr16855-priority.C -std=gnu++98 gcov: 1 failures in line counts, 0 in branch percentages, 0 in return percentages, 0 in intermediate format
FAIL: g++.dg/gcov/pr16855-priority.C -std=gnu++98 line 22: is #####:should be 1
FAIL: g++.dg/gcov/pr16855.C -std=gnu++11 gcov: 1 failures in line counts, 0 in branch percentages, 0 in return percentages, 0 in intermediate format
FAIL: g++.dg/gcov/pr16855.C -std=gnu++11 line 21: is #####:should be 1
FAIL: g++.dg/gcov/pr16855.C -std=gnu++14 gcov: 1 failures in line counts, 0 in branch percentages, 0 in return percentages, 0 in intermediate format
FAIL: g++.dg/gcov/pr16855.C -std=gnu++14 line 21: is #####:should be 1
FAIL: g++.dg/gcov/pr16855.C -std=gnu++98 gcov: 1 failures in line counts, 0 in branch percentages, 0 in return percentages, 0 in intermediate format
FAIL: g++.dg/gcov/pr16855.C -std=gnu++98 line 21: is #####:should be 1
=== g++ Summary for unix/-m64 ===
# of expected passes 107769
# of unexpected failures 12
# of expected failures 388
# of unsupported tests 4262
=== g++ Summary ===
# of expected passes 214200
# of unexpected failures 24
# of expected failures 776
# of unsupported tests 8289
/var/gcc/regression/trunk/12-gcc-gas-gld/build/gcc/testsuite/g++/../../xg++ version 8.0.0 20170602 (experimental) [trunk revision 248816] (GCC)
=== gcc tests ===
Running target unix
XPASS: gcc.dg/pr78768.c -Wformat-overflow (test for warnings, line 12)
FAIL: gcc.target/i386/pr70021.c scan-tree-dump-times vect "vectorized 1 loops" 2
=== gcc Summary for unix ===
# of expected passes 117603
# of unexpected failures 1
# of unexpected successes 1
# of expected failures 406
# of unsupported tests 2111
Running target unix/-m64
XPASS: gcc.dg/pr78768.c -Wformat-overflow (test for warnings, line 12)
FAIL: gcc.target/i386/pr70021.c scan-tree-dump-times vect "vectorized 1 loops" 2
WARNING: Could not build /vol/gcc/src/hg/trunk/local/gcc/testsuite/gcc.target/x86_64/abi/ms-sysv/ms-sysv.c.
WARNING: Could not build /vol/gcc/src/hg/trunk/local/gcc/testsuite/gcc.target/x86_64/abi/ms-sysv/ms-sysv.c.
WARNING: Could not build /vol/gcc/src/hg/trunk/local/gcc/testsuite/gcc.target/x86_64/abi/ms-sysv/ms-sysv.c.
WARNING: Could not build /vol/gcc/src/hg/trunk/local/gcc/testsuite/gcc.target/x86_64/abi/ms-sysv/ms-sysv.c.
FAIL: gcc.target/x86_64/abi/ms-sysv CFLAGS="-O0 -g3" generator_args="-p0-5 --omit-rbp-clobbers"
FAIL: gcc.target/x86_64/abi/ms-sysv CFLAGS="-O2" generator_args="-p0-5"
FAIL: gcc.target/x86_64/abi/ms-sysv CFLAGS="-mcall-ms2sysv-xlogues -O0 -g3" generator_args="-p0-5 --omit-rbp-clobbers"
FAIL: gcc.target/x86_64/abi/ms-sysv CFLAGS="-mcall-ms2sysv-xlogues -O2" generator_args="-p0-5"
=== gcc Summary for unix/-m64 ===
# of expected passes 119346
# of unexpected failures 5
# of unexpected successes 1
# of expected failures 402
# of unsupported tests 2048
=== gcc Summary ===
# of expected passes 236949
# of unexpected failures 6
# of unexpected successes 2
# of expected failures 808
# of unsupported tests 4159
/var/gcc/regression/trunk/12-gcc-gas-gld/build/gcc/xgcc version 8.0.0 20170602 (experimental) [trunk revision 248816] (GCC)
=== gfortran tests ===
Running target unix
=== gfortran Summary for unix ===
# of expected passes 45067
# of expected failures 92
# of unsupported tests 188
Running target unix/-m64
=== gfortran Summary for unix/-m64 ===
# of expected passes 45284
# of expected failures 92
# of unsupported tests 85
=== gfortran Summary ===
# of expected passes 90351
# of expected failures 184
# of unsupported tests 273
/var/gcc/regression/trunk/12-gcc-gas-gld/build/gcc/testsuite/gfortran/../../gfortran version 8.0.0 20170602 (experimental) [trunk revision 248816] (GCC)
=== gnat tests ===
Running target unix
=== gnat Summary for unix ===
# of expected passes 2577
# of expected failures 24
# of unsupported tests 7
Running target unix/-m64
=== gnat Summary for unix/-m64 ===
# of expected passes 2577
# of expected failures 24
# of unsupported tests 7
=== gnat Summary ===
# of expected passes 5154
# of expected failures 48
# of unsupported tests 14
/var/gcc/regression/trunk/12-gcc-gas-gld/build/gcc/gnatmake version 8.0.0 20170602 (experimental) [trunk revision 248816]
=== go tests ===
Running target unix
FAIL: ./index0-out.go execution, -O0 -g -fno-var-tracking-assignments
=== go Summary for unix ===
# of expected passes 7364
# of unexpected failures 1
# of expected failures 1
# of untested testcases 10
# of unsupported tests 2
Running target unix/-m64
FAIL: ./index0-out.go execution, -O0 -g -fno-var-tracking-assignments
=== go Summary for unix/-m64 ===
# of expected passes 7245
# of unexpected failures 1
# of expected failures 1
# of untested testcases 10
# of unsupported tests 1
=== go Summary ===
# of expected passes 14609
# of unexpected failures 2
# of expected failures 2
# of untested testcases 20
# of unsupported tests 3
/var/gcc/regression/trunk/12-gcc-gas-gld/build/gcc/testsuite/go/../../gccgo version 8.0.0 20170602 (experimental) [trunk revision 248816] (GCC)
=== obj-c++ tests ===
Running target unix
=== obj-c++ Summary for unix ===
# of expected passes 1459
# of expected failures 2
# of unsupported tests 77
Running target unix/-m64
=== obj-c++ Summary for unix/-m64 ===
# of expected passes 1451
# of expected failures 10
# of unsupported tests 77
=== obj-c++ Summary ===
# of expected passes 2910
# of expected failures 12
# of unsupported tests 154
/var/gcc/regression/trunk/12-gcc-gas-gld/build/gcc/testsuite/obj-c++/../../xg++ version 8.0.0 20170602 (experimental) [trunk revision 248816] (GCC)
=== objc tests ===
Running target unix
=== objc Summary for unix ===
# of expected passes 2797
# of expected failures 6
# of unsupported tests 68
Running target unix/-m64
=== objc Summary for unix/-m64 ===
# of expected passes 2797
# of expected failures 6
# of unsupported tests 68
=== objc Summary ===
# of expected passes 5594
# of expected failures 12
# of unsupported tests 136
/var/gcc/regression/trunk/12-gcc-gas-gld/build/gcc/xgcc version 8.0.0 20170602 (experimental) [trunk revision 248816] (GCC)
=== libatomic tests ===
Running target unix
=== libatomic Summary for unix ===
# of expected passes 44
# of unsupported tests 5
Running target unix/-m64
=== libatomic Summary for unix/-m64 ===
# of expected passes 54
=== libatomic Summary ===
# of expected passes 98
# of unsupported tests 5
=== libffi tests ===
Running target unix
=== libffi Summary for unix ===
# of expected passes 2799
Running target unix/-m64
=== libffi Summary for unix/-m64 ===
# of expected passes 2214
=== libffi Summary ===
# of expected passes 5013
=== libgo tests ===
Running target unix
FAIL: net
FAIL: runtime
FAIL: go/build
=== libgo Summary for unix ===
# of expected passes 144
# of unexpected failures 3
Running target unix/-m64
FAIL: go/build
=== libgo Summary for unix/-m64 ===
# of expected passes 146
# of unexpected failures 1
=== libgo Summary ===
# of expected passes 290
# of unexpected failures 4
/var/gcc/regression/trunk/12-gcc-gas-gld/build/./gcc/gccgo version 8.0.0 20170602 (experimental) [trunk revision 248816] (GCC)
=== libgomp tests ===
Running target unix
=== libgomp Summary for unix ===
# of expected passes 5226
# of unsupported tests 329
Running target unix/-m64
=== libgomp Summary for unix/-m64 ===
# of expected passes 5226
# of unsupported tests 329
=== libgomp Summary ===
# of expected passes 10452
# of unsupported tests 658
=== libitm tests ===
Running target unix
=== libitm Summary for unix ===
# of expected passes 42
# of expected failures 3
# of unsupported tests 1
Running target unix/-m64
=== libitm Summary for unix/-m64 ===
# of expected passes 42
# of expected failures 3
# of unsupported tests 1
=== libitm Summary ===
# of expected passes 84
# of expected failures 6
# of unsupported tests 2
=== libstdc++ tests ===
Running target unix
=== libstdc++ Summary for unix ===
# of expected passes 10872
# of expected failures 66
# of unsupported tests 616
Running target unix/-m64
=== libstdc++ Summary for unix/-m64 ===
# of expected passes 10864
# of expected failures 66
# of unsupported tests 620
=== libstdc++ Summary ===
# of expected passes 21736
# of expected failures 132
# of unsupported tests 1236
Compiler version: 8.0.0 20170602 (experimental) [trunk revision 248816] (GCC)
Platform: i386-pc-solaris2.12
configure flags: --prefix=/vol/gcc --target=i386-pc-solaris2.12 --enable-objc-gc --with-target-bdw-gc-include=/vol/gcc/include --with-target-bdw-gc-lib=/vol/gcc/lib,amd64=/vol/gcc/lib/amd64 --with-as=/vol/gcc/bin/gas-2.28 --with-gnu-as --with-ld=/vol/gcc/bin/gld-2.28 --with-gnu-ld --with-gmp-include=/vol/gcc/include --with-gmp-lib=/vol/gcc/lib --with-mpfr-include=/vol/gcc/include --with-mpfr-lib=/vol/gcc/lib --with-mpc-include=/vol/gcc/include --with-mpc-lib=/vol/gcc/lib --enable-languages=all,ada,obj-c++,go --with-isl-include=/vol/gcc/include --with-isl-lib=/vol/gcc/lib --build=i386-pc-solaris2.12 --host=i386-pc-solaris2.12
BOOT_CFLAGS=-g -O2