This is the mail archive of the
gcc-testresults@gcc.gnu.org
mailing list for the GCC project.
Results for 8.0.0 20170531 (experimental) [master revision be2b7ad:8f30976:ad99200ff7e8b1e4c8e11771bdd852647b503923] (Cavium Inc. (Build 4136)) testsuite on x86_64-pc-linux-gnu
- From: jenkins@dell1s-1.localdomain
- To: gcc-testresults at gcc dot gnu dot org
- Date: Wed, 31 May 2017 14:42:02 -0700
- Subject: Results for 8.0.0 20170531 (experimental) [master revision be2b7ad:8f30976:ad99200ff7e8b1e4c8e11771bdd852647b503923] (Cavium Inc. (Build 4136)) testsuite on x86_64-pc-linux-gnu
- Authentication-results: sourceware.org; auth=none
LAST_UPDATED: Wed May 31 18:24:30 UTC 2017 (revision be2b7ad:8f30976:ad99200ff7e8b1e4c8e11771bdd852647b503923)
Native configuration is x86_64-pc-linux-gnu
=== gcc tests ===
Running target unix
FAIL: gcc.dg/vect/pr66636.c (test for excess errors)
FAIL: gcc.dg/vect/pr66636.c -flto -ffat-lto-objects (test for excess errors)
WARNING: gcc.dg/vect/pr66636.c -flto -ffat-lto-objects compilation failed to produce executable
WARNING: gcc.dg/vect/pr66636.c compilation failed to produce executable
FAIL: gcc.target/i386/pr57275.c (test for excess errors)
WARNING: gcc.target/i386/pr57275.c compilation failed to produce executable
=== gcc Summary ===
# of expected passes 123409
# of unexpected failures 3
# of expected failures 404
# of unsupported tests 3340
/home/jenkins/workspace/GCCupstream/objdir/gcc/xgcc version 8.0.0 20170531 (experimental) [master revision be2b7ad:8f30976:ad99200ff7e8b1e4c8e11771bdd852647b503923] (Cavium Inc. (Build 4136))
=== gfortran tests ===
Running target unix
FAIL: gfortran.dg/guality/pr41558.f90 -O2 line 7 s == 'foo'
FAIL: gfortran.dg/guality/pr41558.f90 -O3 -fomit-frame-pointer -funroll-loops -fpeel-loops -ftracer -finline-functions line 7 s == 'foo'
FAIL: gfortran.dg/guality/pr41558.f90 -O3 -g line 7 s == 'foo'
FAIL: gfortran.dg/guality/pr41558.f90 -Os line 7 s == 'foo'
=== gfortran Summary ===
# of expected passes 45325
# of unexpected failures 4
# of expected failures 92
# of unsupported tests 87
/home/jenkins/workspace/GCCupstream/objdir/gcc/testsuite/gfortran/../../gfortran version 8.0.0 20170531 (experimental) [master revision be2b7ad:8f30976:ad99200ff7e8b1e4c8e11771bdd852647b503923] (Cavium Inc. (Build 4136))
=== g++ tests ===
Running target unix
FAIL: g++.dg/tls/thread_local-order2.C -std=c++11 execution test
FAIL: g++.dg/tls/thread_local-order2.C -std=c++14 execution test
=== g++ Summary ===
# of expected passes 115708
# of unexpected failures 2
# of expected failures 386
# of unsupported tests 4379
/home/jenkins/workspace/GCCupstream/objdir/gcc/testsuite/g++/../../xg++ version 8.0.0 20170531 (experimental) [master revision be2b7ad:8f30976:ad99200ff7e8b1e4c8e11771bdd852647b503923] (Cavium Inc. (Build 4136))
=== go tests ===
Running target unix
FAIL: ./index0-out.go execution, -O0 -g -fno-var-tracking-assignments
=== go Summary ===
# of expected passes 7253
# of unexpected failures 1
# of expected failures 1
# of untested testcases 6
# of unsupported tests 1
/home/jenkins/workspace/GCCupstream/objdir/gcc/testsuite/go/../../gccgo version 8.0.0 20170531 (experimental) [master revision be2b7ad:8f30976:ad99200ff7e8b1e4c8e11771bdd852647b503923] (Cavium Inc. (Build 4136))
=== libatomic tests ===
Running target unix
=== libatomic Summary ===
# of expected passes 54
=== libffi tests ===
Running target unix
=== libffi Summary ===
# of expected passes 2214
=== libgo tests ===
Running target unix
=== libgo Summary ===
# of expected passes 146
/home/jenkins/workspace/GCCupstream/objdir/./gcc/gccgo version 8.0.0 20170531 (experimental) [master revision be2b7ad:8f30976:ad99200ff7e8b1e4c8e11771bdd852647b503923] (Cavium Inc. (Build 4136))
=== libgomp tests ===
Running target unix
=== libgomp Summary ===
# of expected passes 5158
# of unsupported tests 363
=== libitm tests ===
Running target unix
=== libitm Summary ===
# of expected passes 42
# of expected failures 3
# of unsupported tests 1
=== libstdc++ tests ===
Running target unix
=== libstdc++ Summary ===
# of expected passes 11804
# of expected failures 66
# of unsupported tests 248
Compiler version: 8.0.0 20170531 (experimental) [master revision be2b7ad:8f30976:ad99200ff7e8b1e4c8e11771bdd852647b503923] (Cavium Inc. (Build 4136))
Platform: x86_64-pc-linux-gnu
configure flags: --prefix=/home/jenkins/workspace/GCCupstream/objdir/../tools --enable-languages=c,c++,fortran,go --disable-werror --enable-plugins --enable-gnu-indirect-function --with-pkgversion='Cavium Inc. (Build 4136)' --disable-multilib