This is the mail archive of the
gcc-testresults@gcc.gnu.org
mailing list for the GCC project.
Results for 8.0.0 20170527 (experimental) [master revision 7f93105:c4c2c52:707a69dfb56a2976e2b5c010f0e5cb2ac9905a07] (Cavium Inc. (Build 1561)) testsuite on aarch64-unknown-linux-gnu
- From: Jenkins <jenkins at cavium dot com>
- To: gcc-testresults at gcc dot gnu dot org
- Date: Sat, 27 May 2017 14:29:16 -0700
- Subject: Results for 8.0.0 20170527 (experimental) [master revision 7f93105:c4c2c52:707a69dfb56a2976e2b5c010f0e5cb2ac9905a07] (Cavium Inc. (Build 1561)) testsuite on aarch64-unknown-linux-gnu
- Authentication-results: sourceware.org; auth=none
LAST_UPDATED: Sat May 27 19:25:07 UTC 2017 (revision 7f93105:c4c2c52:707a69dfb56a2976e2b5c010f0e5cb2ac9905a07)
Native configuration is aarch64-unknown-linux-gnu
=== libatomic tests ===
Running target unix
=== libatomic Summary ===
# of expected passes 54
=== libffi tests ===
Running target unix
=== libffi Summary ===
# of expected passes 2214
=== libgo tests ===
Running target unix
FAIL: fmt
FAIL: net
FAIL: reflect
FAIL: archive/tar
FAIL: debug/dwarf
FAIL: mime/multipart
FAIL: net/mail
=== libgo Summary ===
# of expected passes 139
# of unexpected failures 7
/home/jenkins/workspace/BuildThunderX_native_gcc_upstream/objdir/./gcc/gccgo version 8.0.0 20170527 (experimental) [master revision 7f93105:c4c2c52:707a69dfb56a2976e2b5c010f0e5cb2ac9905a07] (Cavium Inc. (Build 1561))
=== libgomp tests ===
Running target unix
=== libgomp Summary ===
# of expected passes 5086
# of unsupported tests 376
=== libitm tests ===
Running target unix
=== libitm Summary ===
# of expected passes 42
# of expected failures 3
# of unsupported tests 1
=== libstdc++ tests ===
Running target unix
FAIL: 27_io/manipulators/extended/get_money/char/1.cc execution test
=== libstdc++ Summary ===
# of expected passes 11369
# of unexpected failures 1
# of expected failures 66
# of unsupported tests 556
=== gcc tests ===
Running target unix
XPASS: gcc.dg/pr78768.c -Wformat-overflow (test for warnings, line 12)
FAIL: c-c++-common/ubsan/overflow-mul-4.c -O0 output pattern test
FAIL: c-c++-common/ubsan/overflow-mul-4.c -O1 output pattern test
FAIL: c-c++-common/ubsan/overflow-mul-4.c -O2 -flto -fuse-linker-plugin -fno-fat-lto-objects output pattern test
FAIL: c-c++-common/ubsan/overflow-mul-4.c -O3 -g output pattern test
XPASS: gcc.dg/vect/vect-95.c -flto -ffat-lto-objects scan-tree-dump-times vect "Alignment of access forced using peeling" 0
XPASS: gcc.dg/vect/vect-95.c scan-tree-dump-times vect "Alignment of access forced using peeling" 0
FAIL: gcc.target/aarch64/pr62178.c scan-assembler ld1r\\\\t{v[0-9]+.
FAIL: gcc.target/aarch64/vect-abs-compile.c scan-assembler abs\\\\tv[0-9]+.16b
FAIL: gcc.target/aarch64/vect-abs-compile.c scan-assembler abs\\\\tv[0-9]+.8h
=== gcc Summary ===
# of expected passes 113044
# of unexpected failures 7
# of unexpected successes 3
# of expected failures 346
# of unsupported tests 3202
/home/jenkins/workspace/BuildThunderX_native_gcc_upstream/objdir/gcc/xgcc version 8.0.0 20170527 (experimental) [master revision 7f93105:c4c2c52:707a69dfb56a2976e2b5c010f0e5cb2ac9905a07] (Cavium Inc. (Build 1561))
=== gfortran tests ===
Running target unix
FAIL: gfortran.dg/vect/vect-2.f90 -O scan-tree-dump-times vect "Alignment of access forced using peeling" 3
FAIL: gfortran.dg/vect/vect-2.f90 -O scan-tree-dump-times vect "Vectorizing an unaligned access" 2
FAIL: gfortran.dg/vect/vect-5.f90 -O scan-tree-dump-times vect "Alignment of access forced using peeling" 1
FAIL: gfortran.dg/vect/vect-5.f90 -O scan-tree-dump-times vect "Vectorizing an unaligned access" 1
=== gfortran Summary ===
# of expected passes 44532
# of unexpected failures 4
# of expected failures 89
# of unsupported tests 75
/home/jenkins/workspace/BuildThunderX_native_gcc_upstream/objdir/gcc/testsuite/gfortran/../../gfortran version 8.0.0 20170527 (experimental) [master revision 7f93105:c4c2c52:707a69dfb56a2976e2b5c010f0e5cb2ac9905a07] (Cavium Inc. (Build 1561))
=== g++ tests ===
Running target unix
FAIL: g++.dg/ext/utf16-4.C -std=c++11 (test for warnings, line 16)
FAIL: g++.dg/ext/utf16-4.C -std=c++11 (test for excess errors)
FAIL: g++.dg/ext/utf16-4.C -std=c++14 (test for warnings, line 16)
FAIL: g++.dg/ext/utf16-4.C -std=c++14 (test for excess errors)
FAIL: c-c++-common/ubsan/float-cast-overflow-2.c -O3 -g output pattern test
FAIL: c-c++-common/ubsan/overflow-mul-4.c -Os output pattern test
=== g++ Summary ===
# of expected passes 109717
# of unexpected failures 6
# of expected failures 380
# of unsupported tests 4749
/home/jenkins/workspace/BuildThunderX_native_gcc_upstream/objdir/gcc/testsuite/g++/../../xg++ version 8.0.0 20170527 (experimental) [master revision 7f93105:c4c2c52:707a69dfb56a2976e2b5c010f0e5cb2ac9905a07] (Cavium Inc. (Build 1561))
=== go tests ===
Running target unix
FAIL: go.test/test/ken/cplx2.go execution, -O2 -g
=== go Summary ===
# of expected passes 7243
# of unexpected failures 1
# of expected failures 1
# of untested testcases 10
# of unsupported tests 3
/home/jenkins/workspace/BuildThunderX_native_gcc_upstream/objdir/gcc/testsuite/go/../../gccgo version 8.0.0 20170527 (experimental) [master revision 7f93105:c4c2c52:707a69dfb56a2976e2b5c010f0e5cb2ac9905a07] (Cavium Inc. (Build 1561))
Compiler version: 8.0.0 20170527 (experimental) [master revision 7f93105:c4c2c52:707a69dfb56a2976e2b5c010f0e5cb2ac9905a07] (Cavium Inc. (Build 1561))
Platform: aarch64-unknown-linux-gnu
configure flags: --prefix=/home/jenkins/workspace/BuildThunderX_native_gcc_upstream/objdir/../tools --enable-languages=c,c++,fortran,go --disable-werror --with-sysroot=/ --enable-plugins --enable-gnu-indirect-function --with-pkgversion='Cavium Inc. (Build 1561)'