This is the mail archive of the
gcc-testresults@gcc.gnu.org
mailing list for the GCC project.
Results for 8.0.0 20170526 (experimental) [trunk revision 248522] (GCC) testsuite on sparc-sun-solaris2.11
- From: Rainer Orth <ro at CeBiTec dot Uni-Bielefeld dot DE>
- To: gcc-testresults at gcc dot gnu dot org
- Date: Sat, 27 May 2017 15:27:30 +0200 (MEST)
- Subject: Results for 8.0.0 20170526 (experimental) [trunk revision 248522] (GCC) testsuite on sparc-sun-solaris2.11
- Authentication-results: sourceware.org; auth=none
LAST_UPDATED: Fri May 26 19:08:52 UTC 2017 (revision 248522)
=== acats tests ===
FAIL: c85006d
FAIL: c87b57a
FAIL: c87b62a
=== acats Summary ===
# of expected passes 2317
# of unexpected failures 3
Native configuration is sparc-sun-solaris2.11
=== g++ tests ===
Running target unix
=== g++ Summary for unix ===
# of expected passes 104592
# of expected failures 394
# of unsupported tests 4601
Running target unix/-m64
=== g++ Summary for unix/-m64 ===
# of expected passes 106474
# of expected failures 394
# of unsupported tests 4573
=== g++ Summary ===
# of expected passes 211066
# of expected failures 788
# of unsupported tests 9174
/var/gcc/regression/trunk/11-gcc/build/gcc/testsuite/g++/../../xg++ version 8.0.0 20170526 (experimental) [trunk revision 248522] (GCC)
=== gcc tests ===
Running target unix
FAIL: gcc.dg/visibility-22.c execution test
FAIL: gcc.dg/plugin/must-tail-call-1.c -fplugin=./must_tail_call_plugin.so (test for excess errors)
FAIL: gcc.dg/simulate-thread/atomic-other-int.c -O2 -g thread simulation test
FAIL: gcc.dg/simulate-thread/atomic-other-int.c -O3 -g thread simulation test
FAIL: gcc.dg/simulate-thread/speculative-store-4.c -O0 -g thread simulation test
FAIL: gcc.dg/simulate-thread/speculative-store-4.c -O2 -g thread simulation test
FAIL: gcc.dg/simulate-thread/speculative-store-4.c -O3 -g thread simulation test
FAIL: gcc.dg/simulate-thread/speculative-store.c -O0 -g thread simulation test
=== gcc Summary for unix ===
# of expected passes 99911
# of unexpected failures 8
# of expected failures 433
# of unsupported tests 2630
Running target unix/-m64
FAIL: gcc.dg/visibility-22.c execution test
FAIL: gcc.dg/plugin/must-tail-call-1.c -fplugin=./must_tail_call_plugin.so (test for excess errors)
=== gcc Summary for unix/-m64 ===
# of expected passes 100977
# of unexpected failures 2
# of expected failures 418
# of unsupported tests 2421
=== gcc Summary ===
# of expected passes 200888
# of unexpected failures 10
# of expected failures 851
# of unsupported tests 5051
/var/gcc/regression/trunk/11-gcc/build/gcc/xgcc version 8.0.0 20170526 (experimental) [trunk revision 248522] (GCC)
=== gfortran tests ===
Running target unix
FAIL: gfortran.dg/array_constructor_24.f -O0 (test for excess errors)
FAIL: gfortran.dg/array_constructor_39.f90 -O3 -fomit-frame-pointer -funroll-loops -fpeel-loops -ftracer -finline-functions (test for excess errors)
FAIL: gfortran.dg/elemental_subroutine_3.f90 -O1 (test for excess errors)
FAIL: gfortran.dg/elemental_subroutine_3.f90 -O2 (test for excess errors)
FAIL: gfortran.dg/elemental_subroutine_3.f90 -O3 -fomit-frame-pointer -funroll-loops -fpeel-loops -ftracer -finline-functions (test for excess errors)
FAIL: gfortran.dg/elemental_subroutine_3.f90 -O3 -g (test for excess errors)
FAIL: gfortran.dg/elemental_subroutine_3.f90 -Os (test for excess errors)
=== gfortran Summary for unix ===
# of expected passes 44923
# of unexpected failures 7
# of expected failures 94
# of unsupported tests 243
Running target unix/-m64
FAIL: gfortran.dg/elemental_subroutine_3.f90 -O1 (test for excess errors)
FAIL: gfortran.dg/elemental_subroutine_3.f90 -O2 (test for excess errors)
FAIL: gfortran.dg/elemental_subroutine_3.f90 -O3 -fomit-frame-pointer -funroll-loops -fpeel-loops -ftracer -finline-functions (test for excess errors)
FAIL: gfortran.dg/elemental_subroutine_3.f90 -O3 -g (test for excess errors)
FAIL: gfortran.dg/elemental_subroutine_3.f90 -Os (test for excess errors)
=== gfortran Summary for unix/-m64 ===
# of expected passes 45172
# of unexpected failures 5
# of expected failures 94
# of unsupported tests 122
=== gfortran Summary ===
# of expected passes 90095
# of unexpected failures 12
# of expected failures 188
# of unsupported tests 365
/var/gcc/regression/trunk/11-gcc/build/gcc/testsuite/gfortran/../../gfortran version 8.0.0 20170526 (experimental) [trunk revision 248522] (GCC)
=== gnat tests ===
Running target unix
=== gnat Summary for unix ===
# of expected passes 2538
# of expected failures 24
# of unsupported tests 23
Running target unix/-m64
FAIL: gnat.dg/testint.adb (test for excess errors)
FAIL: gnat.dg/timer_cancel.adb (test for excess errors)
=== gnat Summary for unix/-m64 ===
# of expected passes 2536
# of unexpected failures 2
# of expected failures 24
# of unsupported tests 23
=== gnat Summary ===
# of expected passes 5074
# of unexpected failures 2
# of expected failures 48
# of unsupported tests 46
/var/gcc/regression/trunk/11-gcc/build/gcc/gnatmake version 8.0.0 20170526 (experimental) [trunk revision 248522]
=== go tests ===
Running target unix
FAIL: ./index0-out.go execution, -O0 -g -fno-var-tracking-assignments
FAIL: go.test/test/fixedbugs/issue4562.go execution, -O2 -g
FAIL: go.test/test/method5.go execution, -O2 -g
FAIL: go.test/test/nil.go execution, -O2 -g
=== go Summary for unix ===
# of expected passes 7358
# of unexpected failures 4
# of expected failures 1
# of untested testcases 11
# of unsupported tests 3
Running target unix/-m64
FAIL: ./index0-out.go execution, -O0 -g -fno-var-tracking-assignments
=== go Summary for unix/-m64 ===
# of expected passes 7241
# of unexpected failures 1
# of expected failures 1
# of untested testcases 11
# of unsupported tests 3
=== go Summary ===
# of expected passes 14599
# of unexpected failures 5
# of expected failures 2
# of untested testcases 22
# of unsupported tests 6
=== obj-c++ tests ===
Running target unix
=== obj-c++ Summary for unix ===
# of expected passes 1459
# of expected failures 2
# of unsupported tests 77
Running target unix/-m64
=== obj-c++ Summary for unix/-m64 ===
# of expected passes 1451
# of expected failures 10
# of unsupported tests 77
=== obj-c++ Summary ===
# of expected passes 2910
# of expected failures 12
# of unsupported tests 154
/var/gcc/regression/trunk/11-gcc/build/gcc/testsuite/obj-c++/../../xg++ version 8.0.0 20170526 (experimental) [trunk revision 248522] (GCC)
=== objc tests ===
Running target unix
FAIL: objc/execute/static-1.m compilation, -O2 -fgnu-runtime
UNRESOLVED: objc/execute/static-1.m execution, -O2 -fgnu-runtime
=== objc Summary for unix ===
# of expected passes 2801
# of unexpected failures 1
# of unresolved testcases 1
# of unsupported tests 68
Running target unix/-m64
=== objc Summary for unix/-m64 ===
# of expected passes 2803
# of unsupported tests 68
=== objc Summary ===
# of expected passes 5604
# of unexpected failures 1
# of unresolved testcases 1
# of unsupported tests 136
/var/gcc/regression/trunk/11-gcc/build/gcc/xgcc version 8.0.0 20170526 (experimental) [trunk revision 248522] (GCC)
=== libatomic tests ===
Running target unix
=== libatomic Summary for unix ===
# of expected passes 44
# of unsupported tests 5
Running target unix/-m64
=== libatomic Summary for unix/-m64 ===
# of expected passes 54
=== libatomic Summary ===
# of expected passes 98
# of unsupported tests 5
=== libffi tests ===
Running target unix
=== libffi Summary for unix ===
# of expected passes 2214
Running target unix/-m64
=== libffi Summary for unix/-m64 ===
# of expected passes 2214
=== libffi Summary ===
# of expected passes 4428
=== libgo tests ===
Running target unix
FAIL: net
FAIL: runtime
FAIL: crypto/sha1
FAIL: go/build
FAIL: net/http
FAIL: text/template
=== libgo Summary for unix ===
# of expected passes 141
# of unexpected failures 6
Running target unix/-m64
FAIL: net
FAIL: strings
FAIL: go/build
FAIL: net/http
FAIL: os/signal
=== libgo Summary for unix/-m64 ===
# of expected passes 142
# of unexpected failures 5
=== libgo Summary ===
# of expected passes 283
# of unexpected failures 11
=== libgomp tests ===
Running target unix
=== libgomp Summary for unix ===
# of expected passes 5128
# of unsupported tests 378
Running target unix/-m64
FAIL: libgomp.oacc-c++/../libgomp.oacc-c-c++-common/kernels-loop-and-seq-4.c -DACC_DEVICE_TYPE_host=1 -DACC_MEM_SHARED=1 -O2 (test for excess errors)
=== libgomp Summary for unix/-m64 ===
# of expected passes 5127
# of unexpected failures 1
# of unsupported tests 378
=== libgomp Summary ===
# of expected passes 10255
# of unexpected failures 1
# of unsupported tests 756
=== libitm tests ===
Running target unix
=== libitm Summary for unix ===
# of expected passes 42
# of expected failures 3
# of unsupported tests 1
Running target unix/-m64
=== libitm Summary for unix/-m64 ===
# of expected passes 42
# of expected failures 3
# of unsupported tests 1
=== libitm Summary ===
# of expected passes 84
# of expected failures 6
# of unsupported tests 2
=== libstdc++ tests ===
Running target unix
=== libstdc++ Summary for unix ===
# of expected passes 10827
# of expected failures 66
# of unsupported tests 636
Running target unix/-m64
=== libstdc++ Summary for unix/-m64 ===
# of expected passes 10827
# of expected failures 66
# of unsupported tests 636
=== libstdc++ Summary ===
# of expected passes 21654
# of expected failures 132
# of unsupported tests 1272
Compiler version: 8.0.0 20170526 (experimental) [trunk revision 248522] (GCC)
Platform: sparc-sun-solaris2.11
configure flags: --prefix=/vol/gcc --target=sparc-sun-solaris2.11 --enable-objc-gc --with-target-bdw-gc-include=/vol/gcc/include --with-target-bdw-gc-lib=/vol/gcc/lib,sparcv9=/vol/gcc/lib/sparcv9 --enable-libmudflap --with-as=/usr/ccs/bin/as --without-gnu-as --with-gmp-include=/vol/gcc/include --with-gmp-lib=/vol/gcc/lib --with-mpfr-include=/vol/gcc/include --with-mpfr-lib=/vol/gcc/lib --with-mpc-include=/vol/gcc/include --with-mpc-lib=/vol/gcc/lib --enable-languages=all,ada,obj-c++,go --with-isl-include=/vol/gcc/include --with-isl-lib=/vol/gcc/lib --build=sparc-sun-solaris2.11 --host=sparc-sun-solaris2.11
BOOT_CFLAGS=-g -O2