This is the mail archive of the
gcc-testresults@gcc.gnu.org
mailing list for the GCC project.
Results for 8.0.0 20170512 (experimental) [trunk revision 247964] (GCC) testsuite on sparcv9-sun-solaris2.11
- From: Rainer Orth <ro at CeBiTec dot Uni-Bielefeld dot DE>
- To: gcc-testresults at gcc dot gnu dot org
- Date: Sat, 13 May 2017 23:31:19 +0200 (MEST)
- Subject: Results for 8.0.0 20170512 (experimental) [trunk revision 247964] (GCC) testsuite on sparcv9-sun-solaris2.11
- Authentication-results: sourceware.org; auth=none
LAST_UPDATED: Fri May 12 11:32:37 UTC 2017 (revision 247964)
=== acats tests ===
FAIL: c93001a
FAIL: c93008a
=== acats Summary ===
# of expected passes 2318
# of unexpected failures 2
Native configuration is sparcv9-sun-solaris2.11
=== g++ tests ===
Running target unix
=== g++ Summary for unix ===
# of expected passes 105705
# of expected failures 391
# of unsupported tests 4549
Running target unix/-m32
=== g++ Summary for unix/-m32 ===
# of expected passes 103823
# of expected failures 391
# of unsupported tests 4577
=== g++ Summary ===
# of expected passes 209528
# of expected failures 782
# of unsupported tests 9126
/var/gcc/regression/trunk/11-gcc-gas-64/build/gcc/testsuite/g++/../../xg++ version 8.0.0 20170512 (experimental) [trunk revision 247964] (GCC)
=== gcc tests ===
Running target unix
FAIL: gcc.dg/visibility-22.c execution test
FAIL: gcc.dg/plugin/must-tail-call-1.c -fplugin=./must_tail_call_plugin.so (test for excess errors)
=== gcc Summary for unix ===
# of expected passes 100838
# of unexpected failures 2
# of expected failures 410
# of unsupported tests 2406
Running target unix/-m32
FAIL: gcc.dg/visibility-22.c execution test
FAIL: gcc.dg/plugin/must-tail-call-1.c -fplugin=./must_tail_call_plugin.so (test for excess errors)
FAIL: gcc.dg/simulate-thread/atomic-other-int.c -O2 -g thread simulation test
FAIL: gcc.dg/simulate-thread/atomic-other-int.c -O3 -g thread simulation test
FAIL: gcc.dg/simulate-thread/speculative-store-4.c -O0 -g thread simulation test
FAIL: gcc.dg/simulate-thread/speculative-store-4.c -O2 -g thread simulation test
FAIL: gcc.dg/simulate-thread/speculative-store-4.c -O3 -g thread simulation test
FAIL: gcc.dg/simulate-thread/speculative-store.c -O0 -g thread simulation test
=== gcc Summary for unix/-m32 ===
# of expected passes 99774
# of unexpected failures 8
# of expected failures 425
# of unsupported tests 2615
=== gcc Summary ===
# of expected passes 200612
# of unexpected failures 10
# of expected failures 835
# of unsupported tests 5021
/var/gcc/regression/trunk/11-gcc-gas-64/build/gcc/xgcc version 8.0.0 20170512 (experimental) [trunk revision 247964] (GCC)
=== gfortran tests ===
Running target unix
FAIL: gfortran.dg/dtio_26.f03 -O0 execution test
FAIL: gfortran.dg/dtio_26.f03 -O1 execution test
FAIL: gfortran.dg/dtio_26.f03 -O2 execution test
FAIL: gfortran.dg/dtio_26.f03 -O3 -fomit-frame-pointer -funroll-loops -fpeel-loops -ftracer -finline-functions execution test
FAIL: gfortran.dg/dtio_26.f03 -O3 -g execution test
FAIL: gfortran.dg/dtio_26.f03 -Os execution test
FAIL: gfortran.dg/elemental_subroutine_3.f90 -O1 (test for excess errors)
FAIL: gfortran.dg/elemental_subroutine_3.f90 -O2 (test for excess errors)
FAIL: gfortran.dg/elemental_subroutine_3.f90 -O3 -fomit-frame-pointer -funroll-loops -fpeel-loops -ftracer -finline-functions (test for excess errors)
FAIL: gfortran.dg/elemental_subroutine_3.f90 -O3 -g (test for excess errors)
FAIL: gfortran.dg/elemental_subroutine_3.f90 -Os (test for excess errors)
FAIL: gfortran.dg/mvbits_7.f90 -O0 (test for warnings, line 28)
=== gfortran Summary for unix ===
# of expected passes 44993
# of unexpected failures 12
# of expected failures 90
# of unsupported tests 122
Running target unix/-m32
FAIL: gfortran.dg/alloc_comp_deep_copy_1.f03 -O3 -g (test for excess errors)
WARNING: gfortran.dg/alloc_comp_deep_copy_1.f03 -O3 -g compilation failed to produce executable
FAIL: gfortran.dg/elemental_subroutine_3.f90 -O1 (test for excess errors)
FAIL: gfortran.dg/elemental_subroutine_3.f90 -O2 (test for excess errors)
FAIL: gfortran.dg/elemental_subroutine_3.f90 -O3 -fomit-frame-pointer -funroll-loops -fpeel-loops -ftracer -finline-functions (test for excess errors)
FAIL: gfortran.dg/elemental_subroutine_3.f90 -O3 -g (test for excess errors)
FAIL: gfortran.dg/elemental_subroutine_3.f90 -Os (test for excess errors)
FAIL: gfortran.dg/mvbits_7.f90 -O0 (test for warnings, line 28)
=== gfortran Summary for unix/-m32 ===
# of expected passes 44750
# of unexpected failures 7
# of expected failures 90
# of unsupported tests 243
=== gfortran Summary ===
# of expected passes 89743
# of unexpected failures 19
# of expected failures 180
# of unsupported tests 365
/var/gcc/regression/trunk/11-gcc-gas-64/build/gcc/testsuite/gfortran/../../gfortran version 8.0.0 20170512 (experimental) [trunk revision 247964] (GCC)
=== gnat tests ===
Running target unix
FAIL: gnat.dg/pack4.adb (test for excess errors)
=== gnat Summary for unix ===
# of expected passes 2535
# of unexpected failures 1
# of expected failures 24
# of unsupported tests 23
Running target unix/-m32
=== gnat Summary for unix/-m32 ===
# of expected passes 2536
# of expected failures 24
# of unsupported tests 23
=== gnat Summary ===
# of expected passes 5071
# of unexpected failures 1
# of expected failures 48
# of unsupported tests 46
/var/gcc/regression/trunk/11-gcc-gas-64/build/gcc/gnatmake version 8.0.0 20170512 (experimental) [trunk revision 247964]
=== go tests ===
Running target unix
FAIL: ./index0-out.go execution, -O0 -g -fno-var-tracking-assignments
=== go Summary for unix ===
# of expected passes 7241
# of unexpected failures 1
# of expected failures 1
# of untested testcases 11
# of unsupported tests 3
Running target unix/-m32
FAIL: ./index0-out.go execution, -O0 -g -fno-var-tracking-assignments
FAIL: go.test/test/fixedbugs/issue4562.go execution, -O2 -g
FAIL: go.test/test/method5.go execution, -O2 -g
FAIL: go.test/test/nil.go execution, -O2 -g
=== go Summary for unix/-m32 ===
# of expected passes 7358
# of unexpected failures 4
# of expected failures 1
# of untested testcases 11
# of unsupported tests 3
=== go Summary ===
# of expected passes 14599
# of unexpected failures 5
# of expected failures 2
# of untested testcases 22
# of unsupported tests 6
=== obj-c++ tests ===
Running target unix/-m32
=== obj-c++ Summary for unix/-m32 ===
# of expected passes 1459
# of expected failures 2
# of unsupported tests 77
Running target unix
=== obj-c++ Summary for unix ===
# of expected passes 1451
# of expected failures 10
# of unsupported tests 77
=== obj-c++ Summary ===
# of expected passes 2910
# of expected failures 12
# of unsupported tests 154
/var/gcc/regression/trunk/11-gcc-gas-64/build/gcc/testsuite/obj-c++/../../xg++ version 8.0.0 20170512 (experimental) [trunk revision 247964] (GCC)
=== objc tests ===
Running target unix
FAIL: objc/execute/bycopy-2.m compilation, -O2 -fgnu-runtime
FAIL: objc/execute/bycopy-2.m compilation, -O3 -g -fgnu-runtime
UNRESOLVED: objc/execute/bycopy-2.m execution, -O2 -fgnu-runtime
UNRESOLVED: objc/execute/bycopy-2.m execution, -O3 -g -fgnu-runtime
FAIL: objc/execute/class-10.m compilation, -O2 -fgnu-runtime
UNRESOLVED: objc/execute/class-10.m execution, -O2 -fgnu-runtime
=== objc Summary for unix ===
# of expected passes 2797
# of unexpected failures 3
# of unresolved testcases 3
# of unsupported tests 68
Running target unix/-m32
=== objc Summary for unix/-m32 ===
# of expected passes 2803
# of unsupported tests 68
=== objc Summary ===
# of expected passes 5600
# of unexpected failures 3
# of unresolved testcases 3
# of unsupported tests 136
/var/gcc/regression/trunk/11-gcc-gas-64/build/gcc/xgcc version 8.0.0 20170512 (experimental) [trunk revision 247964] (GCC)
=== libatomic tests ===
Running target unix/-m32
=== libatomic Summary for unix/-m32 ===
# of expected passes 44
# of unsupported tests 5
Running target unix
=== libatomic Summary for unix ===
# of expected passes 54
=== libatomic Summary ===
# of expected passes 98
# of unsupported tests 5
=== libffi tests ===
Running target unix/-m32
=== libffi Summary for unix/-m32 ===
# of expected passes 2214
Running target unix
=== libffi Summary for unix ===
# of expected passes 2214
=== libffi Summary ===
# of expected passes 4428
=== libgo tests ===
Running target unix
FAIL: net
FAIL: go/build
FAIL: runtime/pprof
=== libgo Summary for unix ===
# of expected passes 144
# of unexpected failures 3
Running target unix/-m32
FAIL: net
FAIL: runtime
FAIL: go/build
FAIL: net/http
FAIL: os/signal
FAIL: runtime/pprof
FAIL: text/template/parse
=== libgo Summary for unix/-m32 ===
# of expected passes 140
# of unexpected failures 7
=== libgo Summary ===
# of expected passes 284
# of unexpected failures 10
=== libgomp tests ===
Running target unix/-m32
=== libgomp Summary for unix/-m32 ===
# of expected passes 5060
# of unsupported tests 382
Running target unix
=== libgomp Summary for unix ===
# of expected passes 5060
# of unsupported tests 382
=== libgomp Summary ===
# of expected passes 10120
# of unsupported tests 764
=== libitm tests ===
Running target unix/-m32
=== libitm Summary for unix/-m32 ===
# of expected passes 42
# of expected failures 3
# of unsupported tests 1
Running target unix
=== libitm Summary for unix ===
# of expected passes 42
# of expected failures 3
# of unsupported tests 1
=== libitm Summary ===
# of expected passes 84
# of expected failures 6
# of unsupported tests 2
=== libstdc++ tests ===
Running target unix
=== libstdc++ Summary for unix ===
# of expected passes 10812
# of expected failures 66
# of unsupported tests 636
Running target unix/-m32
=== libstdc++ Summary for unix/-m32 ===
# of expected passes 10812
# of expected failures 66
# of unsupported tests 636
=== libstdc++ Summary ===
# of expected passes 21624
# of expected failures 132
# of unsupported tests 1272
Compiler version: 8.0.0 20170512 (experimental) [trunk revision 247964] (GCC)
Platform: sparcv9-sun-solaris2.11
configure flags: --prefix=/vol/gcc --target=sparcv9-sun-solaris2.11 --enable-objc-gc --with-target-bdw-gc-include=/vol/gcc/include --with-target-bdw-gc-lib=/vol/gcc/lib/sparcv9,sparcv8plus=/vol/gcc/lib --enable-libmudflap --with-as=/vol/gcc/bin/sparcv9/gas-2.28 --with-gnu-as --with-gmp-include=/vol/gcc/include --with-gmp-lib=/vol/gcc/lib/sparcv9 --with-mpfr-include=/vol/gcc/include --with-mpfr-lib=/vol/gcc/lib/sparcv9 --with-mpc-include=/vol/gcc/include --with-mpc-lib=/vol/gcc/lib/sparcv9 --enable-languages=all,ada,obj-c++,go --with-isl-include=/vol/gcc/include --with-isl-lib=/vol/gcc/lib/sparcv9 --build=sparcv9-sun-solaris2.11 --host=sparcv9-sun-solaris2.11
BOOT_CFLAGS=-g -O2