This is the mail archive of the
gcc-testresults@gcc.gnu.org
mailing list for the GCC project.
Results for 7.1.1 20170512 [gcc-7-branch revision 247944] (GCC) testsuite on i386-pc-solaris2.11
- From: Rainer Orth <ro at CeBiTec dot Uni-Bielefeld dot DE>
- To: gcc-testresults at gcc dot gnu dot org
- Date: Sat, 13 May 2017 10:04:01 +0200 (MEST)
- Subject: Results for 7.1.1 20170512 [gcc-7-branch revision 247944] (GCC) testsuite on i386-pc-solaris2.11
- Authentication-results: sourceware.org; auth=none
LAST_UPDATED: Fri May 12 11:34:34 UTC 2017 (revision 247944)
=== acats tests ===
=== acats Summary ===
# of expected passes 2320
# of unexpected failures 0
Native configuration is i386-pc-solaris2.11
=== g++ tests ===
Running target unix
=== g++ Summary for unix ===
# of expected passes 104768
# of expected failures 391
# of unsupported tests 4010
Running target unix/-m64
=== g++ Summary for unix/-m64 ===
# of expected passes 106103
# of expected failures 391
# of unsupported tests 4248
=== g++ Summary ===
# of expected passes 210871
# of expected failures 782
# of unsupported tests 8258
/var/gcc/regression/gcc-7-branch/11-gcc-gas/build/gcc/testsuite/g++/../../xg++ version 7.1.1 20170512 [gcc-7-branch revision 247944] (GCC)
=== gcc tests ===
Running target unix
XPASS: gcc.dg/pr78768.c -Wformat-overflow (test for warnings, line 11)
FAIL: gcc.dg/visibility-22.c execution test
=== gcc Summary for unix ===
# of expected passes 116971
# of unexpected failures 1
# of unexpected successes 1
# of expected failures 378
# of unsupported tests 2060
Running target unix/-m64
XPASS: gcc.dg/pr78768.c -Wformat-overflow (test for warnings, line 11)
FAIL: gcc.dg/visibility-22.c execution test
=== gcc Summary for unix/-m64 ===
# of expected passes 118522
# of unexpected failures 1
# of unexpected successes 1
# of expected failures 372
# of unsupported tests 2035
=== gcc Summary ===
# of expected passes 235493
# of unexpected failures 2
# of unexpected successes 2
# of expected failures 750
# of unsupported tests 4095
/var/gcc/regression/gcc-7-branch/11-gcc-gas/build/gcc/xgcc version 7.1.1 20170512 [gcc-7-branch revision 247944] (GCC)
=== gfortran tests ===
Running target unix
=== gfortran Summary for unix ===
# of expected passes 44768
# of expected failures 88
# of unsupported tests 189
Running target unix/-m64
=== gfortran Summary for unix/-m64 ===
# of expected passes 44985
# of expected failures 88
# of unsupported tests 86
=== gfortran Summary ===
# of expected passes 89753
# of expected failures 176
# of unsupported tests 275
/var/gcc/regression/gcc-7-branch/11-gcc-gas/build/gcc/testsuite/gfortran/../../gfortran version 7.1.1 20170512 [gcc-7-branch revision 247944] (GCC)
=== gnat tests ===
Running target unix
=== gnat Summary for unix ===
# of expected passes 2570
# of expected failures 24
# of unsupported tests 7
Running target unix/-m64
=== gnat Summary for unix/-m64 ===
# of expected passes 2570
# of expected failures 24
# of unsupported tests 7
=== gnat Summary ===
# of expected passes 5140
# of expected failures 48
# of unsupported tests 14
/var/gcc/regression/gcc-7-branch/11-gcc-gas/build/gcc/gnatmake version 7.1.1 20170512 [gcc-7-branch revision 247944]
=== go tests ===
Running target unix
=== go Summary for unix ===
# of expected passes 7365
# of expected failures 1
# of untested testcases 10
# of unsupported tests 2
Running target unix/-m64
=== go Summary for unix/-m64 ===
# of expected passes 7246
# of expected failures 1
# of untested testcases 10
# of unsupported tests 1
=== go Summary ===
# of expected passes 14611
# of expected failures 2
# of untested testcases 20
# of unsupported tests 3
=== obj-c++ tests ===
Running target unix
=== obj-c++ Summary for unix ===
# of expected passes 1459
# of expected failures 2
# of unsupported tests 77
Running target unix/-m64
=== obj-c++ Summary for unix/-m64 ===
# of expected passes 1451
# of expected failures 10
# of unsupported tests 77
=== obj-c++ Summary ===
# of expected passes 2910
# of expected failures 12
# of unsupported tests 154
/var/gcc/regression/gcc-7-branch/11-gcc-gas/build/gcc/testsuite/obj-c++/../../xg++ version 7.1.1 20170512 [gcc-7-branch revision 247944] (GCC)
=== objc tests ===
Running target unix
=== objc Summary for unix ===
# of expected passes 2797
# of expected failures 6
# of unsupported tests 68
Running target unix/-m64
=== objc Summary for unix/-m64 ===
# of expected passes 2797
# of expected failures 6
# of unsupported tests 68
=== objc Summary ===
# of expected passes 5594
# of expected failures 12
# of unsupported tests 136
/var/gcc/regression/gcc-7-branch/11-gcc-gas/build/gcc/xgcc version 7.1.1 20170512 [gcc-7-branch revision 247944] (GCC)
=== libatomic tests ===
Running target unix
=== libatomic Summary for unix ===
# of expected passes 44
# of unsupported tests 5
Running target unix/-m64
=== libatomic Summary for unix/-m64 ===
# of expected passes 54
=== libatomic Summary ===
# of expected passes 98
# of unsupported tests 5
=== libffi tests ===
Running target unix
=== libffi Summary for unix ===
# of expected passes 2799
Running target unix/-m64
=== libffi Summary for unix/-m64 ===
# of expected passes 2214
=== libffi Summary ===
# of expected passes 5013
=== libgo tests ===
Running target unix
FAIL: go/build
=== libgo Summary for unix ===
# of expected passes 145
# of unexpected failures 1
Running target unix/-m64
FAIL: go/build
FAIL: runtime/pprof
=== libgo Summary for unix/-m64 ===
# of expected passes 144
# of unexpected failures 2
=== libgo Summary ===
# of expected passes 289
# of unexpected failures 3
/var/gcc/regression/gcc-7-branch/11-gcc-gas/build/./gcc/gccgo version 7.1.1 20170512 [gcc-7-branch revision 247944] (GCC)
=== libgomp tests ===
Running target unix
=== libgomp Summary for unix ===
# of expected passes 5158
# of unsupported tests 333
Running target unix/-m64
=== libgomp Summary for unix/-m64 ===
# of expected passes 5158
# of unsupported tests 333
=== libgomp Summary ===
# of expected passes 10316
# of unsupported tests 666
=== libitm tests ===
Running target unix
=== libitm Summary for unix ===
# of expected passes 42
# of expected failures 3
# of unsupported tests 1
Running target unix/-m64
=== libitm Summary for unix/-m64 ===
# of expected passes 42
# of expected failures 3
# of unsupported tests 1
=== libitm Summary ===
# of expected passes 84
# of expected failures 6
# of unsupported tests 2
=== libstdc++ tests ===
Running target unix
FAIL: experimental/memory_resource/resource_adaptor.cc execution test
=== libstdc++ Summary for unix ===
# of expected passes 10818
# of unexpected failures 1
# of expected failures 67
# of unsupported tests 622
Running target unix/-m64
=== libstdc++ Summary for unix/-m64 ===
# of expected passes 10811
# of expected failures 67
# of unsupported tests 626
=== libstdc++ Summary ===
# of expected passes 21629
# of unexpected failures 1
# of expected failures 134
# of unsupported tests 1248
Compiler version: 7.1.1 20170512 [gcc-7-branch revision 247944] (GCC)
Platform: i386-pc-solaris2.11
configure flags: --prefix=/vol/gcc --target=i386-pc-solaris2.11 --enable-objc-gc --with-target-bdw-gc-include=/vol/gcc/include --with-target-bdw-gc-lib=/vol/gcc/lib,amd64=/vol/gcc/lib/amd64 --enable-libmudflap --with-as=/vol/gcc/bin/gas-2.28 --with-gnu-as --with-gmp-include=/vol/gcc/include --with-gmp-lib=/vol/gcc/lib --with-mpfr-include=/vol/gcc/include --with-mpfr-lib=/vol/gcc/lib --with-mpc-include=/vol/gcc/include --with-mpc-lib=/vol/gcc/lib --enable-languages=all,ada,obj-c++,go --with-isl-include=/vol/gcc/include --with-isl-lib=/vol/gcc/lib --build=i386-pc-solaris2.11 --host=i386-pc-solaris2.11
BOOT_CFLAGS=-g -O2