This is the mail archive of the
gcc-testresults@gcc.gnu.org
mailing list for the GCC project.
Results for 8.0.0 20170508 (experimental) [trunk revision 247736] (GCC) testsuite on sh4-unknown-linux-gnu
- From: Kaz Kojima <kkojima at rr dot iij4u dot or dot jp>
- To: gcc-testresults at gcc dot gnu dot org
- Date: Tue, 09 May 2017 14:14:14 +0900 (JST)
- Subject: Results for 8.0.0 20170508 (experimental) [trunk revision 247736] (GCC) testsuite on sh4-unknown-linux-gnu
- Authentication-results: sourceware.org; auth=none
Remote host: linux 3.18.0 sh4
GNU C Library version 2.20.90
LAST_UPDATED: Mon May 8 11:31:55 UTC 2017 (revision 247736)
Target is sh4-unknown-linux-gnu
Host is i686-pc-linux-gnu
=== g++ tests ===
Running target unix
WARNING: Assuming target board is the local machine (which is probably wrong).
FAIL: g++.dg/Wno-frame-address.C -std=gnu++98 (test for excess errors)
FAIL: g++.dg/Wno-frame-address.C -std=gnu++11 (test for excess errors)
FAIL: g++.dg/Wno-frame-address.C -std=gnu++14 (test for excess errors)
FAIL: c-c++-common/Wsizeof-pointer-memaccess2.c -std=gnu++98 (test for excess errors)
FAIL: c-c++-common/Wsizeof-pointer-memaccess2.c -std=gnu++11 (test for excess errors)
FAIL: c-c++-common/Wsizeof-pointer-memaccess2.c -std=gnu++14 (test for excess errors)
=== g++ Summary ===
# of expected passes 100526
# of unexpected failures 6
# of expected failures 374
# of unsupported tests 4470
/home/ldroot/dodes/xsh-gcc-orig/gcc/xg++ version 8.0.0 20170508 (experimental) [trunk revision 247736] (GCC)
Host is i686-pc-linux-gnu
=== gcc tests ===
Running target unix
WARNING: Assuming target board is the local machine (which is probably wrong).
FAIL: gcc.dg/atomic/c11-atomic-exec-4.c -O0 execution test
FAIL: gcc.dg/atomic/c11-atomic-exec-4.c -O1 execution test
FAIL: gcc.dg/atomic/c11-atomic-exec-4.c -O2 execution test
FAIL: gcc.dg/atomic/c11-atomic-exec-4.c -O3 -fomit-frame-pointer -funroll-loops -fpeel-loops -ftracer -finline-functions execution test
FAIL: gcc.dg/atomic/c11-atomic-exec-4.c -O3 -g execution test
FAIL: gcc.dg/atomic/c11-atomic-exec-4.c -Os execution test
FAIL: gcc.dg/atomic/c11-atomic-exec-4.c -O2 -flto -fno-use-linker-plugin -flto-partition=none execution test
FAIL: gcc.dg/atomic/c11-atomic-exec-4.c -O2 -flto -fuse-linker-plugin -fno-fat-lto-objects execution test
FAIL: gcc.dg/atomic/c11-atomic-exec-5.c -O0 execution test
FAIL: gcc.dg/atomic/c11-atomic-exec-5.c -O1 execution test
FAIL: gcc.dg/atomic/c11-atomic-exec-5.c -O2 execution test
FAIL: gcc.dg/atomic/c11-atomic-exec-5.c -O3 -fomit-frame-pointer -funroll-loops -fpeel-loops -ftracer -finline-functions execution test
FAIL: gcc.dg/atomic/c11-atomic-exec-5.c -O3 -g execution test
FAIL: gcc.dg/atomic/c11-atomic-exec-5.c -Os execution test
FAIL: gcc.dg/atomic/c11-atomic-exec-5.c -O2 -flto -fno-use-linker-plugin -flto-partition=none execution test
FAIL: gcc.dg/atomic/c11-atomic-exec-5.c -O2 -flto -fuse-linker-plugin -fno-fat-lto-objects execution test
FAIL: gcc.dg/Wno-frame-address.c (test for excess errors)
FAIL: gcc.dg/ifcvt-4.c scan-rtl-dump ce1 "2 true changes made"
FAIL: gcc.dg/pr59833.c execution test
FAIL: gcc.dg/pr61441.c execution test
FAIL: c-c++-common/Wsizeof-pointer-memaccess2.c -Wc++-compat (test for excess errors)
FAIL: gcc.dg/ipa/iinline-attr.c scan-ipa-dump inline "hooray[^\\\\n]*inline copy in test"
FAIL: gcc.dg/torture/float32-nan.c -O0 execution test
FAIL: gcc.dg/torture/float32-nan.c -O1 execution test
FAIL: gcc.dg/torture/float32-nan.c -O2 execution test
FAIL: gcc.dg/torture/float32-nan.c -O3 -g execution test
FAIL: gcc.dg/torture/float32-nan.c -Os execution test
FAIL: gcc.dg/torture/float32-nan.c -O2 -flto -fno-use-linker-plugin -flto-partition=none execution test
FAIL: gcc.dg/torture/float32-nan.c -O2 -flto -fuse-linker-plugin -fno-fat-lto-objects execution test
FAIL: gcc.dg/torture/float32x-nan.c -O0 execution test
FAIL: gcc.dg/torture/float32x-nan.c -O1 execution test
FAIL: gcc.dg/torture/float32x-nan.c -O2 execution test
FAIL: gcc.dg/torture/float32x-nan.c -O3 -g execution test
FAIL: gcc.dg/torture/float32x-nan.c -Os execution test
FAIL: gcc.dg/torture/float32x-nan.c -O2 -flto -fno-use-linker-plugin -flto-partition=none execution test
FAIL: gcc.dg/torture/float32x-nan.c -O2 -flto -fuse-linker-plugin -fno-fat-lto-objects execution test
FAIL: gcc.dg/torture/float64-nan.c -O0 execution test
FAIL: gcc.dg/torture/float64-nan.c -O1 execution test
FAIL: gcc.dg/torture/float64-nan.c -O2 execution test
FAIL: gcc.dg/torture/float64-nan.c -O3 -g execution test
FAIL: gcc.dg/torture/float64-nan.c -Os execution test
FAIL: gcc.dg/torture/float64-nan.c -O2 -flto -fno-use-linker-plugin -flto-partition=none execution test
FAIL: gcc.dg/torture/float64-nan.c -O2 -flto -fuse-linker-plugin -fno-fat-lto-objects execution test
FAIL: gcc.dg/torture/pr68264.c -O0 execution test
FAIL: gcc.dg/torture/pr68264.c -Os execution test
FAIL: gcc.dg/tree-ssa/builtin-sprintf-warn-18.c (test for warnings, line 119)
FAIL: gcc.dg/tree-ssa/builtin-sprintf-warn-18.c (test for warnings, line 121)
FAIL: gcc.dg/tree-ssa/builtins-folding-gimple-ub.c (internal compiler error)
FAIL: gcc.dg/tree-ssa/builtins-folding-gimple-ub.c (test for excess errors)
FAIL: gcc.target/sh/pr49263-1.c scan-assembler-times extu 1
FAIL: gcc.target/sh/pr49263-1.c scan-assembler-times exts 1
FAIL: gcc.target/sh/pr49263-4.c scan-assembler-not extu
FAIL: gcc.target/sh/pr49263.c scan-assembler-not extu
FAIL: gcc.target/sh/pr51244-10.c scan-assembler-not shll|subc|and
FAIL: gcc.target/sh/pr51244-19.c scan-assembler-not movt
FAIL: gcc.target/sh/pr53987-1.c scan-assembler-times extu.b 2
FAIL: gcc.target/sh/pr53988-1.c scan-assembler-times extu.b 4
FAIL: gcc.target/sh/pr53988-1.c scan-assembler-times extu.w 2
FAIL: gcc.target/sh/pr59533-1.c scan-assembler-times shll 1
FAIL: gcc.target/sh/pr59533-1.c scan-assembler-times cmp/pz 27
FAIL: gcc.target/sh/pr59533-1.c scan-assembler-times addc 4
FAIL: gcc.target/sh/pr59533-1.c scan-assembler-times subc 16
FAIL: gcc.target/sh/pr64345-1.c scan-assembler-times cmp/pz 6
FAIL: gcc.target/sh/pr64345-1.c scan-assembler-times shll\\t 6
=== gcc Summary ===
# of expected passes 93579
# of unexpected failures 64
# of expected failures 213
# of unsupported tests 2238
/home/ldroot/dodes/xsh-gcc-orig/gcc/xgcc version 8.0.0 20170508 (experimental) [trunk revision 247736] (GCC)
Host is i686-pc-linux-gnu
=== gfortran tests ===
Running target unix
WARNING: Assuming target board is the local machine (which is probably wrong).
FAIL: gfortran.dg/assumed_rank_bounds_1.f90 -O2 execution test
FAIL: gfortran.dg/coarray_lock_7.f90 -O scan-tree-dump-times original "_gfortran_caf_lock \\\\(caf_token.., \\\\(3 - \\\\(integer\\\\(kind=4\\\\)\\\\) parm...dim\\\\[0\\\\].lbound\\\\) \\\\+ \\\\(integer\\\\(kind=4\\\\)\\\\) MAX_EXPR <\\\\(parm...dim\\\\[0\\\\].ubound - parm...dim\\\\[0\\\\].lbound\\\\) \\\\+ 1, 0> \\\\* \\\\(3 - \\\\(integer\\\\(kind=4\\\\)\\\\) parm...dim\\\\[1\\\\].lbound\\\\), 0, 0B, &ii, 0B, 0\\\\);|_gfortran_caf_lock \\\\(caf_token.1, \\\\(3 - parm...dim\\\\[0\\\\].lbound\\\\) \\\\+ MAX_EXPR <\\\\(parm...dim\\\\[0\\\\].ubound - parm...dim\\\\[0\\\\].lbound\\\\) \\\\+ 1, 0> \\\\* \\\\(3 - parm...dim\\\\[1\\\\].lbound\\\\), 0, 0B, &ii, 0B, 0\\\\);" 1
FAIL: gfortran.dg/coarray_lock_7.f90 -O scan-tree-dump-times original "_gfortran_caf_unlock \\\\(caf_token.., \\\\(2 - \\\\(integer\\\\(kind=4\\\\)\\\\) parm...dim\\\\[0\\\\].lbound\\\\) \\\\+ \\\\(integer\\\\(kind=4\\\\)\\\\) MAX_EXPR <\\\\(parm...dim\\\\[0\\\\].ubound - parm...dim\\\\[0\\\\].lbound\\\\) \\\\+ 1, 0> \\\\* \\\\(3 - \\\\(integer\\\\(kind=4\\\\)\\\\) parm...dim\\\\[1\\\\].lbound\\\\), 0, &ii, 0B, 0\\\\);|_gfortran_caf_unlock \\\\(caf_token.., \\\\(2 - parm...dim\\\\[0\\\\].lbound\\\\) \\\\+ MAX_EXPR <\\\\(parm...dim\\\\[0\\\\].ubound - parm...dim\\\\[0\\\\].lbound\\\\) \\\\+ 1, 0> \\\\* \\\\(3 - parm...dim\\\\[1\\\\].lbound\\\\), 0, &ii, 0B, 0\\\\);" 1
FAIL: gfortran.dg/common_14.f90 -O (test for warnings, line 16)
FAIL: gfortran.dg/common_14.f90 -O (test for warnings, line 22)
FAIL: gfortran.dg/common_14.f90 -O (test for excess errors)
FAIL: gfortran.dg/dec_io_1.f90 -O0 execution test
FAIL: gfortran.dg/dec_io_1.f90 -O1 execution test
FAIL: gfortran.dg/dec_io_1.f90 -O2 execution test
FAIL: gfortran.dg/dec_io_1.f90 -O3 -fomit-frame-pointer -funroll-loops -fpeel-loops -ftracer -finline-functions execution test
FAIL: gfortran.dg/dec_io_1.f90 -O3 -g execution test
FAIL: gfortran.dg/dec_io_1.f90 -Os execution test
FAIL: gfortran.dg/elemental_subroutine_3.f90 -O1 (test for excess errors)
FAIL: gfortran.dg/elemental_subroutine_3.f90 -O2 (test for excess errors)
FAIL: gfortran.dg/elemental_subroutine_3.f90 -O3 -fomit-frame-pointer -funroll-loops -fpeel-loops -ftracer -finline-functions (test for excess errors)
FAIL: gfortran.dg/elemental_subroutine_3.f90 -O3 -g (test for excess errors)
FAIL: gfortran.dg/elemental_subroutine_3.f90 -Os (test for excess errors)
FAIL: gfortran.dg/mvbits_7.f90 -O0 (test for warnings, line 28)
FAIL: gfortran.dg/proc_ptr_comp_13.f90 -O0 execution test
FAIL: gfortran.dg/read_dir.f90 -O0 execution test
FAIL: gfortran.dg/read_dir.f90 -O1 execution test
FAIL: gfortran.dg/read_dir.f90 -O2 execution test
FAIL: gfortran.dg/read_dir.f90 -O3 -fomit-frame-pointer -funroll-loops -fpeel-loops -ftracer -finline-functions execution test
FAIL: gfortran.dg/read_dir.f90 -O3 -g execution test
FAIL: gfortran.dg/read_dir.f90 -Os execution test
FAIL: gfortran.dg/ieee/ieee_1.F90 -O1 execution test
FAIL: gfortran.dg/ieee/ieee_1.F90 -O2 execution test
FAIL: gfortran.dg/ieee/ieee_1.F90 -O3 -fomit-frame-pointer -funroll-loops -fpeel-loops -ftracer -finline-functions execution test
FAIL: gfortran.dg/ieee/ieee_1.F90 -O3 -g execution test
FAIL: gfortran.dg/ieee/ieee_1.F90 -Os execution test
FAIL: gfortran.dg/ieee/ieee_6.f90 -O0 execution test
FAIL: gfortran.dg/ieee/ieee_6.f90 -O1 execution test
FAIL: gfortran.dg/ieee/ieee_6.f90 -O2 execution test
FAIL: gfortran.dg/ieee/ieee_6.f90 -O3 -fomit-frame-pointer -funroll-loops -fpeel-loops -ftracer -finline-functions execution test
FAIL: gfortran.dg/ieee/ieee_6.f90 -O3 -g execution test
FAIL: gfortran.dg/ieee/ieee_6.f90 -Os execution test
FAIL: gfortran.dg/ieee/large_3.F90 -O1 execution test
FAIL: gfortran.dg/ieee/large_3.F90 -O2 execution test
FAIL: gfortran.dg/ieee/large_3.F90 -O3 -fomit-frame-pointer -funroll-loops -fpeel-loops -ftracer -finline-functions execution test
FAIL: gfortran.dg/ieee/large_3.F90 -O3 -g execution test
FAIL: gfortran.dg/ieee/large_3.F90 -Os execution test
=== gfortran Summary ===
# of expected passes 43705
# of unexpected failures 41
# of expected failures 78
# of unsupported tests 336
/home/ldroot/dodes/xsh-gcc-orig/gcc/gfortran version 8.0.0 20170508 (experimental) [trunk revision 247736] (GCC)
Host is i686-pc-linux-gnu
=== objc tests ===
Running target unix
WARNING: Assuming target board is the local machine (which is probably wrong).
=== objc Summary ===
# of expected passes 2803
# of unsupported tests 68
/home/ldroot/dodes/xsh-gcc-orig/gcc/xgcc version 8.0.0 20170508 (experimental) [trunk revision 247736] (GCC)
Host is sh4-unknown-linux-gnu
=== libatomic tests ===
Running target unix
WARNING: Assuming target board is the local machine (which is probably wrong).
=== libatomic Summary ===
# of expected passes 44
# of unsupported tests 5
Host is sh4-unknown-linux-gnu
=== libgomp tests ===
Running target unix
WARNING: Assuming target board is the local machine (which is probably wrong).
FAIL: libgomp.c/appendix-a/a.18.1.c execution test
FAIL: libgomp.fortran/appendix-a/a.18.1.f90 -O0 execution test
FAIL: libgomp.fortran/appendix-a/a.18.1.f90 -O1 execution test
FAIL: libgomp.fortran/appendix-a/a.18.1.f90 -O2 execution test
FAIL: libgomp.fortran/appendix-a/a.18.1.f90 -O3 -fomit-frame-pointer -funroll-loops -fpeel-loops -ftracer -finline-functions execution test
FAIL: libgomp.fortran/appendix-a/a.18.1.f90 -O3 -g execution test
FAIL: libgomp.fortran/appendix-a/a.18.1.f90 -Os execution test
=== libgomp Summary ===
# of expected passes 4997
# of unexpected failures 7
# of unsupported tests 387
Host is sh4-unknown-linux-gnu
=== libitm tests ===
Running target unix
WARNING: Assuming target board is the local machine (which is probably wrong).
FAIL: libitm.c/priv-1.c execution test
=== libitm Summary ===
# of expected passes 41
# of unexpected failures 1
# of expected failures 3
# of unsupported tests 1
Host is sh4-unknown-linux-gnu
=== libstdc++ tests ===
Running target unix
WARNING: Assuming target board is the local machine (which is probably wrong).
FAIL: 23_containers/vector/bool/modifiers/insert/31370.cc execution test
FAIL: 26_numerics/headers/cmath/hypot.cc execution test
FAIL: 27_io/basic_ostream/inserters_character/wchar_t/28277-4.cc execution test
FAIL: 27_io/basic_stringbuf/overflow/wchar_t/1.cc execution test
FAIL: 30_threads/condition_variable_any/53830.cc execution test
FAIL: 30_threads/this_thread/60421.cc execution test
FAIL: experimental/filesystem/operations/last_write_time.cc execution test
=== libstdc++ Summary ===
# of expected passes 10860
# of unexpected failures 7
# of expected failures 66
# of unsupported tests 617
Compiler version: 8.0.0 20170508 (experimental) [trunk revision 247736] (GCC)
Platform: sh4-unknown-linux-gnu
configure flags: --target=sh4-unknown-linux-gnu --enable-build-with-cxx --enable-lto --enable-shared --enable-threads=posix --enable-clocale=gnu --enable-libitm --with-ld=/usr/local/bin/sh4-unknown-linux-gnu-ld --with-as=/usr/local/bin/sh4-unknown-linux-gnu-as --with-sysroot=/exp/ldroot --with-mpfr=/opt3/i686-pc-linux-gnu --with-mpc=/opt3/i686-pc-linux-gnu --with-libelf=/opt3/i686-pc-linux-gnu --with-ppl=no target_alias=sh4-unknown-linux-gnu --enable-languages=c,c++,fortran,lto,objc