This is the mail archive of the
gcc-testresults@gcc.gnu.org
mailing list for the GCC project.
Results for 8.0.0 20170507 (experimental) [trunk revision 247728] (GCC) testsuite on powerpc-ibm-aix7.2.0.0
- From: David Edelsohn <edelsohn at p824aix dot watson dot ibm dot com>
- To: gcc-testresults at gcc dot gnu dot org
- Date: Sun, 7 May 2017 18:18:30 -0400
- Subject: Results for 8.0.0 20170507 (experimental) [trunk revision 247728] (GCC) testsuite on powerpc-ibm-aix7.2.0.0
- Authentication-results: sourceware.org; auth=none
LAST_UPDATED: Sun May 7 20:14:01 UTC 2017 (revision 247728)
Native configuration is powerpc-ibm-aix7.2.0.0
=== g++ tests ===
Running target unix
FAIL: g++.dg/compat/eh/new1 cp_compat_x_tst.o-cp_compat_y_tst.o execute
XPASS: g++.dg/debug/pr56294.C -gdwarf-2 (test for excess errors)
XPASS: g++.dg/debug/pr56294.C -gdwarf-2 -g1 (test for excess errors)
XPASS: g++.dg/debug/pr56294.C -gdwarf-2 -g3 (test for excess errors)
XPASS: g++.dg/debug/pr56294.C -gxcoff (test for excess errors)
XPASS: g++.dg/debug/pr56294.C -gxcoff+ (test for excess errors)
XPASS: g++.dg/debug/pr56294.C -gxcoff+1 (test for excess errors)
XPASS: g++.dg/debug/pr56294.C -gxcoff+3 (test for excess errors)
XPASS: g++.dg/debug/pr56294.C -gxcoff1 (test for excess errors)
XPASS: g++.dg/debug/pr56294.C -gxcoff3 (test for excess errors)
XPASS: g++.dg/debug/pr56819.C -gdwarf-2 (test for excess errors)
XPASS: g++.dg/debug/pr56819.C -gdwarf-2 -g1 (test for excess errors)
XPASS: g++.dg/debug/pr56819.C -gdwarf-2 -g3 (test for excess errors)
XPASS: g++.dg/debug/pr56819.C -gxcoff (test for excess errors)
XPASS: g++.dg/debug/pr56819.C -gxcoff+ (test for excess errors)
XPASS: g++.dg/debug/pr56819.C -gxcoff+1 (test for excess errors)
XPASS: g++.dg/debug/pr56819.C -gxcoff+3 (test for excess errors)
XPASS: g++.dg/debug/pr56819.C -gxcoff1 (test for excess errors)
XPASS: g++.dg/debug/pr56819.C -gxcoff3 (test for excess errors)
XPASS: g++.dg/debug/dwarf2/defaulted-member-function-3.C scan-assembler-not DW_AT_defaulted
XPASS: g++.dg/debug/dwarf2/inline-var-2.C scan-assembler-not DW_TAG_member
XPASS: g++.dg/debug/dwarf2/pr46123-2.C -std=gnu++11 broken -feliminate-dwarf2-dups (test for bogus messages, line 1)
XPASS: g++.dg/debug/dwarf2/pr46123-2.C -std=gnu++14 broken -feliminate-dwarf2-dups (test for bogus messages, line 1)
XPASS: g++.dg/debug/dwarf2/pr46123-2.C -std=gnu++98 broken -feliminate-dwarf2-dups (test for bogus messages, line 1)
XPASS: g++.dg/eh/new1.C -std=c++11 execution test
XPASS: g++.dg/eh/new1.C -std=c++98 execution test
FAIL: g++.dg/ext/vector32.C -std=c++11 (internal compiler error)
FAIL: g++.dg/ext/vector32.C -std=c++11 (test for excess errors)
FAIL: g++.dg/ext/vector32.C -std=c++14 (internal compiler error)
FAIL: g++.dg/ext/vector32.C -std=c++14 (test for excess errors)
FAIL: g++.dg/ext/vector32.C -std=c++98 (internal compiler error)
FAIL: g++.dg/ext/vector32.C -std=c++98 (test for excess errors)
FAIL: g++.dg/ext/vector32a.C -std=c++11 (internal compiler error)
FAIL: g++.dg/ext/vector32a.C -std=c++11 (test for excess errors)
FAIL: g++.dg/ext/vector32a.C -std=c++14 (internal compiler error)
FAIL: g++.dg/ext/vector32a.C -std=c++14 (test for excess errors)
FAIL: g++.dg/ext/vector32a.C -std=c++98 (internal compiler error)
FAIL: g++.dg/ext/vector32a.C -std=c++98 (test for excess errors)
XPASS: g++.dg/template/linkage1.C -std=c++98 scan-assembler-not (weak|glob)[^\\n]*_Z3fooIXadL_ZL11static_funcvEEEvv
FAIL: g++.dg/tree-prof/pr57451.C compilation, -fprofile-use -D_PROFILE_USE
UNRESOLVED: g++.dg/tree-prof/pr57451.C execution, -fprofile-use -D_PROFILE_USE
XPASS: g++.old-deja/g++.eh/new2.C -std=gnu++11 execution test
XPASS: g++.old-deja/g++.eh/new2.C -std=gnu++98 execution test
XPASS: g++.old-deja/g++.mike/p755a.C -std=c++11 execution test
XPASS: g++.old-deja/g++.mike/p755a.C -std=c++98 execution test
=== g++ Summary ===
# of expected passes 97751
# of unexpected failures 14
# of unexpected successes 30
# of expected failures 618
# of unresolved testcases 1
# of unsupported tests 4466
/tmp/GCC/gcc/testsuite/g++/../../xg++ version 8.0.0 20170507 (experimental) [trunk revision 247728] (GCC)
=== gcc tests ===
Running target unix
XPASS: gcc.dg/autopar/pr46799.c (test for excess errors)
FAIL: gcc.dg/asm-names.c scan-assembler-not ____frob14
FAIL: gcc.dg/ipa/iinline-attr.c scan-ipa-dump inline "hooray[^\\\\n]*inline copy in test"
XPASS: gcc.dg/torture/pr59166.c -O0 (test for excess errors)
FAIL: gcc.dg/torture/pr68264.c -O0 execution test
FAIL: gcc.dg/torture/pr68264.c -Os execution test
FAIL: gcc.dg/tree-prof/time-profiler-2.c scan-ipa-dump-times profile "Read tp_first_run: 0" 2
FAIL: gcc.dg/tree-prof/time-profiler-2.c scan-ipa-dump-times profile "Read tp_first_run: 3" 1
XPASS: gcc.dg/vect/costmodel/ppc/costmodel-fast-math-vect-pr29925.c scan-tree-dump-times vect "vectorization not profitable" 1
XPASS: gcc.dg/vect/slp-24-big-array.c scan-tree-dump-times vect "vectorized 1 loops" 1
XPASS: gcc.dg/vect/slp-24-big-array.c scan-tree-dump-times vect "vectorizing stmts using SLP" 2
XPASS: gcc.dg/vect/slp-24.c scan-tree-dump-times vect "vectorized 1 loops" 1
XPASS: gcc.dg/vect/slp-24.c scan-tree-dump-times vect "vectorizing stmts using SLP" 2
FAIL: gcc.dg/vect/slp-perm-8.c scan-tree-dump-times vect "vectorized 1 loops" 1
XPASS: gcc.dg/vect/vect-24.c scan-tree-dump-times vect "vectorized 3 loops" 1
FAIL: gcc.dg/vect/vect-44.c scan-tree-dump-times vect "Alignment of access forced using peeling" 1
FAIL: gcc.dg/vect/vect-44.c scan-tree-dump-times vect "Vectorizing an unaligned access" 2
FAIL: gcc.dg/vect/vect-50.c scan-tree-dump-times vect "Alignment of access forced using peeling" 1
FAIL: gcc.dg/vect/vect-50.c scan-tree-dump-times vect "Vectorizing an unaligned access" 2
FAIL: gcc.dg/vect/vect-50.c scan-tree-dump-times vect "Vectorizing an unaligned access" 2
XPASS: gcc.dg/vect/vect-95.c scan-tree-dump-times vect "Alignment of access forced using peeling" 0
FAIL: gcc.dg/vect/vect-bswap32.c (test for excess errors)
WARNING: gcc.dg/vect/vect-bswap32.c compilation failed to produce executable
FAIL: gcc.target/powerpc/pr79909.c (test for excess errors)
=== gcc Summary ===
# of expected passes 81800
# of unexpected failures 14
# of unexpected successes 9
# of expected failures 348
# of unsupported tests 2362
/tmp/GCC/gcc/xgcc version 8.0.0 20170507 (experimental) [trunk revision 247728] (GCC)
=== gfortran tests ===
Running target unix
FAIL: gfortran.dg/bind_c_array_params_2.f90 -O scan-assembler-times [ \\t][\$,_0-9]*myBindC 1
FAIL: gfortran.dg/coarray_lock_7.f90 -O scan-tree-dump-times original "_gfortran_caf_lock \\\\(caf_token.., \\\\(3 - \\\\(integer\\\\(kind=4\\\\)\\\\) parm...dim\\\\[0\\\\].lbound\\\\) \\\\+ \\\\(integer\\\\(kind=4\\\\)\\\\) MAX_EXPR <\\\\(parm...dim\\\\[0\\\\].ubound - parm...dim\\\\[0\\\\].lbound\\\\) \\\\+ 1, 0> \\\\* \\\\(3 - \\\\(integer\\\\(kind=4\\\\)\\\\) parm...dim\\\\[1\\\\].lbound\\\\), 0, 0B, &ii, 0B, 0\\\\);|_gfortran_caf_lock \\\\(caf_token.1, \\\\(3 - parm...dim\\\\[0\\\\].lbound\\\\) \\\\+ MAX_EXPR <\\\\(parm...dim\\\\[0\\\\].ubound - parm...dim\\\\[0\\\\].lbound\\\\) \\\\+ 1, 0> \\\\* \\\\(3 - parm...dim\\\\[1\\\\].lbound\\\\), 0, 0B, &ii, 0B, 0\\\\);" 1
FAIL: gfortran.dg/coarray_lock_7.f90 -O scan-tree-dump-times original "_gfortran_caf_unlock \\\\(caf_token.., \\\\(2 - \\\\(integer\\\\(kind=4\\\\)\\\\) parm...dim\\\\[0\\\\].lbound\\\\) \\\\+ \\\\(integer\\\\(kind=4\\\\)\\\\) MAX_EXPR <\\\\(parm...dim\\\\[0\\\\].ubound - parm...dim\\\\[0\\\\].lbound\\\\) \\\\+ 1, 0> \\\\* \\\\(3 - \\\\(integer\\\\(kind=4\\\\)\\\\) parm...dim\\\\[1\\\\].lbound\\\\), 0, &ii, 0B, 0\\\\);|_gfortran_caf_unlock \\\\(caf_token.., \\\\(2 - parm...dim\\\\[0\\\\].lbound\\\\) \\\\+ MAX_EXPR <\\\\(parm...dim\\\\[0\\\\].ubound - parm...dim\\\\[0\\\\].lbound\\\\) \\\\+ 1, 0> \\\\* \\\\(3 - parm...dim\\\\[1\\\\].lbound\\\\), 0, &ii, 0B, 0\\\\);" 1
FAIL: gfortran.dg/elemental_subroutine_3.f90 -O1 (test for excess errors)
FAIL: gfortran.dg/elemental_subroutine_3.f90 -O2 (test for excess errors)
FAIL: gfortran.dg/elemental_subroutine_3.f90 -O3 -fomit-frame-pointer -funroll-loops -fpeel-loops -ftracer -finline-functions (test for excess errors)
FAIL: gfortran.dg/elemental_subroutine_3.f90 -O3 -g (test for excess errors)
FAIL: gfortran.dg/elemental_subroutine_3.f90 -Os (test for excess errors)
FAIL: gfortran.dg/mvbits_7.f90 -O0 (test for warnings, line 28)
FAIL: gfortran.dg/graphite/vect-pr40979.f90 -O scan-tree-dump-times vect "vectorized 1 loops" 1
FAIL: gfortran.dg/vect/fast-math-mgrid-resid.f -O scan-tree-dump pcom "vectp_u.*__lsm.* = PHI <.*vectp_u.*__lsm"
FAIL: gfortran.dg/vect/vect-2.f90 -O scan-tree-dump-times vect "Alignment of access forced using peeling" 3
FAIL: gfortran.dg/vect/vect-2.f90 -O scan-tree-dump-times vect "Vectorizing an unaligned access" 2
FAIL: gfortran.dg/vect/vect-5.f90 -O scan-tree-dump-times vect "Alignment of access forced using peeling" 1
FAIL: gfortran.dg/vect/vect-5.f90 -O scan-tree-dump-times vect "Vectorizing an unaligned access" 1
=== gfortran Summary ===
# of expected passes 43973
# of unexpected failures 15
# of expected failures 95
# of unsupported tests 349
/tmp/GCC/gcc/testsuite/gfortran/../../gfortran version 8.0.0 20170507 (experimental) [trunk revision 247728] (GCC)
=== objc tests ===
Running target unix
FAIL: objc.dg-struct-layout-encoding-1/t026_main.m execution test
=== objc Summary ===
# of expected passes 2678
# of unexpected failures 1
# of expected failures 10
# of unsupported tests 59
/tmp/GCC/gcc/xgcc version 8.0.0 20170507 (experimental) [trunk revision 247728] (GCC)
=== libatomic tests ===
Running target unix
=== libatomic Summary ===
# of expected passes 44
# of unsupported tests 5
=== libgomp tests ===
Running target unix
WARNING: program timed out.
FAIL: libgomp.fortran/omp_workshare1.f -O execution test
FAIL: libgomp.fortran/omp_workshare2.f -O execution test
FAIL: libgomp.fortran/recursion1.f90 -O0 execution test
FAIL: libgomp.fortran/recursion1.f90 -O1 execution test
FAIL: libgomp.fortran/recursion1.f90 -O2 execution test
FAIL: libgomp.fortran/recursion1.f90 -O3 -fomit-frame-pointer -funroll-loops -fpeel-loops -ftracer -finline-functions execution test
FAIL: libgomp.fortran/recursion1.f90 -O3 -g execution test
FAIL: libgomp.fortran/recursion1.f90 -Os execution test
FAIL: libgomp.fortran/strassen.f90 -O execution test
FAIL: libgomp.graphite/force-parallel-7.c execution test
FAIL: libgomp.oacc-c/../libgomp.oacc-c-c++-common/atomic_update-1.c -DACC_DEVICE_TYPE_host=1 -DACC_MEM_SHARED=1 -O2 execution test
FAIL: libgomp.oacc-c++/../libgomp.oacc-c-c++-common/atomic_update-1.c -DACC_DEVICE_TYPE_host=1 -DACC_MEM_SHARED=1 -O2 execution test
=== libgomp Summary ===
# of expected passes 5034
# of unexpected failures 12
# of unsupported tests 389
=== libstdc++ tests ===
Running target unix
=== libstdc++ Summary ===
# of expected passes 10064
# of expected failures 71
# of unsupported tests 722
Compiler version: 8.0.0 20170507 (experimental) [trunk revision 247728] (GCC)
Platform: powerpc-ibm-aix7.2.0.0
configure flags: --disable-werror --enable-languages=c,c++,fortran,objc --with-gmp=/gsa/yktgsa/home/e/d/edelsohn/install --with-isl=/gsa/yktgsa/home/e/d/edelsohn/install --with-libiconv-prefix=/gsa/yktgsa/home/e/d/edelsohn/install --disable-libstdcxx-pch --with-included-gettext